[INFO] fetching crate hi-apns 0.0.2...
[INFO] testing hi-apns-0.0.2 against 1.99.0-beta.8+cargoflags=--release for beta-release-1.100-2
[INFO] extracting crate hi-apns 0.0.2 into /workspace/builds/worker-3-tc1/source
[INFO] started tweaking crates.io crate hi-apns 0.0.2
[INFO] finished tweaking crates.io crate hi-apns 0.0.2
[INFO] tweaked toml for crates.io crate hi-apns 0.0.2 written to /workspace/builds/worker-3-tc1/source/Cargo.toml
[INFO] validating manifest of crates.io crate hi-apns 0.0.2 on toolchain 1.99.0-beta.8
[INFO] running `Command { std: CARGO_HOME="/workspace/cargo-home" RUSTUP_HOME="/workspace/rustup-home" "/workspace/cargo-home/bin/cargo" "+1.99.0-beta.8" "metadata" "--manifest-path" "Cargo.toml" "--no-deps", kill_on_drop: false }`
[INFO] running `Command { std: CARGO_HOME="/workspace/cargo-home" RUSTUP_HOME="/workspace/rustup-home" "/workspace/cargo-home/bin/cargo" "+1.99.0-beta.8" "generate-lockfile" "--manifest-path" "Cargo.toml", kill_on_drop: false }`
[INFO] [stderr]     Updating crates.io index
[INFO] [stderr]      Locking 167 packages to highest compatible versions
[INFO] [stderr]       Adding reqwest v0.11.27 (available: v0.13.5)
[INFO] running `Command { std: CARGO_HOME="/workspace/cargo-home" RUSTUP_HOME="/workspace/rustup-home" "/workspace/cargo-home/bin/cargo" "+1.99.0-beta.8" "fetch" "--manifest-path" "Cargo.toml", kill_on_drop: false }`
[INFO] [stderr]  Downloading crates ...
[INFO] [stderr]   Downloaded curl v0.4.51
[INFO] [stderr]   Downloaded libz-sys v1.1.30
[INFO] [stderr]   Downloaded curl-sys v0.4.91+curl-8.22.0
[INFO] running `Command { std: "docker" "create" "-v" "/var/lib/crater-agent-workspace/builds/worker-3-tc1/source:/opt/rustwide/workdir:ro,Z" "-v" "/var/lib/crater-agent-workspace/builds/worker-3-tc1/target:/opt/rustwide/target:rw,Z" "-v" "/var/lib/crater-agent-workspace/cargo-home:/opt/rustwide/cargo-home:ro,Z" "-v" "/var/lib/crater-agent-workspace/rustup-home:/opt/rustwide/rustup-home:ro,Z" "-m" "1610612736" "--network" "none" "ghcr.io/rust-lang/crates-build-env/linux@sha256:77db811e55d90add9212f6832c23229e3de5f1c1f9905e8cb07319ea15df73ac" "sleep" "infinity", kill_on_drop: false }`
[INFO] [stdout] bf1c6b89b6a32e4724151a7036f1e80170a133d3c195aef1dff57dad287993ac
[INFO] running `Command { std: "docker" "start" "bf1c6b89b6a32e4724151a7036f1e80170a133d3c195aef1dff57dad287993ac", kill_on_drop: false }`
[INFO] running `Command { std: "docker" "inspect" "bf1c6b89b6a32e4724151a7036f1e80170a133d3c195aef1dff57dad287993ac", kill_on_drop: false }`
[INFO] running `Command { std: "docker" "exec" "-e" "SOURCE_DIR=/opt/rustwide/workdir" "-e" "CARGO_HOME=/opt/rustwide/cargo-home" "-e" "RUSTUP_HOME=/opt/rustwide/rustup-home" "-e" "CARGO_TARGET_DIR=/opt/rustwide/target" "-w" "/opt/rustwide/workdir" "--user" "0:0" "bf1c6b89b6a32e4724151a7036f1e80170a133d3c195aef1dff57dad287993ac" "/opt/rustwide/cargo-home/bin/cargo" "+1.99.0-beta.8" "metadata" "--no-deps" "--format-version=1", kill_on_drop: false }`
[INFO] running `Command { std: "docker" "inspect" "bf1c6b89b6a32e4724151a7036f1e80170a133d3c195aef1dff57dad287993ac", kill_on_drop: false }`
[INFO] running `Command { std: "docker" "exec" "-e" "SOURCE_DIR=/opt/rustwide/workdir" "-e" "CARGO_HOME=/opt/rustwide/cargo-home" "-e" "RUSTUP_HOME=/opt/rustwide/rustup-home" "-e" "CARGO_TARGET_DIR=/opt/rustwide/target" "-e" "CARGO_INCREMENTAL=0" "-e" "RUST_BACKTRACE=full" "-e" "RUSTFLAGS=--cap-lints=warn" "-e" "RUSTDOCFLAGS=--cap-lints=warn" "-w" "/opt/rustwide/workdir" "--user" "0:0" "bf1c6b89b6a32e4724151a7036f1e80170a133d3c195aef1dff57dad287993ac" "/opt/rustwide/cargo-home/bin/cargo" "+1.99.0-beta.8" "build" "--frozen" "--message-format=json" "--release", kill_on_drop: false }`
[INFO] [stderr]    Compiling synstructure v0.14.0
[INFO] [stderr]    Compiling zerovec-derive v0.11.6
[INFO] [stderr]    Compiling displaydoc v0.2.7
[INFO] [stderr]    Compiling openssl v0.10.81
[INFO] [stderr]    Compiling openssl-src v300.6.1+3.6.3
[INFO] [stderr]    Compiling libz-sys v1.1.30
[INFO] [stderr]    Compiling openssl-macros v0.1.1
[INFO] [stderr]    Compiling futures-task v0.3.34
[INFO] [stderr]    Compiling syn v1.0.109
[INFO] [stderr]    Compiling tokio v1.53.3
[INFO] [stderr]    Compiling native-tls v0.2.18
[INFO] [stderr]    Compiling curl-sys v0.4.91+curl-8.22.0
[INFO] [stderr]    Compiling openssl-probe v0.2.1
[INFO] [stderr]    Compiling serde v1.0.229
[INFO] [stderr]    Compiling encoding_rs v0.8.42
[INFO] [stderr]    Compiling socket2 v0.5.10
[INFO] [stderr]    Compiling http-body v0.4.6
[INFO] [stderr]    Compiling serde_derive v1.0.229
[INFO] [stderr]    Compiling futures-util v0.3.34
[INFO] [stderr]    Compiling failure_derive v0.1.8
[INFO] [stderr]    Compiling addr2line v0.25.1
[INFO] [stderr]    Compiling object v0.37.3
[INFO] [stderr]    Compiling curl v0.4.51
[INFO] [stderr]    Compiling multiversion_no_op v1.0.0
[INFO] [stderr]    Compiling simdutf8 v0.1.5
[INFO] [stderr]    Compiling openssl-sys v0.9.117
[INFO] [stderr]    Compiling core_detect v1.0.0
[INFO] [stderr]    Compiling base64 v0.21.7
[INFO] [stderr]    Compiling getrandom v0.4.3
[INFO] [stderr]    Compiling sync_wrapper v0.1.2
[INFO] [stderr]    Compiling serde_repr v0.1.21
[INFO] [stderr]    Compiling zerofrom-derive v0.1.8
[INFO] [stderr]    Compiling yoke-derive v0.8.4
[INFO] [stderr]    Compiling uuid v1.28.0
[INFO] [stderr]    Compiling rustls-pemfile v1.0.4
[INFO] [stderr]    Compiling zerofrom v0.1.8
[INFO] [stderr]    Compiling yoke v0.8.3
[INFO] [stderr]    Compiling zerovec v0.11.8
[INFO] [stderr]    Compiling zerotrie v0.2.5
[INFO] [stderr]    Compiling tinystr v0.8.4
[INFO] [stderr]    Compiling potential_utf v0.1.6
[INFO] [stderr]    Compiling icu_collections v2.3.0
[INFO] [stderr]    Compiling icu_locale_core v2.3.0
[INFO] [stderr]    Compiling synstructure v0.12.6
[INFO] [stderr]    Compiling serde_urlencoded v0.7.1
[INFO] [stderr]    Compiling icu_provider v2.3.1
[INFO] [stderr]    Compiling icu_normalizer v2.3.0
[INFO] [stderr]    Compiling icu_properties v2.3.0
[INFO] [stderr]    Compiling tokio-util v0.7.20
[INFO] [stderr]    Compiling backtrace v0.3.76
[INFO] [stderr]    Compiling h2 v0.3.27
[INFO] [stderr]    Compiling failure v0.1.8
[INFO] [stderr]    Compiling idna_adapter v1.2.2
[INFO] [stderr]    Compiling idna v1.1.0
[INFO] [stderr]    Compiling url v2.5.8
[INFO] [stderr]    Compiling hyper v0.14.32
[INFO] [stderr]    Compiling tokio-native-tls v0.3.1
[INFO] [stderr]    Compiling hyper-tls v0.5.0
[INFO] [stderr]    Compiling reqwest v0.11.27
[INFO] [stderr]    Compiling hi-apns v0.0.2 (/opt/rustwide/workdir)
[INFO] [stdout] warning: non-local `impl` definition, `impl` blocks should be written at the same level as their item
[INFO] [stdout]   --> src/types.rs:30:10
[INFO] [stdout]    |
[INFO] [stdout] 30 | #[derive(Fail, Debug)]
[INFO] [stdout]    |          ^---
[INFO] [stdout]    |          |
[INFO] [stdout]    |          `Fail` is not local
[INFO] [stdout]    |          move the `impl` block outside of this constant `_DERIVE_failure_Fail_FOR_CollapseIdTooLongError`
[INFO] [stdout] 31 | #[fail(display = "CollapseId too long (must be at most 64 bytes)")]
[INFO] [stdout] 32 | pub struct CollapseIdTooLongError;
[INFO] [stdout]    |            ---------------------- `CollapseIdTooLongError` is not local
[INFO] [stdout]    |
[INFO] [stdout]    = note: the derive macro `Fail` defines the non-local `impl`, and may need to be changed
[INFO] [stdout]    = note: the derive macro `Fail` may come from an old version of the `failure_derive` crate, try updating your dependency with `cargo update -p failure_derive`
[INFO] [stdout]    = note: an `impl` is never scoped, even when it is nested inside an item, as it may impact type checking outside of that item, which can be the case if neither the trait or the self type are at the same nesting level as the `impl`
[INFO] [stdout]    = note: items in an anonymous const item (`const _: () = { ... }`) are treated as in the same scope as the anonymous const's declaration for the purpose of this lint
[INFO] [stdout] note: the lint level is defined here
[INFO] [stdout]   --> src/lib.rs:1:9
[INFO] [stdout]    |
[INFO] [stdout]  1 | #![deny(warnings)]
[INFO] [stdout]    |         ^^^^^^^^
[INFO] [stdout]    = note: `#[warn(non_local_definitions)]` implied by `#[warn(warnings)]`
[INFO] [stdout]    = note: this warning originates in the derive macro `Fail` (in Nightly builds, run with -Z macro-backtrace for more info)
[INFO] [stdout] 
[INFO] [stdout] 
[INFO] [stdout] warning: non-local `impl` definition, `impl` blocks should be written at the same level as their item
[INFO] [stdout]   --> src/types.rs:30:10
[INFO] [stdout]    |
[INFO] [stdout] 30 | #[derive(Fail, Debug)]
[INFO] [stdout]    |          ^---
[INFO] [stdout]    |          |
[INFO] [stdout]    |          `Display` is not local
[INFO] [stdout]    |          move the `impl` block outside of this constant `_DERIVE_failure_core_fmt_Display_FOR_CollapseIdTooLongError`
[INFO] [stdout] 31 | #[fail(display = "CollapseId too long (must be at most 64 bytes)")]
[INFO] [stdout] 32 | pub struct CollapseIdTooLongError;
[INFO] [stdout]    |            ---------------------- `CollapseIdTooLongError` is not local
[INFO] [stdout]    |
[INFO] [stdout]    = note: the derive macro `Fail` defines the non-local `impl`, and may need to be changed
[INFO] [stdout]    = note: the derive macro `Fail` may come from an old version of the `failure_derive` crate, try updating your dependency with `cargo update -p failure_derive`
[INFO] [stdout]    = note: an `impl` is never scoped, even when it is nested inside an item, as it may impact type checking outside of that item, which can be the case if neither the trait or the self type are at the same nesting level as the `impl`
[INFO] [stdout]    = note: items in an anonymous const item (`const _: () = { ... }`) are treated as in the same scope as the anonymous const's declaration for the purpose of this lint
[INFO] [stdout]    = note: this warning originates in the derive macro `Fail` (in Nightly builds, run with -Z macro-backtrace for more info)
[INFO] [stdout] 
[INFO] [stdout] 
[INFO] [stdout] warning: non-local `impl` definition, `impl` blocks should be written at the same level as their item
[INFO] [stdout]    --> src/error.rs:124:10
[INFO] [stdout]     |
[INFO] [stdout] 124 | #[derive(Fail, Serialize, Deserialize, Clone, Debug)]
[INFO] [stdout]     |          ^---
[INFO] [stdout]     |          |
[INFO] [stdout]     |          `Fail` is not local
[INFO] [stdout]     |          move the `impl` block outside of this constant `_DERIVE_failure_Fail_FOR_ApiError`
[INFO] [stdout] 125 | #[fail(display = "{} (status: {}", reason, status)]
[INFO] [stdout] 126 | pub struct ApiError {
[INFO] [stdout]     |            -------- `ApiError` is not local
[INFO] [stdout]     |
[INFO] [stdout]     = note: the derive macro `Fail` defines the non-local `impl`, and may need to be changed
[INFO] [stdout]     = note: the derive macro `Fail` may come from an old version of the `failure_derive` crate, try updating your dependency with `cargo update -p failure_derive`
[INFO] [stdout]     = note: an `impl` is never scoped, even when it is nested inside an item, as it may impact type checking outside of that item, which can be the case if neither the trait or the self type are at the same nesting level as the `impl`
[INFO] [stdout]     = note: items in an anonymous const item (`const _: () = { ... }`) are treated as in the same scope as the anonymous const's declaration for the purpose of this lint
[INFO] [stdout]     = note: this warning originates in the derive macro `Fail` (in Nightly builds, run with -Z macro-backtrace for more info)
[INFO] [stdout] 
[INFO] [stdout] 
[INFO] [stdout] warning: non-local `impl` definition, `impl` blocks should be written at the same level as their item
[INFO] [stdout]    --> src/error.rs:124:10
[INFO] [stdout]     |
[INFO] [stdout] 124 | #[derive(Fail, Serialize, Deserialize, Clone, Debug)]
[INFO] [stdout]     |          ^---
[INFO] [stdout]     |          |
[INFO] [stdout]     |          `Display` is not local
[INFO] [stdout]     |          move the `impl` block outside of this constant `_DERIVE_failure_core_fmt_Display_FOR_ApiError`
[INFO] [stdout] 125 | #[fail(display = "{} (status: {}", reason, status)]
[INFO] [stdout] 126 | pub struct ApiError {
[INFO] [stdout]     |            -------- `ApiError` is not local
[INFO] [stdout]     |
[INFO] [stdout]     = note: the derive macro `Fail` defines the non-local `impl`, and may need to be changed
[INFO] [stdout]     = note: the derive macro `Fail` may come from an old version of the `failure_derive` crate, try updating your dependency with `cargo update -p failure_derive`
[INFO] [stdout]     = note: an `impl` is never scoped, even when it is nested inside an item, as it may impact type checking outside of that item, which can be the case if neither the trait or the self type are at the same nesting level as the `impl`
[INFO] [stdout]     = note: items in an anonymous const item (`const _: () = { ... }`) are treated as in the same scope as the anonymous const's declaration for the purpose of this lint
[INFO] [stdout]     = note: this warning originates in the derive macro `Fail` (in Nightly builds, run with -Z macro-backtrace for more info)
[INFO] [stdout] 
[INFO] [stdout] 
[INFO] [stdout] warning: non-local `impl` definition, `impl` blocks should be written at the same level as their item
[INFO] [stdout]    --> src/error.rs:154:10
[INFO] [stdout]     |
[INFO] [stdout] 154 | #[derive(Fail, Debug)]
[INFO] [stdout]     |          ^---
[INFO] [stdout]     |          |
[INFO] [stdout]     |          `Fail` is not local
[INFO] [stdout]     |          move the `impl` block outside of this constant `_DERIVE_failure_Fail_FOR_SendError`
[INFO] [stdout] 155 | pub enum SendError {
[INFO] [stdout]     |          --------- `SendError` is not local
[INFO] [stdout]     |
[INFO] [stdout]     = note: the derive macro `Fail` defines the non-local `impl`, and may need to be changed
[INFO] [stdout]     = note: the derive macro `Fail` may come from an old version of the `failure_derive` crate, try updating your dependency with `cargo update -p failure_derive`
[INFO] [stdout]     = note: an `impl` is never scoped, even when it is nested inside an item, as it may impact type checking outside of that item, which can be the case if neither the trait or the self type are at the same nesting level as the `impl`
[INFO] [stdout]     = note: items in an anonymous const item (`const _: () = { ... }`) are treated as in the same scope as the anonymous const's declaration for the purpose of this lint
[INFO] [stdout]     = note: this warning originates in the derive macro `Fail` (in Nightly builds, run with -Z macro-backtrace for more info)
[INFO] [stdout] 
[INFO] [stdout] 
[INFO] [stdout] warning: non-local `impl` definition, `impl` blocks should be written at the same level as their item
[INFO] [stdout]    --> src/error.rs:154:10
[INFO] [stdout]     |
[INFO] [stdout] 154 | #[derive(Fail, Debug)]
[INFO] [stdout]     |          ^---
[INFO] [stdout]     |          |
[INFO] [stdout]     |          `Display` is not local
[INFO] [stdout]     |          move the `impl` block outside of this constant `_DERIVE_failure_core_fmt_Display_FOR_SendError`
[INFO] [stdout] 155 | pub enum SendError {
[INFO] [stdout]     |          --------- `SendError` is not local
[INFO] [stdout]     |
[INFO] [stdout]     = note: the derive macro `Fail` defines the non-local `impl`, and may need to be changed
[INFO] [stdout]     = note: the derive macro `Fail` may come from an old version of the `failure_derive` crate, try updating your dependency with `cargo update -p failure_derive`
[INFO] [stdout]     = note: an `impl` is never scoped, even when it is nested inside an item, as it may impact type checking outside of that item, which can be the case if neither the trait or the self type are at the same nesting level as the `impl`
[INFO] [stdout]     = note: items in an anonymous const item (`const _: () = { ... }`) are treated as in the same scope as the anonymous const's declaration for the purpose of this lint
[INFO] [stdout]     = note: this warning originates in the derive macro `Fail` (in Nightly builds, run with -Z macro-backtrace for more info)
[INFO] [stdout] 
[INFO] [stdout] 
[INFO] [stderr]     Finished `release` profile [optimized] target(s) in 3m 13s
[INFO] running `Command { std: "docker" "inspect" "bf1c6b89b6a32e4724151a7036f1e80170a133d3c195aef1dff57dad287993ac", kill_on_drop: false }`
[INFO] running `Command { std: "docker" "exec" "-e" "SOURCE_DIR=/opt/rustwide/workdir" "-e" "CARGO_HOME=/opt/rustwide/cargo-home" "-e" "RUSTUP_HOME=/opt/rustwide/rustup-home" "-e" "CARGO_TARGET_DIR=/opt/rustwide/target" "-e" "CARGO_INCREMENTAL=0" "-e" "RUST_BACKTRACE=full" "-e" "RUSTFLAGS=--cap-lints=warn" "-e" "RUSTDOCFLAGS=--cap-lints=warn" "-w" "/opt/rustwide/workdir" "--user" "0:0" "bf1c6b89b6a32e4724151a7036f1e80170a133d3c195aef1dff57dad287993ac" "/opt/rustwide/cargo-home/bin/cargo" "+1.99.0-beta.8" "test" "--frozen" "--no-run" "--message-format=json" "--release", kill_on_drop: false }`
[INFO] [stdout] warning: non-local `impl` definition, `impl` blocks should be written at the same level as their item
[INFO] [stdout]   --> src/types.rs:30:10
[INFO] [stdout]    |
[INFO] [stdout] 30 | #[derive(Fail, Debug)]
[INFO] [stdout]    |          ^---
[INFO] [stdout]    |          |
[INFO] [stdout]    |          `Fail` is not local
[INFO] [stdout]    |          move the `impl` block outside of this constant `_DERIVE_failure_Fail_FOR_CollapseIdTooLongError`
[INFO] [stdout] 31 | #[fail(display = "CollapseId too long (must be at most 64 bytes)")]
[INFO] [stdout] 32 | pub struct CollapseIdTooLongError;
[INFO] [stdout]    |            ---------------------- `CollapseIdTooLongError` is not local
[INFO] [stdout]    |
[INFO] [stdout]    = note: the derive macro `Fail` defines the non-local `impl`, and may need to be changed
[INFO] [stdout]    = note: the derive macro `Fail` may come from an old version of the `failure_derive` crate, try updating your dependency with `cargo update -p failure_derive`
[INFO] [stdout]    = note: an `impl` is never scoped, even when it is nested inside an item, as it may impact type checking outside of that item, which can be the case if neither the trait or the self type are at the same nesting level as the `impl`
[INFO] [stdout]    = note: items in an anonymous const item (`const _: () = { ... }`) are treated as in the same scope as the anonymous const's declaration for the purpose of this lint
[INFO] [stdout] note: the lint level is defined here
[INFO] [stdout]   --> src/lib.rs:1:9
[INFO] [stdout]    |
[INFO] [stdout]  1 | #![deny(warnings)]
[INFO] [stdout]    |         ^^^^^^^^
[INFO] [stdout]    = note: `#[warn(non_local_definitions)]` implied by `#[warn(warnings)]`
[INFO] [stdout]    = note: this warning originates in the derive macro `Fail` (in Nightly builds, run with -Z macro-backtrace for more info)
[INFO] [stdout] 
[INFO] [stdout] 
[INFO] [stdout] warning: non-local `impl` definition, `impl` blocks should be written at the same level as their item
[INFO] [stdout]   --> src/types.rs:30:10
[INFO] [stdout]    |
[INFO] [stdout] 30 | #[derive(Fail, Debug)]
[INFO] [stdout]    |          ^---
[INFO] [stdout]    |          |
[INFO] [stdout]    |          `Display` is not local
[INFO] [stdout]    |          move the `impl` block outside of this constant `_DERIVE_failure_core_fmt_Display_FOR_CollapseIdTooLongError`
[INFO] [stdout] 31 | #[fail(display = "CollapseId too long (must be at most 64 bytes)")]
[INFO] [stdout] 32 | pub struct CollapseIdTooLongError;
[INFO] [stdout]    |            ---------------------- `CollapseIdTooLongError` is not local
[INFO] [stdout]    |
[INFO] [stdout]    = note: the derive macro `Fail` defines the non-local `impl`, and may need to be changed
[INFO] [stdout]    = note: the derive macro `Fail` may come from an old version of the `failure_derive` crate, try updating your dependency with `cargo update -p failure_derive`
[INFO] [stdout]    = note: an `impl` is never scoped, even when it is nested inside an item, as it may impact type checking outside of that item, which can be the case if neither the trait or the self type are at the same nesting level as the `impl`
[INFO] [stdout]    = note: items in an anonymous const item (`const _: () = { ... }`) are treated as in the same scope as the anonymous const's declaration for the purpose of this lint
[INFO] [stdout]    = note: this warning originates in the derive macro `Fail` (in Nightly builds, run with -Z macro-backtrace for more info)
[INFO] [stdout] 
[INFO] [stdout] 
[INFO] [stdout] warning: non-local `impl` definition, `impl` blocks should be written at the same level as their item
[INFO] [stdout]    --> src/error.rs:124:10
[INFO] [stdout]     |
[INFO] [stdout] 124 | #[derive(Fail, Serialize, Deserialize, Clone, Debug)]
[INFO] [stdout]     |          ^---
[INFO] [stdout]     |          |
[INFO] [stdout]     |          `Fail` is not local
[INFO] [stdout]     |          move the `impl` block outside of this constant `_DERIVE_failure_Fail_FOR_ApiError`
[INFO] [stdout] 125 | #[fail(display = "{} (status: {}", reason, status)]
[INFO] [stdout] 126 | pub struct ApiError {
[INFO] [stdout]     |            -------- `ApiError` is not local
[INFO] [stdout]     |
[INFO] [stdout]     = note: the derive macro `Fail` defines the non-local `impl`, and may need to be changed
[INFO] [stdout]     = note: the derive macro `Fail` may come from an old version of the `failure_derive` crate, try updating your dependency with `cargo update -p failure_derive`
[INFO] [stdout]     = note: an `impl` is never scoped, even when it is nested inside an item, as it may impact type checking outside of that item, which can be the case if neither the trait or the self type are at the same nesting level as the `impl`
[INFO] [stdout]     = note: items in an anonymous const item (`const _: () = { ... }`) are treated as in the same scope as the anonymous const's declaration for the purpose of this lint
[INFO] [stdout]     = note: this warning originates in the derive macro `Fail` (in Nightly builds, run with -Z macro-backtrace for more info)
[INFO] [stdout] 
[INFO] [stdout] 
[INFO] [stdout] warning: non-local `impl` definition, `impl` blocks should be written at the same level as their item
[INFO] [stdout]    --> src/error.rs:124:10
[INFO] [stdout]     |
[INFO] [stdout] 124 | #[derive(Fail, Serialize, Deserialize, Clone, Debug)]
[INFO] [stdout]     |          ^---
[INFO] [stdout]     |          |
[INFO] [stdout]     |          `Display` is not local
[INFO] [stdout]     |          move the `impl` block outside of this constant `_DERIVE_failure_core_fmt_Display_FOR_ApiError`
[INFO] [stdout] 125 | #[fail(display = "{} (status: {}", reason, status)]
[INFO] [stdout] 126 | pub struct ApiError {
[INFO] [stdout]     |            -------- `ApiError` is not local
[INFO] [stdout]     |
[INFO] [stdout]     = note: the derive macro `Fail` defines the non-local `impl`, and may need to be changed
[INFO] [stdout]     = note: the derive macro `Fail` may come from an old version of the `failure_derive` crate, try updating your dependency with `cargo update -p failure_derive`
[INFO] [stdout]     = note: an `impl` is never scoped, even when it is nested inside an item, as it may impact type checking outside of that item, which can be the case if neither the trait or the self type are at the same nesting level as the `impl`
[INFO] [stdout]     = note: items in an anonymous const item (`const _: () = { ... }`) are treated as in the same scope as the anonymous const's declaration for the purpose of this lint
[INFO] [stdout]     = note: this warning originates in the derive macro `Fail` (in Nightly builds, run with -Z macro-backtrace for more info)
[INFO] [stdout] 
[INFO] [stdout] 
[INFO] [stdout] warning: non-local `impl` definition, `impl` blocks should be written at the same level as their item
[INFO] [stdout]    --> src/error.rs:154:10
[INFO] [stdout]     |
[INFO] [stdout] 154 | #[derive(Fail, Debug)]
[INFO] [stdout]     |          ^---
[INFO] [stdout]     |          |
[INFO] [stdout]     |          `Fail` is not local
[INFO] [stdout]     |          move the `impl` block outside of this constant `_DERIVE_failure_Fail_FOR_SendError`
[INFO] [stdout] 155 | pub enum SendError {
[INFO] [stdout]     |          --------- `SendError` is not local
[INFO] [stdout]     |
[INFO] [stdout]     = note: the derive macro `Fail` defines the non-local `impl`, and may need to be changed
[INFO] [stdout]     = note: the derive macro `Fail` may come from an old version of the `failure_derive` crate, try updating your dependency with `cargo update -p failure_derive`
[INFO] [stdout]     = note: an `impl` is never scoped, even when it is nested inside an item, as it may impact type checking outside of that item, which can be the case if neither the trait or the self type are at the same nesting level as the `impl`
[INFO] [stdout]     = note: items in an anonymous const item (`const _: () = { ... }`) are treated as in the same scope as the anonymous const's declaration for the purpose of this lint
[INFO] [stdout]     = note: this warning originates in the derive macro `Fail` (in Nightly builds, run with -Z macro-backtrace for more info)
[INFO] [stdout] 
[INFO] [stdout] 
[INFO] [stderr]    Compiling hi-apns v0.0.2 (/opt/rustwide/workdir)
[INFO] [stdout] warning: non-local `impl` definition, `impl` blocks should be written at the same level as their item
[INFO] [stdout]    --> src/error.rs:154:10
[INFO] [stdout]     |
[INFO] [stdout] 154 | #[derive(Fail, Debug)]
[INFO] [stdout]     |          ^---
[INFO] [stdout]     |          |
[INFO] [stdout]     |          `Display` is not local
[INFO] [stdout]     |          move the `impl` block outside of this constant `_DERIVE_failure_core_fmt_Display_FOR_SendError`
[INFO] [stdout] 155 | pub enum SendError {
[INFO] [stdout]     |          --------- `SendError` is not local
[INFO] [stdout]     |
[INFO] [stdout]     = note: the derive macro `Fail` defines the non-local `impl`, and may need to be changed
[INFO] [stdout]     = note: the derive macro `Fail` may come from an old version of the `failure_derive` crate, try updating your dependency with `cargo update -p failure_derive`
[INFO] [stdout]     = note: an `impl` is never scoped, even when it is nested inside an item, as it may impact type checking outside of that item, which can be the case if neither the trait or the self type are at the same nesting level as the `impl`
[INFO] [stdout]     = note: items in an anonymous const item (`const _: () = { ... }`) are treated as in the same scope as the anonymous const's declaration for the purpose of this lint
[INFO] [stdout]     = note: this warning originates in the derive macro `Fail` (in Nightly builds, run with -Z macro-backtrace for more info)
[INFO] [stdout] 
[INFO] [stdout] 
[INFO] [stdout] warning: non-local `impl` definition, `impl` blocks should be written at the same level as their item
[INFO] [stdout]   --> src/types.rs:30:10
[INFO] [stdout]    |
[INFO] [stdout] 30 | #[derive(Fail, Debug)]
[INFO] [stdout]    |          ^---
[INFO] [stdout]    |          |
[INFO] [stdout]    |          `Fail` is not local
[INFO] [stdout]    |          move the `impl` block outside of this constant `_DERIVE_failure_Fail_FOR_CollapseIdTooLongError`
[INFO] [stdout] 31 | #[fail(display = "CollapseId too long (must be at most 64 bytes)")]
[INFO] [stdout] 32 | pub struct CollapseIdTooLongError;
[INFO] [stdout]    |            ---------------------- `CollapseIdTooLongError` is not local
[INFO] [stdout]    |
[INFO] [stdout]    = note: the derive macro `Fail` defines the non-local `impl`, and may need to be changed
[INFO] [stdout]    = note: the derive macro `Fail` may come from an old version of the `failure_derive` crate, try updating your dependency with `cargo update -p failure_derive`
[INFO] [stdout]    = note: an `impl` is never scoped, even when it is nested inside an item, as it may impact type checking outside of that item, which can be the case if neither the trait or the self type are at the same nesting level as the `impl`
[INFO] [stdout]    = note: items in an anonymous const item (`const _: () = { ... }`) are treated as in the same scope as the anonymous const's declaration for the purpose of this lint
[INFO] [stdout] note: the lint level is defined here
[INFO] [stdout]   --> src/lib.rs:1:9
[INFO] [stdout]    |
[INFO] [stdout]  1 | #![deny(warnings)]
[INFO] [stdout]    |         ^^^^^^^^
[INFO] [stdout]    = note: `#[warn(non_local_definitions)]` implied by `#[warn(warnings)]`
[INFO] [stdout]    = note: this warning originates in the derive macro `Fail` (in Nightly builds, run with -Z macro-backtrace for more info)
[INFO] [stdout] 
[INFO] [stdout] 
[INFO] [stdout] warning: non-local `impl` definition, `impl` blocks should be written at the same level as their item
[INFO] [stdout]   --> src/types.rs:30:10
[INFO] [stdout]    |
[INFO] [stdout] 30 | #[derive(Fail, Debug)]
[INFO] [stdout]    |          ^---
[INFO] [stdout]    |          |
[INFO] [stdout]    |          `Display` is not local
[INFO] [stdout]    |          move the `impl` block outside of this constant `_DERIVE_failure_core_fmt_Display_FOR_CollapseIdTooLongError`
[INFO] [stdout] 31 | #[fail(display = "CollapseId too long (must be at most 64 bytes)")]
[INFO] [stdout] 32 | pub struct CollapseIdTooLongError;
[INFO] [stdout]    |            ---------------------- `CollapseIdTooLongError` is not local
[INFO] [stdout]    |
[INFO] [stdout]    = note: the derive macro `Fail` defines the non-local `impl`, and may need to be changed
[INFO] [stdout]    = note: the derive macro `Fail` may come from an old version of the `failure_derive` crate, try updating your dependency with `cargo update -p failure_derive`
[INFO] [stdout]    = note: an `impl` is never scoped, even when it is nested inside an item, as it may impact type checking outside of that item, which can be the case if neither the trait or the self type are at the same nesting level as the `impl`
[INFO] [stdout]    = note: items in an anonymous const item (`const _: () = { ... }`) are treated as in the same scope as the anonymous const's declaration for the purpose of this lint
[INFO] [stdout]    = note: this warning originates in the derive macro `Fail` (in Nightly builds, run with -Z macro-backtrace for more info)
[INFO] [stdout] 
[INFO] [stdout] 
[INFO] [stdout] warning: non-local `impl` definition, `impl` blocks should be written at the same level as their item
[INFO] [stdout]    --> src/error.rs:124:10
[INFO] [stdout]     |
[INFO] [stdout] 124 | #[derive(Fail, Serialize, Deserialize, Clone, Debug)]
[INFO] [stdout]     |          ^---
[INFO] [stdout]     |          |
[INFO] [stdout]     |          `Fail` is not local
[INFO] [stdout]     |          move the `impl` block outside of this constant `_DERIVE_failure_Fail_FOR_ApiError`
[INFO] [stdout] 125 | #[fail(display = "{} (status: {}", reason, status)]
[INFO] [stdout] 126 | pub struct ApiError {
[INFO] [stdout]     |            -------- `ApiError` is not local
[INFO] [stdout]     |
[INFO] [stdout]     = note: the derive macro `Fail` defines the non-local `impl`, and may need to be changed
[INFO] [stdout]     = note: the derive macro `Fail` may come from an old version of the `failure_derive` crate, try updating your dependency with `cargo update -p failure_derive`
[INFO] [stdout]     = note: an `impl` is never scoped, even when it is nested inside an item, as it may impact type checking outside of that item, which can be the case if neither the trait or the self type are at the same nesting level as the `impl`
[INFO] [stdout]     = note: items in an anonymous const item (`const _: () = { ... }`) are treated as in the same scope as the anonymous const's declaration for the purpose of this lint
[INFO] [stdout]     = note: this warning originates in the derive macro `Fail` (in Nightly builds, run with -Z macro-backtrace for more info)
[INFO] [stdout] 
[INFO] [stdout] 
[INFO] [stdout] warning: non-local `impl` definition, `impl` blocks should be written at the same level as their item
[INFO] [stdout]    --> src/error.rs:124:10
[INFO] [stdout]     |
[INFO] [stdout] 124 | #[derive(Fail, Serialize, Deserialize, Clone, Debug)]
[INFO] [stdout]     |          ^---
[INFO] [stdout]     |          |
[INFO] [stdout]     |          `Display` is not local
[INFO] [stdout]     |          move the `impl` block outside of this constant `_DERIVE_failure_core_fmt_Display_FOR_ApiError`
[INFO] [stdout] 125 | #[fail(display = "{} (status: {}", reason, status)]
[INFO] [stdout] 126 | pub struct ApiError {
[INFO] [stdout]     |            -------- `ApiError` is not local
[INFO] [stdout]     |
[INFO] [stdout]     = note: the derive macro `Fail` defines the non-local `impl`, and may need to be changed
[INFO] [stdout]     = note: the derive macro `Fail` may come from an old version of the `failure_derive` crate, try updating your dependency with `cargo update -p failure_derive`
[INFO] [stdout]     = note: an `impl` is never scoped, even when it is nested inside an item, as it may impact type checking outside of that item, which can be the case if neither the trait or the self type are at the same nesting level as the `impl`
[INFO] [stdout]     = note: items in an anonymous const item (`const _: () = { ... }`) are treated as in the same scope as the anonymous const's declaration for the purpose of this lint
[INFO] [stdout]     = note: this warning originates in the derive macro `Fail` (in Nightly builds, run with -Z macro-backtrace for more info)
[INFO] [stdout] 
[INFO] [stdout] 
[INFO] [stdout] warning: non-local `impl` definition, `impl` blocks should be written at the same level as their item
[INFO] [stdout]    --> src/error.rs:154:10
[INFO] [stdout]     |
[INFO] [stdout] 154 | #[derive(Fail, Debug)]
[INFO] [stdout]     |          ^---
[INFO] [stdout]     |          |
[INFO] [stdout]     |          `Fail` is not local
[INFO] [stdout]     |          move the `impl` block outside of this constant `_DERIVE_failure_Fail_FOR_SendError`
[INFO] [stdout] 155 | pub enum SendError {
[INFO] [stdout]     |          --------- `SendError` is not local
[INFO] [stdout]     |
[INFO] [stdout]     = note: the derive macro `Fail` defines the non-local `impl`, and may need to be changed
[INFO] [stdout]     = note: the derive macro `Fail` may come from an old version of the `failure_derive` crate, try updating your dependency with `cargo update -p failure_derive`
[INFO] [stdout]     = note: an `impl` is never scoped, even when it is nested inside an item, as it may impact type checking outside of that item, which can be the case if neither the trait or the self type are at the same nesting level as the `impl`
[INFO] [stdout]     = note: items in an anonymous const item (`const _: () = { ... }`) are treated as in the same scope as the anonymous const's declaration for the purpose of this lint
[INFO] [stdout]     = note: this warning originates in the derive macro `Fail` (in Nightly builds, run with -Z macro-backtrace for more info)
[INFO] [stdout] 
[INFO] [stdout] 
[INFO] [stdout] warning: non-local `impl` definition, `impl` blocks should be written at the same level as their item
[INFO] [stdout]    --> src/error.rs:154:10
[INFO] [stdout]     |
[INFO] [stdout] 154 | #[derive(Fail, Debug)]
[INFO] [stdout]     |          ^---
[INFO] [stdout]     |          |
[INFO] [stdout]     |          `Display` is not local
[INFO] [stdout]     |          move the `impl` block outside of this constant `_DERIVE_failure_core_fmt_Display_FOR_SendError`
[INFO] [stdout] 155 | pub enum SendError {
[INFO] [stdout]     |          --------- `SendError` is not local
[INFO] [stdout]     |
[INFO] [stdout]     = note: the derive macro `Fail` defines the non-local `impl`, and may need to be changed
[INFO] [stdout]     = note: the derive macro `Fail` may come from an old version of the `failure_derive` crate, try updating your dependency with `cargo update -p failure_derive`
[INFO] [stdout]     = note: an `impl` is never scoped, even when it is nested inside an item, as it may impact type checking outside of that item, which can be the case if neither the trait or the self type are at the same nesting level as the `impl`
[INFO] [stdout]     = note: items in an anonymous const item (`const _: () = { ... }`) are treated as in the same scope as the anonymous const's declaration for the purpose of this lint
[INFO] [stdout]     = note: this warning originates in the derive macro `Fail` (in Nightly builds, run with -Z macro-backtrace for more info)
[INFO] [stdout] 
[INFO] [stdout] 
[INFO] [stderr]     Finished `release` profile [optimized] target(s) in 1.79s
[INFO] running `Command { std: "docker" "inspect" "bf1c6b89b6a32e4724151a7036f1e80170a133d3c195aef1dff57dad287993ac", kill_on_drop: false }`
[INFO] running `Command { std: "docker" "exec" "-e" "SOURCE_DIR=/opt/rustwide/workdir" "-e" "CARGO_HOME=/opt/rustwide/cargo-home" "-e" "RUSTUP_HOME=/opt/rustwide/rustup-home" "-e" "CARGO_TARGET_DIR=/opt/rustwide/target" "-e" "CARGO_INCREMENTAL=0" "-e" "RUST_BACKTRACE=full" "-e" "RUSTFLAGS=--cap-lints=warn" "-e" "RUSTDOCFLAGS=--cap-lints=warn" "-w" "/opt/rustwide/workdir" "--user" "0:0" "bf1c6b89b6a32e4724151a7036f1e80170a133d3c195aef1dff57dad287993ac" "/opt/rustwide/cargo-home/bin/cargo" "+1.99.0-beta.8" "test" "--frozen" "--release", kill_on_drop: false }`
[INFO] [stderr] warning: non-local `impl` definition, `impl` blocks should be written at the same level as their item
[INFO] [stderr]   --> src/types.rs:30:10
[INFO] [stderr]    |
[INFO] [stderr] 30 | #[derive(Fail, Debug)]
[INFO] [stderr]    |          ^---
[INFO] [stderr]    |          |
[INFO] [stderr]    |          `Fail` is not local
[INFO] [stderr]    |          move the `impl` block outside of this constant `_DERIVE_failure_Fail_FOR_CollapseIdTooLongError`
[INFO] [stderr] 31 | #[fail(display = "CollapseId too long (must be at most 64 bytes)")]
[INFO] [stderr] 32 | pub struct CollapseIdTooLongError;
[INFO] [stderr]    |            ---------------------- `CollapseIdTooLongError` is not local
[INFO] [stderr]    |
[INFO] [stderr]    = note: the derive macro `Fail` defines the non-local `impl`, and may need to be changed
[INFO] [stderr]    = note: the derive macro `Fail` may come from an old version of the `failure_derive` crate, try updating your dependency with `cargo update -p failure_derive`
[INFO] [stderr]    = note: an `impl` is never scoped, even when it is nested inside an item, as it may impact type checking outside of that item, which can be the case if neither the trait or the self type are at the same nesting level as the `impl`
[INFO] [stderr]    = note: items in an anonymous const item (`const _: () = { ... }`) are treated as in the same scope as the anonymous const's declaration for the purpose of this lint
[INFO] [stderr] note: the lint level is defined here
[INFO] [stderr]   --> src/lib.rs:1:9
[INFO] [stderr]    |
[INFO] [stderr]  1 | #![deny(warnings)]
[INFO] [stderr]    |         ^^^^^^^^
[INFO] [stderr]    = note: `#[warn(non_local_definitions)]` implied by `#[warn(warnings)]`
[INFO] [stderr]    = note: this warning originates in the derive macro `Fail` (in Nightly builds, run with -Z macro-backtrace for more info)
[INFO] [stderr] 
[INFO] [stderr] warning: non-local `impl` definition, `impl` blocks should be written at the same level as their item
[INFO] [stderr]   --> src/types.rs:30:10
[INFO] [stderr]    |
[INFO] [stderr] 30 | #[derive(Fail, Debug)]
[INFO] [stderr]    |          ^---
[INFO] [stderr]    |          |
[INFO] [stderr]    |          `Display` is not local
[INFO] [stderr]    |          move the `impl` block outside of this constant `_DERIVE_failure_core_fmt_Display_FOR_CollapseIdTooLongError`
[INFO] [stderr] 31 | #[fail(display = "CollapseId too long (must be at most 64 bytes)")]
[INFO] [stderr] 32 | pub struct CollapseIdTooLongError;
[INFO] [stderr]    |            ---------------------- `CollapseIdTooLongError` is not local
[INFO] [stderr]    |
[INFO] [stderr]    = note: the derive macro `Fail` defines the non-local `impl`, and may need to be changed
[INFO] [stderr]    = note: the derive macro `Fail` may come from an old version of the `failure_derive` crate, try updating your dependency with `cargo update -p failure_derive`
[INFO] [stderr]    = note: an `impl` is never scoped, even when it is nested inside an item, as it may impact type checking outside of that item, which can be the case if neither the trait or the self type are at the same nesting level as the `impl`
[INFO] [stderr]    = note: items in an anonymous const item (`const _: () = { ... }`) are treated as in the same scope as the anonymous const's declaration for the purpose of this lint
[INFO] [stderr]    = note: this warning originates in the derive macro `Fail` (in Nightly builds, run with -Z macro-backtrace for more info)
[INFO] [stderr] 
[INFO] [stderr] warning: non-local `impl` definition, `impl` blocks should be written at the same level as their item
[INFO] [stderr]    --> src/error.rs:124:10
[INFO] [stderr]     |
[INFO] [stderr] 124 | #[derive(Fail, Serialize, Deserialize, Clone, Debug)]
[INFO] [stderr]     |          ^---
[INFO] [stderr]     |          |
[INFO] [stderr]     |          `Fail` is not local
[INFO] [stderr]     |          move the `impl` block outside of this constant `_DERIVE_failure_Fail_FOR_ApiError`
[INFO] [stderr] 125 | #[fail(display = "{} (status: {}", reason, status)]
[INFO] [stderr] 126 | pub struct ApiError {
[INFO] [stderr]     |            -------- `ApiError` is not local
[INFO] [stderr]     |
[INFO] [stderr]     = note: the derive macro `Fail` defines the non-local `impl`, and may need to be changed
[INFO] [stderr]     = note: the derive macro `Fail` may come from an old version of the `failure_derive` crate, try updating your dependency with `cargo update -p failure_derive`
[INFO] [stderr]     = note: an `impl` is never scoped, even when it is nested inside an item, as it may impact type checking outside of that item, which can be the case if neither the trait or the self type are at the same nesting level as the `impl`
[INFO] [stderr]     = note: items in an anonymous const item (`const _: () = { ... }`) are treated as in the same scope as the anonymous const's declaration for the purpose of this lint
[INFO] [stderr]     = note: this warning originates in the derive macro `Fail` (in Nightly builds, run with -Z macro-backtrace for more info)
[INFO] [stderr] 
[INFO] [stderr] warning: non-local `impl` definition, `impl` blocks should be written at the same level as their item
[INFO] [stderr]    --> src/error.rs:124:10
[INFO] [stderr]     |
[INFO] [stderr] 124 | #[derive(Fail, Serialize, Deserialize, Clone, Debug)]
[INFO] [stderr]     |          ^---
[INFO] [stderr]     |          |
[INFO] [stderr]     |          `Display` is not local
[INFO] [stderr]     |          move the `impl` block outside of this constant `_DERIVE_failure_core_fmt_Display_FOR_ApiError`
[INFO] [stderr] 125 | #[fail(display = "{} (status: {}", reason, status)]
[INFO] [stderr] 126 | pub struct ApiError {
[INFO] [stderr]     |            -------- `ApiError` is not local
[INFO] [stderr]     |
[INFO] [stderr]     = note: the derive macro `Fail` defines the non-local `impl`, and may need to be changed
[INFO] [stderr]     = note: the derive macro `Fail` may come from an old version of the `failure_derive` crate, try updating your dependency with `cargo update -p failure_derive`
[INFO] [stderr]     = note: an `impl` is never scoped, even when it is nested inside an item, as it may impact type checking outside of that item, which can be the case if neither the trait or the self type are at the same nesting level as the `impl`
[INFO] [stderr]     = note: items in an anonymous const item (`const _: () = { ... }`) are treated as in the same scope as the anonymous const's declaration for the purpose of this lint
[INFO] [stderr]     = note: this warning originates in the derive macro `Fail` (in Nightly builds, run with -Z macro-backtrace for more info)
[INFO] [stderr] 
[INFO] [stderr] warning: non-local `impl` definition, `impl` blocks should be written at the same level as their item
[INFO] [stderr]    --> src/error.rs:154:10
[INFO] [stderr]     |
[INFO] [stderr] 154 | #[derive(Fail, Debug)]
[INFO] [stderr]     |          ^---
[INFO] [stderr]     |          |
[INFO] [stderr]     |          `Fail` is not local
[INFO] [stderr]     |          move the `impl` block outside of this constant `_DERIVE_failure_Fail_FOR_SendError`
[INFO] [stderr] 155 | pub enum SendError {
[INFO] [stderr]     |          --------- `SendError` is not local
[INFO] [stderr]     |
[INFO] [stderr]     = note: the derive macro `Fail` defines the non-local `impl`, and may need to be changed
[INFO] [stderr]     = note: the derive macro `Fail` may come from an old version of the `failure_derive` crate, try updating your dependency with `cargo update -p failure_derive`
[INFO] [stderr]     = note: an `impl` is never scoped, even when it is nested inside an item, as it may impact type checking outside of that item, which can be the case if neither the trait or the self type are at the same nesting level as the `impl`
[INFO] [stderr]     = note: items in an anonymous const item (`const _: () = { ... }`) are treated as in the same scope as the anonymous const's declaration for the purpose of this lint
[INFO] [stderr]     = note: this warning originates in the derive macro `Fail` (in Nightly builds, run with -Z macro-backtrace for more info)
[INFO] [stderr] 
[INFO] [stderr] warning: non-local `impl` definition, `impl` blocks should be written at the same level as their item
[INFO] [stderr]    --> src/error.rs:154:10
[INFO] [stderr]     |
[INFO] [stderr] 154 | #[derive(Fail, Debug)]
[INFO] [stderr]     |          ^---
[INFO] [stderr]     |          |
[INFO] [stderr]     |          `Display` is not local
[INFO] [stderr]     |          move the `impl` block outside of this constant `_DERIVE_failure_core_fmt_Display_FOR_SendError`
[INFO] [stderr] 155 | pub enum SendError {
[INFO] [stderr]     |          --------- `SendError` is not local
[INFO] [stderr]     |
[INFO] [stderr]     = note: the derive macro `Fail` defines the non-local `impl`, and may need to be changed
[INFO] [stderr]     = note: the derive macro `Fail` may come from an old version of the `failure_derive` crate, try updating your dependency with `cargo update -p failure_derive`
[INFO] [stderr]     = note: an `impl` is never scoped, even when it is nested inside an item, as it may impact type checking outside of that item, which can be the case if neither the trait or the self type are at the same nesting level as the `impl`
[INFO] [stderr]     = note: items in an anonymous const item (`const _: () = { ... }`) are treated as in the same scope as the anonymous const's declaration for the purpose of this lint
[INFO] [stderr]     = note: this warning originates in the derive macro `Fail` (in Nightly builds, run with -Z macro-backtrace for more info)
[INFO] [stderr] 
[INFO] [stderr] warning: `hi-apns` (lib) generated 6 warnings
[INFO] [stderr] warning: `hi-apns` (lib test) generated 6 warnings (6 duplicates)
[INFO] [stderr]     Finished `release` profile [optimized] target(s) in 0.15s
[INFO] [stderr]      Running unittests src/lib.rs (/opt/rustwide/target/release/deps/hi_apns-9be47a6e5e94e138)
[INFO] [stdout] 
[INFO] [stdout] running 1 test
[INFO] [stdout] test test::test_cert ... FAILED
[INFO] [stdout] 
[INFO] [stdout] failures:
[INFO] [stdout] 
[INFO] [stdout] ---- test::test_cert stdout ----
[INFO] [stdout] 
[INFO] [stdout] thread 'test::test_cert' (11909) panicked at src/lib.rs:305:47:
[INFO] [stdout] called `Result::unwrap()` on an `Err` value: NotPresent
[INFO] [stdout] stack backtrace:
[INFO] [stdout]    0:     0x5678a1c3e4e1 - <<std[70759c8f55707aa4]::sys::backtrace::BacktraceLock>::print::DisplayBacktrace as core[df12db4294e9bfd3]::fmt::Display>::fmt
[INFO] [stdout]    1:     0x5678a1c5329a - core[df12db4294e9bfd3]::fmt::write
[INFO] [stdout]    2:     0x5678a1c42a7c - <alloc[2182bb758b4b3781]::vec::Vec<u8> as core[df12db4294e9bfd3]::io::write::Write>::write_fmt
[INFO] [stdout]    3:     0x5678a1c1a396 - std[70759c8f55707aa4]::panicking::default_hook::{closure#0}
[INFO] [stdout]    4:     0x5678a1c36979 - std[70759c8f55707aa4]::panicking::default_hook
[INFO] [stdout]    5:     0x5678a1b996e0 - test[9d35eded1c95d3be]::test_main_inner::<test[9d35eded1c95d3be]::test_main_static::{closure#0}>::{closure#0}
[INFO] [stdout]    6:     0x5678a1c36ca2 - std[70759c8f55707aa4]::panicking::panic_with_hook
[INFO] [stdout]    7:     0x5678a1c1a442 - std[70759c8f55707aa4]::panicking::panic_handler::{closure#0}
[INFO] [stdout]    8:     0x5678a1c131c9 - std[70759c8f55707aa4]::sys::backtrace::__rust_end_short_backtrace::<std[70759c8f55707aa4]::panicking::panic_handler::{closure#0}, !>
[INFO] [stdout]    9:     0x5678a1c1b03d - __rustc[8fa7c3cbc660c2b3]::rust_begin_unwind
[INFO] [stdout]   10:     0x5678a1c539fc - core[df12db4294e9bfd3]::panicking::panic_fmt
[INFO] [stdout]   11:     0x5678a1c537d2 - core[df12db4294e9bfd3]::result::unwrap_failed
[INFO] [stdout]   12:     0x5678a1b8684e - hi_apns[1b133ece6b940221]::test::test_cert
[INFO] [stdout]   13:     0x5678a1b85389 - <hi_apns[1b133ece6b940221]::test::test_cert::{closure#0} as core[df12db4294e9bfd3]::ops::function::FnOnce<()>>::call_once
[INFO] [stdout]   14:     0x5678a1b8c9cb - test[9d35eded1c95d3be]::__rust_begin_short_backtrace::<core[df12db4294e9bfd3]::result::Result<(), alloc[2182bb758b4b3781]::string::String>, fn() -> core[df12db4294e9bfd3]::result::Result<(), alloc[2182bb758b4b3781]::string::String>>
[INFO] [stdout]   15:     0x5678a1b9a035 - test[9d35eded1c95d3be]::run_test::{closure#0}
[INFO] [stdout]   16:     0x5678a1b938f4 - std[70759c8f55707aa4]::sys::backtrace::__rust_begin_short_backtrace::<test[9d35eded1c95d3be]::run_test::{closure#1}, ()>
[INFO] [stdout]   17:     0x5678a1b9d192 - <std[70759c8f55707aa4]::thread::lifecycle::spawn_unchecked<test[9d35eded1c95d3be]::run_test::{closure#1}, ()>::{closure#1} as core[df12db4294e9bfd3]::ops::function::FnOnce<()>>::call_once::{shim:vtable#0}
[INFO] [stdout]   18:     0x5678a1c3dda9 - <std[70759c8f55707aa4]::sys::thread::unix::Thread>::new::thread_start
[INFO] [stdout]   19:     0x7d9231a48dfa - <unknown>
[INFO] [stdout]   20:     0x7d9231adc3d4 - clone
[INFO] [stdout]   21:                0x0 - <unknown>
[INFO] [stdout] 
[INFO] [stdout] 
[INFO] [stdout] failures:
[INFO] [stdout]     test::test_cert
[INFO] [stdout] 
[INFO] [stdout] test result: FAILED. 0 passed; 1 failed; 0 ignored; 0 measured; 0 filtered out; finished in 0.00s
[INFO] [stdout] 
[INFO] [stderr] error: test failed, to rerun pass `--lib`
[INFO] running `Command { std: "docker" "inspect" "bf1c6b89b6a32e4724151a7036f1e80170a133d3c195aef1dff57dad287993ac", kill_on_drop: false }`
[INFO] running `Command { std: "docker" "rm" "-f" "bf1c6b89b6a32e4724151a7036f1e80170a133d3c195aef1dff57dad287993ac", kill_on_drop: false }`
[INFO] [stdout] bf1c6b89b6a32e4724151a7036f1e80170a133d3c195aef1dff57dad287993ac
