[INFO] fetching crate hgvs-weaver 0.7.0...
[INFO] testing hgvs-weaver-0.7.0 against 1.100.0-beta.1+cargoflags=--release for beta-release-1.100-2
[INFO] extracting crate hgvs-weaver 0.7.0 into /workspace/builds/worker-7-tc2/source
[INFO] started tweaking crates.io crate hgvs-weaver 0.7.0
[INFO] removed 0 missing tests
[INFO] finished tweaking crates.io crate hgvs-weaver 0.7.0
[INFO] tweaked toml for crates.io crate hgvs-weaver 0.7.0 written to /workspace/builds/worker-7-tc2/source/Cargo.toml
[INFO] validating manifest of crates.io crate hgvs-weaver 0.7.0 on toolchain 1.100.0-beta.1
[INFO] running `Command { std: CARGO_HOME="/workspace/cargo-home" RUSTUP_HOME="/workspace/rustup-home" "/workspace/cargo-home/bin/cargo" "+1.100.0-beta.1" "metadata" "--manifest-path" "Cargo.toml" "--no-deps", kill_on_drop: false }`
[INFO] crate crates.io crate hgvs-weaver 0.7.0 already has a lockfile, it will not be regenerated
[INFO] running `Command { std: CARGO_HOME="/workspace/cargo-home" RUSTUP_HOME="/workspace/rustup-home" "/workspace/cargo-home/bin/cargo" "+1.100.0-beta.1" "fetch" "--manifest-path" "Cargo.toml", kill_on_drop: false }`
[INFO] running `Command { std: "docker" "create" "-v" "/var/lib/crater-agent-workspace/builds/worker-7-tc2/source:/opt/rustwide/workdir:ro,Z" "-v" "/var/lib/crater-agent-workspace/builds/worker-7-tc2/target:/opt/rustwide/target:rw,Z" "-v" "/var/lib/crater-agent-workspace/cargo-home:/opt/rustwide/cargo-home:ro,Z" "-v" "/var/lib/crater-agent-workspace/rustup-home:/opt/rustwide/rustup-home:ro,Z" "-m" "1610612736" "--network" "none" "ghcr.io/rust-lang/crates-build-env/linux@sha256:77db811e55d90add9212f6832c23229e3de5f1c1f9905e8cb07319ea15df73ac" "sleep" "infinity", kill_on_drop: false }`
[INFO] [stdout] cf77a77831b598ec741ef2b179b9d1da50ce547c0176585bd411337d4ad36673
[INFO] running `Command { std: "docker" "start" "cf77a77831b598ec741ef2b179b9d1da50ce547c0176585bd411337d4ad36673", kill_on_drop: false }`
[INFO] running `Command { std: "docker" "inspect" "cf77a77831b598ec741ef2b179b9d1da50ce547c0176585bd411337d4ad36673", kill_on_drop: false }`
[INFO] running `Command { std: "docker" "exec" "-e" "SOURCE_DIR=/opt/rustwide/workdir" "-e" "CARGO_HOME=/opt/rustwide/cargo-home" "-e" "RUSTUP_HOME=/opt/rustwide/rustup-home" "-e" "CARGO_TARGET_DIR=/opt/rustwide/target" "-w" "/opt/rustwide/workdir" "--user" "0:0" "cf77a77831b598ec741ef2b179b9d1da50ce547c0176585bd411337d4ad36673" "/opt/rustwide/cargo-home/bin/cargo" "+1.100.0-beta.1" "metadata" "--no-deps" "--format-version=1", kill_on_drop: false }`
[INFO] running `Command { std: "docker" "inspect" "cf77a77831b598ec741ef2b179b9d1da50ce547c0176585bd411337d4ad36673", kill_on_drop: false }`
[INFO] running `Command { std: "docker" "exec" "-e" "SOURCE_DIR=/opt/rustwide/workdir" "-e" "CARGO_HOME=/opt/rustwide/cargo-home" "-e" "RUSTUP_HOME=/opt/rustwide/rustup-home" "-e" "CARGO_TARGET_DIR=/opt/rustwide/target" "-e" "CARGO_INCREMENTAL=0" "-e" "RUST_BACKTRACE=full" "-e" "RUSTFLAGS=--cap-lints=warn" "-e" "RUSTDOCFLAGS=--cap-lints=warn" "-w" "/opt/rustwide/workdir" "--user" "0:0" "cf77a77831b598ec741ef2b179b9d1da50ce547c0176585bd411337d4ad36673" "/opt/rustwide/cargo-home/bin/cargo" "+1.100.0-beta.1" "build" "--frozen" "--message-format=json" "--release", kill_on_drop: false }`
[INFO] [stderr]    Compiling pest v2.8.6
[INFO] [stderr]    Compiling syn v2.0.117
[INFO] [stderr]    Compiling digest v0.10.7
[INFO] [stderr]    Compiling sha2 v0.10.9
[INFO] [stderr]    Compiling pest_generator v2.8.6
[INFO] [stderr]    Compiling serde_derive v1.0.228
[INFO] [stderr]    Compiling pest_derive v2.8.6
[INFO] [stderr]    Compiling serde v1.0.228
[INFO] [stderr]    Compiling hgvs-weaver v0.7.0 (/opt/rustwide/workdir)
[INFO] [stderr]     Finished `release` profile [optimized] target(s) in 23.76s
[INFO] running `Command { std: "docker" "inspect" "cf77a77831b598ec741ef2b179b9d1da50ce547c0176585bd411337d4ad36673", kill_on_drop: false }`
[INFO] running `Command { std: "docker" "exec" "-e" "SOURCE_DIR=/opt/rustwide/workdir" "-e" "CARGO_HOME=/opt/rustwide/cargo-home" "-e" "RUSTUP_HOME=/opt/rustwide/rustup-home" "-e" "CARGO_TARGET_DIR=/opt/rustwide/target" "-e" "CARGO_INCREMENTAL=0" "-e" "RUST_BACKTRACE=full" "-e" "RUSTFLAGS=--cap-lints=warn" "-e" "RUSTDOCFLAGS=--cap-lints=warn" "-w" "/opt/rustwide/workdir" "--user" "0:0" "cf77a77831b598ec741ef2b179b9d1da50ce547c0176585bd411337d4ad36673" "/opt/rustwide/cargo-home/bin/cargo" "+1.100.0-beta.1" "test" "--frozen" "--no-run" "--message-format=json" "--release", kill_on_drop: false }`
[INFO] [stderr]    Compiling libc v0.2.182
[INFO] [stderr]    Compiling zerocopy v0.8.57
[INFO] [stderr]    Compiling getrandom v0.3.4
[INFO] [stderr]    Compiling getrandom v0.4.3
[INFO] [stderr]    Compiling wait-timeout v0.2.1
[INFO] [stderr]    Compiling tempfile v3.27.0
[INFO] [stderr]    Compiling rand_core v0.9.5
[INFO] [stderr]    Compiling rand_xorshift v0.4.0
[INFO] [stderr]    Compiling rand v0.9.5
[INFO] [stderr]    Compiling rusty-fork v0.3.1
[INFO] [stderr]    Compiling ppv-lite86 v0.2.21
[INFO] [stderr]    Compiling rand_chacha v0.9.0
[INFO] [stderr]    Compiling proptest v1.11.0
[INFO] [stderr]    Compiling hgvs-weaver v0.7.0 (/opt/rustwide/workdir)
[INFO] [stderr]     Finished `release` profile [optimized] target(s) in 54.97s
[INFO] running `Command { std: "docker" "inspect" "cf77a77831b598ec741ef2b179b9d1da50ce547c0176585bd411337d4ad36673", kill_on_drop: false }`
[INFO] running `Command { std: "docker" "exec" "-e" "SOURCE_DIR=/opt/rustwide/workdir" "-e" "CARGO_HOME=/opt/rustwide/cargo-home" "-e" "RUSTUP_HOME=/opt/rustwide/rustup-home" "-e" "CARGO_TARGET_DIR=/opt/rustwide/target" "-e" "CARGO_INCREMENTAL=0" "-e" "RUST_BACKTRACE=full" "-e" "RUSTFLAGS=--cap-lints=warn" "-e" "RUSTDOCFLAGS=--cap-lints=warn" "-w" "/opt/rustwide/workdir" "--user" "0:0" "cf77a77831b598ec741ef2b179b9d1da50ce547c0176585bd411337d4ad36673" "/opt/rustwide/cargo-home/bin/cargo" "+1.100.0-beta.1" "test" "--frozen" "--release", kill_on_drop: false }`
[INFO] [stderr]     Finished `release` profile [optimized] target(s) in 0.11s
[INFO] [stderr]      Running unittests src/lib.rs (/opt/rustwide/target/release/build/hgvs-weaver/6455e0602a7d42e7/out/hgvs_weaver-6455e0602a7d42e7)
[INFO] [stdout] 
[INFO] [stdout] running 69 tests
[INFO] [stdout] test cigar::tests::test_cigarmapper_strict_bounds ... ok
[INFO] [stdout] test coords::tests::test_arithmetic ... ok
[INFO] [stdout] test allele::tests::reference_derived_unit_finds_the_smallest_period ... ok
[INFO] [stdout] test cigar::tests::a_gap_at_the_edge_of_an_alignment_is_placed_at_its_end ... ok
[INFO] [stdout] test cigar::tests::test_cigarmapper ... ok
[INFO] [stdout] test normalize::tests::a_slid_insertion_is_rotated ... ok
[INFO] [stdout] test allele::tests::identity_is_a_reference_allele_over_its_range ... ok
[INFO] [stdout] test allele::tests::deletion_anywhere_in_a_run_is_the_same_allele ... ok
[INFO] [stdout] test allele::tests::duplication_and_insertion_of_the_unit_are_the_same_allele ... ok
[INFO] [stdout] test edits::tests::substitutions_and_delins_keep_their_stated_bases ... ok
[INFO] [stdout] test normalize::tests::delins_is_not_shifted ... ok
[INFO] [stdout] test normalize::tests::insertion_places_at_the_second_flanking_base ... ok
[INFO] [stdout] test normalize::tests::shift_5_mirrors_shift_3 ... ok
[INFO] [stdout] test allele::tests::a_stated_reference_that_disagrees_with_the_sequence_is_ignored ... ok
[INFO] [stdout] test edits::tests::insertion_resolves_to_the_empty_range_at_its_second_flank ... ok
[INFO] [stdout] test cigar::tests::test_cigar_parsing ... ok
[INFO] [stdout] test edits::tests::stated_ref_ignores_lengths_units_and_empties ... ok
[INFO] [stdout] test allele::tests::literal_insertion_stays_literal_and_substitution_is_trimmed ... ok
[INFO] [stdout] test edits::tests::implied_bases_are_read_from_the_reference_once ... ok
[INFO] [stdout] test fmt::tests::test_non_coding_with_asterisk_no_panic ... ok
[INFO] [stdout] test parser::tests::insertions_of_a_stated_length_keep_the_length_not_letters ... ok
[INFO] [stdout] test parser::tests::delins_of_a_stated_length_keeps_the_deleted_part ... ok
[INFO] [stdout] test coords::tests::test_genomic_conversions ... ok
[INFO] [stdout] test coords::tests::test_invalid_edge_cases_no_panic ... ok
[INFO] [stdout] test coords::tests::test_protein_conversions ... ok
[INFO] [stdout] test coords::tests::test_transcript_conversions_jump ... ok
[INFO] [stdout] test normalize::tests::substitution_is_left_alone ... ok
[INFO] [stdout] test parser::tests::test_parse_extension ... ok
[INFO] [stdout] test parser::tests::test_parse_repeats ... ok
[INFO] [stdout] test protein::tests::n_terminal_insertion_is_unsupported ... ok
[INFO] [stdout] test protein::tests::stop_loss_is_an_extension_to_the_next_stop ... ok
[INFO] [stdout] test protein::tests::substitutions_nonsense_and_silence ... ok
[INFO] [stdout] test protein::tests::an_insertion_before_the_stop_that_repeats_the_last_residue_is_not_an_extension ... ok
[INFO] [stdout] test reference::tests::blocks_are_fetched_once ... ok
[INFO] [stdout] test reference::tests::run_right_and_left_follow_a_cyclic_pattern ... ok
[INFO] [stdout] test reference::tests::slice_spans_blocks_and_clamps_at_end ... ok
[INFO] [stdout] test transcript_mapper::tests::a_base_the_genome_lacks_occupies_an_empty_range_between_its_neighbours ... ok
[INFO] [stdout] test transcript_mapper::tests::test_g_to_n_cigar ... ok
[INFO] [stdout] test transcript_mapper::tests::a_base_the_genome_lacks_on_the_minus_strand ... ok
[INFO] [stdout] test transcript_mapper::tests::test_g_to_n_intronic_offset ... ok
[INFO] [stdout] test protein::tests::a_selenocysteine_codon_is_not_the_stop ... ok
[INFO] [stdout] test transform::tests::test_transform_non_protein_unchanged ... ok
[INFO] [stdout] test parser::tests::test_unsupported_circular_no_panic ... ok
[INFO] [stdout] test protein::tests::a_change_past_the_stop_is_no_change_to_the_protein ... ok
[INFO] [stdout] test protein::tests::a_frameshift_in_the_stop_codon_is_an_extension ... ok
[INFO] [stdout] test protein::tests::a_stop_inside_the_inserted_bases_is_a_delins_not_a_frameshift ... ok
[INFO] [stdout] test protein::tests::an_in_frame_deletion_reaching_the_stop_keeps_it_original ... ok
[INFO] [stdout] test protein::tests::frameshift_reports_first_changed_residue_and_distance_to_stop ... ok
[INFO] [stdout] test protein::tests::in_frame_deletion_and_duplication_take_the_3_prime_position ... ok
[INFO] [stdout] test reference::tests::whole_is_fetched_once_and_serves_slices ... ok
[INFO] [stdout] test transcript_mapper::tests::a_base_the_genome_lacks_at_the_edge_of_an_exon_is_an_error ... ok
[INFO] [stdout] test transcript_mapper::tests::test_g_to_n_minus_strand_order ... ok
[INFO] [stdout] test transform::tests::test_transform_met1_to_question ... ok
[INFO] [stdout] test transform::tests::test_transform_non_met1_unchanged ... ok
[INFO] [stdout] test vrs::tests::a_length_expression_state_carries_the_number_of_bases ... ok
[INFO] [stdout] test vrs::tests::copy_number_change_digests_the_label_over_the_location ... ok
[INFO] [stdout] test transform::tests::test_transform_silent_met1_unchanged ... ok
[INFO] [stdout] test vrs::tests::sha512t24u_of_empty_input_is_the_known_value ... ok
[INFO] [stdout] test transform::tests::test_transform_specific_unchanged ... ok
[INFO] [stdout] test vrs::tests::a_block_level_sequence_reference_is_filled_into_the_members ... ok
[INFO] [stdout] test vrs::tests::copy_number_count_matches_the_spec_example ... ok
[INFO] [stdout] test vrs::tests::reference_derived_state_is_a_reference_length_expression ... ok
[INFO] [stdout] test vrs::tests::refget_accession_is_over_the_normalised_sequence ... ok
[INFO] [stdout] test vrs::tests::a_cis_phased_block_carries_its_members_in_the_order_given ... ok
[INFO] [stdout] test vrs::tests::cis_phased_block_digest_matches_the_spec_validation_data ... ok
[INFO] [stdout] test vrs::tests::copy_change_terms_are_read_by_label_or_efo_code ... ok
[INFO] [stdout] test vrs::tests::digest_and_identifier_match_the_spec_example ... ok
[INFO] [stdout] test normalize::tests::deletion_shifts_3_prime_and_states_no_bases ... ok
[INFO] [stdout] test normalize::tests::insertion_that_repeats_preceding_bases_becomes_duplication ... ok
[INFO] [stdout] 
[INFO] [stdout] test result: ok. 69 passed; 0 failed; 0 ignored; 0 measured; 0 filtered out; finished in 0.03s
[INFO] [stdout] 
[INFO] [stderr]      Running tests/cis_phased_test.rs (/opt/rustwide/target/release/build/hgvs-weaver/65f27265f4b0f02b/out/cis_phased_test-65f27265f4b0f02b)
[INFO] [stdout] 
[INFO] [stdout] running 13 tests
[INFO] [stdout] test a_cis_allele_has_no_single_canonical_allele_or_spdi ... ok
[INFO] [stdout] test json_round_trips_with_the_members_nested ... ok
[INFO] [stdout] test a_cis_allele_is_a_cis_phased_block_of_its_members_alleles ... ok
[INFO] [stdout] test members_normalise_and_validate_one_by_one ... ok
[INFO] [stdout] test cis_alleles_parse_and_print_back_in_every_coordinate_system ... ok
[INFO] [stdout] test set_ac_reaches_the_members ... ok
[INFO] [stdout] test the_identifier_is_the_same_whichever_way_the_members_are_written ... ok
[INFO] [stdout] test cis_alleles_compare_as_sets_of_their_members_alleles ... ok
[INFO] [stdout] test members_are_one_system_on_one_accession ... ok
[INFO] [stdout] test alleles_in_trans_are_two_molecules_and_are_refused ... ok
[INFO] [stdout] test blocks_from_other_producers_parse ... ok
[INFO] [stdout] test to_vrs_is_for_alleles_and_to_vrs_cis_phased_for_cis_alleles ... ok
[INFO] [stdout] test cis_phased_blocks_read_back_as_cis_alleles_on_their_own_sequence ... ok
[INFO] [stdout] 
[INFO] [stdout] test result: ok. 13 passed; 0 failed; 0 ignored; 0 measured; 0 filtered out; finished in 0.01s
[INFO] [stdout] 
[INFO] [stdout] 
[INFO] [stdout] running 1 test
[INFO] [stderr]      Running tests/decompose_test.rs (/opt/rustwide/target/release/build/hgvs-weaver/c8006c34bb21689d/out/decompose_test-c8006c34bb21689d)
[INFO] [stdout] test test_strict_decompose ... ok
[INFO] [stdout] 
[INFO] [stdout] test result: ok. 1 passed; 0 failed; 0 ignored; 0 measured; 0 filtered out; finished in 0.00s
[INFO] [stdout] 
[INFO] [stderr]      Running tests/equivalence_cases_test.rs (/opt/rustwide/target/release/build/hgvs-weaver/14df23f6e37bf81e/out/equivalence_cases_test-14df23f6e37bf81e)
[INFO] [stdout] 
[INFO] [stdout] running 7 tests
[INFO] [stdout] test test_analogous_clinvar_tyr165ter_mismatch ... ok
[INFO] [stdout] test test_analogous_protein_truncation ... ok
[INFO] [stderr]      Running tests/equivalence_test.rs (/opt/rustwide/target/release/build/hgvs-weaver/f1a23e991d1b13b6/out/equivalence_test-f1a23e991d1b13b6)
[INFO] [stdout] test test_analogous_repeat_equivalence ... ok
[INFO] [stdout] test test_analogous_fs_wildcard_unification ... ok
[INFO] [stdout] test test_clinvar_regression_tyr165ter ... ok
[INFO] [stdout] test test_immediate_stop_normalization ... ok
[INFO] [stdout] test test_multi_unit_repeat_equivalence ... ok
[INFO] [stdout] 
[INFO] [stdout] test result: ok. 7 passed; 0 failed; 0 ignored; 0 measured; 0 filtered out; finished in 0.00s
[INFO] [stdout] 
[INFO] [stderr]      Running tests/gapped_exon_test.rs (/opt/rustwide/target/release/build/hgvs-weaver/151f2b95ee0048a9/out/gapped_exon_test-151f2b95ee0048a9)
[INFO] [stdout] 
[INFO] [stdout] running 2 tests
[INFO] [stdout] test equivalence_needs_the_sequence ... ok
[INFO] [stdout] test test_equivalence_levels ... ok
[INFO] [stdout] 
[INFO] [stdout] test result: ok. 2 passed; 0 failed; 0 ignored; 0 measured; 0 filtered out; finished in 0.00s
[INFO] [stdout] 
[INFO] [stdout] 
[INFO] [stdout] running 8 tests
[INFO] [stdout] test the_same_through_c_numbering_and_on_the_minus_strand ... ok
[INFO] [stdout] test a_base_the_genome_lacks_projects_as_an_insertion_between_its_neighbours ... ok
[INFO] [stdout] test a_genome_base_the_transcript_lacks_on_the_minus_strand ... ok
[INFO] [stdout] test a_genome_base_the_transcript_lacks_projects_as_an_insertion_between_its_neighbours ... ok
[INFO] [stdout] test an_edit_touching_a_run_of_bases_the_genome_lacks_is_written_over_the_whole_run ... ok
[INFO] [stdout] test a_genomic_edit_touching_a_run_the_transcript_lacks_is_written_over_the_whole_run ... ok
[INFO] [stderr]      Running tests/gauntlet_test.rs (/opt/rustwide/target/release/build/hgvs-weaver/e906e7f7de9b33df/out/gauntlet_test-e906e7f7de9b33df)
[INFO] [stdout] test a_soft_clipped_base_has_no_genomic_position ... ok
[INFO] [stdout] test a_genome_base_the_transcript_lacks_at_the_edge_of_an_exon_has_no_transcript_position ... ok
[INFO] [stdout] 
[INFO] [stdout] test result: ok. 8 passed; 0 failed; 0 ignored; 0 measured; 0 filtered out; finished in 0.00s
[INFO] [stdout] 
[INFO] [stdout] 
[INFO] [stdout] running 4 tests
[INFO] [stdout] test test_invalid_gene_names ... ok
[INFO] [stdout] test test_reject_variants ... ok
[INFO] [stdout] test test_gene_names ... ok
[INFO] [stdout] test test_gauntlet_variants ... FAILED
[INFO] [stdout] 
[INFO] [stdout] failures:
[INFO] [stdout] 
[INFO] [stdout] ---- test_gauntlet_variants stdout ----
[INFO] [stdout] 
[INFO] [stdout] thread 'test_gauntlet_variants' (1754) panicked at tests/gauntlet_test.rs:10:42:
[INFO] [stdout] Failed to open gauntlet file: Os { code: 2, kind: NotFound, message: "No such file or directory" }
[INFO] [stdout] stack backtrace:
[INFO] [stdout]    0:     0x5edd14f55bd1 - <<std[617be2ca0a6fd877]::sys::backtrace::BacktraceLock>::print::DisplayBacktrace as core[a373ad73a504971]::fmt::Display>::fmt
[INFO] [stdout]    1:     0x5edd14f69e7a - core[a373ad73a504971]::fmt::write
[INFO] [stdout]    2:     0x5edd14f59dec - <alloc[2e1b2a31b91974c5]::vec::Vec<u8> as core[a373ad73a504971]::io::write::Write>::write_fmt
[INFO] [stdout]    3:     0x5edd14f32036 - std[617be2ca0a6fd877]::panicking::default_hook::{closure#0}
[INFO] [stdout]    4:     0x5edd14f4e269 - std[617be2ca0a6fd877]::panicking::default_hook
[INFO] [stdout]    5:     0x5edd14ead170 - test[aada8e7e76ba119b]::test_main_inner::{closure#0}
[INFO] [stdout]    6:     0x5edd14f4e422 - std[617be2ca0a6fd877]::panicking::panic_with_hook
[INFO] [stdout]    7:     0x5edd14f320e2 - std[617be2ca0a6fd877]::panicking::panic_handler::{closure#0}
[INFO] [stdout]    8:     0x5edd14f2adf9 - std[617be2ca0a6fd877]::sys::backtrace::__rust_end_short_backtrace::<std[617be2ca0a6fd877]::panicking::panic_handler::{closure#0}, !>
[INFO] [stdout]    9:     0x5edd14f32ced - __rustc[ea4f61d10b84890b]::rust_begin_unwind
[INFO] [stdout]   10:     0x5edd14f6a5ac - core[a373ad73a504971]::panicking::panic_fmt
[INFO] [stdout]   11:     0x5edd14f6a382 - core[a373ad73a504971]::result::unwrap_failed
[INFO] [stdout]   12:     0x5edd14e9b19b - <gauntlet_test[e6c874c487fb3093]::test_gauntlet_variants::{closure#0} as core[a373ad73a504971]::ops::function::FnOnce<()>>::call_once
[INFO] [stdout]   13:     0x5edd14ea05bb - test[aada8e7e76ba119b]::__rust_begin_short_backtrace::<core[a373ad73a504971]::result::Result<(), alloc[2e1b2a31b91974c5]::string::String>, fn() -> core[a373ad73a504971]::result::Result<(), alloc[2e1b2a31b91974c5]::string::String>>
[INFO] [stdout]   14:     0x5edd14ead795 - test[aada8e7e76ba119b]::run_test::{closure#0}
[INFO] [stdout]   15:     0x5edd14ea7084 - std[617be2ca0a6fd877]::sys::backtrace::__rust_begin_short_backtrace::<test[aada8e7e76ba119b]::run_test::{closure#1}, ()>
[INFO] [stdout]   16:     0x5edd14eb0822 - <std[617be2ca0a6fd877]::thread::lifecycle::spawn_unchecked<test[aada8e7e76ba119b]::run_test::{closure#1}, ()>::{closure#1} as core[a373ad73a504971]::ops::function::FnOnce<()>>::call_once::{shim:vtable#0}
[INFO] [stdout]   17:     0x5edd14f5542f - <std[617be2ca0a6fd877]::sys::thread::unix::Thread>::new::thread_start
[INFO] [stdout]   18:     0x78efbddb4dfa - <unknown>
[INFO] [stdout]   19:     0x78efbde483d4 - clone
[INFO] [stdout]   20:                0x0 - <unknown>
[INFO] [stdout] 
[INFO] [stdout] 
[INFO] [stdout] failures:
[INFO] [stdout]     test_gauntlet_variants
[INFO] [stdout] 
[INFO] [stdout] test result: FAILED. 3 passed; 1 failed; 0 ignored; 0 measured; 0 filtered out; finished in 0.00s
[INFO] [stdout] 
[INFO] [stderr] error: test failed, to rerun pass `--test gauntlet_test`
[INFO] running `Command { std: "docker" "inspect" "cf77a77831b598ec741ef2b179b9d1da50ce547c0176585bd411337d4ad36673", kill_on_drop: false }`
[INFO] running `Command { std: "docker" "rm" "-f" "cf77a77831b598ec741ef2b179b9d1da50ce547c0176585bd411337d4ad36673", kill_on_drop: false }`
[INFO] [stdout] cf77a77831b598ec741ef2b179b9d1da50ce547c0176585bd411337d4ad36673
