[INFO] fetching crate hglib-rs 0.1.1...
[INFO] testing hglib-rs-0.1.1 against 1.99.0-beta.8+cargoflags=--release for beta-release-1.100-2
[INFO] extracting crate hglib-rs 0.1.1 into /workspace/builds/worker-0-tc1/source
[INFO] started tweaking crates.io crate hglib-rs 0.1.1
[INFO] finished tweaking crates.io crate hglib-rs 0.1.1
[INFO] tweaked toml for crates.io crate hglib-rs 0.1.1 written to /workspace/builds/worker-0-tc1/source/Cargo.toml
[INFO] validating manifest of crates.io crate hglib-rs 0.1.1 on toolchain 1.99.0-beta.8
[INFO] running `Command { std: CARGO_HOME="/workspace/cargo-home" RUSTUP_HOME="/workspace/rustup-home" "/workspace/cargo-home/bin/cargo" "+1.99.0-beta.8" "metadata" "--manifest-path" "Cargo.toml" "--no-deps", kill_on_drop: false }`
[INFO] running `Command { std: CARGO_HOME="/workspace/cargo-home" RUSTUP_HOME="/workspace/rustup-home" "/workspace/cargo-home/bin/cargo" "+1.99.0-beta.8" "generate-lockfile" "--manifest-path" "Cargo.toml", kill_on_drop: false }`
[INFO] [stderr]     Updating crates.io index
[INFO] [stderr]      Locking 50 packages to highest compatible versions
[INFO] [stderr]       Adding subprocess v0.1.20 (available: v1.2.1)
[INFO] running `Command { std: CARGO_HOME="/workspace/cargo-home" RUSTUP_HOME="/workspace/rustup-home" "/workspace/cargo-home/bin/cargo" "+1.99.0-beta.8" "fetch" "--manifest-path" "Cargo.toml", kill_on_drop: false }`
[INFO] [stderr]  Downloading crates ...
[INFO] [stderr]   Downloaded subprocess v0.1.20
[INFO] running `Command { std: "docker" "create" "-v" "/var/lib/crater-agent-workspace/builds/worker-0-tc1/source:/opt/rustwide/workdir:ro,Z" "-v" "/var/lib/crater-agent-workspace/builds/worker-0-tc1/target:/opt/rustwide/target:rw,Z" "-v" "/var/lib/crater-agent-workspace/cargo-home:/opt/rustwide/cargo-home:ro,Z" "-v" "/var/lib/crater-agent-workspace/rustup-home:/opt/rustwide/rustup-home:ro,Z" "-m" "1610612736" "--network" "none" "ghcr.io/rust-lang/crates-build-env/linux@sha256:77db811e55d90add9212f6832c23229e3de5f1c1f9905e8cb07319ea15df73ac" "sleep" "infinity", kill_on_drop: false }`
[INFO] [stdout] db74ea639d6cd9ad6593717cf986a9ea043143cf5cbfaecfb083e8cf525b93aa
[INFO] running `Command { std: "docker" "start" "db74ea639d6cd9ad6593717cf986a9ea043143cf5cbfaecfb083e8cf525b93aa", kill_on_drop: false }`
[INFO] running `Command { std: "docker" "inspect" "db74ea639d6cd9ad6593717cf986a9ea043143cf5cbfaecfb083e8cf525b93aa", kill_on_drop: false }`
[INFO] running `Command { std: "docker" "exec" "-e" "SOURCE_DIR=/opt/rustwide/workdir" "-e" "CARGO_HOME=/opt/rustwide/cargo-home" "-e" "RUSTUP_HOME=/opt/rustwide/rustup-home" "-e" "CARGO_TARGET_DIR=/opt/rustwide/target" "-w" "/opt/rustwide/workdir" "--user" "0:0" "db74ea639d6cd9ad6593717cf986a9ea043143cf5cbfaecfb083e8cf525b93aa" "/opt/rustwide/cargo-home/bin/cargo" "+1.99.0-beta.8" "metadata" "--no-deps" "--format-version=1", kill_on_drop: false }`
[INFO] running `Command { std: "docker" "inspect" "db74ea639d6cd9ad6593717cf986a9ea043143cf5cbfaecfb083e8cf525b93aa", kill_on_drop: false }`
[INFO] running `Command { std: "docker" "exec" "-e" "SOURCE_DIR=/opt/rustwide/workdir" "-e" "CARGO_HOME=/opt/rustwide/cargo-home" "-e" "RUSTUP_HOME=/opt/rustwide/rustup-home" "-e" "CARGO_TARGET_DIR=/opt/rustwide/target" "-e" "CARGO_INCREMENTAL=0" "-e" "RUST_BACKTRACE=full" "-e" "RUSTFLAGS=--cap-lints=warn" "-e" "RUSTDOCFLAGS=--cap-lints=warn" "-w" "/opt/rustwide/workdir" "--user" "0:0" "db74ea639d6cd9ad6593717cf986a9ea043143cf5cbfaecfb083e8cf525b93aa" "/opt/rustwide/cargo-home/bin/cargo" "+1.99.0-beta.8" "build" "--frozen" "--message-format=json" "--release", kill_on_drop: false }`
[INFO] [stderr]    Compiling aho-corasick v1.1.5
[INFO] [stderr]    Compiling subprocess v0.1.20
[INFO] [stderr]    Compiling regex-automata v0.4.18
[INFO] [stderr]    Compiling regex v1.13.1
[INFO] [stderr]    Compiling hglib-rs v0.1.1 (/opt/rustwide/workdir)
[INFO] [stdout] warning: use of deprecated associated function `chrono::DateTime::<Tz>::from_utc`: Use TimeZone::from_utc_datetime() or DateTime::from_naive_utc_and_offset instead
[INFO] [stdout]   --> src/commands/common.rs:47:33
[INFO] [stdout]    |
[INFO] [stdout] 47 |                 date: DateTime::from_utc(NaiveDateTime::from_timestamp(timestamp, 0), Utc),
[INFO] [stdout]    |                                 ^^^^^^^^
[INFO] [stdout]    |
[INFO] [stdout]    = note: `#[warn(deprecated)]` on by default
[INFO] [stdout] 
[INFO] [stdout] 
[INFO] [stdout] warning: use of deprecated associated function `chrono::NaiveDateTime::from_timestamp`: use `DateTime::from_timestamp` instead
[INFO] [stdout]   --> src/commands/common.rs:47:57
[INFO] [stdout]    |
[INFO] [stdout] 47 |                 date: DateTime::from_utc(NaiveDateTime::from_timestamp(timestamp, 0), Utc),
[INFO] [stdout]    |                                                         ^^^^^^^^^^^^^^
[INFO] [stdout] 
[INFO] [stdout] 
[INFO] [stdout] warning: field `msg` is never read
[INFO] [stdout]   --> src/client.rs:46:5
[INFO] [stdout]    |
[INFO] [stdout] 43 | pub struct HglibError {
[INFO] [stdout]    |            ---------- field in this struct
[INFO] [stdout] ...
[INFO] [stdout] 46 |     msg: String,
[INFO] [stdout]    |     ^^^
[INFO] [stdout]    |
[INFO] [stdout]    = note: `HglibError` has a derived impl for the trait `Debug`, but this is intentionally ignored during dead code analysis
[INFO] [stdout]    = note: `#[warn(dead_code)]` (part of `#[warn(unused)]`) on by default
[INFO] [stdout] 
[INFO] [stdout] 
[INFO] [stdout] warning: hiding a lifetime that's elided elsewhere is confusing
[INFO] [stdout]   --> src/commands/annotate.rs:94:22
[INFO] [stdout]    |
[INFO] [stdout] 94 |     pub fn next_line(&mut self) -> Result<Option<Line>, HglibError> {
[INFO] [stdout]    |                      ^^^^^^^^^                   ^^^^ the same lifetime is hidden here
[INFO] [stdout]    |                      |
[INFO] [stdout]    |                      the lifetime is elided here
[INFO] [stdout]    |
[INFO] [stdout]    = help: the same lifetime is referred to in inconsistent ways, making the signature confusing
[INFO] [stdout]    = note: `#[warn(mismatched_lifetime_syntaxes)]` on by default
[INFO] [stdout] help: use `'_` for type paths
[INFO] [stdout]    |
[INFO] [stdout] 94 |     pub fn next_line(&mut self) -> Result<Option<Line<'_>>, HglibError> {
[INFO] [stdout]    |                                                      ++++
[INFO] [stdout] 
[INFO] [stdout] 
[INFO] [stderr]     Finished `release` profile [optimized] target(s) in 29.59s
[INFO] running `Command { std: "docker" "inspect" "db74ea639d6cd9ad6593717cf986a9ea043143cf5cbfaecfb083e8cf525b93aa", kill_on_drop: false }`
[INFO] running `Command { std: "docker" "exec" "-e" "SOURCE_DIR=/opt/rustwide/workdir" "-e" "CARGO_HOME=/opt/rustwide/cargo-home" "-e" "RUSTUP_HOME=/opt/rustwide/rustup-home" "-e" "CARGO_TARGET_DIR=/opt/rustwide/target" "-e" "CARGO_INCREMENTAL=0" "-e" "RUST_BACKTRACE=full" "-e" "RUSTFLAGS=--cap-lints=warn" "-e" "RUSTDOCFLAGS=--cap-lints=warn" "-w" "/opt/rustwide/workdir" "--user" "0:0" "db74ea639d6cd9ad6593717cf986a9ea043143cf5cbfaecfb083e8cf525b93aa" "/opt/rustwide/cargo-home/bin/cargo" "+1.99.0-beta.8" "test" "--frozen" "--no-run" "--message-format=json" "--release", kill_on_drop: false }`
[INFO] [stderr]    Compiling hglib-rs v0.1.1 (/opt/rustwide/workdir)
[INFO] [stdout] warning: use of deprecated associated function `chrono::DateTime::<Tz>::from_utc`: Use TimeZone::from_utc_datetime() or DateTime::from_naive_utc_and_offset instead
[INFO] [stdout]   --> src/commands/common.rs:47:33
[INFO] [stdout]    |
[INFO] [stdout] 47 |                 date: DateTime::from_utc(NaiveDateTime::from_timestamp(timestamp, 0), Utc),
[INFO] [stdout]    |                                 ^^^^^^^^
[INFO] [stdout]    |
[INFO] [stdout]    = note: `#[warn(deprecated)]` on by default
[INFO] [stdout] 
[INFO] [stdout] 
[INFO] [stdout] warning: use of deprecated associated function `chrono::NaiveDateTime::from_timestamp`: use `DateTime::from_timestamp` instead
[INFO] [stdout]   --> src/commands/common.rs:47:57
[INFO] [stdout]    |
[INFO] [stdout] 47 |                 date: DateTime::from_utc(NaiveDateTime::from_timestamp(timestamp, 0), Utc),
[INFO] [stdout]    |                                                         ^^^^^^^^^^^^^^
[INFO] [stdout] 
[INFO] [stdout] 
[INFO] [stdout] warning: field `msg` is never read
[INFO] [stdout]   --> src/client.rs:46:5
[INFO] [stdout]    |
[INFO] [stdout] 43 | pub struct HglibError {
[INFO] [stdout]    |            ---------- field in this struct
[INFO] [stdout] ...
[INFO] [stdout] 46 |     msg: String,
[INFO] [stdout]    |     ^^^
[INFO] [stdout]    |
[INFO] [stdout]    = note: `HglibError` has a derived impl for the trait `Debug`, but this is intentionally ignored during dead code analysis
[INFO] [stdout]    = note: `#[warn(dead_code)]` (part of `#[warn(unused)]`) on by default
[INFO] [stdout] 
[INFO] [stdout] 
[INFO] [stdout] warning: hiding a lifetime that's elided elsewhere is confusing
[INFO] [stdout]   --> src/commands/annotate.rs:94:22
[INFO] [stdout]    |
[INFO] [stdout] 94 |     pub fn next_line(&mut self) -> Result<Option<Line>, HglibError> {
[INFO] [stdout]    |                      ^^^^^^^^^                   ^^^^ the same lifetime is hidden here
[INFO] [stdout]    |                      |
[INFO] [stdout]    |                      the lifetime is elided here
[INFO] [stdout]    |
[INFO] [stdout]    = help: the same lifetime is referred to in inconsistent ways, making the signature confusing
[INFO] [stdout]    = note: `#[warn(mismatched_lifetime_syntaxes)]` on by default
[INFO] [stdout] help: use `'_` for type paths
[INFO] [stdout]    |
[INFO] [stdout] 94 |     pub fn next_line(&mut self) -> Result<Option<Line<'_>>, HglibError> {
[INFO] [stdout]    |                                                      ++++
[INFO] [stdout] 
[INFO] [stdout] 
[INFO] [stdout] warning: use of deprecated associated function `chrono::DateTime::<Tz>::from_utc`: Use TimeZone::from_utc_datetime() or DateTime::from_naive_utc_and_offset instead
[INFO] [stdout]   --> src/commands/common.rs:47:33
[INFO] [stdout]    |
[INFO] [stdout] 47 |                 date: DateTime::from_utc(NaiveDateTime::from_timestamp(timestamp, 0), Utc),
[INFO] [stdout]    |                                 ^^^^^^^^
[INFO] [stdout]    |
[INFO] [stdout]    = note: `#[warn(deprecated)]` on by default
[INFO] [stdout] 
[INFO] [stdout] 
[INFO] [stdout] warning: use of deprecated associated function `chrono::NaiveDateTime::from_timestamp`: use `DateTime::from_timestamp` instead
[INFO] [stdout]   --> src/commands/common.rs:47:57
[INFO] [stdout]    |
[INFO] [stdout] 47 |                 date: DateTime::from_utc(NaiveDateTime::from_timestamp(timestamp, 0), Utc),
[INFO] [stdout]    |                                                         ^^^^^^^^^^^^^^
[INFO] [stdout] 
[INFO] [stdout] 
[INFO] [stdout] warning: field `msg` is never read
[INFO] [stdout]   --> src/client.rs:46:5
[INFO] [stdout]    |
[INFO] [stdout] 43 | pub struct HglibError {
[INFO] [stdout]    |            ---------- field in this struct
[INFO] [stdout] ...
[INFO] [stdout] 46 |     msg: String,
[INFO] [stdout]    |     ^^^
[INFO] [stdout]    |
[INFO] [stdout]    = note: `HglibError` has a derived impl for the trait `Debug`, but this is intentionally ignored during dead code analysis
[INFO] [stdout]    = note: `#[warn(dead_code)]` (part of `#[warn(unused)]`) on by default
[INFO] [stdout] 
[INFO] [stdout] 
[INFO] [stdout] warning: hiding a lifetime that's elided elsewhere is confusing
[INFO] [stdout]   --> src/commands/annotate.rs:94:22
[INFO] [stdout]    |
[INFO] [stdout] 94 |     pub fn next_line(&mut self) -> Result<Option<Line>, HglibError> {
[INFO] [stdout]    |                      ^^^^^^^^^                   ^^^^ the same lifetime is hidden here
[INFO] [stdout]    |                      |
[INFO] [stdout]    |                      the lifetime is elided here
[INFO] [stdout]    |
[INFO] [stdout]    = help: the same lifetime is referred to in inconsistent ways, making the signature confusing
[INFO] [stdout]    = note: `#[warn(mismatched_lifetime_syntaxes)]` on by default
[INFO] [stdout] help: use `'_` for type paths
[INFO] [stdout]    |
[INFO] [stdout] 94 |     pub fn next_line(&mut self) -> Result<Option<Line<'_>>, HglibError> {
[INFO] [stdout]    |                                                      ++++
[INFO] [stdout] 
[INFO] [stdout] 
[INFO] [stderr]     Finished `release` profile [optimized] target(s) in 24.87s
[INFO] running `Command { std: "docker" "inspect" "db74ea639d6cd9ad6593717cf986a9ea043143cf5cbfaecfb083e8cf525b93aa", kill_on_drop: false }`
[INFO] running `Command { std: "docker" "exec" "-e" "SOURCE_DIR=/opt/rustwide/workdir" "-e" "CARGO_HOME=/opt/rustwide/cargo-home" "-e" "RUSTUP_HOME=/opt/rustwide/rustup-home" "-e" "CARGO_TARGET_DIR=/opt/rustwide/target" "-e" "CARGO_INCREMENTAL=0" "-e" "RUST_BACKTRACE=full" "-e" "RUSTFLAGS=--cap-lints=warn" "-e" "RUSTDOCFLAGS=--cap-lints=warn" "-w" "/opt/rustwide/workdir" "--user" "0:0" "db74ea639d6cd9ad6593717cf986a9ea043143cf5cbfaecfb083e8cf525b93aa" "/opt/rustwide/cargo-home/bin/cargo" "+1.99.0-beta.8" "test" "--frozen" "--release", kill_on_drop: false }`
[INFO] [stderr] warning: use of deprecated associated function `chrono::DateTime::<Tz>::from_utc`: Use TimeZone::from_utc_datetime() or DateTime::from_naive_utc_and_offset instead
[INFO] [stderr]   --> src/commands/common.rs:47:33
[INFO] [stderr]    |
[INFO] [stderr] 47 |                 date: DateTime::from_utc(NaiveDateTime::from_timestamp(timestamp, 0), Utc),
[INFO] [stderr]    |                                 ^^^^^^^^
[INFO] [stderr]    |
[INFO] [stderr]    = note: `#[warn(deprecated)]` on by default
[INFO] [stderr] 
[INFO] [stderr] warning: use of deprecated associated function `chrono::NaiveDateTime::from_timestamp`: use `DateTime::from_timestamp` instead
[INFO] [stderr]   --> src/commands/common.rs:47:57
[INFO] [stderr]    |
[INFO] [stderr] 47 |                 date: DateTime::from_utc(NaiveDateTime::from_timestamp(timestamp, 0), Utc),
[INFO] [stderr]    |                                                         ^^^^^^^^^^^^^^
[INFO] [stderr] 
[INFO] [stderr] warning: field `msg` is never read
[INFO] [stderr]   --> src/client.rs:46:5
[INFO] [stderr]    |
[INFO] [stderr] 43 | pub struct HglibError {
[INFO] [stderr]    |            ---------- field in this struct
[INFO] [stderr] ...
[INFO] [stderr] 46 |     msg: String,
[INFO] [stderr]    |     ^^^
[INFO] [stderr]    |
[INFO] [stderr]    = note: `HglibError` has a derived impl for the trait `Debug`, but this is intentionally ignored during dead code analysis
[INFO] [stderr]    = note: `#[warn(dead_code)]` (part of `#[warn(unused)]`) on by default
[INFO] [stderr] 
[INFO] [stderr] warning: hiding a lifetime that's elided elsewhere is confusing
[INFO] [stderr]   --> src/commands/annotate.rs:94:22
[INFO] [stderr]    |
[INFO] [stderr] 94 |     pub fn next_line(&mut self) -> Result<Option<Line>, HglibError> {
[INFO] [stderr]    |                      ^^^^^^^^^                   ^^^^ the same lifetime is hidden here
[INFO] [stderr]    |                      |
[INFO] [stderr]    |                      the lifetime is elided here
[INFO] [stderr]    |
[INFO] [stderr]    = help: the same lifetime is referred to in inconsistent ways, making the signature confusing
[INFO] [stderr]    = note: `#[warn(mismatched_lifetime_syntaxes)]` on by default
[INFO] [stderr] help: use `'_` for type paths
[INFO] [stderr]    |
[INFO] [stderr] 94 |     pub fn next_line(&mut self) -> Result<Option<Line<'_>>, HglibError> {
[INFO] [stderr]    |                                                      ++++
[INFO] [stderr] 
[INFO] [stderr] warning: `hglib-rs` (lib) generated 4 warnings (run `cargo fix --lib -p hglib-rs` to apply 1 suggestion)
[INFO] [stderr] warning: `hglib-rs` (lib test) generated 4 warnings (4 duplicates)
[INFO] [stderr]     Finished `release` profile [optimized] target(s) in 0.09s
[INFO] [stderr]      Running unittests src/lib.rs (/opt/rustwide/target/release/deps/hglib-4aeb85a76294a0e4)
[INFO] [stdout] 
[INFO] [stdout] running 1 test
[INFO] [stdout] test commands::common::tests::test_eatlines ... ok
[INFO] [stdout] 
[INFO] [stdout] test result: ok. 1 passed; 0 failed; 0 ignored; 0 measured; 0 filtered out; finished in 0.00s
[INFO] [stdout] 
[INFO] [stderr]      Running tests/annotate.rs (/opt/rustwide/target/release/deps/annotate-eccc83d23c186d5f)
[INFO] [stdout] 
[INFO] [stdout] running 3 tests
[INFO] [stdout] test test_basic ... FAILED
[INFO] [stdout] test test_files ... FAILED
[INFO] [stdout] test test_two_colons ... FAILED
[INFO] [stdout] 
[INFO] [stdout] failures:
[INFO] [stdout] 
[INFO] [stdout] ---- test_basic stdout ----
[INFO] [stdout] 
[INFO] [stdout] thread 'test_basic' (1004) panicked at tests/common/mod.rs:40:9:
[INFO] [stdout] assertion failed: HG!(init, dest = path_str).is_ok()
[INFO] [stdout] stack backtrace:
[INFO] [stdout]    0:     0x562aabcfebd1 - <<std[70759c8f55707aa4]::sys::backtrace::BacktraceLock>::print::DisplayBacktrace as core[df12db4294e9bfd3]::fmt::Display>::fmt
[INFO] [stdout]    1:     0x562aabd1344a - core[df12db4294e9bfd3]::fmt::write
[INFO] [stdout]    2:     0x562aabd0345c - <alloc[2182bb758b4b3781]::vec::Vec<u8> as core[df12db4294e9bfd3]::io::write::Write>::write_fmt
[INFO] [stdout]    3:     0x562aabcd99d6 - std[70759c8f55707aa4]::panicking::default_hook::{closure#0}
[INFO] [stdout]    4:     0x562aabcf6859 - std[70759c8f55707aa4]::panicking::default_hook
[INFO] [stdout]    5:     0x562aabc85400 - test[9d35eded1c95d3be]::test_main_inner::<test[9d35eded1c95d3be]::test_main_static::{closure#0}>::{closure#0}
[INFO] [stdout]    6:     0x562aabcf6a12 - std[70759c8f55707aa4]::panicking::panic_with_hook
[INFO] [stdout]    7:     0x562aabcd9ab4 - std[70759c8f55707aa4]::panicking::panic_handler::{closure#0}
[INFO] [stdout]    8:     0x562aabcd2499 - std[70759c8f55707aa4]::sys::backtrace::__rust_end_short_backtrace::<std[70759c8f55707aa4]::panicking::panic_handler::{closure#0}, !>
[INFO] [stdout]    9:     0x562aabcda71d - __rustc[8fa7c3cbc660c2b3]::rust_begin_unwind
[INFO] [stdout]   10:     0x562aabd13bac - core[df12db4294e9bfd3]::panicking::panic_fmt
[INFO] [stdout]   11:     0x562aabd13b72 - core[df12db4294e9bfd3]::panicking::panic
[INFO] [stdout]   12:     0x562aabc749be - <annotate[db1c5abb46520912]::common::TestClient>::new
[INFO] [stdout]   13:     0x562aabc773c8 - <annotate[db1c5abb46520912]::test_basic::{closure#0} as core[df12db4294e9bfd3]::ops::function::FnOnce<()>>::call_once
[INFO] [stdout]   14:     0x562aabc786eb - test[9d35eded1c95d3be]::__rust_begin_short_backtrace::<core[df12db4294e9bfd3]::result::Result<(), alloc[2182bb758b4b3781]::string::String>, fn() -> core[df12db4294e9bfd3]::result::Result<(), alloc[2182bb758b4b3781]::string::String>>
[INFO] [stdout]   15:     0x562aabc85d55 - test[9d35eded1c95d3be]::run_test::{closure#0}
[INFO] [stdout]   16:     0x562aabc7f614 - std[70759c8f55707aa4]::sys::backtrace::__rust_begin_short_backtrace::<test[9d35eded1c95d3be]::run_test::{closure#1}, ()>
[INFO] [stdout]   17:     0x562aabc88eb2 - <std[70759c8f55707aa4]::thread::lifecycle::spawn_unchecked<test[9d35eded1c95d3be]::run_test::{closure#1}, ()>::{closure#1} as core[df12db4294e9bfd3]::ops::function::FnOnce<()>>::call_once::{shim:vtable#0}
[INFO] [stdout]   18:     0x562aabcfe4a9 - <std[70759c8f55707aa4]::sys::thread::unix::Thread>::new::thread_start
[INFO] [stdout]   19:     0x7ea69f0a9dfa - <unknown>
[INFO] [stdout]   20:     0x7ea69f13d3d4 - clone
[INFO] [stdout]   21:                0x0 - <unknown>
[INFO] [stdout] 
[INFO] [stdout] ---- test_files stdout ----
[INFO] [stdout] 
[INFO] [stdout] thread 'test_files' (1005) panicked at tests/common/mod.rs:40:9:
[INFO] [stdout] assertion failed: HG!(init, dest = path_str).is_ok()
[INFO] [stdout] stack backtrace:
[INFO] [stdout]    0:     0x562aabcfebd1 - <<std[70759c8f55707aa4]::sys::backtrace::BacktraceLock>::print::DisplayBacktrace as core[df12db4294e9bfd3]::fmt::Display>::fmt
[INFO] [stdout]    1:     0x562aabd1344a - core[df12db4294e9bfd3]::fmt::write
[INFO] [stdout]    2:     0x562aabd0345c - <alloc[2182bb758b4b3781]::vec::Vec<u8> as core[df12db4294e9bfd3]::io::write::Write>::write_fmt
[INFO] [stdout]    3:     0x562aabcd99d6 - std[70759c8f55707aa4]::panicking::default_hook::{closure#0}
[INFO] [stdout]    4:     0x562aabcf6859 - std[70759c8f55707aa4]::panicking::default_hook
[INFO] [stdout]    5:     0x562aabc85400 - test[9d35eded1c95d3be]::test_main_inner::<test[9d35eded1c95d3be]::test_main_static::{closure#0}>::{closure#0}
[INFO] [stdout]    6:     0x562aabcf6a12 - std[70759c8f55707aa4]::panicking::panic_with_hook
[INFO] [stdout]    7:     0x562aabcd9ab4 - std[70759c8f55707aa4]::panicking::panic_handler::{closure#0}
[INFO] [stdout]    8:     0x562aabcd2499 - std[70759c8f55707aa4]::sys::backtrace::__rust_end_short_backtrace::<std[70759c8f55707aa4]::panicking::panic_handler::{closure#0}, !>
[INFO] [stdout]    9:     0x562aabcda71d - __rustc[8fa7c3cbc660c2b3]::rust_begin_unwind
[INFO] [stdout]   10:     0x562aabd13bac - core[df12db4294e9bfd3]::panicking::panic_fmt
[INFO] [stdout]   11:     0x562aabd13b72 - core[df12db4294e9bfd3]::panicking::panic
[INFO] [stdout]   12:     0x562aabc749be - <annotate[db1c5abb46520912]::common::TestClient>::new
[INFO] [stdout]   13:     0x562aabc77d15 - <annotate[db1c5abb46520912]::test_files::{closure#0} as core[df12db4294e9bfd3]::ops::function::FnOnce<()>>::call_once
[INFO] [stdout]   14:     0x562aabc786eb - test[9d35eded1c95d3be]::__rust_begin_short_backtrace::<core[df12db4294e9bfd3]::result::Result<(), alloc[2182bb758b4b3781]::string::String>, fn() -> core[df12db4294e9bfd3]::result::Result<(), alloc[2182bb758b4b3781]::string::String>>
[INFO] [stdout]   15:     0x562aabc85d55 - test[9d35eded1c95d3be]::run_test::{closure#0}
[INFO] [stdout]   16:     0x562aabc7f614 - std[70759c8f55707aa4]::sys::backtrace::__rust_begin_short_backtrace::<test[9d35eded1c95d3be]::run_test::{closure#1}, ()>
[INFO] [stdout]   17:     0x562aabc88eb2 - <std[70759c8f55707aa4]::thread::lifecycle::spawn_unchecked<test[9d35eded1c95d3be]::run_test::{closure#1}, ()>::{closure#1} as core[df12db4294e9bfd3]::ops::function::FnOnce<()>>::call_once::{shim:vtable#0}
[INFO] [stdout]   18:     0x562aabcfe4a9 - <std[70759c8f55707aa4]::sys::thread::unix::Thread>::new::thread_start
[INFO] [stdout]   19:     0x7ea69f0a9dfa - <unknown>
[INFO] [stdout]   20:     0x7ea69f13d3d4 - clone
[INFO] [stdout]   21:                0x0 - <unknown>
[INFO] [stdout] 
[INFO] [stdout] ---- test_two_colons stdout ----
[INFO] [stdout] 
[INFO] [stdout] thread 'test_two_colons' (1006) panicked at tests/common/mod.rs:40:9:
[INFO] [stdout] assertion failed: HG!(init, dest = path_str).is_ok()
[INFO] [stdout] stack backtrace:
[INFO] [stdout]    0:     0x562aabcfebd1 - <<std[70759c8f55707aa4]::sys::backtrace::BacktraceLock>::print::DisplayBacktrace as core[df12db4294e9bfd3]::fmt::Display>::fmt
[INFO] [stdout]    1:     0x562aabd1344a - core[df12db4294e9bfd3]::fmt::write
[INFO] [stdout]    2:     0x562aabd0345c - <alloc[2182bb758b4b3781]::vec::Vec<u8> as core[df12db4294e9bfd3]::io::write::Write>::write_fmt
[INFO] [stdout]    3:     0x562aabcd99d6 - std[70759c8f55707aa4]::panicking::default_hook::{closure#0}
[INFO] [stdout]    4:     0x562aabcf6859 - std[70759c8f55707aa4]::panicking::default_hook
[INFO] [stdout]    5:     0x562aabc85400 - test[9d35eded1c95d3be]::test_main_inner::<test[9d35eded1c95d3be]::test_main_static::{closure#0}>::{closure#0}
[INFO] [stdout]    6:     0x562aabcf6a12 - std[70759c8f55707aa4]::panicking::panic_with_hook
[INFO] [stdout]    7:     0x562aabcd9ab4 - std[70759c8f55707aa4]::panicking::panic_handler::{closure#0}
[INFO] [stdout]    8:     0x562aabcd2499 - std[70759c8f55707aa4]::sys::backtrace::__rust_end_short_backtrace::<std[70759c8f55707aa4]::panicking::panic_handler::{closure#0}, !>
[INFO] [stdout]    9:     0x562aabcda71d - __rustc[8fa7c3cbc660c2b3]::rust_begin_unwind
[INFO] [stdout]   10:     0x562aabd13bac - core[df12db4294e9bfd3]::panicking::panic_fmt
[INFO] [stdout]   11:     0x562aabd13b72 - core[df12db4294e9bfd3]::panicking::panic
[INFO] [stdout]   12:     0x562aabc749be - <annotate[db1c5abb46520912]::common::TestClient>::new
[INFO] [stdout]   13:     0x562aabc781f1 - <annotate[db1c5abb46520912]::test_two_colons::{closure#0} as core[df12db4294e9bfd3]::ops::function::FnOnce<()>>::call_once
[INFO] [stdout]   14:     0x562aabc786eb - test[9d35eded1c95d3be]::__rust_begin_short_backtrace::<core[df12db4294e9bfd3]::result::Result<(), alloc[2182bb758b4b3781]::string::String>, fn() -> core[df12db4294e9bfd3]::result::Result<(), alloc[2182bb758b4b3781]::string::String>>
[INFO] [stdout]   15:     0x562aabc85d55 - test[9d35eded1c95d3be]::run_test::{closure#0}
[INFO] [stdout]   16:     0x562aabc7f614 - std[70759c8f55707aa4]::sys::backtrace::__rust_begin_short_backtrace::<test[9d35eded1c95d3be]::run_test::{closure#1}, ()>
[INFO] [stdout]   17:     0x562aabc88eb2 - <std[70759c8f55707aa4]::thread::lifecycle::spawn_unchecked<test[9d35eded1c95d3be]::run_test::{closure#1}, ()>::{closure#1} as core[df12db4294e9bfd3]::ops::function::FnOnce<()>>::call_once::{shim:vtable#0}
[INFO] [stdout]   18:     0x562aabcfe4a9 - <std[70759c8f55707aa4]::sys::thread::unix::Thread>::new::thread_start
[INFO] [stdout]   19:     0x7ea69f0a9dfa - <unknown>
[INFO] [stdout]   20:     0x7ea69f13d3d4 - clone
[INFO] [stdout]   21:                0x0 - <unknown>
[INFO] [stdout] 
[INFO] [stdout] 
[INFO] [stdout] failures:
[INFO] [stdout]     test_basic
[INFO] [stdout]     test_files
[INFO] [stdout]     test_two_colons
[INFO] [stdout] 
[INFO] [stdout] test result: FAILED. 0 passed; 3 failed; 0 ignored; 0 measured; 0 filtered out; finished in 0.01s
[INFO] [stdout] 
[INFO] [stderr] error: test failed, to rerun pass `--test annotate`
[INFO] running `Command { std: "docker" "inspect" "db74ea639d6cd9ad6593717cf986a9ea043143cf5cbfaecfb083e8cf525b93aa", kill_on_drop: false }`
[INFO] running `Command { std: "docker" "rm" "-f" "db74ea639d6cd9ad6593717cf986a9ea043143cf5cbfaecfb083e8cf525b93aa", kill_on_drop: false }`
[INFO] [stdout] db74ea639d6cd9ad6593717cf986a9ea043143cf5cbfaecfb083e8cf525b93aa
