[INFO] fetching crate hf 0.6.0...
[INFO] testing hf-0.6.0 against 1.100.0-beta.1+cargoflags=--release for beta-release-1.100-2
[INFO] extracting crate hf 0.6.0 into /workspace/builds/worker-1-tc2/source
[INFO] started tweaking crates.io crate hf 0.6.0
[INFO] finished tweaking crates.io crate hf 0.6.0
[INFO] tweaked toml for crates.io crate hf 0.6.0 written to /workspace/builds/worker-1-tc2/source/Cargo.toml
[INFO] validating manifest of crates.io crate hf 0.6.0 on toolchain 1.100.0-beta.1
[INFO] running `Command { std: CARGO_HOME="/workspace/cargo-home" RUSTUP_HOME="/workspace/rustup-home" "/workspace/cargo-home/bin/cargo" "+1.100.0-beta.1" "metadata" "--manifest-path" "Cargo.toml" "--no-deps", kill_on_drop: false }`
[INFO] crate crates.io crate hf 0.6.0 already has a lockfile, it will not be regenerated
[INFO] running `Command { std: CARGO_HOME="/workspace/cargo-home" RUSTUP_HOME="/workspace/rustup-home" "/workspace/cargo-home/bin/cargo" "+1.100.0-beta.1" "fetch" "--manifest-path" "Cargo.toml", kill_on_drop: false }`
[INFO] running `Command { std: "docker" "create" "-v" "/var/lib/crater-agent-workspace/builds/worker-1-tc2/source:/opt/rustwide/workdir:ro,Z" "-v" "/var/lib/crater-agent-workspace/builds/worker-1-tc2/target:/opt/rustwide/target:rw,Z" "-v" "/var/lib/crater-agent-workspace/cargo-home:/opt/rustwide/cargo-home:ro,Z" "-v" "/var/lib/crater-agent-workspace/rustup-home:/opt/rustwide/rustup-home:ro,Z" "-m" "1610612736" "--network" "none" "ghcr.io/rust-lang/crates-build-env/linux@sha256:77db811e55d90add9212f6832c23229e3de5f1c1f9905e8cb07319ea15df73ac" "sleep" "infinity", kill_on_drop: false }`
[INFO] [stdout] e1378926ea3e8e050638660a323b6056fb20390dd17af16b569b37cc70fe0050
[INFO] running `Command { std: "docker" "start" "e1378926ea3e8e050638660a323b6056fb20390dd17af16b569b37cc70fe0050", kill_on_drop: false }`
[INFO] running `Command { std: "docker" "inspect" "e1378926ea3e8e050638660a323b6056fb20390dd17af16b569b37cc70fe0050", kill_on_drop: false }`
[INFO] running `Command { std: "docker" "exec" "-e" "SOURCE_DIR=/opt/rustwide/workdir" "-e" "CARGO_HOME=/opt/rustwide/cargo-home" "-e" "RUSTUP_HOME=/opt/rustwide/rustup-home" "-e" "CARGO_TARGET_DIR=/opt/rustwide/target" "-w" "/opt/rustwide/workdir" "--user" "0:0" "e1378926ea3e8e050638660a323b6056fb20390dd17af16b569b37cc70fe0050" "/opt/rustwide/cargo-home/bin/cargo" "+1.100.0-beta.1" "metadata" "--no-deps" "--format-version=1", kill_on_drop: false }`
[INFO] running `Command { std: "docker" "inspect" "e1378926ea3e8e050638660a323b6056fb20390dd17af16b569b37cc70fe0050", kill_on_drop: false }`
[INFO] running `Command { std: "docker" "exec" "-e" "SOURCE_DIR=/opt/rustwide/workdir" "-e" "CARGO_HOME=/opt/rustwide/cargo-home" "-e" "RUSTUP_HOME=/opt/rustwide/rustup-home" "-e" "CARGO_TARGET_DIR=/opt/rustwide/target" "-e" "CARGO_INCREMENTAL=0" "-e" "RUST_BACKTRACE=full" "-e" "RUSTFLAGS=--cap-lints=warn" "-e" "RUSTDOCFLAGS=--cap-lints=warn" "-w" "/opt/rustwide/workdir" "--user" "0:0" "e1378926ea3e8e050638660a323b6056fb20390dd17af16b569b37cc70fe0050" "/opt/rustwide/cargo-home/bin/cargo" "+1.100.0-beta.1" "build" "--frozen" "--message-format=json" "--release", kill_on_drop: false }`
[INFO] [stderr]    Compiling proc-macro2 v1.0.106
[INFO] [stderr]    Compiling unicode-ident v1.0.22
[INFO] [stderr]    Compiling rustix v1.1.3
[INFO] [stderr]    Compiling quote v1.0.44
[INFO] [stderr]    Compiling linux-raw-sys v0.11.0
[INFO] [stderr]    Compiling utf8parse v0.2.2
[INFO] [stderr]    Compiling bitflags v2.10.0
[INFO] [stderr]    Compiling anstyle-query v1.1.5
[INFO] [stderr]    Compiling colorchoice v1.0.4
[INFO] [stderr]    Compiling is_terminal_polyfill v1.70.2
[INFO] [stderr]    Compiling anstyle v1.0.13
[INFO] [stderr]    Compiling libc v0.2.180
[INFO] [stderr]    Compiling anstyle-parse v0.2.7
[INFO] [stderr]    Compiling clap_lex v0.7.7
[INFO] [stderr]    Compiling heck v0.5.0
[INFO] [stderr]    Compiling anstream v0.6.21
[INFO] [stderr]    Compiling strsim v0.11.1
[INFO] [stderr]    Compiling time-core v0.1.7
[INFO] [stderr]    Compiling num-conv v0.1.0
[INFO] [stderr]    Compiling powerfmt v0.2.0
[INFO] [stderr]    Compiling anyhow v1.0.100
[INFO] [stderr]    Compiling time-macros v0.2.25
[INFO] [stderr]    Compiling deranged v0.5.5
[INFO] [stderr]    Compiling itoa v1.0.17
[INFO] [stderr]    Compiling syn v2.0.114
[INFO] [stderr]    Compiling num_threads v0.1.7
[INFO] [stderr]    Compiling termcolor v1.4.1
[INFO] [stderr]    Compiling log v0.4.29
[INFO] [stderr]    Compiling terminal_size v0.4.3
[INFO] [stderr]    Compiling clap_builder v4.5.54
[INFO] [stderr]    Compiling sysexits v0.11.0
[INFO] [stderr]    Compiling time v0.3.45
[INFO] [stderr]    Compiling simplelog v0.12.2
[INFO] [stderr]    Compiling clap_derive v4.5.49
[INFO] [stderr]    Compiling clap v4.5.54
[INFO] [stderr]    Compiling clap_complete v4.5.65
[INFO] [stderr]    Compiling clap_complete_nushell v4.5.10
[INFO] [stderr]    Compiling hf v0.6.0 (/opt/rustwide/workdir)
[INFO] [stderr]     Finished `release` profile [optimized] target(s) in 33.88s
[INFO] running `Command { std: "docker" "inspect" "e1378926ea3e8e050638660a323b6056fb20390dd17af16b569b37cc70fe0050", kill_on_drop: false }`
[INFO] running `Command { std: "docker" "exec" "-e" "SOURCE_DIR=/opt/rustwide/workdir" "-e" "CARGO_HOME=/opt/rustwide/cargo-home" "-e" "RUSTUP_HOME=/opt/rustwide/rustup-home" "-e" "CARGO_TARGET_DIR=/opt/rustwide/target" "-e" "CARGO_INCREMENTAL=0" "-e" "RUST_BACKTRACE=full" "-e" "RUSTFLAGS=--cap-lints=warn" "-e" "RUSTDOCFLAGS=--cap-lints=warn" "-w" "/opt/rustwide/workdir" "--user" "0:0" "e1378926ea3e8e050638660a323b6056fb20390dd17af16b569b37cc70fe0050" "/opt/rustwide/cargo-home/bin/cargo" "+1.100.0-beta.1" "test" "--frozen" "--no-run" "--message-format=json" "--release", kill_on_drop: false }`
[INFO] [stderr]    Compiling rustix v1.1.3
[INFO] [stderr]    Compiling linux-raw-sys v0.11.0
[INFO] [stderr]    Compiling bitflags v2.10.0
[INFO] [stderr]    Compiling anstyle v1.0.13
[INFO] [stderr]    Compiling utf8parse v0.2.2
[INFO] [stderr]    Compiling libc v0.2.180
[INFO] [stderr]    Compiling is_terminal_polyfill v1.70.2
[INFO] [stderr]    Compiling autocfg v1.5.0
[INFO] [stderr]    Compiling anstyle-parse v0.2.7
[INFO] [stderr]    Compiling memchr v2.7.6
[INFO] [stderr]    Compiling colorchoice v1.0.4
[INFO] [stderr]    Compiling anstyle-query v1.1.5
[INFO] [stderr]    Compiling clap_lex v0.7.7
[INFO] [stderr]    Compiling regex-syntax v0.8.8
[INFO] [stderr]    Compiling anstream v0.6.21
[INFO] [stderr]    Compiling strsim v0.11.1
[INFO] [stderr]    Compiling num-traits v0.2.19
[INFO] [stderr]    Compiling powerfmt v0.2.0
[INFO] [stderr]    Compiling deranged v0.5.5
[INFO] [stderr]    Compiling aho-corasick v1.1.4
[INFO] [stderr]    Compiling predicates-core v1.0.9
[INFO] [stderr]    Compiling num_threads v0.1.7
[INFO] [stderr]    Compiling getrandom v0.3.4
[INFO] [stderr]    Compiling itoa v1.0.17
[INFO] [stderr]    Compiling time-core v0.1.7
[INFO] [stderr]    Compiling num-conv v0.1.0
[INFO] [stderr]    Compiling log v0.4.29
[INFO] [stderr]    Compiling float-cmp v0.10.0
[INFO] [stderr]    Compiling termtree v0.5.1
[INFO] [stderr]    Compiling difflib v0.4.0
[INFO] [stderr]    Compiling cfg-if v1.0.4
[INFO] [stderr]    Compiling termcolor v1.4.1
[INFO] [stderr]    Compiling normalize-line-endings v0.3.0
[INFO] [stderr]    Compiling assert_cmd v2.1.2
[INFO] [stderr]    Compiling predicates-tree v1.0.12
[INFO] [stderr]    Compiling anyhow v1.0.100
[INFO] [stderr]    Compiling wait-timeout v0.2.1
[INFO] [stderr]    Compiling sysexits v0.11.0
[INFO] [stderr]    Compiling once_cell v1.21.3
[INFO] [stderr]    Compiling fastrand v2.3.0
[INFO] [stderr]    Compiling time v0.3.45
[INFO] [stderr]    Compiling terminal_size v0.4.3
[INFO] [stderr]    Compiling tempfile v3.24.0
[INFO] [stderr]    Compiling regex-automata v0.4.13
[INFO] [stderr]    Compiling clap_builder v4.5.54
[INFO] [stderr]    Compiling simplelog v0.12.2
[INFO] [stderr]    Compiling clap v4.5.54
[INFO] [stderr]    Compiling clap_complete v4.5.65
[INFO] [stderr]    Compiling clap_complete_nushell v4.5.10
[INFO] [stderr]    Compiling regex v1.12.2
[INFO] [stderr]    Compiling bstr v1.12.1
[INFO] [stderr]    Compiling hf v0.6.0 (/opt/rustwide/workdir)
[INFO] [stderr]    Compiling predicates v3.1.3
[INFO] [stderr]     Finished `release` profile [optimized] target(s) in 1m 07s
[INFO] running `Command { std: "docker" "inspect" "e1378926ea3e8e050638660a323b6056fb20390dd17af16b569b37cc70fe0050", kill_on_drop: false }`
[INFO] running `Command { std: "docker" "exec" "-e" "SOURCE_DIR=/opt/rustwide/workdir" "-e" "CARGO_HOME=/opt/rustwide/cargo-home" "-e" "RUSTUP_HOME=/opt/rustwide/rustup-home" "-e" "CARGO_TARGET_DIR=/opt/rustwide/target" "-e" "CARGO_INCREMENTAL=0" "-e" "RUST_BACKTRACE=full" "-e" "RUSTFLAGS=--cap-lints=warn" "-e" "RUSTDOCFLAGS=--cap-lints=warn" "-w" "/opt/rustwide/workdir" "--user" "0:0" "e1378926ea3e8e050638660a323b6056fb20390dd17af16b569b37cc70fe0050" "/opt/rustwide/cargo-home/bin/cargo" "+1.100.0-beta.1" "test" "--frozen" "--release", kill_on_drop: false }`
[INFO] [stderr]     Finished `release` profile [optimized] target(s) in 0.09s
[INFO] [stderr]      Running unittests src/lib.rs (/opt/rustwide/target/release/build/hf/5808b40d67dcc75b/out/hf-5808b40d67dcc75b)
[INFO] [stdout] 
[INFO] [stdout] running 22 tests
[INFO] [stdout] test platform::unix::tests::hidden_file_name ... ok
[INFO] [stdout] test platform::unix::tests::hide ... ok
[INFO] [stdout] test platform::unix::tests::hidden_file_name_with_invalid_path ... ok
[INFO] [stdout] test platform::unix::tests::hidden_file_name_with_non_utf8_path ... ok
[INFO] [stdout] test platform::unix::tests::hide_with_non_utf8_path ... ok
[INFO] [stdout] test platform::unix::tests::is_hidden ... ok
[INFO] [stdout] test platform::unix::tests::is_hidden_with_invalid_path ... ok
[INFO] [stdout] test platform::unix::tests::hide_when_file_does_not_exist ... FAILED
[INFO] [stdout] test platform::unix::tests::normal_file_name_when_non_hidden_file ... ok
[INFO] [stdout] test platform::unix::tests::hidden_file_name_when_hidden_file ... ok
[INFO] [stdout] test platform::unix::tests::normal_file_name ... ok
[INFO] [stdout] test platform::unix::tests::normal_file_name_with_invalid_path ... ok
[INFO] [stdout] test platform::unix::tests::normal_file_name_with_non_utf8_path ... ok
[INFO] [stdout] test platform::unix::tests::show_when_non_hidden_file ... ok
[INFO] [stdout] test platform::unix::tests::show_with_invalid_path ... ok
[INFO] [stdout] test platform::unix::tests::hide_when_hidden_file ... ok
[INFO] [stdout] test platform::unix::tests::is_hidden_when_non_hidden_file ... ok
[INFO] [stdout] test platform::unix::tests::is_hidden_with_non_utf8_path ... ok
[INFO] [stdout] test platform::unix::tests::show_when_file_does_not_exist ... FAILED
[INFO] [stdout] test platform::unix::tests::show ... ok
[INFO] [stdout] test platform::unix::tests::show_with_non_utf8_path ... ok
[INFO] [stdout] test platform::unix::tests::hide_with_invalid_path ... ok
[INFO] [stdout] 
[INFO] [stdout] failures:
[INFO] [stdout] 
[INFO] [stdout] ---- platform::unix::tests::hide_when_file_does_not_exist stdout ----
[INFO] [stdout] 
[INFO] [stdout] thread 'platform::unix::tests::hide_when_file_does_not_exist' (1123) panicked at src/platform/unix.rs:317:9:
[INFO] [stdout] assertion `left == right` failed
[INFO] [stdout]   left: ReadOnlyFilesystem
[INFO] [stdout]  right: NotFound
[INFO] [stdout] stack backtrace:
[INFO] [stdout]    0:     0x564af95b0b35 - <unknown>
[INFO] [stdout]    1:     0x564af95989aa - <unknown>
[INFO] [stdout]    2:     0x564af95b01cb - <unknown>
[INFO] [stdout]    3:     0x564af95afcaf - <unknown>
[INFO] [stdout]    4:     0x564af95af8da - <unknown>
[INFO] [stdout]    5:     0x564af95af415 - <unknown>
[INFO] [stdout]    6:     0x564af95d6251 - <unknown>
[INFO] [stdout]    7:     0x564af95d6209 - <unknown>
[INFO] [stdout]    8:     0x564af95d670c - <unknown>
[INFO] [stdout]    9:     0x564af959883b - <unknown>
[INFO] [stdout]   10:     0x564af959875a - <unknown>
[INFO] [stdout]   11:     0x564af958d9e1 - <unknown>
[INFO] [stdout]   12:     0x564af9593e61 - <unknown>
[INFO] [stdout]   13:     0x564af95f122b - <unknown>
[INFO] [stdout]   14:     0x564af95ec68f - <unknown>
[INFO] [stdout]   15:     0x564af95ec10c - <unknown>
[INFO] [stdout]   16:     0x564af960c67c - <unknown>
[INFO] [stdout]   17:     0x564af95d7f84 - <unknown>
[INFO] [stdout]   18:     0x7e7fe3b3ddfa - <unknown>
[INFO] [stdout]   19:     0x7e7fe3bd13d4 - clone
[INFO] [stdout]   20:                0x0 - <unknown>
[INFO] [stdout] 
[INFO] [stdout] ---- platform::unix::tests::show_when_file_does_not_exist stdout ----
[INFO] [stdout] 
[INFO] [stdout] thread 'platform::unix::tests::show_when_file_does_not_exist' (1136) panicked at src/platform/unix.rs:484:9:
[INFO] [stdout] assertion `left == right` failed
[INFO] [stdout]   left: ReadOnlyFilesystem
[INFO] [stdout]  right: NotFound
[INFO] [stdout] stack backtrace:
[INFO] [stdout]    0:     0x564af95b0b35 - <unknown>
[INFO] [stdout]    1:     0x564af95989aa - <unknown>
[INFO] [stdout]    2:     0x564af95b01cb - <unknown>
[INFO] [stdout]    3:     0x564af95afcaf - <unknown>
[INFO] [stdout]    4:     0x564af95af8da - <unknown>
[INFO] [stdout]    5:     0x564af95af415 - <unknown>
[INFO] [stdout]    6:     0x564af95d6251 - <unknown>
[INFO] [stdout]    7:     0x564af95d6209 - <unknown>
[INFO] [stdout]    8:     0x564af95d670c - <unknown>
[INFO] [stdout]    9:     0x564af959883b - <unknown>
[INFO] [stdout]   10:     0x564af959875a - <unknown>
[INFO] [stdout]   11:     0x564af958d9e1 - <unknown>
[INFO] [stdout]   12:     0x564af9593f61 - <unknown>
[INFO] [stdout]   13:     0x564af95f122b - <unknown>
[INFO] [stdout]   14:     0x564af95ec68f - <unknown>
[INFO] [stdout]   15:     0x564af95ec10c - <unknown>
[INFO] [stdout]   16:     0x564af960c67c - <unknown>
[INFO] [stdout]   17:     0x564af95d7f84 - <unknown>
[INFO] [stdout]   18:     0x7e7fe3b3ddfa - <unknown>
[INFO] [stdout]   19:     0x7e7fe3bd13d4 - clone
[INFO] [stdout]   20:                0x0 - <unknown>
[INFO] [stdout] 
[INFO] [stdout] 
[INFO] [stdout] failures:
[INFO] [stdout]     platform::unix::tests::hide_when_file_does_not_exist
[INFO] [stdout]     platform::unix::tests::show_when_file_does_not_exist
[INFO] [stdout] 
[INFO] [stdout] test result: FAILED. 20 passed; 2 failed; 0 ignored; 0 measured; 0 filtered out; finished in 0.02s
[INFO] [stdout] 
[INFO] [stderr] error: test failed, to rerun pass `--lib`
[INFO] running `Command { std: "docker" "inspect" "e1378926ea3e8e050638660a323b6056fb20390dd17af16b569b37cc70fe0050", kill_on_drop: false }`
[INFO] running `Command { std: "docker" "rm" "-f" "e1378926ea3e8e050638660a323b6056fb20390dd17af16b569b37cc70fe0050", kill_on_drop: false }`
[INFO] [stdout] e1378926ea3e8e050638660a323b6056fb20390dd17af16b569b37cc70fe0050
