[INFO] fetching crate hexpm 5.1.1...
[INFO] testing hexpm-5.1.1 against 1.100.0-beta.1+cargoflags=--release for beta-release-1.100-2
[INFO] extracting crate hexpm 5.1.1 into /workspace/builds/worker-2-tc2/source
[INFO] started tweaking crates.io crate hexpm 5.1.1
[INFO] finished tweaking crates.io crate hexpm 5.1.1
[INFO] tweaked toml for crates.io crate hexpm 5.1.1 written to /workspace/builds/worker-2-tc2/source/Cargo.toml
[INFO] validating manifest of crates.io crate hexpm 5.1.1 on toolchain 1.100.0-beta.1
[INFO] running `Command { std: CARGO_HOME="/workspace/cargo-home" RUSTUP_HOME="/workspace/rustup-home" "/workspace/cargo-home/bin/cargo" "+1.100.0-beta.1" "metadata" "--manifest-path" "Cargo.toml" "--no-deps", kill_on_drop: false }`
[INFO] crate crates.io crate hexpm 5.1.1 already has a lockfile, it will not be regenerated
[INFO] running `Command { std: CARGO_HOME="/workspace/cargo-home" RUSTUP_HOME="/workspace/rustup-home" "/workspace/cargo-home/bin/cargo" "+1.100.0-beta.1" "fetch" "--manifest-path" "Cargo.toml", kill_on_drop: false }`
[INFO] running `Command { std: "docker" "create" "-v" "/var/lib/crater-agent-workspace/builds/worker-2-tc2/source:/opt/rustwide/workdir:ro,Z" "-v" "/var/lib/crater-agent-workspace/builds/worker-2-tc2/target:/opt/rustwide/target:rw,Z" "-v" "/var/lib/crater-agent-workspace/cargo-home:/opt/rustwide/cargo-home:ro,Z" "-v" "/var/lib/crater-agent-workspace/rustup-home:/opt/rustwide/rustup-home:ro,Z" "-m" "1610612736" "--network" "none" "ghcr.io/rust-lang/crates-build-env/linux@sha256:77db811e55d90add9212f6832c23229e3de5f1c1f9905e8cb07319ea15df73ac" "sleep" "infinity", kill_on_drop: false }`
[INFO] [stdout] febf3b487ae3097b206be1bf9a42d077ed1d526d4627bb1bb7f78b1414ca7f92
[INFO] running `Command { std: "docker" "start" "febf3b487ae3097b206be1bf9a42d077ed1d526d4627bb1bb7f78b1414ca7f92", kill_on_drop: false }`
[INFO] running `Command { std: "docker" "inspect" "febf3b487ae3097b206be1bf9a42d077ed1d526d4627bb1bb7f78b1414ca7f92", kill_on_drop: false }`
[INFO] running `Command { std: "docker" "exec" "-e" "SOURCE_DIR=/opt/rustwide/workdir" "-e" "CARGO_HOME=/opt/rustwide/cargo-home" "-e" "RUSTUP_HOME=/opt/rustwide/rustup-home" "-e" "CARGO_TARGET_DIR=/opt/rustwide/target" "-w" "/opt/rustwide/workdir" "--user" "0:0" "febf3b487ae3097b206be1bf9a42d077ed1d526d4627bb1bb7f78b1414ca7f92" "/opt/rustwide/cargo-home/bin/cargo" "+1.100.0-beta.1" "metadata" "--no-deps" "--format-version=1", kill_on_drop: false }`
[INFO] running `Command { std: "docker" "inspect" "febf3b487ae3097b206be1bf9a42d077ed1d526d4627bb1bb7f78b1414ca7f92", kill_on_drop: false }`
[INFO] running `Command { std: "docker" "exec" "-e" "SOURCE_DIR=/opt/rustwide/workdir" "-e" "CARGO_HOME=/opt/rustwide/cargo-home" "-e" "RUSTUP_HOME=/opt/rustwide/rustup-home" "-e" "CARGO_TARGET_DIR=/opt/rustwide/target" "-e" "CARGO_INCREMENTAL=0" "-e" "RUST_BACKTRACE=full" "-e" "RUSTFLAGS=--cap-lints=warn" "-e" "RUSTDOCFLAGS=--cap-lints=warn" "-w" "/opt/rustwide/workdir" "--user" "0:0" "febf3b487ae3097b206be1bf9a42d077ed1d526d4627bb1bb7f78b1414ca7f92" "/opt/rustwide/cargo-home/bin/cargo" "+1.100.0-beta.1" "build" "--frozen" "--message-format=json" "--release", kill_on_drop: false }`
[INFO] [stderr]    Compiling libc v0.2.177
[INFO] [stderr]    Compiling smallvec v1.15.1
[INFO] [stderr]    Compiling anyhow v1.0.100
[INFO] [stderr]    Compiling rustix v1.1.2
[INFO] [stderr]    Compiling icu_properties_data v2.1.1
[INFO] [stderr]    Compiling deranged v0.5.5
[INFO] [stderr]    Compiling nom v7.1.3
[INFO] [stderr]    Compiling find-msvc-tools v0.1.4
[INFO] [stderr]    Compiling quote v1.0.41
[INFO] [stderr]    Compiling linux-raw-sys v0.11.0
[INFO] [stderr]    Compiling hashbrown v0.16.0
[INFO] [stderr]    Compiling bitflags v2.10.0
[INFO] [stderr]    Compiling bytes v1.10.1
[INFO] [stderr]    Compiling regex-syntax v0.8.8
[INFO] [stderr]    Compiling once_cell v1.21.3
[INFO] [stderr]    Compiling fastrand v2.3.0
[INFO] [stderr]    Compiling cc v1.2.44
[INFO] [stderr]    Compiling multimap v0.10.1
[INFO] [stderr]    Compiling syn v2.0.109
[INFO] [stderr]    Compiling log v0.4.28
[INFO] [stderr]    Compiling num-bigint v0.4.6
[INFO] [stderr]    Compiling aho-corasick v1.1.4
[INFO] [stderr]    Compiling simd-adler32 v0.3.7
[INFO] [stderr]    Compiling version-ranges v0.1.1
[INFO] [stderr]    Compiling miniz_oxide v0.8.9
[INFO] [stderr]    Compiling getrandom v0.3.4
[INFO] [stderr]    Compiling data-encoding v2.9.0
[INFO] [stderr]    Compiling serde_json v1.0.145
[INFO] [stderr]    Compiling indexmap v2.12.0
[INFO] [stderr]    Compiling flate2 v1.1.5
[INFO] [stderr]    Compiling time v0.3.44
[INFO] [stderr]    Compiling regex-automata v0.4.13
[INFO] [stderr]    Compiling ring v0.17.14
[INFO] [stderr]    Compiling petgraph v0.7.1
[INFO] [stderr]    Compiling getrandom v0.2.16
[INFO] [stderr]    Compiling http-auth-basic v0.3.5
[INFO] [stderr]    Compiling priority-queue v2.7.0
[INFO] [stderr]    Compiling base16 v0.2.1
[INFO] [stderr]    Compiling tempfile v3.23.0
[INFO] [stderr]    Compiling rusticata-macros v4.1.0
[INFO] [stderr]    Compiling regex v1.12.2
[INFO] [stderr]    Compiling synstructure v0.13.2
[INFO] [stderr]    Compiling prettyplease v0.2.37
[INFO] [stderr]    Compiling displaydoc v0.2.5
[INFO] [stderr]    Compiling zerovec-derive v0.11.2
[INFO] [stderr]    Compiling prost-derive v0.13.5
[INFO] [stderr]    Compiling thiserror-impl v2.0.17
[INFO] [stderr]    Compiling asn1-rs-impl v0.2.0
[INFO] [stderr]    Compiling serde_derive v1.0.228
[INFO] [stderr]    Compiling zerofrom-derive v0.1.6
[INFO] [stderr]    Compiling yoke-derive v0.8.1
[INFO] [stderr]    Compiling asn1-rs-derive v0.6.0
[INFO] [stderr]    Compiling zerofrom v0.1.6
[INFO] [stderr]    Compiling yoke v0.8.1
[INFO] [stderr]    Compiling thiserror v2.0.17
[INFO] [stderr]    Compiling zerovec v0.11.5
[INFO] [stderr]    Compiling zerotrie v0.2.3
[INFO] [stderr]    Compiling asn1-rs v0.7.1
[INFO] [stderr]    Compiling pubgrub v0.3.0
[INFO] [stderr]    Compiling prost v0.13.5
[INFO] [stderr]    Compiling prost-types v0.13.5
[INFO] [stderr]    Compiling tinystr v0.8.2
[INFO] [stderr]    Compiling potential_utf v0.1.4
[INFO] [stderr]    Compiling icu_collections v2.1.1
[INFO] [stderr]    Compiling icu_locale_core v2.1.1
[INFO] [stderr]    Compiling der-parser v10.0.0
[INFO] [stderr]    Compiling oid-registry v0.8.1
[INFO] [stderr]    Compiling prost-build v0.13.5
[INFO] [stderr]    Compiling serde v1.0.228
[INFO] [stderr]    Compiling icu_provider v2.1.1
[INFO] [stderr]    Compiling x509-parser v0.18.0
[INFO] [stderr]    Compiling icu_normalizer v2.1.1
[INFO] [stderr]    Compiling icu_properties v2.1.1
[INFO] [stderr]    Compiling hexpm v5.1.1 (/opt/rustwide/workdir)
[INFO] [stderr]    Compiling idna_adapter v1.2.1
[INFO] [stderr]    Compiling idna v1.1.0
[INFO] [stderr]    Compiling url v2.5.7
[INFO] [stderr] warning: unused dependency `url`
[INFO] [stderr]   --> Cargo.toml:45:15
[INFO] [stderr]    |
[INFO] [stderr] 45 | [dependencies.url]
[INFO] [stderr]    |               ^^^^
[INFO] [stderr]    |
[INFO] [stderr]    = note: `cargo::unused_dependencies` is set to `warn` by default
[INFO] [stderr] help: consider removing the dependency on `url`
[INFO] [stderr] warning: unused dependency `prost-build`
[INFO] [stderr]  --> Cargo.toml:1:21
[INFO] [stderr]   |
[INFO] [stderr] 1 | [build-dependencies.prost-build]
[INFO] [stderr]   |                     ^^^^^^^^^^^^
[INFO] [stderr]   |
[INFO] [stderr] help: consider removing the dependency on `prost-build`
[INFO] [stderr] warning: `hexpm` (manifest) generated 2 warnings
[INFO] [stderr]     Finished `release` profile [optimized] target(s) in 1m 24s
[INFO] running `Command { std: "docker" "inspect" "febf3b487ae3097b206be1bf9a42d077ed1d526d4627bb1bb7f78b1414ca7f92", kill_on_drop: false }`
[INFO] running `Command { std: "docker" "exec" "-e" "SOURCE_DIR=/opt/rustwide/workdir" "-e" "CARGO_HOME=/opt/rustwide/cargo-home" "-e" "RUSTUP_HOME=/opt/rustwide/rustup-home" "-e" "CARGO_TARGET_DIR=/opt/rustwide/target" "-e" "CARGO_INCREMENTAL=0" "-e" "RUST_BACKTRACE=full" "-e" "RUSTFLAGS=--cap-lints=warn" "-e" "RUSTDOCFLAGS=--cap-lints=warn" "-w" "/opt/rustwide/workdir" "--user" "0:0" "febf3b487ae3097b206be1bf9a42d077ed1d526d4627bb1bb7f78b1414ca7f92" "/opt/rustwide/cargo-home/bin/cargo" "+1.100.0-beta.1" "test" "--frozen" "--no-run" "--message-format=json" "--release", kill_on_drop: false }`
[INFO] [stderr]    Compiling libc v0.2.177
[INFO] [stderr]    Compiling openssl-sys v0.9.110
[INFO] [stderr]    Compiling tokio-macros v2.6.0
[INFO] [stderr]    Compiling futures-task v0.3.31
[INFO] [stderr]    Compiling tracing v0.1.41
[INFO] [stderr]    Compiling zerocopy v0.8.27
[INFO] [stderr]    Compiling openssl v0.10.74
[INFO] [stderr]    Compiling bitflags v2.10.0
[INFO] [stderr]    Compiling openssl-macros v0.1.1
[INFO] [stderr]    Compiling icu_normalizer v2.1.1
[INFO] [stderr]    Compiling native-tls v0.2.14
[INFO] [stderr]    Compiling openssl-probe v0.1.6
[INFO] [stderr]    Compiling ipnet v2.11.0
[INFO] [stderr]    Compiling sync_wrapper v1.0.2
[INFO] [stderr]    Compiling serde_urlencoded v0.7.1
[INFO] [stderr]    Compiling serde_spanned v0.6.9
[INFO] [stderr]    Compiling toml_datetime v0.6.11
[INFO] [stderr]    Compiling futures-util v0.3.31
[INFO] [stderr]    Compiling version-ranges v0.1.1
[INFO] [stderr]    Compiling iri-string v0.7.9
[INFO] [stderr]    Compiling winnow v0.7.13
[INFO] [stderr]    Compiling rustls-pki-types v1.13.0
[INFO] [stderr]    Compiling assert-json-diff v2.0.2
[INFO] [stderr]    Compiling encoding_rs v0.8.35
[INFO] [stderr]    Compiling colored v3.0.0
[INFO] [stderr]    Compiling pubgrub v0.3.0
[INFO] [stderr]    Compiling idna_adapter v1.2.1
[INFO] [stderr]    Compiling idna v1.1.0
[INFO] [stderr]    Compiling url v2.5.7
[INFO] [stderr]    Compiling parking_lot_core v0.9.12
[INFO] [stderr]    Compiling signal-hook-registry v1.4.6
[INFO] [stderr]    Compiling socket2 v0.6.1
[INFO] [stderr]    Compiling mio v1.1.0
[INFO] [stderr]    Compiling getrandom v0.3.4
[INFO] [stderr]    Compiling getrandom v0.2.16
[INFO] [stderr]    Compiling rand_core v0.9.3
[INFO] [stderr]    Compiling parking_lot v0.12.5
[INFO] [stderr]    Compiling ring v0.17.14
[INFO] [stderr]    Compiling tokio v1.48.0
[INFO] [stderr]    Compiling toml_edit v0.22.27
[INFO] [stderr]    Compiling ppv-lite86 v0.2.21
[INFO] [stderr]    Compiling rand_chacha v0.9.0
[INFO] [stderr]    Compiling rand v0.9.2
[INFO] [stderr]    Compiling hexpm v5.1.1 (/opt/rustwide/workdir)
[INFO] [stderr]    Compiling toml v0.8.23
[INFO] [stderr]    Compiling tokio-util v0.7.17
[INFO] [stderr]    Compiling tokio-native-tls v0.3.1
[INFO] [stderr]    Compiling tower v0.5.2
[INFO] [stderr]    Compiling tower-http v0.6.6
[INFO] [stderr]    Compiling h2 v0.4.12
[INFO] [stderr]    Compiling hyper v1.7.0
[INFO] [stderr]    Compiling hyper-util v0.1.17
[INFO] [stderr]    Compiling hyper-tls v0.6.0
[INFO] [stderr]    Compiling mockito v1.7.0
[INFO] [stderr]    Compiling reqwest v0.12.24
[INFO] [stderr] warning: unused dependency `url`
[INFO] [stderr]   --> Cargo.toml:45:15
[INFO] [stderr]    |
[INFO] [stderr] 45 | [dependencies.url]
[INFO] [stderr]    |               ^^^^
[INFO] [stderr]    |
[INFO] [stderr]    = note: `cargo::unused_dependencies` is set to `warn` by default
[INFO] [stderr] help: consider removing the dependency on `url`
[INFO] [stderr] warning: unused dependency `prost-build`
[INFO] [stderr]  --> Cargo.toml:1:21
[INFO] [stderr]   |
[INFO] [stderr] 1 | [build-dependencies.prost-build]
[INFO] [stderr]   |                     ^^^^^^^^^^^^
[INFO] [stderr]   |
[INFO] [stderr] help: consider removing the dependency on `prost-build`
[INFO] [stderr] warning: `hexpm` (manifest) generated 2 warnings
[INFO] [stderr]     Finished `release` profile [optimized] target(s) in 1m 22s
[INFO] running `Command { std: "docker" "inspect" "febf3b487ae3097b206be1bf9a42d077ed1d526d4627bb1bb7f78b1414ca7f92", kill_on_drop: false }`
[INFO] running `Command { std: "docker" "exec" "-e" "SOURCE_DIR=/opt/rustwide/workdir" "-e" "CARGO_HOME=/opt/rustwide/cargo-home" "-e" "RUSTUP_HOME=/opt/rustwide/rustup-home" "-e" "CARGO_TARGET_DIR=/opt/rustwide/target" "-e" "CARGO_INCREMENTAL=0" "-e" "RUST_BACKTRACE=full" "-e" "RUSTFLAGS=--cap-lints=warn" "-e" "RUSTDOCFLAGS=--cap-lints=warn" "-w" "/opt/rustwide/workdir" "--user" "0:0" "febf3b487ae3097b206be1bf9a42d077ed1d526d4627bb1bb7f78b1414ca7f92" "/opt/rustwide/cargo-home/bin/cargo" "+1.100.0-beta.1" "test" "--frozen" "--release", kill_on_drop: false }`
[INFO] [stderr] warning: unused dependency `url`
[INFO] [stderr]   --> Cargo.toml:45:15
[INFO] [stderr]    |
[INFO] [stderr] 45 | [dependencies.url]
[INFO] [stderr]    |               ^^^^
[INFO] [stderr]    |
[INFO] [stderr]    = note: `cargo::unused_dependencies` is set to `warn` by default
[INFO] [stderr] help: consider removing the dependency on `url`
[INFO] [stderr] warning: unused dependency `prost-build`
[INFO] [stderr]  --> Cargo.toml:1:21
[INFO] [stderr]   |
[INFO] [stderr] 1 | [build-dependencies.prost-build]
[INFO] [stderr]   |                     ^^^^^^^^^^^^
[INFO] [stderr]   |
[INFO] [stderr] help: consider removing the dependency on `prost-build`
[INFO] [stderr] warning: `hexpm` (manifest) generated 2 warnings
[INFO] [stderr]     Finished `release` profile [optimized] target(s) in 0.24s
[INFO] [stderr]      Running unittests src/lib.rs (/opt/rustwide/target/release/build/hexpm/1a5c8004e7cdf175/out/hexpm-1a5c8004e7cdf175)
[INFO] [stdout] 
[INFO] [stdout] running 143 tests
[INFO] [stdout] test tests::get_package_from_bytes_malformed ... ok
[INFO] [stdout] test tests::get_package_from_bytes_ok ... ok
[INFO] [stdout] test tests::get_repository_versions_from_bytes_malformed ... ok
[INFO] [stdout] test tests::make_request_base_trailing_slash_is_optional ... ok
[INFO] [stdout] test tests::publish_docs_bad_package_name ... ok
[INFO] [stdout] test tests::publish_docs_bad_package_version ... ok
[INFO] [stdout] test tests::authenticate_test_rate_limted ... ok
[INFO] [stdout] test tests::not_replacing ... ok
[INFO] [stdout] test tests::authenticate_test_success ... ok
[INFO] [stdout] test tests::add_owner_success ... ok
[INFO] [stdout] test tests::modify_package_late ... ok
[INFO] [stdout] test tests::authenticate_test_bad_creds ... ok
[INFO] [stdout] test tests::remove_docs_bad_package_name ... ok
[INFO] [stdout] test tests::get_repository_tarball_ok_test ... FAILED
[INFO] [stdout] test tests::get_repository_tarball_not_found_test ... FAILED
[INFO] [stdout] test tests::get_repository_versions_from_bytes_ok ... ok
[INFO] [stdout] test tests::get_package_not_found ... FAILED
[INFO] [stdout] test tests::get_package_release_not_found ... FAILED
[INFO] [stdout] test tests::remove_docs_rate_limted ... ok
[INFO] [stdout] test tests::publish_docs_forbidden ... ok
[INFO] [stdout] test tests::get_repository_tarball_bad_checksum_test ... FAILED
[INFO] [stdout] test tests::publish_docs_not_found ... ok
[INFO] [stdout] test tests::get_package_release_ok ... FAILED
[INFO] [stdout] test version::lexer::tests::components ... ok
[INFO] [stdout] test tests::publish_docs_rate_limit ... ok
[INFO] [stdout] test version::lexer::tests::numeric_all_numbers ... ok
[INFO] [stdout] test version::lexer::tests::simple_tokens ... ok
[INFO] [stdout] test version::lexer::tests::whitespace ... ok
[INFO] [stdout] test version::tests::alpha_component ... ok
[INFO] [stdout] test version::tests::and ... ok
[INFO] [stdout] test version::tests::and_in_version ... ok
[INFO] [stdout] test version::tests::and_whitespace_after ... ok
[INFO] [stdout] test version::tests::and_whitespace_before ... ok
[INFO] [stdout] test version::tests::build ... ok
[INFO] [stdout] test version::tests::dash_amp ... ok
[INFO] [stdout] test version::tests::double_zero ... ok
[INFO] [stdout] test tests::get_package_ok_test ... ok
[INFO] [stdout] test version::tests::double_zero_pre ... ok
[INFO] [stdout] test tests::publish_package_success ... ok
[INFO] [stdout] test version::lexer::tests::empty ... ok
[INFO] [stdout] test version::tests::eq_triplet_nospace ... ok
[INFO] [stdout] test version::tests::extra_whitespace ... ok
[INFO] [stdout] test version::tests::greater_or_pessimistic ... ok
[INFO] [stdout] test version::tests::gt ... ok
[INFO] [stdout] test version::tests::gt_eq ... ok
[INFO] [stdout] test version::tests::eq_triplet ... ok
[INFO] [stdout] test version::tests::implicit_eq ... ok
[INFO] [stdout] test version::tests::just_and ... ok
[INFO] [stdout] test version::tests::duplicate_eq ... ok
[INFO] [stdout] test version::tests::empty ... ok
[INFO] [stdout] test version::tests::just_major ... ok
[INFO] [stdout] test version::tests::just_or ... ok
[INFO] [stdout] test version::tests::leading_and ... ok
[INFO] [stdout] test version::tests::leading_or ... ok
[INFO] [stdout] test version::tests::leading_zero_major ... ok
[INFO] [stdout] test version::tests::leading_space ... ok
[INFO] [stdout] test version::tests::leading_zero_minor ... ok
[INFO] [stdout] test version::tests::just_eq ... ok
[INFO] [stdout] test tests::remove_docs_invalid_key ... ok
[INFO] [stdout] test tests::publish_docs_invalid_api_key ... ok
[INFO] [stdout] test version::tests::just_a_word ... ok
[INFO] [stdout] test version::tests::major_leading_zero ... ok
[INFO] [stdout] test version::tests::lt ... ok
[INFO] [stdout] test version::tests::lt_eq ... ok
[INFO] [stdout] test version::tests::major_dor ... ok
[INFO] [stdout] test tests::remove_key_success ... ok
[INFO] [stdout] test version::tests::major_minor ... ok
[INFO] [stdout] test version::tests::major_minor_dot ... ok
[INFO] [stdout] test version::tests::missing_minor_has_correct_error_type ... ok
[INFO] [stdout] test version::tests::manifest_toml ... ok
[INFO] [stdout] test version::tests::missing_patch_has_correct_error_type ... ok
[INFO] [stdout] test version::tests::neq_triplet ... ok
[INFO] [stdout] test version::tests::multi_part_pre ... ok
[INFO] [stdout] test version::tests::or ... ok
[INFO] [stdout] test version::tests::missing_minor_with_dot ... ok
[INFO] [stdout] test version::tests::or_whitespace_after ... ok
[INFO] [stdout] test version::tests::ord_major_greater ... ok
[INFO] [stdout] test version::tests::or_whitespace_before ... ok
[INFO] [stdout] test version::tests::ord_diff_build ... ok
[INFO] [stdout] test version::tests::missing_minor ... ok
[INFO] [stdout] test version::tests::ord_major_lesser ... ok
[INFO] [stdout] test version::tests::ord_minor_greater ... ok
[INFO] [stdout] test version::tests::ord_minor_lesser ... ok
[INFO] [stdout] test version::tests::ord_pre_rc1_2 ... ok
[INFO] [stdout] test version::tests::ord_patch_greater ... ok
[INFO] [stdout] test version::tests::ord_same_build_left ... ok
[INFO] [stdout] test version::tests::minor_leading_zero ... ok
[INFO] [stdout] test version::tests::ord_same_build_right ... ok
[INFO] [stdout] test version::tests::ord_same ... ok
[INFO] [stdout] test version::tests::pessimistic_and_gt ... ok
[INFO] [stdout] test version::tests::pessimistic_and_gt_pre ... ok
[INFO] [stdout] test version::tests::pessimistic_major ... ok
[INFO] [stdout] test version::tests::pessimistic_or_pessimistic ... ok
[INFO] [stdout] test version::tests::pessimistic_pair ... ok
[INFO] [stdout] test version::tests::pessimistic_triplet ... ok
[INFO] [stdout] test version::tests::pessimistic_triplet_build ... ok
[INFO] [stdout] test version::tests::ord_same_diff_build ... ok
[INFO] [stdout] test version::tests::pessimistic_triplet_pre ... ok
[INFO] [stdout] test version::tests::pre_and_build ... ok
[INFO] [stdout] test version::tests::ord_pre_smaller_than_zero ... ok
[INFO] [stdout] test version::tests::ord_patch_lesser ... ok
[INFO] [stdout] test version::tests::patch_zerozero_dash ... ok
[INFO] [stdout] test version::tests::ord_pre_smaller_than_zero_flip ... ok
[INFO] [stdout] test tests::remove_docs_success ... ok
[INFO] [stdout] test tests::remove_docs_forbidden ... ok
[INFO] [stdout] test tests::publish_docs_success ... ok
[INFO] [stdout] test version::tests::print_build ... ok
[INFO] [stdout] test version::tests::pre ... ok
[INFO] [stdout] test version::tests::print_pre_build ... ok
[INFO] [stdout] test version::tests::patch_zerozero ... ok
[INFO] [stdout] test version::tests::quad ... ok
[INFO] [stdout] test version::tests::print_pre ... ok
[INFO] [stdout] test version::tests::print_triplet ... ok
[INFO] [stdout] test version::tests::range_dot_dash ... ok
[INFO] [stdout] test tests::transfer_owner_success ... ok
[INFO] [stdout] test version::tests::print_pre_dot ... ok
[INFO] [stdout] test tests::remove_key_success_2 ... ok
[INFO] [stdout] test version::tests::range_quad ... ok
[INFO] [stdout] test version::tests::range_word ... ok
[INFO] [stdout] test version::tests::trailing_and ... ok
[INFO] [stdout] test version::tests::range_dot_plus ... ok
[INFO] [stdout] test version::tests::range_major_minor_dot ... ok
[INFO] [stdout] test version::tests::range_just_major_minor ... ok
[INFO] [stdout] test version::tests::range_just_major ... ok
[INFO] [stdout] test version::tests::trailing_space ... ok
[INFO] [stdout] test version::tests::range_major_dot ... ok
[INFO] [stdout] test version::tests::trailing_or ... ok
[INFO] [stdout] test version::tests::range_pre_build ... ok
[INFO] [stdout] test version::tests::range_zero_pre ... ok
[INFO] [stdout] test version::tests::triplet_dot ... ok
[INFO] [stdout] test version::tests::triplet ... ok
[INFO] [stdout] test version::tests::range_triplet_dash ... ok
[INFO] [stdout] test version::tests::range_triplet_dot ... ok
[INFO] [stdout] test version::tests::range_triplet_plus ... ok
[INFO] [stdout] test version::tests::triplet_containing_whitespace ... ok
[INFO] [stdout] test version::tests::triplet_dash ... ok
[INFO] [stdout] test version::tests::triplet_plus ... ok
[INFO] [stdout] test version::tests::two_part_build ... ok
[INFO] [stdout] test version::tests::zero_pre ... ok
[INFO] [stdout] test tests::remove_docs_unknown_package_version ... ok
[INFO] [stdout] test tests::get_repository_versions_ok_test ... ok
[INFO] [stdout] test tests::remove_owner_success ... ok
[INFO] [stdout] test tests::revert_release_success ... ok
[INFO] [stdout] 
[INFO] [stdout] failures:
[INFO] [stdout] 
[INFO] [stdout] ---- tests::get_repository_tarball_ok_test stdout ----
[INFO] [stdout] 
[INFO] [stdout] thread 'tests::get_repository_tarball_ok_test' (2805) panicked at src/tests.rs:1106:10:
[INFO] [stdout] called `Result::unwrap()` on an `Err` value: reqwest::Error { kind: Request, url: "https://repo.hex.pm/tarballs/gleam_stdlib-0.14.0.tar", source: hyper_util::client::legacy::Error(Connect, ConnectError("dns error", Custom { kind: Uncategorized, error: "failed to lookup address information: Temporary failure in name resolution" })) }
[INFO] [stdout] stack backtrace:
[INFO] [stdout]    0:     0x62b01c091a81 - <<std[617be2ca0a6fd877]::sys::backtrace::BacktraceLock>::print::DisplayBacktrace as core[a373ad73a504971]::fmt::Display>::fmt
[INFO] [stdout]    1:     0x62b01c0a8e8a - core[a373ad73a504971]::fmt::write
[INFO] [stdout]    2:     0x62b01c0964ac - <alloc[2e1b2a31b91974c5]::vec::Vec<u8> as core[a373ad73a504971]::io::write::Write>::write_fmt
[INFO] [stdout]    3:     0x62b01c06cac6 - std[617be2ca0a6fd877]::panicking::default_hook::{closure#0}
[INFO] [stdout]    4:     0x62b01c089959 - std[617be2ca0a6fd877]::panicking::default_hook
[INFO] [stdout]    5:     0x62b01be158f0 - test[aada8e7e76ba119b]::test_main_inner::{closure#0}
[INFO] [stdout]    6:     0x62b01c089c82 - std[617be2ca0a6fd877]::panicking::panic_with_hook
[INFO] [stdout]    7:     0x62b01c06cb72 - std[617be2ca0a6fd877]::panicking::panic_handler::{closure#0}
[INFO] [stdout]    8:     0x62b01c0657a9 - std[617be2ca0a6fd877]::sys::backtrace::__rust_end_short_backtrace::<std[617be2ca0a6fd877]::panicking::panic_handler::{closure#0}, !>
[INFO] [stdout]    9:     0x62b01c06d96d - __rustc[ea4f61d10b84890b]::rust_begin_unwind
[INFO] [stdout]   10:     0x62b01c0a966c - core[a373ad73a504971]::panicking::panic_fmt
[INFO] [stdout]   11:     0x62b01c0a9442 - core[a373ad73a504971]::result::unwrap_failed
[INFO] [stdout]   12:     0x62b01bce0197 - hexpm[c496ccb9b3aa58b3]::tests::get_repository_tarball_ok_test::{closure#0}
[INFO] [stdout]   13:     0x62b01bd05453 - <tokio[7be48b76640efe6e]::runtime::scheduler::current_thread::Context>::enter::<core[a373ad73a504971]::task::poll::Poll<()>, <tokio[7be48b76640efe6e]::runtime::scheduler::current_thread::CoreGuard>::block_on<core[a373ad73a504971]::pin::Pin<&mut core[a373ad73a504971]::pin::Pin<&mut dyn core[a373ad73a504971]::future::future::Future<Output = ()>>>>::{closure#0}::{closure#0}>
[INFO] [stdout]   14:     0x62b01bd1e57c - <tokio[7be48b76640efe6e]::runtime::context::scoped::Scoped<tokio[7be48b76640efe6e]::runtime::scheduler::Context>>::set::<<tokio[7be48b76640efe6e]::runtime::scheduler::current_thread::CoreGuard>::enter<<tokio[7be48b76640efe6e]::runtime::scheduler::current_thread::CoreGuard>::block_on<core[a373ad73a504971]::pin::Pin<&mut core[a373ad73a504971]::pin::Pin<&mut dyn core[a373ad73a504971]::future::future::Future<Output = ()>>>>::{closure#0}, core[a373ad73a504971]::option::Option<()>>::{closure#0}, (alloc[2e1b2a31b91974c5]::boxed::Box<tokio[7be48b76640efe6e]::runtime::scheduler::current_thread::Core>, core[a373ad73a504971]::option::Option<()>)>
[INFO] [stdout]   15:     0x62b01bd04f6d - <tokio[7be48b76640efe6e]::runtime::runtime::Runtime>::block_on::<core[a373ad73a504971]::pin::Pin<&mut dyn core[a373ad73a504971]::future::future::Future<Output = ()>>>
[INFO] [stdout]   16:     0x62b01bce953e - <hexpm[c496ccb9b3aa58b3]::tests::get_repository_tarball_ok_test::{closure#0} as core[a373ad73a504971]::ops::function::FnOnce<()>>::call_once
[INFO] [stdout]   17:     0x62b01be08d3b - test[aada8e7e76ba119b]::__rust_begin_short_backtrace::<core[a373ad73a504971]::result::Result<(), alloc[2e1b2a31b91974c5]::string::String>, fn() -> core[a373ad73a504971]::result::Result<(), alloc[2e1b2a31b91974c5]::string::String>>
[INFO] [stdout]   18:     0x62b01be15f15 - test[aada8e7e76ba119b]::run_test::{closure#0}
[INFO] [stdout]   19:     0x62b01be0f804 - std[617be2ca0a6fd877]::sys::backtrace::__rust_begin_short_backtrace::<test[aada8e7e76ba119b]::run_test::{closure#1}, ()>
[INFO] [stdout]   20:     0x62b01be18fa2 - <std[617be2ca0a6fd877]::thread::lifecycle::spawn_unchecked<test[aada8e7e76ba119b]::run_test::{closure#1}, ()>::{closure#1} as core[a373ad73a504971]::ops::function::FnOnce<()>>::call_once::{shim:vtable#0}
[INFO] [stdout]   21:     0x62b01c090f2f - <std[617be2ca0a6fd877]::sys::thread::unix::Thread>::new::thread_start
[INFO] [stdout]   22:     0x76ffae46adfa - <unknown>
[INFO] [stdout]   23:     0x76ffae4fe3d4 - clone
[INFO] [stdout]   24:                0x0 - <unknown>
[INFO] [stdout] 
[INFO] [stdout] ---- tests::get_repository_tarball_not_found_test stdout ----
[INFO] [stdout] 
[INFO] [stdout] thread 'tests::get_repository_tarball_not_found_test' (2804) panicked at src/tests.rs:1154:10:
[INFO] [stdout] called `Result::unwrap()` on an `Err` value: reqwest::Error { kind: Request, url: "https://repo.hex.pm/tarballs/gleam_stdlib-unknown-version.tar", source: hyper_util::client::legacy::Error(Connect, ConnectError("dns error", Custom { kind: Uncategorized, error: "failed to lookup address information: Temporary failure in name resolution" })) }
[INFO] [stdout] stack backtrace:
[INFO] [stdout]    0:     0x62b01c091a81 - <<std[617be2ca0a6fd877]::sys::backtrace::BacktraceLock>::print::DisplayBacktrace as core[a373ad73a504971]::fmt::Display>::fmt
[INFO] [stdout]    1:     0x62b01c0a8e8a - core[a373ad73a504971]::fmt::write
[INFO] [stdout]    2:     0x62b01c0964ac - <alloc[2e1b2a31b91974c5]::vec::Vec<u8> as core[a373ad73a504971]::io::write::Write>::write_fmt
[INFO] [stdout]    3:     0x62b01c06cac6 - std[617be2ca0a6fd877]::panicking::default_hook::{closure#0}
[INFO] [stdout]    4:     0x62b01c089959 - std[617be2ca0a6fd877]::panicking::default_hook
[INFO] [stdout]    5:     0x62b01be158f0 - test[aada8e7e76ba119b]::test_main_inner::{closure#0}
[INFO] [stdout]    6:     0x62b01c089c82 - std[617be2ca0a6fd877]::panicking::panic_with_hook
[INFO] [stdout]    7:     0x62b01c06cb72 - std[617be2ca0a6fd877]::panicking::panic_handler::{closure#0}
[INFO] [stdout]    8:     0x62b01c0657a9 - std[617be2ca0a6fd877]::sys::backtrace::__rust_end_short_backtrace::<std[617be2ca0a6fd877]::panicking::panic_handler::{closure#0}, !>
[INFO] [stdout]    9:     0x62b01c06d96d - __rustc[ea4f61d10b84890b]::rust_begin_unwind
[INFO] [stdout]   10:     0x62b01c0a966c - core[a373ad73a504971]::panicking::panic_fmt
[INFO] [stdout]   11:     0x62b01c0a9442 - core[a373ad73a504971]::result::unwrap_failed
[INFO] [stdout]   12:     0x62b01bce2fee - hexpm[c496ccb9b3aa58b3]::tests::get_repository_tarball_not_found_test::{closure#0}
[INFO] [stdout]   13:     0x62b01bd05453 - <tokio[7be48b76640efe6e]::runtime::scheduler::current_thread::Context>::enter::<core[a373ad73a504971]::task::poll::Poll<()>, <tokio[7be48b76640efe6e]::runtime::scheduler::current_thread::CoreGuard>::block_on<core[a373ad73a504971]::pin::Pin<&mut core[a373ad73a504971]::pin::Pin<&mut dyn core[a373ad73a504971]::future::future::Future<Output = ()>>>>::{closure#0}::{closure#0}>
[INFO] [stdout]   14:     0x62b01bd1e57c - <tokio[7be48b76640efe6e]::runtime::context::scoped::Scoped<tokio[7be48b76640efe6e]::runtime::scheduler::Context>>::set::<<tokio[7be48b76640efe6e]::runtime::scheduler::current_thread::CoreGuard>::enter<<tokio[7be48b76640efe6e]::runtime::scheduler::current_thread::CoreGuard>::block_on<core[a373ad73a504971]::pin::Pin<&mut core[a373ad73a504971]::pin::Pin<&mut dyn core[a373ad73a504971]::future::future::Future<Output = ()>>>>::{closure#0}, core[a373ad73a504971]::option::Option<()>>::{closure#0}, (alloc[2e1b2a31b91974c5]::boxed::Box<tokio[7be48b76640efe6e]::runtime::scheduler::current_thread::Core>, core[a373ad73a504971]::option::Option<()>)>
[INFO] [stdout]   15:     0x62b01bd04f6d - <tokio[7be48b76640efe6e]::runtime::runtime::Runtime>::block_on::<core[a373ad73a504971]::pin::Pin<&mut dyn core[a373ad73a504971]::future::future::Future<Output = ()>>>
[INFO] [stdout]   16:     0x62b01bce9bde - <hexpm[c496ccb9b3aa58b3]::tests::get_repository_tarball_not_found_test::{closure#0} as core[a373ad73a504971]::ops::function::FnOnce<()>>::call_once
[INFO] [stdout]   17:     0x62b01be08d3b - test[aada8e7e76ba119b]::__rust_begin_short_backtrace::<core[a373ad73a504971]::result::Result<(), alloc[2e1b2a31b91974c5]::string::String>, fn() -> core[a373ad73a504971]::result::Result<(), alloc[2e1b2a31b91974c5]::string::String>>
[INFO] [stdout]   18:     0x62b01be15f15 - test[aada8e7e76ba119b]::run_test::{closure#0}
[INFO] [stdout]   19:     0x62b01be0f804 - std[617be2ca0a6fd877]::sys::backtrace::__rust_begin_short_backtrace::<test[aada8e7e76ba119b]::run_test::{closure#1}, ()>
[INFO] [stdout]   20:     0x62b01be18fa2 - <std[617be2ca0a6fd877]::thread::lifecycle::spawn_unchecked<test[aada8e7e76ba119b]::run_test::{closure#1}, ()>::{closure#1} as core[a373ad73a504971]::ops::function::FnOnce<()>>::call_once::{shim:vtable#0}
[INFO] [stdout]   21:     0x62b01c090f2f - <std[617be2ca0a6fd877]::sys::thread::unix::Thread>::new::thread_start
[INFO] [stdout]   22:     0x76ffae46adfa - <unknown>
[INFO] [stdout]   23:     0x76ffae4fe3d4 - clone
[INFO] [stdout]   24:                0x0 - <unknown>
[INFO] [stdout] 
[INFO] [stdout] ---- tests::get_package_not_found stdout ----
[INFO] [stdout] 
[INFO] [stdout] thread 'tests::get_package_not_found' (2798) panicked at src/tests.rs:970:10:
[INFO] [stdout] called `Result::unwrap()` on an `Err` value: reqwest::Error { kind: Request, url: "https://repo.hex.pm/packages/louissaysthispackagedoesnotexist", source: hyper_util::client::legacy::Error(Connect, ConnectError("dns error", Custom { kind: Uncategorized, error: "failed to lookup address information: Temporary failure in name resolution" })) }
[INFO] [stdout] stack backtrace:
[INFO] [stdout]    0:     0x62b01c091a81 - <<std[617be2ca0a6fd877]::sys::backtrace::BacktraceLock>::print::DisplayBacktrace as core[a373ad73a504971]::fmt::Display>::fmt
[INFO] [stdout]    1:     0x62b01c0a8e8a - core[a373ad73a504971]::fmt::write
[INFO] [stdout]    2:     0x62b01c0964ac - <alloc[2e1b2a31b91974c5]::vec::Vec<u8> as core[a373ad73a504971]::io::write::Write>::write_fmt
[INFO] [stdout]    3:     0x62b01c06cac6 - std[617be2ca0a6fd877]::panicking::default_hook::{closure#0}
[INFO] [stdout]    4:     0x62b01c089959 - std[617be2ca0a6fd877]::panicking::default_hook
[INFO] [stdout]    5:     0x62b01be158f0 - test[aada8e7e76ba119b]::test_main_inner::{closure#0}
[INFO] [stdout]    6:     0x62b01c089c82 - std[617be2ca0a6fd877]::panicking::panic_with_hook
[INFO] [stdout]    7:     0x62b01c06cb72 - std[617be2ca0a6fd877]::panicking::panic_handler::{closure#0}
[INFO] [stdout]    8:     0x62b01c0657a9 - std[617be2ca0a6fd877]::sys::backtrace::__rust_end_short_backtrace::<std[617be2ca0a6fd877]::panicking::panic_handler::{closure#0}, !>
[INFO] [stdout]    9:     0x62b01c06d96d - __rustc[ea4f61d10b84890b]::rust_begin_unwind
[INFO] [stdout]   10:     0x62b01c0a966c - core[a373ad73a504971]::panicking::panic_fmt
[INFO] [stdout]   11:     0x62b01c0a9442 - core[a373ad73a504971]::result::unwrap_failed
[INFO] [stdout]   12:     0x62b01bcd2002 - hexpm[c496ccb9b3aa58b3]::tests::get_package_not_found::{closure#0}
[INFO] [stdout]   13:     0x62b01bd05453 - <tokio[7be48b76640efe6e]::runtime::scheduler::current_thread::Context>::enter::<core[a373ad73a504971]::task::poll::Poll<()>, <tokio[7be48b76640efe6e]::runtime::scheduler::current_thread::CoreGuard>::block_on<core[a373ad73a504971]::pin::Pin<&mut core[a373ad73a504971]::pin::Pin<&mut dyn core[a373ad73a504971]::future::future::Future<Output = ()>>>>::{closure#0}::{closure#0}>
[INFO] [stdout]   14:     0x62b01bd1e57c - <tokio[7be48b76640efe6e]::runtime::context::scoped::Scoped<tokio[7be48b76640efe6e]::runtime::scheduler::Context>>::set::<<tokio[7be48b76640efe6e]::runtime::scheduler::current_thread::CoreGuard>::enter<<tokio[7be48b76640efe6e]::runtime::scheduler::current_thread::CoreGuard>::block_on<core[a373ad73a504971]::pin::Pin<&mut core[a373ad73a504971]::pin::Pin<&mut dyn core[a373ad73a504971]::future::future::Future<Output = ()>>>>::{closure#0}, core[a373ad73a504971]::option::Option<()>>::{closure#0}, (alloc[2e1b2a31b91974c5]::boxed::Box<tokio[7be48b76640efe6e]::runtime::scheduler::current_thread::Core>, core[a373ad73a504971]::option::Option<()>)>
[INFO] [stdout]   15:     0x62b01bd04f6d - <tokio[7be48b76640efe6e]::runtime::runtime::Runtime>::block_on::<core[a373ad73a504971]::pin::Pin<&mut dyn core[a373ad73a504971]::future::future::Future<Output = ()>>>
[INFO] [stdout]   16:     0x62b01bce7a8e - <hexpm[c496ccb9b3aa58b3]::tests::get_package_not_found::{closure#0} as core[a373ad73a504971]::ops::function::FnOnce<()>>::call_once
[INFO] [stdout]   17:     0x62b01be08d3b - test[aada8e7e76ba119b]::__rust_begin_short_backtrace::<core[a373ad73a504971]::result::Result<(), alloc[2e1b2a31b91974c5]::string::String>, fn() -> core[a373ad73a504971]::result::Result<(), alloc[2e1b2a31b91974c5]::string::String>>
[INFO] [stdout]   18:     0x62b01be15f15 - test[aada8e7e76ba119b]::run_test::{closure#0}
[INFO] [stdout]   19:     0x62b01be0f804 - std[617be2ca0a6fd877]::sys::backtrace::__rust_begin_short_backtrace::<test[aada8e7e76ba119b]::run_test::{closure#1}, ()>
[INFO] [stdout]   20:     0x62b01be18fa2 - <std[617be2ca0a6fd877]::thread::lifecycle::spawn_unchecked<test[aada8e7e76ba119b]::run_test::{closure#1}, ()>::{closure#1} as core[a373ad73a504971]::ops::function::FnOnce<()>>::call_once::{shim:vtable#0}
[INFO] [stdout]   21:     0x62b01c090f2f - <std[617be2ca0a6fd877]::sys::thread::unix::Thread>::new::thread_start
[INFO] [stdout]   22:     0x76ffae46adfa - <unknown>
[INFO] [stdout]   23:     0x76ffae4fe3d4 - clone
[INFO] [stdout]   24:                0x0 - <unknown>
[INFO] [stdout] 
[INFO] [stdout] ---- tests::get_package_release_not_found stdout ----
[INFO] [stdout] 
[INFO] [stdout] thread 'tests::get_package_release_not_found' (2801) panicked at src/tests.rs:1289:10:
[INFO] [stdout] called `Result::unwrap()` on an `Err` value: reqwest::Error { kind: Request, url: "https://hex.pm/api/packages/louissaysthispackagedoesnotexist/releases/1.0.1", source: hyper_util::client::legacy::Error(Connect, ConnectError("dns error", Custom { kind: Uncategorized, error: "failed to lookup address information: Temporary failure in name resolution" })) }
[INFO] [stdout] stack backtrace:
[INFO] [stdout]    0:     0x62b01c091a81 - <<std[617be2ca0a6fd877]::sys::backtrace::BacktraceLock>::print::DisplayBacktrace as core[a373ad73a504971]::fmt::Display>::fmt
[INFO] [stdout]    1:     0x62b01c0a8e8a - core[a373ad73a504971]::fmt::write
[INFO] [stdout]    2:     0x62b01c0964ac - <alloc[2e1b2a31b91974c5]::vec::Vec<u8> as core[a373ad73a504971]::io::write::Write>::write_fmt
[INFO] [stdout]    3:     0x62b01c06cac6 - std[617be2ca0a6fd877]::panicking::default_hook::{closure#0}
[INFO] [stdout]    4:     0x62b01c089959 - std[617be2ca0a6fd877]::panicking::default_hook
[INFO] [stdout]    5:     0x62b01be158f0 - test[aada8e7e76ba119b]::test_main_inner::{closure#0}
[INFO] [stdout]    6:     0x62b01c089c82 - std[617be2ca0a6fd877]::panicking::panic_with_hook
[INFO] [stdout]    7:     0x62b01c06cb72 - std[617be2ca0a6fd877]::panicking::panic_handler::{closure#0}
[INFO] [stdout]    8:     0x62b01c0657a9 - std[617be2ca0a6fd877]::sys::backtrace::__rust_end_short_backtrace::<std[617be2ca0a6fd877]::panicking::panic_handler::{closure#0}, !>
[INFO] [stdout]    9:     0x62b01c06d96d - __rustc[ea4f61d10b84890b]::rust_begin_unwind
[INFO] [stdout]   10:     0x62b01c0a966c - core[a373ad73a504971]::panicking::panic_fmt
[INFO] [stdout]   11:     0x62b01c0a9442 - core[a373ad73a504971]::result::unwrap_failed
[INFO] [stdout]   12:     0x62b01bcdf870 - hexpm[c496ccb9b3aa58b3]::tests::get_package_release_not_found::{closure#0}
[INFO] [stdout]   13:     0x62b01bd05453 - <tokio[7be48b76640efe6e]::runtime::scheduler::current_thread::Context>::enter::<core[a373ad73a504971]::task::poll::Poll<()>, <tokio[7be48b76640efe6e]::runtime::scheduler::current_thread::CoreGuard>::block_on<core[a373ad73a504971]::pin::Pin<&mut core[a373ad73a504971]::pin::Pin<&mut dyn core[a373ad73a504971]::future::future::Future<Output = ()>>>>::{closure#0}::{closure#0}>
[INFO] [stdout]   14:     0x62b01bd1e57c - <tokio[7be48b76640efe6e]::runtime::context::scoped::Scoped<tokio[7be48b76640efe6e]::runtime::scheduler::Context>>::set::<<tokio[7be48b76640efe6e]::runtime::scheduler::current_thread::CoreGuard>::enter<<tokio[7be48b76640efe6e]::runtime::scheduler::current_thread::CoreGuard>::block_on<core[a373ad73a504971]::pin::Pin<&mut core[a373ad73a504971]::pin::Pin<&mut dyn core[a373ad73a504971]::future::future::Future<Output = ()>>>>::{closure#0}, core[a373ad73a504971]::option::Option<()>>::{closure#0}, (alloc[2e1b2a31b91974c5]::boxed::Box<tokio[7be48b76640efe6e]::runtime::scheduler::current_thread::Core>, core[a373ad73a504971]::option::Option<()>)>
[INFO] [stdout]   15:     0x62b01bd04f6d - <tokio[7be48b76640efe6e]::runtime::runtime::Runtime>::block_on::<core[a373ad73a504971]::pin::Pin<&mut dyn core[a373ad73a504971]::future::future::Future<Output = ()>>>
[INFO] [stdout]   16:     0x62b01bce924e - <hexpm[c496ccb9b3aa58b3]::tests::get_package_release_not_found::{closure#0} as core[a373ad73a504971]::ops::function::FnOnce<()>>::call_once
[INFO] [stdout]   17:     0x62b01be08d3b - test[aada8e7e76ba119b]::__rust_begin_short_backtrace::<core[a373ad73a504971]::result::Result<(), alloc[2e1b2a31b91974c5]::string::String>, fn() -> core[a373ad73a504971]::result::Result<(), alloc[2e1b2a31b91974c5]::string::String>>
[INFO] [stdout]   18:     0x62b01be15f15 - test[aada8e7e76ba119b]::run_test::{closure#0}
[INFO] [stdout]   19:     0x62b01be0f804 - std[617be2ca0a6fd877]::sys::backtrace::__rust_begin_short_backtrace::<test[aada8e7e76ba119b]::run_test::{closure#1}, ()>
[INFO] [stdout]   20:     0x62b01be18fa2 - <std[617be2ca0a6fd877]::thread::lifecycle::spawn_unchecked<test[aada8e7e76ba119b]::run_test::{closure#1}, ()>::{closure#1} as core[a373ad73a504971]::ops::function::FnOnce<()>>::call_once::{shim:vtable#0}
[INFO] [stdout]   21:     0x62b01c090f2f - <std[617be2ca0a6fd877]::sys::thread::unix::Thread>::new::thread_start
[INFO] [stdout]   22:     0x76ffae46adfa - <unknown>
[INFO] [stdout]   23:     0x76ffae4fe3d4 - clone
[INFO] [stdout]   24:                0x0 - <unknown>
[INFO] [stdout] 
[INFO] [stdout] ---- tests::get_repository_tarball_bad_checksum_test stdout ----
[INFO] [stdout] 
[INFO] [stdout] thread 'tests::get_repository_tarball_bad_checksum_test' (2803) panicked at src/tests.rs:1130:10:
[INFO] [stdout] called `Result::unwrap()` on an `Err` value: reqwest::Error { kind: Request, url: "https://repo.hex.pm/tarballs/gleam_stdlib-0.14.0.tar", source: hyper_util::client::legacy::Error(Connect, ConnectError("dns error", Custom { kind: Uncategorized, error: "failed to lookup address information: Temporary failure in name resolution" })) }
[INFO] [stdout] stack backtrace:
[INFO] [stdout]    0:     0x62b01c091a81 - <<std[617be2ca0a6fd877]::sys::backtrace::BacktraceLock>::print::DisplayBacktrace as core[a373ad73a504971]::fmt::Display>::fmt
[INFO] [stdout]    1:     0x62b01c0a8e8a - core[a373ad73a504971]::fmt::write
[INFO] [stdout]    2:     0x62b01c0964ac - <alloc[2e1b2a31b91974c5]::vec::Vec<u8> as core[a373ad73a504971]::io::write::Write>::write_fmt
[INFO] [stdout]    3:     0x62b01c06cac6 - std[617be2ca0a6fd877]::panicking::default_hook::{closure#0}
[INFO] [stdout]    4:     0x62b01c089959 - std[617be2ca0a6fd877]::panicking::default_hook
[INFO] [stdout]    5:     0x62b01be158f0 - test[aada8e7e76ba119b]::test_main_inner::{closure#0}
[INFO] [stdout]    6:     0x62b01c089c82 - std[617be2ca0a6fd877]::panicking::panic_with_hook
[INFO] [stdout]    7:     0x62b01c06cb72 - std[617be2ca0a6fd877]::panicking::panic_handler::{closure#0}
[INFO] [stdout]    8:     0x62b01c0657a9 - std[617be2ca0a6fd877]::sys::backtrace::__rust_end_short_backtrace::<std[617be2ca0a6fd877]::panicking::panic_handler::{closure#0}, !>
[INFO] [stdout]    9:     0x62b01c06d96d - __rustc[ea4f61d10b84890b]::rust_begin_unwind
[INFO] [stdout]   10:     0x62b01c0a966c - core[a373ad73a504971]::panicking::panic_fmt
[INFO] [stdout]   11:     0x62b01c0a9442 - core[a373ad73a504971]::result::unwrap_failed
[INFO] [stdout]   12:     0x62b01bce4582 - hexpm[c496ccb9b3aa58b3]::tests::get_repository_tarball_bad_checksum_test::{closure#0}
[INFO] [stdout]   13:     0x62b01bd05453 - <tokio[7be48b76640efe6e]::runtime::scheduler::current_thread::Context>::enter::<core[a373ad73a504971]::task::poll::Poll<()>, <tokio[7be48b76640efe6e]::runtime::scheduler::current_thread::CoreGuard>::block_on<core[a373ad73a504971]::pin::Pin<&mut core[a373ad73a504971]::pin::Pin<&mut dyn core[a373ad73a504971]::future::future::Future<Output = ()>>>>::{closure#0}::{closure#0}>
[INFO] [stdout]   14:     0x62b01bd1e57c - <tokio[7be48b76640efe6e]::runtime::context::scoped::Scoped<tokio[7be48b76640efe6e]::runtime::scheduler::Context>>::set::<<tokio[7be48b76640efe6e]::runtime::scheduler::current_thread::CoreGuard>::enter<<tokio[7be48b76640efe6e]::runtime::scheduler::current_thread::CoreGuard>::block_on<core[a373ad73a504971]::pin::Pin<&mut core[a373ad73a504971]::pin::Pin<&mut dyn core[a373ad73a504971]::future::future::Future<Output = ()>>>>::{closure#0}, core[a373ad73a504971]::option::Option<()>>::{closure#0}, (alloc[2e1b2a31b91974c5]::boxed::Box<tokio[7be48b76640efe6e]::runtime::scheduler::current_thread::Core>, core[a373ad73a504971]::option::Option<()>)>
[INFO] [stdout]   15:     0x62b01bd04f6d - <tokio[7be48b76640efe6e]::runtime::runtime::Runtime>::block_on::<core[a373ad73a504971]::pin::Pin<&mut dyn core[a373ad73a504971]::future::future::Future<Output = ()>>>
[INFO] [stdout]   16:     0x62b01bce9e7e - <hexpm[c496ccb9b3aa58b3]::tests::get_repository_tarball_bad_checksum_test::{closure#0} as core[a373ad73a504971]::ops::function::FnOnce<()>>::call_once
[INFO] [stdout]   17:     0x62b01be08d3b - test[aada8e7e76ba119b]::__rust_begin_short_backtrace::<core[a373ad73a504971]::result::Result<(), alloc[2e1b2a31b91974c5]::string::String>, fn() -> core[a373ad73a504971]::result::Result<(), alloc[2e1b2a31b91974c5]::string::String>>
[INFO] [stdout]   18:     0x62b01be15f15 - test[aada8e7e76ba119b]::run_test::{closure#0}
[INFO] [stdout]   19:     0x62b01be0f804 - std[617be2ca0a6fd877]::sys::backtrace::__rust_begin_short_backtrace::<test[aada8e7e76ba119b]::run_test::{closure#1}, ()>
[INFO] [stdout]   20:     0x62b01be18fa2 - <std[617be2ca0a6fd877]::thread::lifecycle::spawn_unchecked<test[aada8e7e76ba119b]::run_test::{closure#1}, ()>::{closure#1} as core[a373ad73a504971]::ops::function::FnOnce<()>>::call_once::{shim:vtable#0}
[INFO] [stdout]   21:     0x62b01c090f2f - <std[617be2ca0a6fd877]::sys::thread::unix::Thread>::new::thread_start
[INFO] [stdout]   22:     0x76ffae46adfa - <unknown>
[INFO] [stdout]   23:     0x76ffae4fe3d4 - clone
[INFO] [stdout]   24:                0x0 - <unknown>
[INFO] [stdout] 
[INFO] [stdout] ---- tests::get_package_release_ok stdout ----
[INFO] [stdout] 
[INFO] [stdout] thread 'tests::get_package_release_ok' (2802) panicked at src/tests.rs:1304:10:
[INFO] [stdout] called `Result::unwrap()` on an `Err` value: reqwest::Error { kind: Request, url: "https://hex.pm/api/packages/clint/releases/0.0.1", source: hyper_util::client::legacy::Error(Connect, ConnectError("dns error", Custom { kind: Uncategorized, error: "failed to lookup address information: Temporary failure in name resolution" })) }
[INFO] [stdout] stack backtrace:
[INFO] [stdout]    0:     0x62b01c091a81 - <<std[617be2ca0a6fd877]::sys::backtrace::BacktraceLock>::print::DisplayBacktrace as core[a373ad73a504971]::fmt::Display>::fmt
[INFO] [stdout]    1:     0x62b01c0a8e8a - core[a373ad73a504971]::fmt::write
[INFO] [stdout]    2:     0x62b01c0964ac - <alloc[2e1b2a31b91974c5]::vec::Vec<u8> as core[a373ad73a504971]::io::write::Write>::write_fmt
[INFO] [stdout]    3:     0x62b01c06cac6 - std[617be2ca0a6fd877]::panicking::default_hook::{closure#0}
[INFO] [stdout]    4:     0x62b01c089959 - std[617be2ca0a6fd877]::panicking::default_hook
[INFO] [stdout]    5:     0x62b01be158f0 - test[aada8e7e76ba119b]::test_main_inner::{closure#0}
[INFO] [stdout]    6:     0x62b01c089c82 - std[617be2ca0a6fd877]::panicking::panic_with_hook
[INFO] [stdout]    7:     0x62b01c06cb72 - std[617be2ca0a6fd877]::panicking::panic_handler::{closure#0}
[INFO] [stdout]    8:     0x62b01c0657a9 - std[617be2ca0a6fd877]::sys::backtrace::__rust_end_short_backtrace::<std[617be2ca0a6fd877]::panicking::panic_handler::{closure#0}, !>
[INFO] [stdout]    9:     0x62b01c06d96d - __rustc[ea4f61d10b84890b]::rust_begin_unwind
[INFO] [stdout]   10:     0x62b01c0a966c - core[a373ad73a504971]::panicking::panic_fmt
[INFO] [stdout]   11:     0x62b01c0a9442 - core[a373ad73a504971]::result::unwrap_failed
[INFO] [stdout]   12:     0x62b01bcd3b64 - hexpm[c496ccb9b3aa58b3]::tests::get_package_release_ok::{closure#0}
[INFO] [stdout]   13:     0x62b01bd05453 - <tokio[7be48b76640efe6e]::runtime::scheduler::current_thread::Context>::enter::<core[a373ad73a504971]::task::poll::Poll<()>, <tokio[7be48b76640efe6e]::runtime::scheduler::current_thread::CoreGuard>::block_on<core[a373ad73a504971]::pin::Pin<&mut core[a373ad73a504971]::pin::Pin<&mut dyn core[a373ad73a504971]::future::future::Future<Output = ()>>>>::{closure#0}::{closure#0}>
[INFO] [stdout]   14:     0x62b01bd1e57c - <tokio[7be48b76640efe6e]::runtime::context::scoped::Scoped<tokio[7be48b76640efe6e]::runtime::scheduler::Context>>::set::<<tokio[7be48b76640efe6e]::runtime::scheduler::current_thread::CoreGuard>::enter<<tokio[7be48b76640efe6e]::runtime::scheduler::current_thread::CoreGuard>::block_on<core[a373ad73a504971]::pin::Pin<&mut core[a373ad73a504971]::pin::Pin<&mut dyn core[a373ad73a504971]::future::future::Future<Output = ()>>>>::{closure#0}, core[a373ad73a504971]::option::Option<()>>::{closure#0}, (alloc[2e1b2a31b91974c5]::boxed::Box<tokio[7be48b76640efe6e]::runtime::scheduler::current_thread::Core>, core[a373ad73a504971]::option::Option<()>)>
[INFO] [stdout]   15:     0x62b01bd04f6d - <tokio[7be48b76640efe6e]::runtime::runtime::Runtime>::block_on::<core[a373ad73a504971]::pin::Pin<&mut dyn core[a373ad73a504971]::future::future::Future<Output = ()>>>
[INFO] [stdout]   16:     0x62b01bce7d9e - <hexpm[c496ccb9b3aa58b3]::tests::get_package_release_ok::{closure#0} as core[a373ad73a504971]::ops::function::FnOnce<()>>::call_once
[INFO] [stdout]   17:     0x62b01be08d3b - test[aada8e7e76ba119b]::__rust_begin_short_backtrace::<core[a373ad73a504971]::result::Result<(), alloc[2e1b2a31b91974c5]::string::String>, fn() -> core[a373ad73a504971]::result::Result<(), alloc[2e1b2a31b91974c5]::string::String>>
[INFO] [stdout]   18:     0x62b01be15f15 - test[aada8e7e76ba119b]::run_test::{closure#0}
[INFO] [stdout]   19:     0x62b01be0f804 - std[617be2ca0a6fd877]::sys::backtrace::__rust_begin_short_backtrace::<test[aada8e7e76ba119b]::run_test::{closure#1}, ()>
[INFO] [stdout]   20:     0x62b01be18fa2 - <std[617be2ca0a6fd877]::thread::lifecycle::spawn_unchecked<test[aada8e7e76ba119b]::run_test::{closure#1}, ()>::{closure#1} as core[a373ad73a504971]::ops::function::FnOnce<()>>::call_once::{shim:vtable#0}
[INFO] [stdout]   21:     0x62b01c090f2f - <std[617be2ca0a6fd877]::sys::thread::unix::Thread>::new::thread_start
[INFO] [stdout]   22:     0x76ffae46adfa - <unknown>
[INFO] [stdout]   23:     0x76ffae4fe3d4 - clone
[INFO] [stdout]   24:                0x0 - <unknown>
[INFO] [stdout] 
[INFO] [stdout] 
[INFO] [stdout] failures:
[INFO] [stdout]     tests::get_package_not_found
[INFO] [stdout]     tests::get_package_release_not_found
[INFO] [stdout]     tests::get_package_release_ok
[INFO] [stdout]     tests::get_repository_tarball_bad_checksum_test
[INFO] [stdout]     tests::get_repository_tarball_not_found_test
[INFO] [stdout]     tests::get_repository_tarball_ok_test
[INFO] [stdout] 
[INFO] [stdout] test result: FAILED. 137 passed; 6 failed; 0 ignored; 0 measured; 0 filtered out; finished in 0.50s
[INFO] [stdout] 
[INFO] [stderr] error: test failed, to rerun pass `--lib`
[INFO] running `Command { std: "docker" "inspect" "febf3b487ae3097b206be1bf9a42d077ed1d526d4627bb1bb7f78b1414ca7f92", kill_on_drop: false }`
[INFO] running `Command { std: "docker" "rm" "-f" "febf3b487ae3097b206be1bf9a42d077ed1d526d4627bb1bb7f78b1414ca7f92", kill_on_drop: false }`
[INFO] [stdout] febf3b487ae3097b206be1bf9a42d077ed1d526d4627bb1bb7f78b1414ca7f92
