[INFO] fetching crate hexbuffer-proxy 1.0.1...
[INFO] testing hexbuffer-proxy-1.0.1 against 1.100.0-beta.1+cargoflags=--release for beta-release-1.100-2
[INFO] extracting crate hexbuffer-proxy 1.0.1 into /workspace/builds/worker-1-tc2/source
[INFO] started tweaking crates.io crate hexbuffer-proxy 1.0.1
[INFO] removed 0 missing examples
[INFO] removed 0 missing tests
[INFO] finished tweaking crates.io crate hexbuffer-proxy 1.0.1
[INFO] tweaked toml for crates.io crate hexbuffer-proxy 1.0.1 written to /workspace/builds/worker-1-tc2/source/Cargo.toml
[INFO] validating manifest of crates.io crate hexbuffer-proxy 1.0.1 on toolchain 1.100.0-beta.1
[INFO] running `Command { std: CARGO_HOME="/workspace/cargo-home" RUSTUP_HOME="/workspace/rustup-home" "/workspace/cargo-home/bin/cargo" "+1.100.0-beta.1" "metadata" "--manifest-path" "Cargo.toml" "--no-deps", kill_on_drop: false }`
[INFO] crate crates.io crate hexbuffer-proxy 1.0.1 already has a lockfile, it will not be regenerated
[INFO] running `Command { std: CARGO_HOME="/workspace/cargo-home" RUSTUP_HOME="/workspace/rustup-home" "/workspace/cargo-home/bin/cargo" "+1.100.0-beta.1" "fetch" "--manifest-path" "Cargo.toml", kill_on_drop: false }`
[INFO] [stderr] warning: `package.homepage` is redundant with `package.repository`
[INFO] [stderr]    --> Cargo.toml:118:12
[INFO] [stderr]     |
[INFO] [stderr] 118 | homepage = "https://github.com/arhamymr/hexbuffer-proxy"
[INFO] [stderr]     |            ^^^^^^^^^^^^^^^^^^^^^^^^^^^^^^^^^^^^^^^^^^^^^
[INFO] [stderr] ...
[INFO] [stderr] 123 | repository = "https://github.com/arhamymr/hexbuffer-proxy"
[INFO] [stderr]     |              ---------------------------------------------
[INFO] [stderr]     |
[INFO] [stderr]     = note: `cargo::redundant_homepage` is set to `warn` by default
[INFO] [stderr] help: consider removing `package.homepage`
[INFO] [stderr] warning: `hexbuffer-proxy` (manifest) generated 1 warning
[INFO] running `Command { std: "docker" "create" "-v" "/var/lib/crater-agent-workspace/builds/worker-1-tc2/source:/opt/rustwide/workdir:ro,Z" "-v" "/var/lib/crater-agent-workspace/builds/worker-1-tc2/target:/opt/rustwide/target:rw,Z" "-v" "/var/lib/crater-agent-workspace/cargo-home:/opt/rustwide/cargo-home:ro,Z" "-v" "/var/lib/crater-agent-workspace/rustup-home:/opt/rustwide/rustup-home:ro,Z" "-m" "1610612736" "--network" "none" "ghcr.io/rust-lang/crates-build-env/linux@sha256:77db811e55d90add9212f6832c23229e3de5f1c1f9905e8cb07319ea15df73ac" "sleep" "infinity", kill_on_drop: false }`
[INFO] [stdout] 3a48ef0554d9b784c837ed29d434fe928d1ba902f129b6dedac7e9933839f14b
[INFO] running `Command { std: "docker" "start" "3a48ef0554d9b784c837ed29d434fe928d1ba902f129b6dedac7e9933839f14b", kill_on_drop: false }`
[INFO] running `Command { std: "docker" "inspect" "3a48ef0554d9b784c837ed29d434fe928d1ba902f129b6dedac7e9933839f14b", kill_on_drop: false }`
[INFO] running `Command { std: "docker" "exec" "-e" "SOURCE_DIR=/opt/rustwide/workdir" "-e" "CARGO_HOME=/opt/rustwide/cargo-home" "-e" "RUSTUP_HOME=/opt/rustwide/rustup-home" "-e" "CARGO_TARGET_DIR=/opt/rustwide/target" "-w" "/opt/rustwide/workdir" "--user" "0:0" "3a48ef0554d9b784c837ed29d434fe928d1ba902f129b6dedac7e9933839f14b" "/opt/rustwide/cargo-home/bin/cargo" "+1.100.0-beta.1" "metadata" "--no-deps" "--format-version=1", kill_on_drop: false }`
[INFO] running `Command { std: "docker" "inspect" "3a48ef0554d9b784c837ed29d434fe928d1ba902f129b6dedac7e9933839f14b", kill_on_drop: false }`
[INFO] running `Command { std: "docker" "exec" "-e" "SOURCE_DIR=/opt/rustwide/workdir" "-e" "CARGO_HOME=/opt/rustwide/cargo-home" "-e" "RUSTUP_HOME=/opt/rustwide/rustup-home" "-e" "CARGO_TARGET_DIR=/opt/rustwide/target" "-e" "CARGO_INCREMENTAL=0" "-e" "RUST_BACKTRACE=full" "-e" "RUSTFLAGS=--cap-lints=warn" "-e" "RUSTDOCFLAGS=--cap-lints=warn" "-w" "/opt/rustwide/workdir" "--user" "0:0" "3a48ef0554d9b784c837ed29d434fe928d1ba902f129b6dedac7e9933839f14b" "/opt/rustwide/cargo-home/bin/cargo" "+1.100.0-beta.1" "build" "--frozen" "--message-format=json" "--release", kill_on_drop: false }`
[INFO] [stderr] warning: `package.homepage` is redundant with `package.repository`
[INFO] [stderr]    --> Cargo.toml:118:12
[INFO] [stderr]     |
[INFO] [stderr] 118 | homepage = "https://github.com/arhamymr/hexbuffer-proxy"
[INFO] [stderr]     |            ^^^^^^^^^^^^^^^^^^^^^^^^^^^^^^^^^^^^^^^^^^^^^
[INFO] [stderr] ...
[INFO] [stderr] 123 | repository = "https://github.com/arhamymr/hexbuffer-proxy"
[INFO] [stderr]     |              ---------------------------------------------
[INFO] [stderr]     |
[INFO] [stderr]     = note: `cargo::redundant_homepage` is set to `warn` by default
[INFO] [stderr] help: consider removing `package.homepage`
[INFO] [stderr] warning: `hexbuffer-proxy` (manifest) generated 1 warning
[INFO] [stderr]    Compiling rustls-pki-types v1.15.0
[INFO] [stderr]    Compiling futures-core v0.3.33
[INFO] [stderr]    Compiling aws-lc-rs v1.17.1
[INFO] [stderr]    Compiling futures-sink v0.3.33
[INFO] [stderr]    Compiling typenum v1.20.1
[INFO] [stderr]    Compiling jobserver v0.1.35
[INFO] [stderr]    Compiling http v1.4.2
[INFO] [stderr]    Compiling socket2 v0.6.5
[INFO] [stderr]    Compiling mio v1.2.2
[INFO] [stderr]    Compiling rustls v0.23.42
[INFO] [stderr]    Compiling syn v2.0.119
[INFO] [stderr]    Compiling futures-task v0.3.33
[INFO] [stderr]    Compiling futures-channel v0.3.33
[INFO] [stderr]    Compiling getrandom v0.4.3
[INFO] [stderr]    Compiling time v0.3.53
[INFO] [stderr]    Compiling anyhow v1.0.103
[INFO] [stderr]    Compiling pem v3.0.6
[INFO] [stderr]    Compiling sync_wrapper v1.0.2
[INFO] [stderr]    Compiling rand v0.10.2
[INFO] [stderr]    Compiling cc v1.2.67
[INFO] [stderr]    Compiling webpki-roots v1.0.8
[INFO] [stderr]    Compiling rustls-native-certs v0.8.4
[INFO] [stderr]    Compiling webpki-roots v0.26.11
[INFO] [stderr]    Compiling yasna v0.6.0
[INFO] [stderr]    Compiling hybrid-array v0.4.13
[INFO] [stderr]    Compiling http-body v1.1.0
[INFO] [stderr]    Compiling http-body-util v0.1.4
[INFO] [stderr]    Compiling cmake v0.1.58
[INFO] [stderr]    Compiling crypto-common v0.2.2
[INFO] [stderr]    Compiling block-buffer v0.12.1
[INFO] [stderr]    Compiling tokio-macros v2.7.0
[INFO] [stderr]    Compiling futures-macro v0.3.33
[INFO] [stderr]    Compiling thiserror-impl v2.0.18
[INFO] [stderr]    Compiling async-trait v0.1.89
[INFO] [stderr]    Compiling ring v0.17.14
[INFO] [stderr]    Compiling aws-lc-sys v0.42.0
[INFO] [stderr]    Compiling tokio v1.52.3
[INFO] [stderr]    Compiling futures-util v0.3.33
[INFO] [stderr]    Compiling digest v0.11.3
[INFO] [stderr]    Compiling sha1 v0.11.0
[INFO] [stderr]    Compiling thiserror v2.0.18
[INFO] [stderr]    Compiling tower v0.5.3
[INFO] [stderr]    Compiling tokio-util v0.7.18
[INFO] [stderr]    Compiling h2 v0.4.15
[INFO] [stderr]    Compiling rcgen v0.14.8
[INFO] [stderr]    Compiling hyper v1.10.1
[INFO] [stderr]    Compiling hyper-util v0.1.20
[INFO] [stderr]    Compiling rustls-webpki v0.103.13
[INFO] [stderr]    Compiling tokio-rustls v0.26.4
[INFO] [stderr]    Compiling tungstenite v0.30.0
[INFO] [stderr]    Compiling hyper-rustls v0.27.9
[INFO] [stderr]    Compiling tokio-tungstenite v0.30.0
[INFO] [stderr]    Compiling hyper-tungstenite v0.30.0
[INFO] [stderr]    Compiling hexbuffer-proxy v1.0.1 (/opt/rustwide/workdir)
[INFO] [stderr]     Finished `release` profile [optimized] target(s) in 1m 47s
[INFO] running `Command { std: "docker" "inspect" "3a48ef0554d9b784c837ed29d434fe928d1ba902f129b6dedac7e9933839f14b", kill_on_drop: false }`
[INFO] running `Command { std: "docker" "exec" "-e" "SOURCE_DIR=/opt/rustwide/workdir" "-e" "CARGO_HOME=/opt/rustwide/cargo-home" "-e" "RUSTUP_HOME=/opt/rustwide/rustup-home" "-e" "CARGO_TARGET_DIR=/opt/rustwide/target" "-e" "CARGO_INCREMENTAL=0" "-e" "RUST_BACKTRACE=full" "-e" "RUSTFLAGS=--cap-lints=warn" "-e" "RUSTDOCFLAGS=--cap-lints=warn" "-w" "/opt/rustwide/workdir" "--user" "0:0" "3a48ef0554d9b784c837ed29d434fe928d1ba902f129b6dedac7e9933839f14b" "/opt/rustwide/cargo-home/bin/cargo" "+1.100.0-beta.1" "test" "--frozen" "--no-run" "--message-format=json" "--release", kill_on_drop: false }`
[INFO] [stderr] warning: `package.homepage` is redundant with `package.repository`
[INFO] [stderr]    --> Cargo.toml:118:12
[INFO] [stderr]     |
[INFO] [stderr] 118 | homepage = "https://github.com/arhamymr/hexbuffer-proxy"
[INFO] [stderr]     |            ^^^^^^^^^^^^^^^^^^^^^^^^^^^^^^^^^^^^^^^^^^^^^
[INFO] [stderr] ...
[INFO] [stderr] 123 | repository = "https://github.com/arhamymr/hexbuffer-proxy"
[INFO] [stderr]     |              ---------------------------------------------
[INFO] [stderr]     |
[INFO] [stderr]     = note: `cargo::redundant_homepage` is set to `warn` by default
[INFO] [stderr] help: consider removing `package.homepage`
[INFO] [stderr] warning: `hexbuffer-proxy` (manifest) generated 1 warning
[INFO] [stderr]    Compiling futures-channel v0.3.33
[INFO] [stderr]    Compiling zerocopy v0.8.54
[INFO] [stderr]    Compiling zerocopy-derive v0.8.54
[INFO] [stderr]    Compiling serde_derive v1.0.228
[INFO] [stderr]    Compiling regex-automata v0.4.16
[INFO] [stderr]    Compiling serde_json v1.0.150
[INFO] [stderr]    Compiling clap_builder v4.6.2
[INFO] [stderr]    Compiling itertools v0.10.5
[INFO] [stderr]    Compiling futures-io v0.3.33
[INFO] [stderr]    Compiling rayon v1.12.0
[INFO] [stderr]    Compiling is-terminal v0.4.17
[INFO] [stderr]    Compiling hyper v1.10.1
[INFO] [stderr]    Compiling futures v0.3.33
[INFO] [stderr]    Compiling criterion-plot v0.5.0
[INFO] [stderr]    Compiling hyper-util v0.1.20
[INFO] [stderr]    Compiling clap v4.6.2
[INFO] [stderr]    Compiling serde v1.0.228
[INFO] [stderr]    Compiling regex v1.13.1
[INFO] [stderr]    Compiling tinytemplate v1.2.1
[INFO] [stderr]    Compiling hyper-rustls v0.27.9
[INFO] [stderr]    Compiling hyper-tungstenite v0.30.0
[INFO] [stderr]    Compiling hexbuffer-proxy v1.0.1 (/opt/rustwide/workdir)
[INFO] [stderr]    Compiling half v2.7.1
[INFO] [stderr]    Compiling ciborium-ll v0.2.2
[INFO] [stderr]    Compiling ciborium v0.2.2
[INFO] [stderr]    Compiling criterion v0.5.1
[INFO] [stderr]     Finished `release` profile [optimized] target(s) in 2m 43s
[INFO] running `Command { std: "docker" "inspect" "3a48ef0554d9b784c837ed29d434fe928d1ba902f129b6dedac7e9933839f14b", kill_on_drop: false }`
[INFO] running `Command { std: "docker" "exec" "-e" "SOURCE_DIR=/opt/rustwide/workdir" "-e" "CARGO_HOME=/opt/rustwide/cargo-home" "-e" "RUSTUP_HOME=/opt/rustwide/rustup-home" "-e" "CARGO_TARGET_DIR=/opt/rustwide/target" "-e" "CARGO_INCREMENTAL=0" "-e" "RUST_BACKTRACE=full" "-e" "RUSTFLAGS=--cap-lints=warn" "-e" "RUSTDOCFLAGS=--cap-lints=warn" "-w" "/opt/rustwide/workdir" "--user" "0:0" "3a48ef0554d9b784c837ed29d434fe928d1ba902f129b6dedac7e9933839f14b" "/opt/rustwide/cargo-home/bin/cargo" "+1.100.0-beta.1" "test" "--frozen" "--release", kill_on_drop: false }`
[INFO] [stderr] warning: `package.homepage` is redundant with `package.repository`
[INFO] [stderr]    --> Cargo.toml:118:12
[INFO] [stderr]     |
[INFO] [stderr] 118 | homepage = "https://github.com/arhamymr/hexbuffer-proxy"
[INFO] [stderr]     |            ^^^^^^^^^^^^^^^^^^^^^^^^^^^^^^^^^^^^^^^^^^^^^
[INFO] [stderr] ...
[INFO] [stderr] 123 | repository = "https://github.com/arhamymr/hexbuffer-proxy"
[INFO] [stderr]     |              ---------------------------------------------
[INFO] [stderr]     |
[INFO] [stderr]     = note: `cargo::redundant_homepage` is set to `warn` by default
[INFO] [stderr] help: consider removing `package.homepage`
[INFO] [stderr] warning: `hexbuffer-proxy` (manifest) generated 1 warning
[INFO] [stderr]     Finished `release` profile [optimized] target(s) in 0.30s
[INFO] [stderr]      Running unittests src/lib.rs (/opt/rustwide/target/release/build/hexbuffer-proxy/ffc0c751f0bc19eb/out/hexbuffer_proxy-ffc0c751f0bc19eb)
[INFO] [stdout] 
[INFO] [stdout] running 67 tests
[INFO] [stdout] test builder::tests::test_body_from_bytes ... ok
[INFO] [stdout] test builder::tests::test_handler_stack_short_circuits_request ... ok
[INFO] [stdout] test builder::tests::test_noop_handler_passes_request_through ... ok
[INFO] [stdout] test builder::tests::test_builder_with_cert_dir ... ok
[INFO] [stdout] test builder::tests::test_builder_cert_dir_with_string ... ok
[INFO] [stdout] test builder::tests::test_noop_handler_passes_response_through ... ok
[INFO] [stdout] test builder::tests::test_handler_stack_response_still_chains_after_short_circuit ... ok
[INFO] [stdout] test builder::tests::test_body_full_roundtrip ... ok
[INFO] [stdout] test builder::tests::test_handler_stack_chains_requests ... ok
[INFO] [stdout] test builder::tests::test_builder_with_addr ... FAILED
[INFO] [stdout] test builder::tests::test_builder_default_trait ... FAILED
[INFO] [stdout] test builder::tests::test_builder_explicit_ca_overrides_cert_dir ... ok
[INFO] [stdout] test ca::tests::test_forge_different_hosts ... FAILED
[INFO] [stdout] test builder::tests::test_builder_single_handler_stores_directly ... FAILED
[INFO] [stdout] test builder::tests::test_handler_stack_chains_responses ... ok
[INFO] [stdout] test builder::tests::test_builder_multiple_handlers_wraps_in_stack ... FAILED
[INFO] [stdout] test ca::tests::test_forge_googlevideo_cdn_hostname ... FAILED
[INFO] [stdout] test builder::tests::test_proxy_enable_disable_toggle ... FAILED
[INFO] [stdout] test builder::tests::test_builder_defaults ... FAILED
[INFO] [stdout] test builder::tests::test_start_with_listener_accepts_connection ... FAILED
[INFO] [stdout] test error::tests::test_proxy_error_display_cert ... ok
[INFO] [stdout] test error::tests::test_proxy_error_display_connection ... ok
[INFO] [stdout] test ca::tests::test_forge_certificate_returns_valid_data ... FAILED
[INFO] [stdout] test ca::tests::test_ca_creation ... FAILED
[INFO] [stdout] test ca::tests::test_forge_certificate_caching ... FAILED
[INFO] [stdout] test error::tests::test_proxy_error_display_protocol ... ok
[INFO] [stdout] test error::tests::test_proxy_error_display_io ... ok
[INFO] [stdout] test error::tests::test_result_type_alias_is_correct ... ok
[INFO] [stdout] test error::tests::test_io_error_auto_conversion ... ok
[INFO] [stdout] test handler::tests::test_body_from_bytes ... ok
[INFO] [stdout] test handler::tests::test_body_full_into_bytes ... ok
[INFO] [stdout] test handler::tests::test_full_body_creates_correct_bytes ... ok
[INFO] [stdout] test http_proxy::tests::test_extract_host_from_absolute_uri ... ok
[INFO] [stdout] test http_proxy::tests::test_force_connection_close_inserts_when_missing ... ok
[INFO] [stdout] test ca::tests::test_forge_unique_key_per_host ... FAILED
[INFO] [stdout] test proxy::tests::test_is_no_body_status_false_for_200 ... ok
[INFO] [stdout] test http_proxy::tests::test_force_connection_close_replaces_keep_alive ... ok
[INFO] [stdout] test proxy::tests::test_is_chunked_detects_transfer_encoding ... ok
[INFO] [stdout] test proxy::tests::test_get_content_length_missing_returns_none ... ok
[INFO] [stdout] test builder::tests::test_builder_no_handler_defaults_to_noop ... FAILED
[INFO] [stdout] test proxy::tests::test_is_no_body_status_true_for_101_204_304 ... ok
[INFO] [stdout] test proxy::tests::test_get_content_length_parses_value ... ok
[INFO] [stdout] test builder::tests::test_builder_with_request_buffer_size ... FAILED
[INFO] [stdout] test ca::tests::test_new_in_loads_existing_ca ... ok
[INFO] [stdout] test ca::tests::test_new_in_creates_files_in_custom_dir ... ok
[INFO] [stdout] test ca::tests::test_new_in_forge_certificate_works ... ok
[INFO] [stdout] test proxy::tests::test_parse_raw_response_200_ok ... ok
[INFO] [stdout] test proxy::tests::test_parse_raw_response_404 ... ok
[INFO] [stdout] test http_proxy::tests::test_extract_host_from_host_header ... ok
[INFO] [stdout] test proxy::tests::test_serialize_response_includes_body ... ok
[INFO] [stdout] test proxy::tests::test_serialize_response_no_body_for_204 ... ok
[INFO] [stdout] test ws_proxy::tests::test_is_websocket_response_not_101 ... ok
[INFO] [stdout] test proxy::tests::test_parse_raw_request_basic_get ... ok
[INFO] [stdout] test proxy::tests::test_parse_raw_request_trims_header_values ... ok
[INFO] [stdout] test proxy::tests::test_serialize_request_includes_body ... ok
[INFO] [stdout] test ca::tests::test_new_in_caching_still_works ... ok
[INFO] [stdout] test http_proxy::tests::test_extract_host_missing_errors ... ok
[INFO] [stdout] test proxy::tests::test_parse_raw_request_with_headers ... ok
[INFO] [stdout] test proxy::tests::test_serialize_request_roundtrip ... ok
[INFO] [stdout] test proxy::tests::test_serialize_response_roundtrip ... ok
[INFO] [stdout] test ws_proxy::tests::test_is_websocket_upgrade_missing_connection ... ok
[INFO] [stdout] test ws_proxy::tests::test_is_websocket_upgrade_case_insensitive ... ok
[INFO] [stdout] test ws_proxy::tests::test_is_websocket_upgrade_bytes_false ... ok
[INFO] [stdout] test ws_proxy::tests::test_is_websocket_upgrade_bytes_true ... ok
[INFO] [stdout] test ws_proxy::tests::test_is_websocket_response_101 ... ok
[INFO] [stdout] test ws_proxy::tests::test_is_websocket_upgrade_not_websocket ... ok
[INFO] [stdout] test ws_proxy::tests::test_is_websocket_upgrade_true ... ok
[INFO] [stdout] 
[INFO] [stdout] failures:
[INFO] [stdout] 
[INFO] [stdout] ---- builder::tests::test_builder_with_addr stdout ----
[INFO] [stdout] Generating new CA certificate...
[INFO] [stdout] 
[INFO] [stdout] thread 'builder::tests::test_builder_with_addr' (3422) panicked at src/ca.rs:106:43:
[INFO] [stdout] Failed to create cert directory: Os { code: 30, kind: ReadOnlyFilesystem, message: "Read-only file system" }
[INFO] [stdout] stack backtrace:
[INFO] [stdout]    0:     0x5ec725f3ac51 - <<std[617be2ca0a6fd877]::sys::backtrace::BacktraceLock>::print::DisplayBacktrace as core[a373ad73a504971]::fmt::Display>::fmt
[INFO] [stdout]    1:     0x5ec725f526da - core[a373ad73a504971]::fmt::write
[INFO] [stdout]    2:     0x5ec725f3ffdc - <alloc[2e1b2a31b91974c5]::vec::Vec<u8> as core[a373ad73a504971]::io::write::Write>::write_fmt
[INFO] [stdout]    3:     0x5ec725f143e6 - std[617be2ca0a6fd877]::panicking::default_hook::{closure#0}
[INFO] [stdout]    4:     0x5ec725f32029 - std[617be2ca0a6fd877]::panicking::default_hook
[INFO] [stdout]    5:     0x5ec725b36430 - test[aada8e7e76ba119b]::test_main_inner::{closure#0}
[INFO] [stdout]    6:     0x5ec725f32352 - std[617be2ca0a6fd877]::panicking::panic_with_hook
[INFO] [stdout]    7:     0x5ec725f14492 - std[617be2ca0a6fd877]::panicking::panic_handler::{closure#0}
[INFO] [stdout]    8:     0x5ec725f0c889 - std[617be2ca0a6fd877]::sys::backtrace::__rust_end_short_backtrace::<std[617be2ca0a6fd877]::panicking::panic_handler::{closure#0}, !>
[INFO] [stdout]    9:     0x5ec725f1539d - __rustc[ea4f61d10b84890b]::rust_begin_unwind
[INFO] [stdout]   10:     0x5ec725f52e3c - core[a373ad73a504971]::panicking::panic_fmt
[INFO] [stdout]   11:     0x5ec725f52c12 - core[a373ad73a504971]::result::unwrap_failed
[INFO] [stdout]   12:     0x5ec725b093d8 - <hexbuffer_proxy[59aa4faaf73ba4b7]::ca::CertificationAuthority>::generate_ca
[INFO] [stdout]   13:     0x5ec725b0bd53 - <hexbuffer_proxy[59aa4faaf73ba4b7]::ca::CertificationAuthority>::new
[INFO] [stdout]   14:     0x5ec725aab366 - <hexbuffer_proxy[59aa4faaf73ba4b7]::builder::ProxyBuilder>::build
[INFO] [stdout]   15:     0x5ec725a61332 - <hexbuffer_proxy[59aa4faaf73ba4b7]::builder::tests::test_builder_with_addr::{closure#0} as core[a373ad73a504971]::ops::function::FnOnce<()>>::call_once
[INFO] [stdout]   16:     0x5ec725b2987b - test[aada8e7e76ba119b]::__rust_begin_short_backtrace::<core[a373ad73a504971]::result::Result<(), alloc[2e1b2a31b91974c5]::string::String>, fn() -> core[a373ad73a504971]::result::Result<(), alloc[2e1b2a31b91974c5]::string::String>>
[INFO] [stdout]   17:     0x5ec725b36a55 - test[aada8e7e76ba119b]::run_test::{closure#0}
[INFO] [stdout]   18:     0x5ec725b30344 - std[617be2ca0a6fd877]::sys::backtrace::__rust_begin_short_backtrace::<test[aada8e7e76ba119b]::run_test::{closure#1}, ()>
[INFO] [stdout]   19:     0x5ec725b39ae2 - <std[617be2ca0a6fd877]::thread::lifecycle::spawn_unchecked<test[aada8e7e76ba119b]::run_test::{closure#1}, ()>::{closure#1} as core[a373ad73a504971]::ops::function::FnOnce<()>>::call_once::{shim:vtable#0}
[INFO] [stdout]   20:     0x5ec725f39bbf - <std[617be2ca0a6fd877]::sys::thread::unix::Thread>::new::thread_start
[INFO] [stdout]   21:     0x7496b178adfa - <unknown>
[INFO] [stdout]   22:     0x7496b181e3d4 - clone
[INFO] [stdout]   23:                0x0 - <unknown>
[INFO] [stdout] 
[INFO] [stdout] ---- builder::tests::test_builder_default_trait stdout ----
[INFO] [stdout] Generating new CA certificate...
[INFO] [stdout] 
[INFO] [stdout] thread 'builder::tests::test_builder_default_trait' (3416) panicked at src/ca.rs:106:43:
[INFO] [stdout] Failed to create cert directory: Os { code: 30, kind: ReadOnlyFilesystem, message: "Read-only file system" }
[INFO] [stdout] stack backtrace:
[INFO] [stdout]    0:     0x5ec725f3ac51 - <<std[617be2ca0a6fd877]::sys::backtrace::BacktraceLock>::print::DisplayBacktrace as core[a373ad73a504971]::fmt::Display>::fmt
[INFO] [stdout]    1:     0x5ec725f526da - core[a373ad73a504971]::fmt::write
[INFO] [stdout]    2:     0x5ec725f3ffdc - <alloc[2e1b2a31b91974c5]::vec::Vec<u8> as core[a373ad73a504971]::io::write::Write>::write_fmt
[INFO] [stdout]    3:     0x5ec725f143e6 - std[617be2ca0a6fd877]::panicking::default_hook::{closure#0}
[INFO] [stdout]    4:     0x5ec725f32029 - std[617be2ca0a6fd877]::panicking::default_hook
[INFO] [stdout]    5:     0x5ec725b36430 - test[aada8e7e76ba119b]::test_main_inner::{closure#0}
[INFO] [stdout]    6:     0x5ec725f32352 - std[617be2ca0a6fd877]::panicking::panic_with_hook
[INFO] [stdout]    7:     0x5ec725f14492 - std[617be2ca0a6fd877]::panicking::panic_handler::{closure#0}
[INFO] [stdout]    8:     0x5ec725f0c889 - std[617be2ca0a6fd877]::sys::backtrace::__rust_end_short_backtrace::<std[617be2ca0a6fd877]::panicking::panic_handler::{closure#0}, !>
[INFO] [stdout]    9:     0x5ec725f1539d - __rustc[ea4f61d10b84890b]::rust_begin_unwind
[INFO] [stdout]   10:     0x5ec725f52e3c - core[a373ad73a504971]::panicking::panic_fmt
[INFO] [stdout]   11:     0x5ec725f52c12 - core[a373ad73a504971]::result::unwrap_failed
[INFO] [stdout]   12:     0x5ec725b093d8 - <hexbuffer_proxy[59aa4faaf73ba4b7]::ca::CertificationAuthority>::generate_ca
[INFO] [stdout]   13:     0x5ec725b0bd53 - <hexbuffer_proxy[59aa4faaf73ba4b7]::ca::CertificationAuthority>::new
[INFO] [stdout]   14:     0x5ec725aab366 - <hexbuffer_proxy[59aa4faaf73ba4b7]::builder::ProxyBuilder>::build
[INFO] [stdout]   15:     0x5ec725a61742 - <hexbuffer_proxy[59aa4faaf73ba4b7]::builder::tests::test_builder_default_trait::{closure#0} as core[a373ad73a504971]::ops::function::FnOnce<()>>::call_once
[INFO] [stdout]   16:     0x5ec725b2987b - test[aada8e7e76ba119b]::__rust_begin_short_backtrace::<core[a373ad73a504971]::result::Result<(), alloc[2e1b2a31b91974c5]::string::String>, fn() -> core[a373ad73a504971]::result::Result<(), alloc[2e1b2a31b91974c5]::string::String>>
[INFO] [stdout]   17:     0x5ec725b36a55 - test[aada8e7e76ba119b]::run_test::{closure#0}
[INFO] [stdout]   18:     0x5ec725b30344 - std[617be2ca0a6fd877]::sys::backtrace::__rust_begin_short_backtrace::<test[aada8e7e76ba119b]::run_test::{closure#1}, ()>
[INFO] [stdout]   19:     0x5ec725b39ae2 - <std[617be2ca0a6fd877]::thread::lifecycle::spawn_unchecked<test[aada8e7e76ba119b]::run_test::{closure#1}, ()>::{closure#1} as core[a373ad73a504971]::ops::function::FnOnce<()>>::call_once::{shim:vtable#0}
[INFO] [stdout]   20:     0x5ec725f39bbf - <std[617be2ca0a6fd877]::sys::thread::unix::Thread>::new::thread_start
[INFO] [stdout]   21:     0x7496b178adfa - <unknown>
[INFO] [stdout]   22:     0x7496b181e3d4 - clone
[INFO] [stdout]   23:                0x0 - <unknown>
[INFO] [stdout] 
[INFO] [stdout] ---- ca::tests::test_forge_different_hosts stdout ----
[INFO] [stdout] Generating new CA certificate...
[INFO] [stdout] 
[INFO] [stdout] thread 'ca::tests::test_forge_different_hosts' (3436) panicked at src/ca.rs:106:43:
[INFO] [stdout] Failed to create cert directory: Os { code: 30, kind: ReadOnlyFilesystem, message: "Read-only file system" }
[INFO] [stdout] stack backtrace:
[INFO] [stdout]    0:     0x5ec725f3ac51 - <<std[617be2ca0a6fd877]::sys::backtrace::BacktraceLock>::print::DisplayBacktrace as core[a373ad73a504971]::fmt::Display>::fmt
[INFO] [stdout]    1:     0x5ec725f526da - core[a373ad73a504971]::fmt::write
[INFO] [stdout]    2:     0x5ec725f3ffdc - <alloc[2e1b2a31b91974c5]::vec::Vec<u8> as core[a373ad73a504971]::io::write::Write>::write_fmt
[INFO] [stdout]    3:     0x5ec725f143e6 - std[617be2ca0a6fd877]::panicking::default_hook::{closure#0}
[INFO] [stdout]    4:     0x5ec725f32029 - std[617be2ca0a6fd877]::panicking::default_hook
[INFO] [stdout]    5:     0x5ec725b36430 - test[aada8e7e76ba119b]::test_main_inner::{closure#0}
[INFO] [stdout]    6:     0x5ec725f32352 - std[617be2ca0a6fd877]::panicking::panic_with_hook
[INFO] [stdout]    7:     0x5ec725f14492 - std[617be2ca0a6fd877]::panicking::panic_handler::{closure#0}
[INFO] [stdout]    8:     0x5ec725f0c889 - std[617be2ca0a6fd877]::sys::backtrace::__rust_end_short_backtrace::<std[617be2ca0a6fd877]::panicking::panic_handler::{closure#0}, !>
[INFO] [stdout]    9:     0x5ec725f1539d - __rustc[ea4f61d10b84890b]::rust_begin_unwind
[INFO] [stdout]   10:     0x5ec725f52e3c - core[a373ad73a504971]::panicking::panic_fmt
[INFO] [stdout]   11:     0x5ec725f52c12 - core[a373ad73a504971]::result::unwrap_failed
[INFO] [stdout]   12:     0x5ec725b093d8 - <hexbuffer_proxy[59aa4faaf73ba4b7]::ca::CertificationAuthority>::generate_ca
[INFO] [stdout]   13:     0x5ec725b0bd53 - <hexbuffer_proxy[59aa4faaf73ba4b7]::ca::CertificationAuthority>::new
[INFO] [stdout]   14:     0x5ec725a5f77a - <hexbuffer_proxy[59aa4faaf73ba4b7]::ca::tests::test_forge_different_hosts::{closure#0} as core[a373ad73a504971]::ops::function::FnOnce<()>>::call_once
[INFO] [stdout]   15:     0x5ec725b2987b - test[aada8e7e76ba119b]::__rust_begin_short_backtrace::<core[a373ad73a504971]::result::Result<(), alloc[2e1b2a31b91974c5]::string::String>, fn() -> core[a373ad73a504971]::result::Result<(), alloc[2e1b2a31b91974c5]::string::String>>
[INFO] [stdout]   16:     0x5ec725b36a55 - test[aada8e7e76ba119b]::run_test::{closure#0}
[INFO] [stdout]   17:     0x5ec725b30344 - std[617be2ca0a6fd877]::sys::backtrace::__rust_begin_short_backtrace::<test[aada8e7e76ba119b]::run_test::{closure#1}, ()>
[INFO] [stdout]   18:     0x5ec725b39ae2 - <std[617be2ca0a6fd877]::thread::lifecycle::spawn_unchecked<test[aada8e7e76ba119b]::run_test::{closure#1}, ()>::{closure#1} as core[a373ad73a504971]::ops::function::FnOnce<()>>::call_once::{shim:vtable#0}
[INFO] [stdout]   19:     0x5ec725f39bbf - <std[617be2ca0a6fd877]::sys::thread::unix::Thread>::new::thread_start
[INFO] [stdout]   20:     0x7496b178adfa - <unknown>
[INFO] [stdout]   21:     0x7496b181e3d4 - clone
[INFO] [stdout]   22:                0x0 - <unknown>
[INFO] [stdout] 
[INFO] [stdout] ---- builder::tests::test_builder_single_handler_stores_directly stdout ----
[INFO] [stdout] Generating new CA certificate...
[INFO] [stdout] 
[INFO] [stdout] thread 'builder::tests::test_builder_single_handler_stores_directly' (3421) panicked at src/ca.rs:106:43:
[INFO] [stdout] Failed to create cert directory: Os { code: 30, kind: ReadOnlyFilesystem, message: "Read-only file system" }
[INFO] [stdout] stack backtrace:
[INFO] [stdout]    0:     0x5ec725f3ac51 - <<std[617be2ca0a6fd877]::sys::backtrace::BacktraceLock>::print::DisplayBacktrace as core[a373ad73a504971]::fmt::Display>::fmt
[INFO] [stdout]    1:     0x5ec725f526da - core[a373ad73a504971]::fmt::write
[INFO] [stdout]    2:     0x5ec725f3ffdc - <alloc[2e1b2a31b91974c5]::vec::Vec<u8> as core[a373ad73a504971]::io::write::Write>::write_fmt
[INFO] [stdout]    3:     0x5ec725f143e6 - std[617be2ca0a6fd877]::panicking::default_hook::{closure#0}
[INFO] [stdout]    4:     0x5ec725f32029 - std[617be2ca0a6fd877]::panicking::default_hook
[INFO] [stdout]    5:     0x5ec725b36430 - test[aada8e7e76ba119b]::test_main_inner::{closure#0}
[INFO] [stdout]    6:     0x5ec725f32352 - std[617be2ca0a6fd877]::panicking::panic_with_hook
[INFO] [stdout]    7:     0x5ec725f14492 - std[617be2ca0a6fd877]::panicking::panic_handler::{closure#0}
[INFO] [stdout]    8:     0x5ec725f0c889 - std[617be2ca0a6fd877]::sys::backtrace::__rust_end_short_backtrace::<std[617be2ca0a6fd877]::panicking::panic_handler::{closure#0}, !>
[INFO] [stdout]    9:     0x5ec725f1539d - __rustc[ea4f61d10b84890b]::rust_begin_unwind
[INFO] [stdout]   10:     0x5ec725f52e3c - core[a373ad73a504971]::panicking::panic_fmt
[INFO] [stdout]   11:     0x5ec725f52c12 - core[a373ad73a504971]::result::unwrap_failed
[INFO] [stdout]   12:     0x5ec725b093d8 - <hexbuffer_proxy[59aa4faaf73ba4b7]::ca::CertificationAuthority>::generate_ca
[INFO] [stdout]   13:     0x5ec725b0bd53 - <hexbuffer_proxy[59aa4faaf73ba4b7]::ca::CertificationAuthority>::new
[INFO] [stdout]   14:     0x5ec725aab366 - <hexbuffer_proxy[59aa4faaf73ba4b7]::builder::ProxyBuilder>::build
[INFO] [stdout]   15:     0x5ec725a633ad - <hexbuffer_proxy[59aa4faaf73ba4b7]::builder::tests::test_builder_single_handler_stores_directly::{closure#0} as core[a373ad73a504971]::ops::function::FnOnce<()>>::call_once
[INFO] [stdout]   16:     0x5ec725b2987b - test[aada8e7e76ba119b]::__rust_begin_short_backtrace::<core[a373ad73a504971]::result::Result<(), alloc[2e1b2a31b91974c5]::string::String>, fn() -> core[a373ad73a504971]::result::Result<(), alloc[2e1b2a31b91974c5]::string::String>>
[INFO] [stdout]   17:     0x5ec725b36a55 - test[aada8e7e76ba119b]::run_test::{closure#0}
[INFO] [stdout]   18:     0x5ec725b30344 - std[617be2ca0a6fd877]::sys::backtrace::__rust_begin_short_backtrace::<test[aada8e7e76ba119b]::run_test::{closure#1}, ()>
[INFO] [stdout]   19:     0x5ec725b39ae2 - <std[617be2ca0a6fd877]::thread::lifecycle::spawn_unchecked<test[aada8e7e76ba119b]::run_test::{closure#1}, ()>::{closure#1} as core[a373ad73a504971]::ops::function::FnOnce<()>>::call_once::{shim:vtable#0}
[INFO] [stdout]   20:     0x5ec725f39bbf - <std[617be2ca0a6fd877]::sys::thread::unix::Thread>::new::thread_start
[INFO] [stdout]   21:     0x7496b178adfa - <unknown>
[INFO] [stdout]   22:     0x7496b181e3d4 - clone
[INFO] [stdout]   23:                0x0 - <unknown>
[INFO] [stdout] 
[INFO] [stdout] ---- builder::tests::test_builder_multiple_handlers_wraps_in_stack stdout ----
[INFO] [stdout] Generating new CA certificate...
[INFO] [stdout] 
[INFO] [stdout] thread 'builder::tests::test_builder_multiple_handlers_wraps_in_stack' (3419) panicked at src/ca.rs:106:43:
[INFO] [stdout] Failed to create cert directory: Os { code: 30, kind: ReadOnlyFilesystem, message: "Read-only file system" }
[INFO] [stdout] stack backtrace:
[INFO] [stdout]    0:     0x5ec725f3ac51 - <<std[617be2ca0a6fd877]::sys::backtrace::BacktraceLock>::print::DisplayBacktrace as core[a373ad73a504971]::fmt::Display>::fmt
[INFO] [stdout]    1:     0x5ec725f526da - core[a373ad73a504971]::fmt::write
[INFO] [stdout]    2:     0x5ec725f3ffdc - <alloc[2e1b2a31b91974c5]::vec::Vec<u8> as core[a373ad73a504971]::io::write::Write>::write_fmt
[INFO] [stdout]    3:     0x5ec725f143e6 - std[617be2ca0a6fd877]::panicking::default_hook::{closure#0}
[INFO] [stdout]    4:     0x5ec725f32029 - std[617be2ca0a6fd877]::panicking::default_hook
[INFO] [stdout]    5:     0x5ec725b36430 - test[aada8e7e76ba119b]::test_main_inner::{closure#0}
[INFO] [stdout]    6:     0x5ec725f32352 - std[617be2ca0a6fd877]::panicking::panic_with_hook
[INFO] [stdout]    7:     0x5ec725f14492 - std[617be2ca0a6fd877]::panicking::panic_handler::{closure#0}
[INFO] [stdout]    8:     0x5ec725f0c889 - std[617be2ca0a6fd877]::sys::backtrace::__rust_end_short_backtrace::<std[617be2ca0a6fd877]::panicking::panic_handler::{closure#0}, !>
[INFO] [stdout]    9:     0x5ec725f1539d - __rustc[ea4f61d10b84890b]::rust_begin_unwind
[INFO] [stdout]   10:     0x5ec725f52e3c - core[a373ad73a504971]::panicking::panic_fmt
[INFO] [stdout]   11:     0x5ec725f52c12 - core[a373ad73a504971]::result::unwrap_failed
[INFO] [stdout]   12:     0x5ec725b093d8 - <hexbuffer_proxy[59aa4faaf73ba4b7]::ca::CertificationAuthority>::generate_ca
[INFO] [stdout]   13:     0x5ec725b0bd53 - <hexbuffer_proxy[59aa4faaf73ba4b7]::ca::CertificationAuthority>::new
[INFO] [stdout]   14:     0x5ec725aab366 - <hexbuffer_proxy[59aa4faaf73ba4b7]::builder::ProxyBuilder>::build
[INFO] [stdout]   15:     0x5ec725a6371b - <hexbuffer_proxy[59aa4faaf73ba4b7]::builder::tests::test_builder_multiple_handlers_wraps_in_stack::{closure#0} as core[a373ad73a504971]::ops::function::FnOnce<()>>::call_once
[INFO] [stdout]   16:     0x5ec725b2987b - test[aada8e7e76ba119b]::__rust_begin_short_backtrace::<core[a373ad73a504971]::result::Result<(), alloc[2e1b2a31b91974c5]::string::String>, fn() -> core[a373ad73a504971]::result::Result<(), alloc[2e1b2a31b91974c5]::string::String>>
[INFO] [stdout]   17:     0x5ec725b36a55 - test[aada8e7e76ba119b]::run_test::{closure#0}
[INFO] [stdout]   18:     0x5ec725b30344 - std[617be2ca0a6fd877]::sys::backtrace::__rust_begin_short_backtrace::<test[aada8e7e76ba119b]::run_test::{closure#1}, ()>
[INFO] [stdout]   19:     0x5ec725b39ae2 - <std[617be2ca0a6fd877]::thread::lifecycle::spawn_unchecked<test[aada8e7e76ba119b]::run_test::{closure#1}, ()>::{closure#1} as core[a373ad73a504971]::ops::function::FnOnce<()>>::call_once::{shim:vtable#0}
[INFO] [stdout]   20:     0x5ec725f39bbf - <std[617be2ca0a6fd877]::sys::thread::unix::Thread>::new::thread_start
[INFO] [stdout]   21:     0x7496b178adfa - <unknown>
[INFO] [stdout]   22:     0x7496b181e3d4 - clone
[INFO] [stdout]   23:                0x0 - <unknown>
[INFO] [stdout] 
[INFO] [stdout] ---- ca::tests::test_forge_googlevideo_cdn_hostname stdout ----
[INFO] [stdout] Generating new CA certificate...
[INFO] [stdout] 
[INFO] [stdout] thread 'ca::tests::test_forge_googlevideo_cdn_hostname' (3437) panicked at src/ca.rs:106:43:
[INFO] [stdout] Failed to create cert directory: Os { code: 30, kind: ReadOnlyFilesystem, message: "Read-only file system" }
[INFO] [stdout] stack backtrace:
[INFO] [stdout]    0:     0x5ec725f3ac51 - <<std[617be2ca0a6fd877]::sys::backtrace::BacktraceLock>::print::DisplayBacktrace as core[a373ad73a504971]::fmt::Display>::fmt
[INFO] [stdout]    1:     0x5ec725f526da - core[a373ad73a504971]::fmt::write
[INFO] [stdout]    2:     0x5ec725f3ffdc - <alloc[2e1b2a31b91974c5]::vec::Vec<u8> as core[a373ad73a504971]::io::write::Write>::write_fmt
[INFO] [stdout]    3:     0x5ec725f143e6 - std[617be2ca0a6fd877]::panicking::default_hook::{closure#0}
[INFO] [stdout]    4:     0x5ec725f32029 - std[617be2ca0a6fd877]::panicking::default_hook
[INFO] [stdout]    5:     0x5ec725b36430 - test[aada8e7e76ba119b]::test_main_inner::{closure#0}
[INFO] [stdout]    6:     0x5ec725f32352 - std[617be2ca0a6fd877]::panicking::panic_with_hook
[INFO] [stdout]    7:     0x5ec725f14492 - std[617be2ca0a6fd877]::panicking::panic_handler::{closure#0}
[INFO] [stdout]    8:     0x5ec725f0c889 - std[617be2ca0a6fd877]::sys::backtrace::__rust_end_short_backtrace::<std[617be2ca0a6fd877]::panicking::panic_handler::{closure#0}, !>
[INFO] [stdout]    9:     0x5ec725f1539d - __rustc[ea4f61d10b84890b]::rust_begin_unwind
[INFO] [stdout]   10:     0x5ec725f52e3c - core[a373ad73a504971]::panicking::panic_fmt
[INFO] [stdout]   11:     0x5ec725f52c12 - core[a373ad73a504971]::result::unwrap_failed
[INFO] [stdout]   12:     0x5ec725b093d8 - <hexbuffer_proxy[59aa4faaf73ba4b7]::ca::CertificationAuthority>::generate_ca
[INFO] [stdout]   13:     0x5ec725b0bd53 - <hexbuffer_proxy[59aa4faaf73ba4b7]::ca::CertificationAuthority>::new
[INFO] [stdout]   14:     0x5ec725a60354 - <hexbuffer_proxy[59aa4faaf73ba4b7]::ca::tests::test_forge_googlevideo_cdn_hostname::{closure#0} as core[a373ad73a504971]::ops::function::FnOnce<()>>::call_once
[INFO] [stdout]   15:     0x5ec725b2987b - test[aada8e7e76ba119b]::__rust_begin_short_backtrace::<core[a373ad73a504971]::result::Result<(), alloc[2e1b2a31b91974c5]::string::String>, fn() -> core[a373ad73a504971]::result::Result<(), alloc[2e1b2a31b91974c5]::string::String>>
[INFO] [stdout]   16:     0x5ec725b36a55 - test[aada8e7e76ba119b]::run_test::{closure#0}
[INFO] [stdout]   17:     0x5ec725b30344 - std[617be2ca0a6fd877]::sys::backtrace::__rust_begin_short_backtrace::<test[aada8e7e76ba119b]::run_test::{closure#1}, ()>
[INFO] [stdout]   18:     0x5ec725b39ae2 - <std[617be2ca0a6fd877]::thread::lifecycle::spawn_unchecked<test[aada8e7e76ba119b]::run_test::{closure#1}, ()>::{closure#1} as core[a373ad73a504971]::ops::function::FnOnce<()>>::call_once::{shim:vtable#0}
[INFO] [stdout]   19:     0x5ec725f39bbf - <std[617be2ca0a6fd877]::sys::thread::unix::Thread>::new::thread_start
[INFO] [stdout]   20:     0x7496b178adfa - <unknown>
[INFO] [stdout]   21:     0x7496b181e3d4 - clone
[INFO] [stdout]   22:                0x0 - <unknown>
[INFO] [stdout] 
[INFO] [stdout] ---- builder::tests::test_proxy_enable_disable_toggle stdout ----
[INFO] [stdout] Generating new CA certificate...
[INFO] [stdout] 
[INFO] [stdout] thread 'builder::tests::test_proxy_enable_disable_toggle' (3431) panicked at src/ca.rs:106:43:
[INFO] [stdout] Failed to create cert directory: Os { code: 30, kind: ReadOnlyFilesystem, message: "Read-only file system" }
[INFO] [stdout] stack backtrace:
[INFO] [stdout]    0:     0x5ec725f3ac51 - <<std[617be2ca0a6fd877]::sys::backtrace::BacktraceLock>::print::DisplayBacktrace as core[a373ad73a504971]::fmt::Display>::fmt
[INFO] [stdout]    1:     0x5ec725f526da - core[a373ad73a504971]::fmt::write
[INFO] [stdout]    2:     0x5ec725f3ffdc - <alloc[2e1b2a31b91974c5]::vec::Vec<u8> as core[a373ad73a504971]::io::write::Write>::write_fmt
[INFO] [stdout]    3:     0x5ec725f143e6 - std[617be2ca0a6fd877]::panicking::default_hook::{closure#0}
[INFO] [stdout]    4:     0x5ec725f32029 - std[617be2ca0a6fd877]::panicking::default_hook
[INFO] [stdout]    5:     0x5ec725b36430 - test[aada8e7e76ba119b]::test_main_inner::{closure#0}
[INFO] [stdout]    6:     0x5ec725f32352 - std[617be2ca0a6fd877]::panicking::panic_with_hook
[INFO] [stdout]    7:     0x5ec725f14492 - std[617be2ca0a6fd877]::panicking::panic_handler::{closure#0}
[INFO] [stdout]    8:     0x5ec725f0c889 - std[617be2ca0a6fd877]::sys::backtrace::__rust_end_short_backtrace::<std[617be2ca0a6fd877]::panicking::panic_handler::{closure#0}, !>
[INFO] [stdout]    9:     0x5ec725f1539d - __rustc[ea4f61d10b84890b]::rust_begin_unwind
[INFO] [stdout]   10:     0x5ec725f52e3c - core[a373ad73a504971]::panicking::panic_fmt
[INFO] [stdout]   11:     0x5ec725f52c12 - core[a373ad73a504971]::result::unwrap_failed
[INFO] [stdout]   12:     0x5ec725b093d8 - <hexbuffer_proxy[59aa4faaf73ba4b7]::ca::CertificationAuthority>::generate_ca
[INFO] [stdout]   13:     0x5ec725b0bd53 - <hexbuffer_proxy[59aa4faaf73ba4b7]::ca::CertificationAuthority>::new
[INFO] [stdout]   14:     0x5ec725aab366 - <hexbuffer_proxy[59aa4faaf73ba4b7]::builder::ProxyBuilder>::build
[INFO] [stdout]   15:     0x5ec725a55a87 - hexbuffer_proxy[59aa4faaf73ba4b7]::builder::tests::test_proxy_enable_disable_toggle::{closure#0}
[INFO] [stdout]   16:     0x5ec725a65473 - <tokio[5eb25f7924b72cfb]::runtime::scheduler::current_thread::Context>::enter::<core[a373ad73a504971]::task::poll::Poll<()>, <tokio[5eb25f7924b72cfb]::runtime::scheduler::current_thread::CoreGuard>::block_on<core[a373ad73a504971]::pin::Pin<&mut core[a373ad73a504971]::pin::Pin<&mut dyn core[a373ad73a504971]::future::future::Future<Output = ()>>>>::{closure#0}::{closure#0}>
[INFO] [stdout]   17:     0x5ec725aed5dc - <tokio[5eb25f7924b72cfb]::runtime::context::scoped::Scoped<tokio[5eb25f7924b72cfb]::runtime::scheduler::Context>>::set::<<tokio[5eb25f7924b72cfb]::runtime::scheduler::current_thread::CoreGuard>::enter<<tokio[5eb25f7924b72cfb]::runtime::scheduler::current_thread::CoreGuard>::block_on<core[a373ad73a504971]::pin::Pin<&mut core[a373ad73a504971]::pin::Pin<&mut dyn core[a373ad73a504971]::future::future::Future<Output = ()>>>>::{closure#0}, core[a373ad73a504971]::option::Option<()>>::{closure#0}, (alloc[2e1b2a31b91974c5]::boxed::Box<tokio[5eb25f7924b72cfb]::runtime::scheduler::current_thread::Core>, core[a373ad73a504971]::option::Option<()>)>
[INFO] [stdout]   18:     0x5ec725a67ba7 - <tokio[5eb25f7924b72cfb]::runtime::scheduler::current_thread::CoreGuard>::block_on::<core[a373ad73a504971]::pin::Pin<&mut core[a373ad73a504971]::pin::Pin<&mut dyn core[a373ad73a504971]::future::future::Future<Output = ()>>>>
[INFO] [stdout]   19:     0x5ec725a871ed - tokio[5eb25f7924b72cfb]::runtime::context::runtime::enter_runtime::<<tokio[5eb25f7924b72cfb]::runtime::scheduler::current_thread::CurrentThread>::block_on<core[a373ad73a504971]::pin::Pin<&mut dyn core[a373ad73a504971]::future::future::Future<Output = ()>>>::{closure#0}, ()>
[INFO] [stdout]   20:     0x5ec725ad59e5 - <tokio[5eb25f7924b72cfb]::runtime::runtime::Runtime>::block_on::<core[a373ad73a504971]::pin::Pin<&mut dyn core[a373ad73a504971]::future::future::Future<Output = ()>>>
[INFO] [stdout]   21:     0x5ec725a61fde - <hexbuffer_proxy[59aa4faaf73ba4b7]::builder::tests::test_proxy_enable_disable_toggle::{closure#0} as core[a373ad73a504971]::ops::function::FnOnce<()>>::call_once
[INFO] [stdout]   22:     0x5ec725b2987b - test[aada8e7e76ba119b]::__rust_begin_short_backtrace::<core[a373ad73a504971]::result::Result<(), alloc[2e1b2a31b91974c5]::string::String>, fn() -> core[a373ad73a504971]::result::Result<(), alloc[2e1b2a31b91974c5]::string::String>>
[INFO] [stdout]   23:     0x5ec725b36a55 - test[aada8e7e76ba119b]::run_test::{closure#0}
[INFO] [stdout]   24:     0x5ec725b30344 - std[617be2ca0a6fd877]::sys::backtrace::__rust_begin_short_backtrace::<test[aada8e7e76ba119b]::run_test::{closure#1}, ()>
[INFO] [stdout]   25:     0x5ec725b39ae2 - <std[617be2ca0a6fd877]::thread::lifecycle::spawn_unchecked<test[aada8e7e76ba119b]::run_test::{closure#1}, ()>::{closure#1} as core[a373ad73a504971]::ops::function::FnOnce<()>>::call_once::{shim:vtable#0}
[INFO] [stdout]   26:     0x5ec725f39bbf - <std[617be2ca0a6fd877]::sys::thread::unix::Thread>::new::thread_start
[INFO] [stdout]   27:     0x7496b178adfa - <unknown>
[INFO] [stdout]   28:     0x7496b181e3d4 - clone
[INFO] [stdout]   29:                0x0 - <unknown>
[INFO] [stdout] 
[INFO] [stdout] ---- builder::tests::test_builder_defaults stdout ----
[INFO] [stdout] Generating new CA certificate...
[INFO] [stdout] 
[INFO] [stdout] thread 'builder::tests::test_builder_defaults' (3417) panicked at src/ca.rs:106:43:
[INFO] [stdout] Failed to create cert directory: Os { code: 30, kind: ReadOnlyFilesystem, message: "Read-only file system" }
[INFO] [stdout] stack backtrace:
[INFO] [stdout]    0:     0x5ec725f3ac51 - <<std[617be2ca0a6fd877]::sys::backtrace::BacktraceLock>::print::DisplayBacktrace as core[a373ad73a504971]::fmt::Display>::fmt
[INFO] [stdout]    1:     0x5ec725f526da - core[a373ad73a504971]::fmt::write
[INFO] [stdout]    2:     0x5ec725f3ffdc - <alloc[2e1b2a31b91974c5]::vec::Vec<u8> as core[a373ad73a504971]::io::write::Write>::write_fmt
[INFO] [stdout]    3:     0x5ec725f143e6 - std[617be2ca0a6fd877]::panicking::default_hook::{closure#0}
[INFO] [stdout]    4:     0x5ec725f32029 - std[617be2ca0a6fd877]::panicking::default_hook
[INFO] [stdout]    5:     0x5ec725b36430 - test[aada8e7e76ba119b]::test_main_inner::{closure#0}
[INFO] [stdout]    6:     0x5ec725f32352 - std[617be2ca0a6fd877]::panicking::panic_with_hook
[INFO] [stdout]    7:     0x5ec725f14492 - std[617be2ca0a6fd877]::panicking::panic_handler::{closure#0}
[INFO] [stdout]    8:     0x5ec725f0c889 - std[617be2ca0a6fd877]::sys::backtrace::__rust_end_short_backtrace::<std[617be2ca0a6fd877]::panicking::panic_handler::{closure#0}, !>
[INFO] [stdout]    9:     0x5ec725f1539d - __rustc[ea4f61d10b84890b]::rust_begin_unwind
[INFO] [stdout]   10:     0x5ec725f52e3c - core[a373ad73a504971]::panicking::panic_fmt
[INFO] [stdout]   11:     0x5ec725f52c12 - core[a373ad73a504971]::result::unwrap_failed
[INFO] [stdout]   12:     0x5ec725b093d8 - <hexbuffer_proxy[59aa4faaf73ba4b7]::ca::CertificationAuthority>::generate_ca
[INFO] [stdout]   13:     0x5ec725b0bd53 - <hexbuffer_proxy[59aa4faaf73ba4b7]::ca::CertificationAuthority>::new
[INFO] [stdout]   14:     0x5ec725aab366 - <hexbuffer_proxy[59aa4faaf73ba4b7]::builder::ProxyBuilder>::build
[INFO] [stdout]   15:     0x5ec725a6108a - <hexbuffer_proxy[59aa4faaf73ba4b7]::builder::tests::test_builder_defaults::{closure#0} as core[a373ad73a504971]::ops::function::FnOnce<()>>::call_once
[INFO] [stdout]   16:     0x5ec725b2987b - test[aada8e7e76ba119b]::__rust_begin_short_backtrace::<core[a373ad73a504971]::result::Result<(), alloc[2e1b2a31b91974c5]::string::String>, fn() -> core[a373ad73a504971]::result::Result<(), alloc[2e1b2a31b91974c5]::string::String>>
[INFO] [stdout]   17:     0x5ec725b36a55 - test[aada8e7e76ba119b]::run_test::{closure#0}
[INFO] [stdout]   18:     0x5ec725b30344 - std[617be2ca0a6fd877]::sys::backtrace::__rust_begin_short_backtrace::<test[aada8e7e76ba119b]::run_test::{closure#1}, ()>
[INFO] [stdout]   19:     0x5ec725b39ae2 - <std[617be2ca0a6fd877]::thread::lifecycle::spawn_unchecked<test[aada8e7e76ba119b]::run_test::{closure#1}, ()>::{closure#1} as core[a373ad73a504971]::ops::function::FnOnce<()>>::call_once::{shim:vtable#0}
[INFO] [stdout]   20:     0x5ec725f39bbf - <std[617be2ca0a6fd877]::sys::thread::unix::Thread>::new::thread_start
[INFO] [stdout]   21:     0x7496b178adfa - <unknown>
[INFO] [stdout]   22:     0x7496b181e3d4 - clone
[INFO] [stdout]   23:                0x0 - <unknown>
[INFO] [stdout] 
[INFO] [stdout] ---- builder::tests::test_start_with_listener_accepts_connection stdout ----
[INFO] [stdout] Generating new CA certificate...
[INFO] [stdout] 
[INFO] [stdout] thread 'builder::tests::test_start_with_listener_accepts_connection' (3432) panicked at src/ca.rs:106:43:
[INFO] [stdout] Failed to create cert directory: Os { code: 30, kind: ReadOnlyFilesystem, message: "Read-only file system" }
[INFO] [stdout] stack backtrace:
[INFO] [stdout]    0:     0x5ec725f3ac51 - <<std[617be2ca0a6fd877]::sys::backtrace::BacktraceLock>::print::DisplayBacktrace as core[a373ad73a504971]::fmt::Display>::fmt
[INFO] [stdout]    1:     0x5ec725f526da - core[a373ad73a504971]::fmt::write
[INFO] [stdout]    2:     0x5ec725f3ffdc - <alloc[2e1b2a31b91974c5]::vec::Vec<u8> as core[a373ad73a504971]::io::write::Write>::write_fmt
[INFO] [stdout]    3:     0x5ec725f143e6 - std[617be2ca0a6fd877]::panicking::default_hook::{closure#0}
[INFO] [stdout]    4:     0x5ec725f32029 - std[617be2ca0a6fd877]::panicking::default_hook
[INFO] [stdout]    5:     0x5ec725b36430 - test[aada8e7e76ba119b]::test_main_inner::{closure#0}
[INFO] [stdout]    6:     0x5ec725f32352 - std[617be2ca0a6fd877]::panicking::panic_with_hook
[INFO] [stdout]    7:     0x5ec725f14492 - std[617be2ca0a6fd877]::panicking::panic_handler::{closure#0}
[INFO] [stdout]    8:     0x5ec725f0c889 - std[617be2ca0a6fd877]::sys::backtrace::__rust_end_short_backtrace::<std[617be2ca0a6fd877]::panicking::panic_handler::{closure#0}, !>
[INFO] [stdout]    9:     0x5ec725f1539d - __rustc[ea4f61d10b84890b]::rust_begin_unwind
[INFO] [stdout]   10:     0x5ec725f52e3c - core[a373ad73a504971]::panicking::panic_fmt
[INFO] [stdout]   11:     0x5ec725f52c12 - core[a373ad73a504971]::result::unwrap_failed
[INFO] [stdout]   12:     0x5ec725b093d8 - <hexbuffer_proxy[59aa4faaf73ba4b7]::ca::CertificationAuthority>::generate_ca
[INFO] [stdout]   13:     0x5ec725b0bd53 - <hexbuffer_proxy[59aa4faaf73ba4b7]::ca::CertificationAuthority>::new
[INFO] [stdout]   14:     0x5ec725aab366 - <hexbuffer_proxy[59aa4faaf73ba4b7]::builder::ProxyBuilder>::build
[INFO] [stdout]   15:     0x5ec725a584de - hexbuffer_proxy[59aa4faaf73ba4b7]::builder::tests::test_start_with_listener_accepts_connection::{closure#0}
[INFO] [stdout]   16:     0x5ec725a65473 - <tokio[5eb25f7924b72cfb]::runtime::scheduler::current_thread::Context>::enter::<core[a373ad73a504971]::task::poll::Poll<()>, <tokio[5eb25f7924b72cfb]::runtime::scheduler::current_thread::CoreGuard>::block_on<core[a373ad73a504971]::pin::Pin<&mut core[a373ad73a504971]::pin::Pin<&mut dyn core[a373ad73a504971]::future::future::Future<Output = ()>>>>::{closure#0}::{closure#0}>
[INFO] [stdout]   17:     0x5ec725aed5dc - <tokio[5eb25f7924b72cfb]::runtime::context::scoped::Scoped<tokio[5eb25f7924b72cfb]::runtime::scheduler::Context>>::set::<<tokio[5eb25f7924b72cfb]::runtime::scheduler::current_thread::CoreGuard>::enter<<tokio[5eb25f7924b72cfb]::runtime::scheduler::current_thread::CoreGuard>::block_on<core[a373ad73a504971]::pin::Pin<&mut core[a373ad73a504971]::pin::Pin<&mut dyn core[a373ad73a504971]::future::future::Future<Output = ()>>>>::{closure#0}, core[a373ad73a504971]::option::Option<()>>::{closure#0}, (alloc[2e1b2a31b91974c5]::boxed::Box<tokio[5eb25f7924b72cfb]::runtime::scheduler::current_thread::Core>, core[a373ad73a504971]::option::Option<()>)>
[INFO] [stdout]   18:     0x5ec725a67ba7 - <tokio[5eb25f7924b72cfb]::runtime::scheduler::current_thread::CoreGuard>::block_on::<core[a373ad73a504971]::pin::Pin<&mut core[a373ad73a504971]::pin::Pin<&mut dyn core[a373ad73a504971]::future::future::Future<Output = ()>>>>
[INFO] [stdout]   19:     0x5ec725a871ed - tokio[5eb25f7924b72cfb]::runtime::context::runtime::enter_runtime::<<tokio[5eb25f7924b72cfb]::runtime::scheduler::current_thread::CurrentThread>::block_on<core[a373ad73a504971]::pin::Pin<&mut dyn core[a373ad73a504971]::future::future::Future<Output = ()>>>::{closure#0}, ()>
[INFO] [stdout]   20:     0x5ec725ad59e5 - <tokio[5eb25f7924b72cfb]::runtime::runtime::Runtime>::block_on::<core[a373ad73a504971]::pin::Pin<&mut dyn core[a373ad73a504971]::future::future::Future<Output = ()>>>
[INFO] [stdout]   21:     0x5ec725a63590 - <hexbuffer_proxy[59aa4faaf73ba4b7]::builder::tests::test_start_with_listener_accepts_connection::{closure#0} as core[a373ad73a504971]::ops::function::FnOnce<()>>::call_once
[INFO] [stdout]   22:     0x5ec725b2987b - test[aada8e7e76ba119b]::__rust_begin_short_backtrace::<core[a373ad73a504971]::result::Result<(), alloc[2e1b2a31b91974c5]::string::String>, fn() -> core[a373ad73a504971]::result::Result<(), alloc[2e1b2a31b91974c5]::string::String>>
[INFO] [stdout]   23:     0x5ec725b36a55 - test[aada8e7e76ba119b]::run_test::{closure#0}
[INFO] [stdout]   24:     0x5ec725b30344 - std[617be2ca0a6fd877]::sys::backtrace::__rust_begin_short_backtrace::<test[aada8e7e76ba119b]::run_test::{closure#1}, ()>
[INFO] [stdout]   25:     0x5ec725b39ae2 - <std[617be2ca0a6fd877]::thread::lifecycle::spawn_unchecked<test[aada8e7e76ba119b]::run_test::{closure#1}, ()>::{closure#1} as core[a373ad73a504971]::ops::function::FnOnce<()>>::call_once::{shim:vtable#0}
[INFO] [stdout]   26:     0x5ec725f39bbf - <std[617be2ca0a6fd877]::sys::thread::unix::Thread>::new::thread_start
[INFO] [stdout]   27:     0x7496b178adfa - <unknown>
[INFO] [stdout]   28:     0x7496b181e3d4 - clone
[INFO] [stdout]   29:                0x0 - <unknown>
[INFO] [stdout] 
[INFO] [stdout] ---- ca::tests::test_forge_certificate_returns_valid_data stdout ----
[INFO] [stdout] Generating new CA certificate...
[INFO] [stdout] 
[INFO] [stdout] thread 'ca::tests::test_forge_certificate_returns_valid_data' (3435) panicked at src/ca.rs:106:43:
[INFO] [stdout] Failed to create cert directory: Os { code: 30, kind: ReadOnlyFilesystem, message: "Read-only file system" }
[INFO] [stdout] stack backtrace:
[INFO] [stdout]    0:     0x5ec725f3ac51 - <<std[617be2ca0a6fd877]::sys::backtrace::BacktraceLock>::print::DisplayBacktrace as core[a373ad73a504971]::fmt::Display>::fmt
[INFO] [stdout]    1:     0x5ec725f526da - core[a373ad73a504971]::fmt::write
[INFO] [stdout]    2:     0x5ec725f3ffdc - <alloc[2e1b2a31b91974c5]::vec::Vec<u8> as core[a373ad73a504971]::io::write::Write>::write_fmt
[INFO] [stdout]    3:     0x5ec725f143e6 - std[617be2ca0a6fd877]::panicking::default_hook::{closure#0}
[INFO] [stdout]    4:     0x5ec725f32029 - std[617be2ca0a6fd877]::panicking::default_hook
[INFO] [stdout]    5:     0x5ec725b36430 - test[aada8e7e76ba119b]::test_main_inner::{closure#0}
[INFO] [stdout]    6:     0x5ec725f32352 - std[617be2ca0a6fd877]::panicking::panic_with_hook
[INFO] [stdout]    7:     0x5ec725f14492 - std[617be2ca0a6fd877]::panicking::panic_handler::{closure#0}
[INFO] [stdout]    8:     0x5ec725f0c889 - std[617be2ca0a6fd877]::sys::backtrace::__rust_end_short_backtrace::<std[617be2ca0a6fd877]::panicking::panic_handler::{closure#0}, !>
[INFO] [stdout]    9:     0x5ec725f1539d - __rustc[ea4f61d10b84890b]::rust_begin_unwind
[INFO] [stdout]   10:     0x5ec725f52e3c - core[a373ad73a504971]::panicking::panic_fmt
[INFO] [stdout]   11:     0x5ec725f52c12 - core[a373ad73a504971]::result::unwrap_failed
[INFO] [stdout]   12:     0x5ec725b093d8 - <hexbuffer_proxy[59aa4faaf73ba4b7]::ca::CertificationAuthority>::generate_ca
[INFO] [stdout]   13:     0x5ec725b0bd53 - <hexbuffer_proxy[59aa4faaf73ba4b7]::ca::CertificationAuthority>::new
[INFO] [stdout]   14:     0x5ec725a60f40 - <hexbuffer_proxy[59aa4faaf73ba4b7]::ca::tests::test_forge_certificate_returns_valid_data::{closure#0} as core[a373ad73a504971]::ops::function::FnOnce<()>>::call_once
[INFO] [stdout]   15:     0x5ec725b2987b - test[aada8e7e76ba119b]::__rust_begin_short_backtrace::<core[a373ad73a504971]::result::Result<(), alloc[2e1b2a31b91974c5]::string::String>, fn() -> core[a373ad73a504971]::result::Result<(), alloc[2e1b2a31b91974c5]::string::String>>
[INFO] [stdout]   16:     0x5ec725b36a55 - test[aada8e7e76ba119b]::run_test::{closure#0}
[INFO] [stdout]   17:     0x5ec725b30344 - std[617be2ca0a6fd877]::sys::backtrace::__rust_begin_short_backtrace::<test[aada8e7e76ba119b]::run_test::{closure#1}, ()>
[INFO] [stdout]   18:     0x5ec725b39ae2 - <std[617be2ca0a6fd877]::thread::lifecycle::spawn_unchecked<test[aada8e7e76ba119b]::run_test::{closure#1}, ()>::{closure#1} as core[a373ad73a504971]::ops::function::FnOnce<()>>::call_once::{shim:vtable#0}
[INFO] [stdout]   19:     0x5ec725f39bbf - <std[617be2ca0a6fd877]::sys::thread::unix::Thread>::new::thread_start
[INFO] [stdout]   20:     0x7496b178adfa - <unknown>
[INFO] [stdout]   21:     0x7496b181e3d4 - clone
[INFO] [stdout]   22:                0x0 - <unknown>
[INFO] [stdout] 
[INFO] [stdout] ---- ca::tests::test_ca_creation stdout ----
[INFO] [stdout] Generating new CA certificate...
[INFO] [stdout] 
[INFO] [stdout] thread 'ca::tests::test_ca_creation' (3433) panicked at src/ca.rs:106:43:
[INFO] [stdout] Failed to create cert directory: Os { code: 30, kind: ReadOnlyFilesystem, message: "Read-only file system" }
[INFO] [stdout] stack backtrace:
[INFO] [stdout]    0:     0x5ec725f3ac51 - <<std[617be2ca0a6fd877]::sys::backtrace::BacktraceLock>::print::DisplayBacktrace as core[a373ad73a504971]::fmt::Display>::fmt
[INFO] [stdout]    1:     0x5ec725f526da - core[a373ad73a504971]::fmt::write
[INFO] [stdout]    2:     0x5ec725f3ffdc - <alloc[2e1b2a31b91974c5]::vec::Vec<u8> as core[a373ad73a504971]::io::write::Write>::write_fmt
[INFO] [stdout]    3:     0x5ec725f143e6 - std[617be2ca0a6fd877]::panicking::default_hook::{closure#0}
[INFO] [stdout]    4:     0x5ec725f32029 - std[617be2ca0a6fd877]::panicking::default_hook
[INFO] [stdout]    5:     0x5ec725b36430 - test[aada8e7e76ba119b]::test_main_inner::{closure#0}
[INFO] [stdout]    6:     0x5ec725f32352 - std[617be2ca0a6fd877]::panicking::panic_with_hook
[INFO] [stdout]    7:     0x5ec725f14492 - std[617be2ca0a6fd877]::panicking::panic_handler::{closure#0}
[INFO] [stdout]    8:     0x5ec725f0c889 - std[617be2ca0a6fd877]::sys::backtrace::__rust_end_short_backtrace::<std[617be2ca0a6fd877]::panicking::panic_handler::{closure#0}, !>
[INFO] [stdout]    9:     0x5ec725f1539d - __rustc[ea4f61d10b84890b]::rust_begin_unwind
[INFO] [stdout]   10:     0x5ec725f52e3c - core[a373ad73a504971]::panicking::panic_fmt
[INFO] [stdout]   11:     0x5ec725f52c12 - core[a373ad73a504971]::result::unwrap_failed
[INFO] [stdout]   12:     0x5ec725b093d8 - <hexbuffer_proxy[59aa4faaf73ba4b7]::ca::CertificationAuthority>::generate_ca
[INFO] [stdout]   13:     0x5ec725b0bd53 - <hexbuffer_proxy[59aa4faaf73ba4b7]::ca::CertificationAuthority>::new
[INFO] [stdout]   14:     0x5ec725a5f6f5 - <hexbuffer_proxy[59aa4faaf73ba4b7]::ca::tests::test_ca_creation::{closure#0} as core[a373ad73a504971]::ops::function::FnOnce<()>>::call_once
[INFO] [stdout]   15:     0x5ec725b2987b - test[aada8e7e76ba119b]::__rust_begin_short_backtrace::<core[a373ad73a504971]::result::Result<(), alloc[2e1b2a31b91974c5]::string::String>, fn() -> core[a373ad73a504971]::result::Result<(), alloc[2e1b2a31b91974c5]::string::String>>
[INFO] [stdout]   16:     0x5ec725b36a55 - test[aada8e7e76ba119b]::run_test::{closure#0}
[INFO] [stdout]   17:     0x5ec725b30344 - std[617be2ca0a6fd877]::sys::backtrace::__rust_begin_short_backtrace::<test[aada8e7e76ba119b]::run_test::{closure#1}, ()>
[INFO] [stdout]   18:     0x5ec725b39ae2 - <std[617be2ca0a6fd877]::thread::lifecycle::spawn_unchecked<test[aada8e7e76ba119b]::run_test::{closure#1}, ()>::{closure#1} as core[a373ad73a504971]::ops::function::FnOnce<()>>::call_once::{shim:vtable#0}
[INFO] [stdout]   19:     0x5ec725f39bbf - <std[617be2ca0a6fd877]::sys::thread::unix::Thread>::new::thread_start
[INFO] [stdout]   20:     0x7496b178adfa - <unknown>
[INFO] [stdout]   21:     0x7496b181e3d4 - clone
[INFO] [stdout]   22:                0x0 - <unknown>
[INFO] [stdout] 
[INFO] [stdout] ---- ca::tests::test_forge_certificate_caching stdout ----
[INFO] [stdout] Generating new CA certificate...
[INFO] [stdout] 
[INFO] [stdout] thread 'ca::tests::test_forge_certificate_caching' (3434) panicked at src/ca.rs:106:43:
[INFO] [stdout] Failed to create cert directory: Os { code: 30, kind: ReadOnlyFilesystem, message: "Read-only file system" }
[INFO] [stdout] stack backtrace:
[INFO] [stdout]    0:     0x5ec725f3ac51 - <<std[617be2ca0a6fd877]::sys::backtrace::BacktraceLock>::print::DisplayBacktrace as core[a373ad73a504971]::fmt::Display>::fmt
[INFO] [stdout]    1:     0x5ec725f526da - core[a373ad73a504971]::fmt::write
[INFO] [stdout]    2:     0x5ec725f3ffdc - <alloc[2e1b2a31b91974c5]::vec::Vec<u8> as core[a373ad73a504971]::io::write::Write>::write_fmt
[INFO] [stdout]    3:     0x5ec725f143e6 - std[617be2ca0a6fd877]::panicking::default_hook::{closure#0}
[INFO] [stdout]    4:     0x5ec725f32029 - std[617be2ca0a6fd877]::panicking::default_hook
[INFO] [stdout]    5:     0x5ec725b36430 - test[aada8e7e76ba119b]::test_main_inner::{closure#0}
[INFO] [stdout]    6:     0x5ec725f32352 - std[617be2ca0a6fd877]::panicking::panic_with_hook
[INFO] [stdout]    7:     0x5ec725f14492 - std[617be2ca0a6fd877]::panicking::panic_handler::{closure#0}
[INFO] [stdout]    8:     0x5ec725f0c889 - std[617be2ca0a6fd877]::sys::backtrace::__rust_end_short_backtrace::<std[617be2ca0a6fd877]::panicking::panic_handler::{closure#0}, !>
[INFO] [stdout]    9:     0x5ec725f1539d - __rustc[ea4f61d10b84890b]::rust_begin_unwind
[INFO] [stdout]   10:     0x5ec725f52e3c - core[a373ad73a504971]::panicking::panic_fmt
[INFO] [stdout]   11:     0x5ec725f52c12 - core[a373ad73a504971]::result::unwrap_failed
[INFO] [stdout]   12:     0x5ec725b093d8 - <hexbuffer_proxy[59aa4faaf73ba4b7]::ca::CertificationAuthority>::generate_ca
[INFO] [stdout]   13:     0x5ec725b0bd53 - <hexbuffer_proxy[59aa4faaf73ba4b7]::ca::CertificationAuthority>::new
[INFO] [stdout]   14:     0x5ec725a5fd1c - <hexbuffer_proxy[59aa4faaf73ba4b7]::ca::tests::test_forge_certificate_caching::{closure#0} as core[a373ad73a504971]::ops::function::FnOnce<()>>::call_once
[INFO] [stdout]   15:     0x5ec725b2987b - test[aada8e7e76ba119b]::__rust_begin_short_backtrace::<core[a373ad73a504971]::result::Result<(), alloc[2e1b2a31b91974c5]::string::String>, fn() -> core[a373ad73a504971]::result::Result<(), alloc[2e1b2a31b91974c5]::string::String>>
[INFO] [stdout]   16:     0x5ec725b36a55 - test[aada8e7e76ba119b]::run_test::{closure#0}
[INFO] [stdout]   17:     0x5ec725b30344 - std[617be2ca0a6fd877]::sys::backtrace::__rust_begin_short_backtrace::<test[aada8e7e76ba119b]::run_test::{closure#1}, ()>
[INFO] [stdout]   18:     0x5ec725b39ae2 - <std[617be2ca0a6fd877]::thread::lifecycle::spawn_unchecked<test[aada8e7e76ba119b]::run_test::{closure#1}, ()>::{closure#1} as core[a373ad73a504971]::ops::function::FnOnce<()>>::call_once::{shim:vtable#0}
[INFO] [stdout]   19:     0x5ec725f39bbf - <std[617be2ca0a6fd877]::sys::thread::unix::Thread>::new::thread_start
[INFO] [stdout]   20:     0x7496b178adfa - <unknown>
[INFO] [stdout]   21:     0x7496b181e3d4 - clone
[INFO] [stdout]   22:                0x0 - <unknown>
[INFO] [stdout] 
[INFO] [stdout] ---- ca::tests::test_forge_unique_key_per_host stdout ----
[INFO] [stdout] Generating new CA certificate...
[INFO] [stdout] 
[INFO] [stdout] thread 'ca::tests::test_forge_unique_key_per_host' (3438) panicked at src/ca.rs:106:43:
[INFO] [stdout] Failed to create cert directory: Os { code: 30, kind: ReadOnlyFilesystem, message: "Read-only file system" }
[INFO] [stdout] stack backtrace:
[INFO] [stdout]    0:     0x5ec725f3ac51 - <<std[617be2ca0a6fd877]::sys::backtrace::BacktraceLock>::print::DisplayBacktrace as core[a373ad73a504971]::fmt::Display>::fmt
[INFO] [stdout]    1:     0x5ec725f526da - core[a373ad73a504971]::fmt::write
[INFO] [stdout]    2:     0x5ec725f3ffdc - <alloc[2e1b2a31b91974c5]::vec::Vec<u8> as core[a373ad73a504971]::io::write::Write>::write_fmt
[INFO] [stdout]    3:     0x5ec725f143e6 - std[617be2ca0a6fd877]::panicking::default_hook::{closure#0}
[INFO] [stdout]    4:     0x5ec725f32029 - std[617be2ca0a6fd877]::panicking::default_hook
[INFO] [stdout]    5:     0x5ec725b36430 - test[aada8e7e76ba119b]::test_main_inner::{closure#0}
[INFO] [stdout]    6:     0x5ec725f32352 - std[617be2ca0a6fd877]::panicking::panic_with_hook
[INFO] [stdout]    7:     0x5ec725f14492 - std[617be2ca0a6fd877]::panicking::panic_handler::{closure#0}
[INFO] [stdout]    8:     0x5ec725f0c889 - std[617be2ca0a6fd877]::sys::backtrace::__rust_end_short_backtrace::<std[617be2ca0a6fd877]::panicking::panic_handler::{closure#0}, !>
[INFO] [stdout]    9:     0x5ec725f1539d - __rustc[ea4f61d10b84890b]::rust_begin_unwind
[INFO] [stdout]   10:     0x5ec725f52e3c - core[a373ad73a504971]::panicking::panic_fmt
[INFO] [stdout]   11:     0x5ec725f52c12 - core[a373ad73a504971]::result::unwrap_failed
[INFO] [stdout]   12:     0x5ec725b093d8 - <hexbuffer_proxy[59aa4faaf73ba4b7]::ca::CertificationAuthority>::generate_ca
[INFO] [stdout]   13:     0x5ec725b0bd53 - <hexbuffer_proxy[59aa4faaf73ba4b7]::ca::CertificationAuthority>::new
[INFO] [stdout]   14:     0x5ec725a5feba - <hexbuffer_proxy[59aa4faaf73ba4b7]::ca::tests::test_forge_unique_key_per_host::{closure#0} as core[a373ad73a504971]::ops::function::FnOnce<()>>::call_once
[INFO] [stdout]   15:     0x5ec725b2987b - test[aada8e7e76ba119b]::__rust_begin_short_backtrace::<core[a373ad73a504971]::result::Result<(), alloc[2e1b2a31b91974c5]::string::String>, fn() -> core[a373ad73a504971]::result::Result<(), alloc[2e1b2a31b91974c5]::string::String>>
[INFO] [stdout]   16:     0x5ec725b36a55 - test[aada8e7e76ba119b]::run_test::{closure#0}
[INFO] [stdout]   17:     0x5ec725b30344 - std[617be2ca0a6fd877]::sys::backtrace::__rust_begin_short_backtrace::<test[aada8e7e76ba119b]::run_test::{closure#1}, ()>
[INFO] [stdout]   18:     0x5ec725b39ae2 - <std[617be2ca0a6fd877]::thread::lifecycle::spawn_unchecked<test[aada8e7e76ba119b]::run_test::{closure#1}, ()>::{closure#1} as core[a373ad73a504971]::ops::function::FnOnce<()>>::call_once::{shim:vtable#0}
[INFO] [stdout]   19:     0x5ec725f39bbf - <std[617be2ca0a6fd877]::sys::thread::unix::Thread>::new::thread_start
[INFO] [stdout]   20:     0x7496b178adfa - <unknown>
[INFO] [stdout]   21:     0x7496b181e3d4 - clone
[INFO] [stdout]   22:                0x0 - <unknown>
[INFO] [stdout] 
[INFO] [stdout] ---- builder::tests::test_builder_no_handler_defaults_to_noop stdout ----
[INFO] [stdout] Generating new CA certificate...
[INFO] [stdout] 
[INFO] [stdout] thread 'builder::tests::test_builder_no_handler_defaults_to_noop' (3420) panicked at src/ca.rs:106:43:
[INFO] [stdout] Failed to create cert directory: Os { code: 30, kind: ReadOnlyFilesystem, message: "Read-only file system" }
[INFO] [stdout] stack backtrace:
[INFO] [stdout]    0:     0x5ec725f3ac51 - <<std[617be2ca0a6fd877]::sys::backtrace::BacktraceLock>::print::DisplayBacktrace as core[a373ad73a504971]::fmt::Display>::fmt
[INFO] [stdout]    1:     0x5ec725f526da - core[a373ad73a504971]::fmt::write
[INFO] [stdout]    2:     0x5ec725f3ffdc - <alloc[2e1b2a31b91974c5]::vec::Vec<u8> as core[a373ad73a504971]::io::write::Write>::write_fmt
[INFO] [stdout]    3:     0x5ec725f143e6 - std[617be2ca0a6fd877]::panicking::default_hook::{closure#0}
[INFO] [stdout]    4:     0x5ec725f32029 - std[617be2ca0a6fd877]::panicking::default_hook
[INFO] [stdout]    5:     0x5ec725b36430 - test[aada8e7e76ba119b]::test_main_inner::{closure#0}
[INFO] [stdout]    6:     0x5ec725f32352 - std[617be2ca0a6fd877]::panicking::panic_with_hook
[INFO] [stdout]    7:     0x5ec725f14492 - std[617be2ca0a6fd877]::panicking::panic_handler::{closure#0}
[INFO] [stdout]    8:     0x5ec725f0c889 - std[617be2ca0a6fd877]::sys::backtrace::__rust_end_short_backtrace::<std[617be2ca0a6fd877]::panicking::panic_handler::{closure#0}, !>
[INFO] [stdout]    9:     0x5ec725f1539d - __rustc[ea4f61d10b84890b]::rust_begin_unwind
[INFO] [stdout]   10:     0x5ec725f52e3c - core[a373ad73a504971]::panicking::panic_fmt
[INFO] [stdout]   11:     0x5ec725f52c12 - core[a373ad73a504971]::result::unwrap_failed
[INFO] [stdout]   12:     0x5ec725b093d8 - <hexbuffer_proxy[59aa4faaf73ba4b7]::ca::CertificationAuthority>::generate_ca
[INFO] [stdout]   13:     0x5ec725b0bd53 - <hexbuffer_proxy[59aa4faaf73ba4b7]::ca::CertificationAuthority>::new
[INFO] [stdout]   14:     0x5ec725aab366 - <hexbuffer_proxy[59aa4faaf73ba4b7]::builder::ProxyBuilder>::build
[INFO] [stdout]   15:     0x5ec725a62867 - <hexbuffer_proxy[59aa4faaf73ba4b7]::builder::tests::test_builder_no_handler_defaults_to_noop::{closure#0} as core[a373ad73a504971]::ops::function::FnOnce<()>>::call_once
[INFO] [stdout]   16:     0x5ec725b2987b - test[aada8e7e76ba119b]::__rust_begin_short_backtrace::<core[a373ad73a504971]::result::Result<(), alloc[2e1b2a31b91974c5]::string::String>, fn() -> core[a373ad73a504971]::result::Result<(), alloc[2e1b2a31b91974c5]::string::String>>
[INFO] [stdout]   17:     0x5ec725b36a55 - test[aada8e7e76ba119b]::run_test::{closure#0}
[INFO] [stdout]   18:     0x5ec725b30344 - std[617be2ca0a6fd877]::sys::backtrace::__rust_begin_short_backtrace::<test[aada8e7e76ba119b]::run_test::{closure#1}, ()>
[INFO] [stdout]   19:     0x5ec725b39ae2 - <std[617be2ca0a6fd877]::thread::lifecycle::spawn_unchecked<test[aada8e7e76ba119b]::run_test::{closure#1}, ()>::{closure#1} as core[a373ad73a504971]::ops::function::FnOnce<()>>::call_once::{shim:vtable#0}
[INFO] [stdout]   20:     0x5ec725f39bbf - <std[617be2ca0a6fd877]::sys::thread::unix::Thread>::new::thread_start
[INFO] [stdout]   21:     0x7496b178adfa - <unknown>
[INFO] [stdout]   22:     0x7496b181e3d4 - clone
[INFO] [stdout]   23:                0x0 - <unknown>
[INFO] [stdout] 
[INFO] [stdout] ---- builder::tests::test_builder_with_request_buffer_size stdout ----
[INFO] [stdout] Generating new CA certificate...
[INFO] [stdout] 
[INFO] [stdout] thread 'builder::tests::test_builder_with_request_buffer_size' (3424) panicked at src/ca.rs:106:43:
[INFO] [stdout] Failed to create cert directory: Os { code: 30, kind: ReadOnlyFilesystem, message: "Read-only file system" }
[INFO] [stdout] stack backtrace:
[INFO] [stdout]    0:     0x5ec725f3ac51 - <<std[617be2ca0a6fd877]::sys::backtrace::BacktraceLock>::print::DisplayBacktrace as core[a373ad73a504971]::fmt::Display>::fmt
[INFO] [stdout]    1:     0x5ec725f526da - core[a373ad73a504971]::fmt::write
[INFO] [stdout]    2:     0x5ec725f3ffdc - <alloc[2e1b2a31b91974c5]::vec::Vec<u8> as core[a373ad73a504971]::io::write::Write>::write_fmt
[INFO] [stdout]    3:     0x5ec725f143e6 - std[617be2ca0a6fd877]::panicking::default_hook::{closure#0}
[INFO] [stdout]    4:     0x5ec725f32029 - std[617be2ca0a6fd877]::panicking::default_hook
[INFO] [stdout]    5:     0x5ec725b36430 - test[aada8e7e76ba119b]::test_main_inner::{closure#0}
[INFO] [stdout]    6:     0x5ec725f32352 - std[617be2ca0a6fd877]::panicking::panic_with_hook
[INFO] [stdout]    7:     0x5ec725f14492 - std[617be2ca0a6fd877]::panicking::panic_handler::{closure#0}
[INFO] [stdout]    8:     0x5ec725f0c889 - std[617be2ca0a6fd877]::sys::backtrace::__rust_end_short_backtrace::<std[617be2ca0a6fd877]::panicking::panic_handler::{closure#0}, !>
[INFO] [stdout]    9:     0x5ec725f1539d - __rustc[ea4f61d10b84890b]::rust_begin_unwind
[INFO] [stdout]   10:     0x5ec725f52e3c - core[a373ad73a504971]::panicking::panic_fmt
[INFO] [stdout]   11:     0x5ec725f52c12 - core[a373ad73a504971]::result::unwrap_failed
[INFO] [stdout]   12:     0x5ec725b093d8 - <hexbuffer_proxy[59aa4faaf73ba4b7]::ca::CertificationAuthority>::generate_ca
[INFO] [stdout]   13:     0x5ec725b0bd53 - <hexbuffer_proxy[59aa4faaf73ba4b7]::ca::CertificationAuthority>::new
[INFO] [stdout]   14:     0x5ec725aab366 - <hexbuffer_proxy[59aa4faaf73ba4b7]::builder::ProxyBuilder>::build
[INFO] [stdout]   15:     0x5ec725a62726 - <hexbuffer_proxy[59aa4faaf73ba4b7]::builder::tests::test_builder_with_request_buffer_size::{closure#0} as core[a373ad73a504971]::ops::function::FnOnce<()>>::call_once
[INFO] [stdout]   16:     0x5ec725b2987b - test[aada8e7e76ba119b]::__rust_begin_short_backtrace::<core[a373ad73a504971]::result::Result<(), alloc[2e1b2a31b91974c5]::string::String>, fn() -> core[a373ad73a504971]::result::Result<(), alloc[2e1b2a31b91974c5]::string::String>>
[INFO] [stdout]   17:     0x5ec725b36a55 - test[aada8e7e76ba119b]::run_test::{closure#0}
[INFO] [stdout]   18:     0x5ec725b30344 - std[617be2ca0a6fd877]::sys::backtrace::__rust_begin_short_backtrace::<test[aada8e7e76ba119b]::run_test::{closure#1}, ()>
[INFO] [stdout]   19:     0x5ec725b39ae2 - <std[617be2ca0a6fd877]::thread::lifecycle::spawn_unchecked<test[aada8e7e76ba119b]::run_test::{closure#1}, ()>::{closure#1} as core[a373ad73a504971]::ops::function::FnOnce<()>>::call_once::{shim:vtable#0}
[INFO] [stdout]   20:     0x5ec725f39bbf - <std[617be2ca0a6fd877]::sys::thread::unix::Thread>::new::thread_start
[INFO] [stdout]   21:     0x7496b178adfa - <unknown>
[INFO] [stdout]   22:     0x7496b181e3d4 - clone
[INFO] [stdout]   23:                0x0 - <unknown>
[INFO] [stdout] 
[INFO] [stdout] 
[INFO] [stdout] failures:
[INFO] [stdout]     builder::tests::test_builder_default_trait
[INFO] [stdout]     builder::tests::test_builder_defaults
[INFO] [stdout]     builder::tests::test_builder_multiple_handlers_wraps_in_stack
[INFO] [stdout]     builder::tests::test_builder_no_handler_defaults_to_noop
[INFO] [stdout]     builder::tests::test_builder_single_handler_stores_directly
[INFO] [stdout]     builder::tests::test_builder_with_addr
[INFO] [stdout]     builder::tests::test_builder_with_request_buffer_size
[INFO] [stdout]     builder::tests::test_proxy_enable_disable_toggle
[INFO] [stdout]     builder::tests::test_start_with_listener_accepts_connection
[INFO] [stdout]     ca::tests::test_ca_creation
[INFO] [stdout]     ca::tests::test_forge_certificate_caching
[INFO] [stdout]     ca::tests::test_forge_certificate_returns_valid_data
[INFO] [stdout]     ca::tests::test_forge_different_hosts
[INFO] [stdout]     ca::tests::test_forge_googlevideo_cdn_hostname
[INFO] [stdout]     ca::tests::test_forge_unique_key_per_host
[INFO] [stdout] 
[INFO] [stdout] test result: FAILED. 52 passed; 15 failed; 0 ignored; 0 measured; 0 filtered out; finished in 0.02s
[INFO] [stdout] 
[INFO] [stderr] error: test failed, to rerun pass `--lib`
[INFO] running `Command { std: "docker" "inspect" "3a48ef0554d9b784c837ed29d434fe928d1ba902f129b6dedac7e9933839f14b", kill_on_drop: false }`
[INFO] running `Command { std: "docker" "rm" "-f" "3a48ef0554d9b784c837ed29d434fe928d1ba902f129b6dedac7e9933839f14b", kill_on_drop: false }`
[INFO] [stdout] 3a48ef0554d9b784c837ed29d434fe928d1ba902f129b6dedac7e9933839f14b
