[INFO] fetching crate hexavalent 0.3.0...
[INFO] testing hexavalent-0.3.0 against 1.99.0-beta.8+cargoflags=--release for beta-release-1.100-2
[INFO] extracting crate hexavalent 0.3.0 into /workspace/builds/worker-0-tc1/source
[INFO] started tweaking crates.io crate hexavalent 0.3.0
[INFO] removed 0 missing examples
[INFO] finished tweaking crates.io crate hexavalent 0.3.0
[INFO] tweaked toml for crates.io crate hexavalent 0.3.0 written to /workspace/builds/worker-0-tc1/source/Cargo.toml
[INFO] validating manifest of crates.io crate hexavalent 0.3.0 on toolchain 1.99.0-beta.8
[INFO] running `Command { std: CARGO_HOME="/workspace/cargo-home" RUSTUP_HOME="/workspace/rustup-home" "/workspace/cargo-home/bin/cargo" "+1.99.0-beta.8" "metadata" "--manifest-path" "Cargo.toml" "--no-deps", kill_on_drop: false }`
[INFO] crate crates.io crate hexavalent 0.3.0 already has a lockfile, it will not be regenerated
[INFO] running `Command { std: CARGO_HOME="/workspace/cargo-home" RUSTUP_HOME="/workspace/rustup-home" "/workspace/cargo-home/bin/cargo" "+1.99.0-beta.8" "fetch" "--manifest-path" "Cargo.toml", kill_on_drop: false }`
[INFO] [stderr]     Blocking waiting for file lock on package cache
[INFO] running `Command { std: "docker" "create" "-v" "/var/lib/crater-agent-workspace/builds/worker-0-tc1/source:/opt/rustwide/workdir:ro,Z" "-v" "/var/lib/crater-agent-workspace/builds/worker-0-tc1/target:/opt/rustwide/target:rw,Z" "-v" "/var/lib/crater-agent-workspace/cargo-home:/opt/rustwide/cargo-home:ro,Z" "-v" "/var/lib/crater-agent-workspace/rustup-home:/opt/rustwide/rustup-home:ro,Z" "-m" "1610612736" "--network" "none" "ghcr.io/rust-lang/crates-build-env/linux@sha256:77db811e55d90add9212f6832c23229e3de5f1c1f9905e8cb07319ea15df73ac" "sleep" "infinity", kill_on_drop: false }`
[INFO] [stdout] 08b93dd1056ff106d5f17466e656d885989edf2168703d3550559fa061ff1955
[INFO] running `Command { std: "docker" "start" "08b93dd1056ff106d5f17466e656d885989edf2168703d3550559fa061ff1955", kill_on_drop: false }`
[INFO] running `Command { std: "docker" "inspect" "08b93dd1056ff106d5f17466e656d885989edf2168703d3550559fa061ff1955", kill_on_drop: false }`
[INFO] running `Command { std: "docker" "exec" "-e" "SOURCE_DIR=/opt/rustwide/workdir" "-e" "CARGO_HOME=/opt/rustwide/cargo-home" "-e" "RUSTUP_HOME=/opt/rustwide/rustup-home" "-e" "CARGO_TARGET_DIR=/opt/rustwide/target" "-w" "/opt/rustwide/workdir" "--user" "0:0" "08b93dd1056ff106d5f17466e656d885989edf2168703d3550559fa061ff1955" "/opt/rustwide/cargo-home/bin/cargo" "+1.99.0-beta.8" "metadata" "--no-deps" "--format-version=1", kill_on_drop: false }`
[INFO] running `Command { std: "docker" "inspect" "08b93dd1056ff106d5f17466e656d885989edf2168703d3550559fa061ff1955", kill_on_drop: false }`
[INFO] running `Command { std: "docker" "exec" "-e" "SOURCE_DIR=/opt/rustwide/workdir" "-e" "CARGO_HOME=/opt/rustwide/cargo-home" "-e" "RUSTUP_HOME=/opt/rustwide/rustup-home" "-e" "CARGO_TARGET_DIR=/opt/rustwide/target" "-e" "CARGO_INCREMENTAL=0" "-e" "RUST_BACKTRACE=full" "-e" "RUSTFLAGS=--cap-lints=warn" "-e" "RUSTDOCFLAGS=--cap-lints=warn" "-w" "/opt/rustwide/workdir" "--user" "0:0" "08b93dd1056ff106d5f17466e656d885989edf2168703d3550559fa061ff1955" "/opt/rustwide/cargo-home/bin/cargo" "+1.99.0-beta.8" "build" "--frozen" "--message-format=json" "--release", kill_on_drop: false }`
[INFO] [stderr]    Compiling libc v0.2.153
[INFO] [stderr]    Compiling powerfmt v0.2.0
[INFO] [stderr]    Compiling time-core v0.1.2
[INFO] [stderr]    Compiling num-conv v0.1.0
[INFO] [stderr]    Compiling bitflags v1.3.2
[INFO] [stderr]    Compiling deranged v0.3.11
[INFO] [stderr]    Compiling time v0.3.34
[INFO] [stderr]    Compiling hexavalent v0.3.0 (/opt/rustwide/workdir)
[INFO] [stdout] warning: use of deprecated module `std::usize`: all constants in this module replaced by associated constants on the type
[INFO] [stdout]   --> src/state.rs:10:10
[INFO] [stdout]    |
[INFO] [stdout] 10 | use std::usize;
[INFO] [stdout]    |          ^^^^^
[INFO] [stdout]    |
[INFO] [stdout]    = note: `#[warn(deprecated)]` on by default
[INFO] [stdout] 
[INFO] [stdout] 
[INFO] [stdout] warning: use of deprecated constant `std::usize::MAX`: replaced by the `MAX` associated constant on this type
[INFO] [stdout]   --> src/state.rs:79:30
[INFO] [stdout]    |
[INFO] [stdout] 79 | const LOCKED: usize = usize::MAX;
[INFO] [stdout]    |                              ^^^
[INFO] [stdout] 
[INFO] [stdout] 
[INFO] [stderr]     Finished `release` profile [optimized + debuginfo] target(s) in 3.88s
[INFO] running `Command { std: "docker" "inspect" "08b93dd1056ff106d5f17466e656d885989edf2168703d3550559fa061ff1955", kill_on_drop: false }`
[INFO] running `Command { std: "docker" "exec" "-e" "SOURCE_DIR=/opt/rustwide/workdir" "-e" "CARGO_HOME=/opt/rustwide/cargo-home" "-e" "RUSTUP_HOME=/opt/rustwide/rustup-home" "-e" "CARGO_TARGET_DIR=/opt/rustwide/target" "-e" "CARGO_INCREMENTAL=0" "-e" "RUST_BACKTRACE=full" "-e" "RUSTFLAGS=--cap-lints=warn" "-e" "RUSTDOCFLAGS=--cap-lints=warn" "-w" "/opt/rustwide/workdir" "--user" "0:0" "08b93dd1056ff106d5f17466e656d885989edf2168703d3550559fa061ff1955" "/opt/rustwide/cargo-home/bin/cargo" "+1.99.0-beta.8" "test" "--frozen" "--no-run" "--message-format=json" "--release", kill_on_drop: false }`
[INFO] [stdout] warning: use of deprecated module `std::usize`: all constants in this module replaced by associated constants on the type
[INFO] [stdout]   --> src/state.rs:10:10
[INFO] [stdout]    |
[INFO] [stdout] 10 | use std::usize;
[INFO] [stdout]    |          ^^^^^
[INFO] [stdout]    |
[INFO] [stdout]    = note: `#[warn(deprecated)]` on by default
[INFO] [stdout] 
[INFO] [stdout] 
[INFO] [stdout] warning: use of deprecated constant `std::usize::MAX`: replaced by the `MAX` associated constant on this type
[INFO] [stdout]   --> src/state.rs:79:30
[INFO] [stdout]    |
[INFO] [stdout] 79 | const LOCKED: usize = usize::MAX;
[INFO] [stdout]    |                              ^^^
[INFO] [stdout] 
[INFO] [stdout] 
[INFO] [stderr]    Compiling hexavalent v0.3.0 (/opt/rustwide/workdir)
[INFO] [stdout] warning: unnecessary qualification
[INFO] [stdout]    --> src/hook.rs:163:20
[INFO] [stdout]     |
[INFO] [stdout] 163 |         assert_eq!(mem::size_of::<Priority>(), 1);
[INFO] [stdout]     |                    ^^^^^^^^^^^^^^^^^^^^^^^^
[INFO] [stdout]     |
[INFO] [stdout] note: the lint level is defined here
[INFO] [stdout]    --> src/lib.rs:104:5
[INFO] [stdout]     |
[INFO] [stdout] 104 |     unused_qualifications
[INFO] [stdout]     |     ^^^^^^^^^^^^^^^^^^^^^
[INFO] [stdout] help: remove the unnecessary path segments
[INFO] [stdout]     |
[INFO] [stdout] 163 -         assert_eq!(mem::size_of::<Priority>(), 1);
[INFO] [stdout] 163 +         assert_eq!(size_of::<Priority>(), 1);
[INFO] [stdout]     |
[INFO] [stdout] 
[INFO] [stdout] 
[INFO] [stdout] warning: unnecessary qualification
[INFO] [stdout]    --> src/hook.rs:164:20
[INFO] [stdout]     |
[INFO] [stdout] 164 |         assert_eq!(mem::size_of::<Eat>(), 1);
[INFO] [stdout]     |                    ^^^^^^^^^^^^^^^^^^^
[INFO] [stdout]     |
[INFO] [stdout] help: remove the unnecessary path segments
[INFO] [stdout]     |
[INFO] [stdout] 164 -         assert_eq!(mem::size_of::<Eat>(), 1);
[INFO] [stdout] 164 +         assert_eq!(size_of::<Eat>(), 1);
[INFO] [stdout]     |
[INFO] [stdout] 
[INFO] [stdout] 
[INFO] [stdout] warning: unnecessary qualification
[INFO] [stdout]    --> src/hook.rs:165:20
[INFO] [stdout]     |
[INFO] [stdout] 165 |         assert_eq!(mem::size_of::<Timer>(), 1);
[INFO] [stdout]     |                    ^^^^^^^^^^^^^^^^^^^^^
[INFO] [stdout]     |
[INFO] [stdout] help: remove the unnecessary path segments
[INFO] [stdout]     |
[INFO] [stdout] 165 -         assert_eq!(mem::size_of::<Timer>(), 1);
[INFO] [stdout] 165 +         assert_eq!(size_of::<Timer>(), 1);
[INFO] [stdout]     |
[INFO] [stdout] 
[INFO] [stdout] 
[INFO] [stdout] warning: use of deprecated module `std::usize`: all constants in this module replaced by associated constants on the type
[INFO] [stdout]   --> src/state.rs:10:10
[INFO] [stdout]    |
[INFO] [stdout] 10 | use std::usize;
[INFO] [stdout]    |          ^^^^^
[INFO] [stdout]    |
[INFO] [stdout]    = note: `#[warn(deprecated)]` on by default
[INFO] [stdout] 
[INFO] [stdout] 
[INFO] [stdout] warning: use of deprecated constant `std::usize::MAX`: replaced by the `MAX` associated constant on this type
[INFO] [stdout]   --> src/state.rs:79:30
[INFO] [stdout]    |
[INFO] [stdout] 79 | const LOCKED: usize = usize::MAX;
[INFO] [stdout]    |                              ^^^
[INFO] [stdout] 
[INFO] [stdout] 
[INFO] [stderr]     Finished `release` profile [optimized + debuginfo] target(s) in 11.78s
[INFO] running `Command { std: "docker" "inspect" "08b93dd1056ff106d5f17466e656d885989edf2168703d3550559fa061ff1955", kill_on_drop: false }`
[INFO] running `Command { std: "docker" "exec" "-e" "SOURCE_DIR=/opt/rustwide/workdir" "-e" "CARGO_HOME=/opt/rustwide/cargo-home" "-e" "RUSTUP_HOME=/opt/rustwide/rustup-home" "-e" "CARGO_TARGET_DIR=/opt/rustwide/target" "-e" "CARGO_INCREMENTAL=0" "-e" "RUST_BACKTRACE=full" "-e" "RUSTFLAGS=--cap-lints=warn" "-e" "RUSTDOCFLAGS=--cap-lints=warn" "-w" "/opt/rustwide/workdir" "--user" "0:0" "08b93dd1056ff106d5f17466e656d885989edf2168703d3550559fa061ff1955" "/opt/rustwide/cargo-home/bin/cargo" "+1.99.0-beta.8" "test" "--frozen" "--release", kill_on_drop: false }`
[INFO] [stderr] warning: use of deprecated module `std::usize`: all constants in this module replaced by associated constants on the type
[INFO] [stderr]   --> src/state.rs:10:10
[INFO] [stderr]    |
[INFO] [stderr] 10 | use std::usize;
[INFO] [stderr]    |          ^^^^^
[INFO] [stderr]    |
[INFO] [stderr]    = note: `#[warn(deprecated)]` on by default
[INFO] [stderr] 
[INFO] [stderr] warning: use of deprecated constant `std::usize::MAX`: replaced by the `MAX` associated constant on this type
[INFO] [stderr]   --> src/state.rs:79:30
[INFO] [stderr]    |
[INFO] [stderr] 79 | const LOCKED: usize = usize::MAX;
[INFO] [stderr]    |                              ^^^
[INFO] [stderr] 
[INFO] [stderr] warning: unnecessary qualification
[INFO] [stderr]    --> src/hook.rs:163:20
[INFO] [stderr]     |
[INFO] [stderr] 163 |         assert_eq!(mem::size_of::<Priority>(), 1);
[INFO] [stderr]     |                    ^^^^^^^^^^^^^^^^^^^^^^^^
[INFO] [stderr]     |
[INFO] [stderr] note: the lint level is defined here
[INFO] [stderr]    --> src/lib.rs:104:5
[INFO] [stderr]     |
[INFO] [stderr] 104 |     unused_qualifications
[INFO] [stderr]     |     ^^^^^^^^^^^^^^^^^^^^^
[INFO] [stderr] help: remove the unnecessary path segments
[INFO] [stderr]     |
[INFO] [stderr] 163 -         assert_eq!(mem::size_of::<Priority>(), 1);
[INFO] [stderr] 163 +         assert_eq!(size_of::<Priority>(), 1);
[INFO] [stderr]     |
[INFO] [stderr] 
[INFO] [stderr] warning: unnecessary qualification
[INFO] [stderr]    --> src/hook.rs:164:20
[INFO] [stderr]     |
[INFO] [stderr] 164 |         assert_eq!(mem::size_of::<Eat>(), 1);
[INFO] [stderr]     |                    ^^^^^^^^^^^^^^^^^^^
[INFO] [stderr]     |
[INFO] [stderr] help: remove the unnecessary path segments
[INFO] [stderr]     |
[INFO] [stderr] 164 -         assert_eq!(mem::size_of::<Eat>(), 1);
[INFO] [stderr] 164 +         assert_eq!(size_of::<Eat>(), 1);
[INFO] [stderr]     |
[INFO] [stderr] 
[INFO] [stderr] warning: unnecessary qualification
[INFO] [stderr]    --> src/hook.rs:165:20
[INFO] [stderr]     |
[INFO] [stderr] 165 |         assert_eq!(mem::size_of::<Timer>(), 1);
[INFO] [stderr]     |                    ^^^^^^^^^^^^^^^^^^^^^
[INFO] [stderr]     |
[INFO] [stderr] help: remove the unnecessary path segments
[INFO] [stderr]     |
[INFO] [stderr] 165 -         assert_eq!(mem::size_of::<Timer>(), 1);
[INFO] [stderr] 165 +         assert_eq!(size_of::<Timer>(), 1);
[INFO] [stderr]     |
[INFO] [stderr] 
[INFO] [stderr] warning: `hexavalent` (lib) generated 2 warnings
[INFO] [stderr] warning: `hexavalent` (lib test) generated 5 warnings (2 duplicates) (run `cargo fix --lib -p hexavalent --tests` to apply 3 suggestions)
[INFO] [stderr]     Finished `release` profile [optimized + debuginfo] target(s) in 0.02s
[INFO] [stderr]      Running unittests src/lib.rs (/opt/rustwide/target/release/deps/hexavalent-1c4511e6b99c48fc)
[INFO] [stdout] 
[INFO] [stdout] running 16 tests
[INFO] [stdout] test hook::tests::one_byte_enums ... ok
[INFO] [stdout] test str::tests::hexstr_debug ... ok
[INFO] [stdout] test str::tests::hexstr_deref ... ok
[INFO] [stdout] test str::tests::hexstr_display ... ok
[INFO] [stdout] test str::tests::hexstr_empty_is_empty ... ok
[INFO] [stdout] test str::tests::hexstr_to_owned ... ok
[INFO] [stdout] test str::tests::hexstring_debug ... ok
[INFO] [stdout] test str::tests::hexstring_deref ... ok
[INFO] [stdout] test str::tests::hexstring_display ... ok
[INFO] [stdout] test str::tests::hexstring_into_cstring ... ok
[INFO] [stdout] test str::tests::hexstring_into_string ... ok
[INFO] [stdout] test str::tests::hexstr_from_cstr_invalid ... ok
[INFO] [stdout] test str::tests::hexstr_from_cstr ... ok
[INFO] [stdout] test str::tests::intocstr_str ... ok
[INFO] [stdout] test str::tests::intocstr_str_invalid_with_null - should panic ... ok
[INFO] [stdout] test str::tests::intocstr_str_invalid_no_null - should panic ... ok
[INFO] [stdout] 
[INFO] [stdout] test result: ok. 16 passed; 0 failed; 0 ignored; 0 measured; 0 filtered out; finished in 0.02s
[INFO] [stdout] 
[INFO] [stderr]    Doc-tests hexavalent
[INFO] [stdout] 
[INFO] [stdout] running 45 tests
[INFO] [stdout] test src/plugin.rs - plugin::PluginHandle<'ph,P> (line 808) - compile fail ... ok
[INFO] [stdout] test src/lib.rs - (line 19) ... FAILED
[INFO] [stdout] test src/plugin.rs - plugin::Plugin::deinit (line 143) ... FAILED
[INFO] [stdout] test src/plugin.rs - plugin::Plugin (line 39) ... FAILED
[INFO] [stdout] test src/plugin.rs - plugin::PluginHandle<'ph,P>::find_context (line 1475) ... FAILED
[INFO] [stdout] test src/event/print.rs - event::print::PrintEvent (line 31) ... FAILED
[INFO] [stdout] test src/plugin.rs - plugin::PluginHandle<'ph,P>::command (line 221) ... FAILED
[INFO] [stdout] test src/plugin.rs - plugin::PluginHandle<'ph,P>::emit_print_attrs (line 305) ... FAILED
[INFO] [stdout] test src/hook.rs - hook::HookHandle (line 86) ... FAILED
[INFO] [stdout] test src/event/server.rs - event::server::ServerEvent (line 16) ... FAILED
[INFO] [stdout] test src/event/print.rs - event::print::PrintEvent (line 20) ... FAILED
[INFO] [stdout] test src/plugin.rs - plugin::PluginHandle<'ph,P> (line 835) ... FAILED
[INFO] [stdout] test src/plugin.rs - plugin::PluginHandle<'ph,P>::emit_print (line 249) ... FAILED
[INFO] [stdout] test src/plugin.rs - plugin::PluginHandle<'ph,P> (line 860) ... FAILED
[INFO] [stdout] test src/plugin.rs - plugin::PluginHandle<'ph,P>::hook_command (line 910) ... FAILED
[INFO] [stdout] test src/plugin.rs - plugin::Plugin::init (line 117) ... FAILED
[INFO] [stdout] test src/plugin.rs - plugin::PluginHandle<'ph,P>::hook_print_attrs (line 1058) ... FAILED
[INFO] [stdout] test src/lib.rs - export_plugin (line 157) ... FAILED
[INFO] [stdout] test src/plugin.rs - plugin::PluginHandle<'ph,P>::get_list (line 664) ... FAILED
[INFO] [stdout] test src/plugin.rs - plugin::PluginHandle<'ph,P>::hook_print (line 990) ... FAILED
[INFO] [stdout] test src/lib.rs - export_plugin (line 140) ... FAILED
[INFO] [stdout] test src/plugin.rs - plugin::PluginHandle<'ph,P>::hook_server_attrs (line 1226) ... FAILED
[INFO] [stdout] test src/plugin.rs - plugin::PluginHandle<'ph,P>::get_info (line 551) ... FAILED
[INFO] [stdout] test src/plugin.rs - plugin::PluginHandle<'ph,P>::pluginpref_get_str_with (line 1625) ... FAILED
[INFO] [stdout] test src/plugin.rs - plugin::PluginHandle<'ph,P>::hook_server (line 1155) ... FAILED
[INFO] [stdout] test src/plugin.rs - plugin::PluginHandle<'ph,P>::pluginpref_get_str (line 1602) ... FAILED
[INFO] [stdout] test src/plugin.rs - plugin::PluginHandle<'ph,P>::get_pref (line 601) ... FAILED
[INFO] [stdout] test src/plugin.rs - plugin::PluginHandle<'ph,P>::hook_timer (line 1330) ... FAILED
[INFO] [stdout] test src/plugin.rs - plugin::PluginHandle<'ph,P>::pluginpref_get_int (line 1696) ... FAILED
[INFO] [stdout] test src/plugin.rs - plugin::PluginHandle<'ph,P>::pluginpref_delete (line 1724) ... FAILED
[INFO] [stdout] test src/plugin.rs - plugin::PluginHandle<'ph,P>::pluginpref_set_int (line 1676) ... FAILED
[INFO] [stdout] test src/plugin.rs - plugin::PluginHandle<'ph,P>::strip (line 488) ... FAILED
[INFO] [stdout] test src/plugin.rs - plugin::PluginHandle<'ph,P>::unhook (line 1416) ... FAILED
[INFO] [stdout] test src/plugin.rs - plugin::PluginHandle<'ph,P>::nickcmp (line 464) ... FAILED
[INFO] [stdout] test src/plugin.rs - plugin::PluginHandle<'ph,P>::print (line 200) ... FAILED
[INFO] [stdout] test src/plugin.rs - plugin::PluginHandle<'ph,P>::send_mode (line 423) ... ok
[INFO] [stdout] test src/plugin.rs - plugin::PluginHandle<'ph,P>::pluginpref_list (line 1746) ... ok
[INFO] [stdout] test src/plugin.rs - plugin::PluginHandle<'ph,P>::with_context (line 1517) ... ok
[INFO] [stdout] test src/plugin.rs - plugin::PluginHandle<'ph,P>::pluginpref_set_str (line 1569) ... ok
[INFO] [stdout] test src/plugin.rs - plugin::PluginHandle<'ph,P>::pluginpref_list_with (line 1783) ... ok
[INFO] [stdout] test src/plugin.rs - plugin::PluginHandle<'ph,P>::send_modes (line 378) ... ok
[INFO] [stdout] test src/str.rs - str::IntoCStr (line 22) ... ok
[INFO] [stdout] test src/strip.rs - strip::StrippedStr (line 44) ... ok
[INFO] [stdout] test src/str.rs - str::IntoCStrArray (line 58) ... ok
[INFO] [stdout] test src/str.rs - str::IntoCStrArray (line 47) ... ok
[INFO] [stdout] 
[INFO] [stdout] failures:
[INFO] [stdout] 
[INFO] [stdout] ---- src/lib.rs - (line 19) stdout ----
[INFO] [stdout] Couldn't compile the test.
[INFO] [stdout] ---- src/plugin.rs - plugin::Plugin::deinit (line 143) stdout ----
[INFO] [stdout] Couldn't compile the test.
[INFO] [stdout] ---- src/plugin.rs - plugin::Plugin (line 39) stdout ----
[INFO] [stdout] Couldn't compile the test.
[INFO] [stdout] ---- src/plugin.rs - plugin::PluginHandle<'ph,P>::find_context (line 1475) stdout ----
[INFO] [stdout] Couldn't compile the test.
[INFO] [stdout] ---- src/event/print.rs - event::print::PrintEvent (line 31) stdout ----
[INFO] [stdout] Couldn't compile the test.
[INFO] [stdout] ---- src/plugin.rs - plugin::PluginHandle<'ph,P>::command (line 221) stdout ----
[INFO] [stdout] Couldn't compile the test.
[INFO] [stdout] ---- src/plugin.rs - plugin::PluginHandle<'ph,P>::emit_print_attrs (line 305) stdout ----
[INFO] [stdout] Couldn't compile the test.
[INFO] [stdout] ---- src/hook.rs - hook::HookHandle (line 86) stdout ----
[INFO] [stdout] Couldn't compile the test.
[INFO] [stdout] ---- src/event/server.rs - event::server::ServerEvent (line 16) stdout ----
[INFO] [stdout] Couldn't compile the test.
[INFO] [stdout] ---- src/event/print.rs - event::print::PrintEvent (line 20) stdout ----
[INFO] [stdout] Couldn't compile the test.
[INFO] [stdout] ---- src/plugin.rs - plugin::PluginHandle<'ph,P> (line 835) stdout ----
[INFO] [stdout] Couldn't compile the test.
[INFO] [stdout] ---- src/plugin.rs - plugin::PluginHandle<'ph,P>::emit_print (line 249) stdout ----
[INFO] [stdout] Couldn't compile the test.
[INFO] [stdout] ---- src/plugin.rs - plugin::PluginHandle<'ph,P> (line 860) stdout ----
[INFO] [stdout] Couldn't compile the test.
[INFO] [stdout] ---- src/plugin.rs - plugin::PluginHandle<'ph,P>::hook_command (line 910) stdout ----
[INFO] [stdout] Couldn't compile the test.
[INFO] [stdout] ---- src/plugin.rs - plugin::Plugin::init (line 117) stdout ----
[INFO] [stdout] Couldn't compile the test.
[INFO] [stdout] ---- src/plugin.rs - plugin::PluginHandle<'ph,P>::hook_print_attrs (line 1058) stdout ----
[INFO] [stdout] Couldn't compile the test.
[INFO] [stdout] ---- src/lib.rs - export_plugin (line 157) stdout ----
[INFO] [stdout] Couldn't compile the test.
[INFO] [stdout] ---- src/plugin.rs - plugin::PluginHandle<'ph,P>::get_list (line 664) stdout ----
[INFO] [stdout] Couldn't compile the test.
[INFO] [stdout] ---- src/plugin.rs - plugin::PluginHandle<'ph,P>::hook_print (line 990) stdout ----
[INFO] [stdout] Couldn't compile the test.
[INFO] [stdout] ---- src/lib.rs - export_plugin (line 140) stdout ----
[INFO] [stdout] Couldn't compile the test.
[INFO] [stdout] ---- src/plugin.rs - plugin::PluginHandle<'ph,P>::hook_server_attrs (line 1226) stdout ----
[INFO] [stdout] Couldn't compile the test.
[INFO] [stdout] ---- src/plugin.rs - plugin::PluginHandle<'ph,P>::get_info (line 551) stdout ----
[INFO] [stdout] Couldn't compile the test.
[INFO] [stdout] ---- src/plugin.rs - plugin::PluginHandle<'ph,P>::pluginpref_get_str_with (line 1625) stdout ----
[INFO] [stdout] Couldn't compile the test.
[INFO] [stdout] ---- src/plugin.rs - plugin::PluginHandle<'ph,P>::hook_server (line 1155) stdout ----
[INFO] [stdout] Couldn't compile the test.
[INFO] [stdout] ---- src/plugin.rs - plugin::PluginHandle<'ph,P>::pluginpref_get_str (line 1602) stdout ----
[INFO] [stdout] Couldn't compile the test.
[INFO] [stdout] ---- src/plugin.rs - plugin::PluginHandle<'ph,P>::get_pref (line 601) stdout ----
[INFO] [stdout] Couldn't compile the test.
[INFO] [stdout] ---- src/plugin.rs - plugin::PluginHandle<'ph,P>::hook_timer (line 1330) stdout ----
[INFO] [stdout] Couldn't compile the test.
[INFO] [stdout] ---- src/plugin.rs - plugin::PluginHandle<'ph,P>::pluginpref_get_int (line 1696) stdout ----
[INFO] [stdout] Couldn't compile the test.
[INFO] [stdout] ---- src/plugin.rs - plugin::PluginHandle<'ph,P>::pluginpref_delete (line 1724) stdout ----
[INFO] [stdout] Couldn't compile the test.
[INFO] [stdout] ---- src/plugin.rs - plugin::PluginHandle<'ph,P>::pluginpref_set_int (line 1676) stdout ----
[INFO] [stdout] Couldn't compile the test.
[INFO] [stdout] ---- src/plugin.rs - plugin::PluginHandle<'ph,P>::strip (line 488) stdout ----
[INFO] [stdout] Couldn't compile the test.
[INFO] [stdout] ---- src/plugin.rs - plugin::PluginHandle<'ph,P>::unhook (line 1416) stdout ----
[INFO] [stdout] Couldn't compile the test.
[INFO] [stdout] ---- src/plugin.rs - plugin::PluginHandle<'ph,P>::nickcmp (line 464) stdout ----
[INFO] [stdout] Couldn't compile the test.
[INFO] [stdout] ---- src/plugin.rs - plugin::PluginHandle<'ph,P>::print (line 200) stdout ----
[INFO] [stdout] Couldn't compile the test.
[INFO] [stdout] 
[INFO] [stdout] failures:
[INFO] [stdout]     src/event/print.rs - event::print::PrintEvent (line 20)
[INFO] [stdout]     src/event/print.rs - event::print::PrintEvent (line 31)
[INFO] [stdout]     src/event/server.rs - event::server::ServerEvent (line 16)
[INFO] [stdout]     src/hook.rs - hook::HookHandle (line 86)
[INFO] [stdout]     src/lib.rs - (line 19)
[INFO] [stdout]     src/lib.rs - export_plugin (line 140)
[INFO] [stdout]     src/lib.rs - export_plugin (line 157)
[INFO] [stdout]     src/plugin.rs - plugin::Plugin (line 39)
[INFO] [stdout]     src/plugin.rs - plugin::Plugin::deinit (line 143)
[INFO] [stdout]     src/plugin.rs - plugin::Plugin::init (line 117)
[INFO] [stdout]     src/plugin.rs - plugin::PluginHandle<'ph,P> (line 835)
[INFO] [stdout]     src/plugin.rs - plugin::PluginHandle<'ph,P> (line 860)
[INFO] [stdout]     src/plugin.rs - plugin::PluginHandle<'ph,P>::command (line 221)
[INFO] [stdout]     src/plugin.rs - plugin::PluginHandle<'ph,P>::emit_print (line 249)
[INFO] [stdout]     src/plugin.rs - plugin::PluginHandle<'ph,P>::emit_print_attrs (line 305)
[INFO] [stdout]     src/plugin.rs - plugin::PluginHandle<'ph,P>::find_context (line 1475)
[INFO] [stdout]     src/plugin.rs - plugin::PluginHandle<'ph,P>::get_info (line 551)
[INFO] [stdout]     src/plugin.rs - plugin::PluginHandle<'ph,P>::get_list (line 664)
[INFO] [stdout]     src/plugin.rs - plugin::PluginHandle<'ph,P>::get_pref (line 601)
[INFO] [stdout]     src/plugin.rs - plugin::PluginHandle<'ph,P>::hook_command (line 910)
[INFO] [stdout]     src/plugin.rs - plugin::PluginHandle<'ph,P>::hook_print (line 990)
[INFO] [stdout]     src/plugin.rs - plugin::PluginHandle<'ph,P>::hook_print_attrs (line 1058)
[INFO] [stdout]     src/plugin.rs - plugin::PluginHandle<'ph,P>::hook_server (line 1155)
[INFO] [stdout]     src/plugin.rs - plugin::PluginHandle<'ph,P>::hook_server_attrs (line 1226)
[INFO] [stdout]     src/plugin.rs - plugin::PluginHandle<'ph,P>::hook_timer (line 1330)
[INFO] [stdout]     src/plugin.rs - plugin::PluginHandle<'ph,P>::nickcmp (line 464)
[INFO] [stdout]     src/plugin.rs - plugin::PluginHandle<'ph,P>::pluginpref_delete (line 1724)
[INFO] [stdout]     src/plugin.rs - plugin::PluginHandle<'ph,P>::pluginpref_get_int (line 1696)
[INFO] [stdout]     src/plugin.rs - plugin::PluginHandle<'ph,P>::pluginpref_get_str (line 1602)
[INFO] [stdout]     src/plugin.rs - plugin::PluginHandle<'ph,P>::pluginpref_get_str_with (line 1625)
[INFO] [stdout]     src/plugin.rs - plugin::PluginHandle<'ph,P>::pluginpref_set_int (line 1676)
[INFO] [stdout]     src/plugin.rs - plugin::PluginHandle<'ph,P>::print (line 200)
[INFO] [stdout]     src/plugin.rs - plugin::PluginHandle<'ph,P>::strip (line 488)
[INFO] [stdout]     src/plugin.rs - plugin::PluginHandle<'ph,P>::unhook (line 1416)
[INFO] [stdout] 
[INFO] [stdout] test result: FAILED. 11 passed; 34 failed; 0 ignored; 0 measured; 0 filtered out; finished in 29.39s
[INFO] [stdout] 
[INFO] [stderr] error: doctest failed, to rerun pass `--doc`
[INFO] running `Command { std: "docker" "inspect" "08b93dd1056ff106d5f17466e656d885989edf2168703d3550559fa061ff1955", kill_on_drop: false }`
[INFO] running `Command { std: "docker" "rm" "-f" "08b93dd1056ff106d5f17466e656d885989edf2168703d3550559fa061ff1955", kill_on_drop: false }`
[INFO] [stdout] 08b93dd1056ff106d5f17466e656d885989edf2168703d3550559fa061ff1955
