[INFO] fetching crate hermes-simd-core 0.8.2...
[INFO] testing hermes-simd-core-0.8.2 against 1.99.0-beta.8+cargoflags=--release for beta-release-1.100-2
[INFO] extracting crate hermes-simd-core 0.8.2 into /workspace/builds/worker-5-tc1/source
[INFO] started tweaking crates.io crate hermes-simd-core 0.8.2
[INFO] finished tweaking crates.io crate hermes-simd-core 0.8.2
[INFO] tweaked toml for crates.io crate hermes-simd-core 0.8.2 written to /workspace/builds/worker-5-tc1/source/Cargo.toml
[INFO] validating manifest of crates.io crate hermes-simd-core 0.8.2 on toolchain 1.99.0-beta.8
[INFO] running `Command { std: CARGO_HOME="/workspace/cargo-home" RUSTUP_HOME="/workspace/rustup-home" "/workspace/cargo-home/bin/cargo" "+1.99.0-beta.8" "metadata" "--manifest-path" "Cargo.toml" "--no-deps", kill_on_drop: false }`
[INFO] crate crates.io crate hermes-simd-core 0.8.2 already has a lockfile, it will not be regenerated
[INFO] running `Command { std: CARGO_HOME="/workspace/cargo-home" RUSTUP_HOME="/workspace/rustup-home" "/workspace/cargo-home/bin/cargo" "+1.99.0-beta.8" "fetch" "--manifest-path" "Cargo.toml", kill_on_drop: false }`
[INFO] [stderr]     Updating crates.io index
[INFO] [stderr]  Downloading crates ...
[INFO] [stderr]   Downloaded mnemosyne-memory v0.9.0
[INFO] [stderr]   Downloaded mnemosyne-build-util v0.2.1
[INFO] [stderr]   Downloaded eunomia-derive v0.9.1
[INFO] [stderr]   Downloaded mnemosyne-prof v0.2.1
[INFO] [stderr]   Downloaded mnemosyne-decay v0.3.2
[INFO] [stderr]   Downloaded mnemosyne-memory-core v0.3.0
[INFO] [stderr]   Downloaded generator v0.8.10
[INFO] [stderr]   Downloaded mnemosyne-backend v0.6.0
[INFO] [stderr]   Downloaded themis-topology v0.11.1
[INFO] [stderr]   Downloaded mnemosyne-arena v0.6.0
[INFO] [stderr]   Downloaded eunomia v0.9.1
[INFO] [stderr]   Downloaded melinoe v0.10.0
[INFO] [stderr]   Downloaded mnemosyne-local v0.6.0
[INFO] running `Command { std: "docker" "create" "-v" "/var/lib/crater-agent-workspace/builds/worker-5-tc1/source:/opt/rustwide/workdir:ro,Z" "-v" "/var/lib/crater-agent-workspace/builds/worker-5-tc1/target:/opt/rustwide/target:rw,Z" "-v" "/var/lib/crater-agent-workspace/cargo-home:/opt/rustwide/cargo-home:ro,Z" "-v" "/var/lib/crater-agent-workspace/rustup-home:/opt/rustwide/rustup-home:ro,Z" "-m" "1610612736" "--network" "none" "ghcr.io/rust-lang/crates-build-env/linux@sha256:77db811e55d90add9212f6832c23229e3de5f1c1f9905e8cb07319ea15df73ac" "sleep" "infinity", kill_on_drop: false }`
[INFO] [stdout] e60d6fc49cd88986f1a9fe970dc9e91ca51d00ac6b9216339a44bdb02e3656a8
[INFO] running `Command { std: "docker" "start" "e60d6fc49cd88986f1a9fe970dc9e91ca51d00ac6b9216339a44bdb02e3656a8", kill_on_drop: false }`
[INFO] running `Command { std: "docker" "inspect" "e60d6fc49cd88986f1a9fe970dc9e91ca51d00ac6b9216339a44bdb02e3656a8", kill_on_drop: false }`
[INFO] running `Command { std: "docker" "exec" "-e" "SOURCE_DIR=/opt/rustwide/workdir" "-e" "CARGO_HOME=/opt/rustwide/cargo-home" "-e" "RUSTUP_HOME=/opt/rustwide/rustup-home" "-e" "CARGO_TARGET_DIR=/opt/rustwide/target" "-w" "/opt/rustwide/workdir" "--user" "0:0" "e60d6fc49cd88986f1a9fe970dc9e91ca51d00ac6b9216339a44bdb02e3656a8" "/opt/rustwide/cargo-home/bin/cargo" "+1.99.0-beta.8" "metadata" "--no-deps" "--format-version=1", kill_on_drop: false }`
[INFO] running `Command { std: "docker" "inspect" "e60d6fc49cd88986f1a9fe970dc9e91ca51d00ac6b9216339a44bdb02e3656a8", kill_on_drop: false }`
[INFO] running `Command { std: "docker" "exec" "-e" "SOURCE_DIR=/opt/rustwide/workdir" "-e" "CARGO_HOME=/opt/rustwide/cargo-home" "-e" "RUSTUP_HOME=/opt/rustwide/rustup-home" "-e" "CARGO_TARGET_DIR=/opt/rustwide/target" "-e" "CARGO_INCREMENTAL=0" "-e" "RUST_BACKTRACE=full" "-e" "RUSTFLAGS=--cap-lints=warn" "-e" "RUSTDOCFLAGS=--cap-lints=warn" "-w" "/opt/rustwide/workdir" "--user" "0:0" "e60d6fc49cd88986f1a9fe970dc9e91ca51d00ac6b9216339a44bdb02e3656a8" "/opt/rustwide/cargo-home/bin/cargo" "+1.99.0-beta.8" "build" "--frozen" "--message-format=json" "--release", kill_on_drop: false }`
[INFO] [stderr]    Compiling syn v3.0.6
[INFO] [stderr]    Compiling libc v0.2.190
[INFO] [stderr]    Compiling mnemosyne-build-util v0.2.1
[INFO] [stderr]    Compiling melinoe v0.10.0
[INFO] [stderr]    Compiling themis-topology v0.11.1
[INFO] [stderr]    Compiling mnemosyne-memory-core v0.3.0
[INFO] [stderr]    Compiling memchr v2.8.3
[INFO] [stderr]    Compiling simdutf8 v0.1.5
[INFO] [stderr]    Compiling mnemosyne-prof v0.2.1
[INFO] [stderr]    Compiling mnemosyne-local v0.6.0
[INFO] [stderr]    Compiling munge_macro v0.4.7
[INFO] [stderr]    Compiling eunomia-derive v0.9.1
[INFO] [stderr]    Compiling mnemosyne-backend v0.6.0
[INFO] [stderr]    Compiling munge v0.4.7
[INFO] [stderr]    Compiling object v0.37.3
[INFO] [stderr]    Compiling mnemosyne-arena v0.6.0
[INFO] [stderr]    Compiling mnemosyne-decay v0.3.2
[INFO] [stderr]    Compiling ptr_meta_derive v0.3.2
[INFO] [stderr]    Compiling bytecheck_derive v0.8.3
[INFO] [stderr]    Compiling rkyv_derive v0.8.18
[INFO] [stderr]    Compiling bytemuck_derive v1.12.1
[INFO] [stderr]    Compiling ptr_meta v0.3.2
[INFO] [stderr]    Compiling rancor v0.1.3
[INFO] [stderr]    Compiling bytecheck v0.8.3
[INFO] [stderr]    Compiling rend v0.5.4
[INFO] [stderr]    Compiling bytemuck v1.25.2
[INFO] [stderr]    Compiling backtrace v0.3.76
[INFO] [stderr]    Compiling mnemosyne-memory v0.9.0
[INFO] [stderr]    Compiling rkyv v0.8.18
[INFO] [stderr]    Compiling eunomia v0.9.1
[INFO] [stderr]    Compiling hermes-simd-core v0.8.2 (/opt/rustwide/workdir)
[INFO] [stderr]     Finished `release` profile [optimized] target(s) in 44.69s
[INFO] running `Command { std: "docker" "inspect" "e60d6fc49cd88986f1a9fe970dc9e91ca51d00ac6b9216339a44bdb02e3656a8", kill_on_drop: false }`
[INFO] running `Command { std: "docker" "exec" "-e" "SOURCE_DIR=/opt/rustwide/workdir" "-e" "CARGO_HOME=/opt/rustwide/cargo-home" "-e" "RUSTUP_HOME=/opt/rustwide/rustup-home" "-e" "CARGO_TARGET_DIR=/opt/rustwide/target" "-e" "CARGO_INCREMENTAL=0" "-e" "RUST_BACKTRACE=full" "-e" "RUSTFLAGS=--cap-lints=warn" "-e" "RUSTDOCFLAGS=--cap-lints=warn" "-w" "/opt/rustwide/workdir" "--user" "0:0" "e60d6fc49cd88986f1a9fe970dc9e91ca51d00ac6b9216339a44bdb02e3656a8" "/opt/rustwide/cargo-home/bin/cargo" "+1.99.0-beta.8" "test" "--frozen" "--no-run" "--message-format=json" "--release", kill_on_drop: false }`
[INFO] [stderr]    Compiling hermes-simd-core v0.8.2 (/opt/rustwide/workdir)
[INFO] [stderr]     Finished `release` profile [optimized] target(s) in 4.39s
[INFO] running `Command { std: "docker" "inspect" "e60d6fc49cd88986f1a9fe970dc9e91ca51d00ac6b9216339a44bdb02e3656a8", kill_on_drop: false }`
[INFO] running `Command { std: "docker" "exec" "-e" "SOURCE_DIR=/opt/rustwide/workdir" "-e" "CARGO_HOME=/opt/rustwide/cargo-home" "-e" "RUSTUP_HOME=/opt/rustwide/rustup-home" "-e" "CARGO_TARGET_DIR=/opt/rustwide/target" "-e" "CARGO_INCREMENTAL=0" "-e" "RUST_BACKTRACE=full" "-e" "RUSTFLAGS=--cap-lints=warn" "-e" "RUSTDOCFLAGS=--cap-lints=warn" "-w" "/opt/rustwide/workdir" "--user" "0:0" "e60d6fc49cd88986f1a9fe970dc9e91ca51d00ac6b9216339a44bdb02e3656a8" "/opt/rustwide/cargo-home/bin/cargo" "+1.99.0-beta.8" "test" "--frozen" "--release", kill_on_drop: false }`
[INFO] [stderr]     Finished `release` profile [optimized] target(s) in 0.13s
[INFO] [stderr]      Running unittests src/lib.rs (/opt/rustwide/target/release/deps/hermes_simd_core-595e3cd3edebd9f4)
[INFO] [stdout] 
[INFO] [stdout] running 31 tests
[INFO] [stdout] test mask::packed_mask_tests::empty_mask ... ok
[INFO] [stdout] test mask::packed_mask_tests::lane_bits_crosses_word_boundary ... ok
[INFO] [stdout] test mask::packed_mask_tests::all_set_and_all_clear ... ok
[INFO] [stdout] test mask::packed_mask_tests::from_bools_round_trips_every_bit ... ok
[INFO] [stdout] test mask::packed_mask_tests::new_validates_word_count_and_tail ... ok
[INFO] [stdout] test mask::packed_mask_tests::view_and_owned_conversion_preserve_value ... ok
[INFO] [stdout] test mask::packed_mask_tests::lane_bits_rejects_window_past_logical_end - should panic ... ok
[INFO] [stdout] test mask::packed_mask_tests::lane_bits_rejects_more_than_one_word - should panic ... ok
[INFO] [stdout] test mask::packed_mask_tests::lane_bits_rejects_overflow_sized_offset - should panic ... ok
[INFO] [stdout] test mask::packed_mask_tests::empty_window_at_logical_end_is_valid ... ok
[INFO] [stdout] test mask::packed_mask_tests::bit_rejects_logical_end - should panic ... ok
[INFO] [stdout] test mask::packed_mask_tests::lane_bits_rejects_near_maximum_window_without_overflow - should panic ... ok
[INFO] [stdout] test tensor::tests::test_row_major_strides_3d ... ok
[INFO] [stdout] test tensor::tests::test_tensor_view_get_2d ... ok
[INFO] [stdout] test mask::rkyv_tests::test_bitmask_rkyv ... ok
[INFO] [stdout] test tiling::dims::tests::area_matches_and_rejects_overflow ... ok
[INFO] [stdout] test numa::processor::linux_processor_tests::exact_binding_reports_processor_and_restores_on_drop ... ok
[INFO] [stdout] test tiling::dims::tests::strided_span_matches_unchecked_for_valid_dims ... ok
[INFO] [stdout] test vec::tests::test_aligned_vec_alignment_casting ... ok
[INFO] [stdout] test tensor::tests::test_row_view ... ok
[INFO] [stdout] test numa::processor::linux_processor_tests::unavailable_processor_rejects_before_affinity_mutation ... ok
[INFO] [stdout] test tiling::dims::tests::strided_span_rejects_overflow ... ok
[INFO] [stdout] test numa::processor::linux_processor_tests::explicit_restore_is_observable_and_idempotent ... ok
[INFO] [stdout] test vec::tests::test_aligned_vec_drop_exception_safety ... ok
[INFO] [stdout] test tensor::tests::test_reshape ... ok
[INFO] [stdout] test vec::tests::test_aligned_vec_rkyv ... ok
[INFO] [stdout] test vec::tests::test_aligned_vec_zst ... ok
[INFO] [stdout] test vec::tests::test_aligned_vec_extend_from_slice ... ok
[INFO] [stdout] test vec::tests::test_aligned_vec_extend_from_slice_zst ... ok
[INFO] [stdout] test vec::tests::test_aligned_vec_reserve_single_realloc ... ok
[INFO] [stdout] test vec::tests::test_aligned_vec_zst_drops ... ok
[INFO] [stdout] 
[INFO] [stdout] test result: ok. 31 passed; 0 failed; 0 ignored; 0 measured; 0 filtered out; finished in 0.01s
[INFO] [stdout] 
[INFO] [stderr]    Doc-tests hermes_simd_core
[INFO] [stdout] 
[INFO] [stdout] running 24 tests
[INFO] [stdout] test src/cow/unary.rs - cow::unary::SimdCow<'a,T,Arch,Align>::map_cow (line 56) ... ignored
[INFO] [stdout] test src/iter/chunks.rs - iter::chunks::SimdChunks<'a,T,Arch,Align,Mode>::remainder (line 106) ... ignored
[INFO] [stdout] test src/iter/mod.rs - iter (line 9) ... ignored
[INFO] [stdout] test src/iter/zip.rs - iter::zip::ZipChunksMut (line 173) ... ignored
[INFO] [stdout] test src/compute.rs - compute::ComputeView (line 25) ... FAILED
[INFO] [stdout] test src/kernel/backend.rs - kernel::backend::BackendKernel (line 103) ... FAILED
[INFO] [stdout] test src/compute.rs - compute::ComputeReduce (line 130) ... FAILED
[INFO] [stdout] test src/kernel/backend.rs - kernel::backend::BackendKernel::load_aligned (line 190) ... FAILED
[INFO] [stdout] test src/kernel/backend.rs - kernel::backend::BackendKernel::sum_reduce (line 337) ... FAILED
[INFO] [stdout] test src/kernel/backend.rs - kernel::backend::BackendKernel::splat (line 686) ... FAILED
[INFO] [stdout] test src/ops/mod.rs - ops (line 19) ... ignored
[INFO] [stdout] test src/mask.rs - mask::BitMask<N>::to_native_mask (line 172) ... FAILED
[INFO] [stdout] test src/align.rs - align::Aligned (line 31) ... ok
[INFO] [stdout] test src/tensor/view/simd_bridge.rs - tensor::view::simd_bridge::TensorView<'a,T,1,RowMajor,&'a[T]>::into_simd_view (line 27) ... ignored
[INFO] [stdout] test src/numa/processor.rs - numa::processor::ProcessorBinding (line 97) - compile fail ... ok
[INFO] [stdout] test src/mask.rs - mask::BitMask<N>::into_iter (line 281) ... ok
[INFO] [stdout] test src/view/simd_view.rs - view::simd_view::SimdView<'a,T,Arch,Align,Mode,&'amut[T]>::zip_chunks_mut (line 388) ... ignored
[INFO] [stdout] test src/mask.rs - mask::BitMask<N>::leading_k (line 61) ... ok
[INFO] [stdout] test src/sparse/cow/mod.rs - sparse::cow::SparseCow (line 164) ... FAILED
[INFO] [stdout] test src/mask.rs - mask::PackedMask<Box<[u64]>>::from_bools (line 375) ... ok
[INFO] [stdout] test src/mask.rs - mask::PackedMask<W>::lane_bits (line 470) ... ok
[INFO] [stdout] test src/tiling/mod.rs - tiling::TilingPolicy (line 204) ... FAILED
[INFO] [stdout] test src/tiling/mod.rs - tiling::TilingStrategy (line 54) ... FAILED
[INFO] [stdout] test src/tensor/view/mod.rs - tensor::view::TensorView<'_,T,N,RowMajor,&'b[T]>::new (line 84) ... ok
[INFO] [stdout] 
[INFO] [stdout] failures:
[INFO] [stdout] 
[INFO] [stdout] ---- src/compute.rs - compute::ComputeView (line 25) stdout ----
[INFO] [stdout] error[E0432]: unresolved import `hermes_simd_intrinsics`
[INFO] [stdout]   --> src/compute.rs:29:5
[INFO] [stdout]    |
[INFO] [stdout] 29 | use hermes_simd_intrinsics::Scalar;
[INFO] [stdout]    |     ^^^^^^^^^^^^^^^^^^^^^^ use of unresolved module or unlinked crate `hermes_simd_intrinsics`
[INFO] [stdout]    |
[INFO] [stdout]    = help: if you wanted to use a crate named `hermes_simd_intrinsics`, use `cargo add hermes_simd_intrinsics` to add it to your `Cargo.toml`
[INFO] [stdout] 
[INFO] [stdout] error: aborting due to 1 previous error
[INFO] [stdout] 
[INFO] [stdout] For more information about this error, try `rustc --explain E0432`.
[INFO] [stdout] Couldn't compile the test.
[INFO] [stdout] ---- src/kernel/backend.rs - kernel::backend::BackendKernel (line 103) stdout ----
[INFO] [stdout] error[E0432]: unresolved import `hermes_simd_intrinsics`
[INFO] [stdout]    --> src/kernel/backend.rs:105:5
[INFO] [stdout]     |
[INFO] [stdout] 105 | use hermes_simd_intrinsics::Scalar;
[INFO] [stdout]     |     ^^^^^^^^^^^^^^^^^^^^^^ use of unresolved module or unlinked crate `hermes_simd_intrinsics`
[INFO] [stdout]     |
[INFO] [stdout]     = help: if you wanted to use a crate named `hermes_simd_intrinsics`, use `cargo add hermes_simd_intrinsics` to add it to your `Cargo.toml`
[INFO] [stdout] 
[INFO] [stdout] error: aborting due to 1 previous error
[INFO] [stdout] 
[INFO] [stdout] For more information about this error, try `rustc --explain E0432`.
[INFO] [stdout] Couldn't compile the test.
[INFO] [stdout] ---- src/compute.rs - compute::ComputeReduce (line 130) stdout ----
[INFO] [stdout] error[E0432]: unresolved import `hermes_simd_intrinsics`
[INFO] [stdout]    --> src/compute.rs:135:5
[INFO] [stdout]     |
[INFO] [stdout] 135 | use hermes_simd_intrinsics::Scalar;
[INFO] [stdout]     |     ^^^^^^^^^^^^^^^^^^^^^^ use of unresolved module or unlinked crate `hermes_simd_intrinsics`
[INFO] [stdout]     |
[INFO] [stdout]     = help: if you wanted to use a crate named `hermes_simd_intrinsics`, use `cargo add hermes_simd_intrinsics` to add it to your `Cargo.toml`
[INFO] [stdout] 
[INFO] [stdout] error: aborting due to 1 previous error
[INFO] [stdout] 
[INFO] [stdout] For more information about this error, try `rustc --explain E0432`.
[INFO] [stdout] Couldn't compile the test.
[INFO] [stdout] ---- src/kernel/backend.rs - kernel::backend::BackendKernel::load_aligned (line 190) stdout ----
[INFO] [stdout] error[E0432]: unresolved import `hermes_simd_intrinsics`
[INFO] [stdout]    --> src/kernel/backend.rs:192:5
[INFO] [stdout]     |
[INFO] [stdout] 192 | use hermes_simd_intrinsics::Scalar;
[INFO] [stdout]     |     ^^^^^^^^^^^^^^^^^^^^^^ use of unresolved module or unlinked crate `hermes_simd_intrinsics`
[INFO] [stdout]     |
[INFO] [stdout]     = help: if you wanted to use a crate named `hermes_simd_intrinsics`, use `cargo add hermes_simd_intrinsics` to add it to your `Cargo.toml`
[INFO] [stdout] 
[INFO] [stdout] error: aborting due to 1 previous error
[INFO] [stdout] 
[INFO] [stdout] For more information about this error, try `rustc --explain E0432`.
[INFO] [stdout] Couldn't compile the test.
[INFO] [stdout] ---- src/kernel/backend.rs - kernel::backend::BackendKernel::sum_reduce (line 337) stdout ----
[INFO] [stdout] error[E0432]: unresolved import `hermes_simd_intrinsics`
[INFO] [stdout]    --> src/kernel/backend.rs:339:5
[INFO] [stdout]     |
[INFO] [stdout] 339 | use hermes_simd_intrinsics::Scalar;
[INFO] [stdout]     |     ^^^^^^^^^^^^^^^^^^^^^^ use of unresolved module or unlinked crate `hermes_simd_intrinsics`
[INFO] [stdout]     |
[INFO] [stdout]     = help: if you wanted to use a crate named `hermes_simd_intrinsics`, use `cargo add hermes_simd_intrinsics` to add it to your `Cargo.toml`
[INFO] [stdout] 
[INFO] [stdout] error: aborting due to 1 previous error
[INFO] [stdout] 
[INFO] [stdout] For more information about this error, try `rustc --explain E0432`.
[INFO] [stdout] Couldn't compile the test.
[INFO] [stdout] ---- src/kernel/backend.rs - kernel::backend::BackendKernel::splat (line 686) stdout ----
[INFO] [stdout] error[E0432]: unresolved import `hermes_simd_intrinsics`
[INFO] [stdout]    --> src/kernel/backend.rs:688:5
[INFO] [stdout]     |
[INFO] [stdout] 688 | use hermes_simd_intrinsics::Scalar;
[INFO] [stdout]     |     ^^^^^^^^^^^^^^^^^^^^^^ use of unresolved module or unlinked crate `hermes_simd_intrinsics`
[INFO] [stdout]     |
[INFO] [stdout]     = help: if you wanted to use a crate named `hermes_simd_intrinsics`, use `cargo add hermes_simd_intrinsics` to add it to your `Cargo.toml`
[INFO] [stdout] 
[INFO] [stdout] error: aborting due to 1 previous error
[INFO] [stdout] 
[INFO] [stdout] For more information about this error, try `rustc --explain E0432`.
[INFO] [stdout] Couldn't compile the test.
[INFO] [stdout] ---- src/mask.rs - mask::BitMask<N>::to_native_mask (line 172) stdout ----
[INFO] [stdout] error[E0432]: unresolved import `hermes_simd_intrinsics`
[INFO] [stdout]    --> src/mask.rs:176:5
[INFO] [stdout]     |
[INFO] [stdout] 176 | use hermes_simd_intrinsics::Scalar;
[INFO] [stdout]     |     ^^^^^^^^^^^^^^^^^^^^^^ use of unresolved module or unlinked crate `hermes_simd_intrinsics`
[INFO] [stdout]     |
[INFO] [stdout]     = help: if you wanted to use a crate named `hermes_simd_intrinsics`, use `cargo add hermes_simd_intrinsics` to add it to your `Cargo.toml`
[INFO] [stdout] 
[INFO] [stdout] error: aborting due to 1 previous error
[INFO] [stdout] 
[INFO] [stdout] For more information about this error, try `rustc --explain E0432`.
[INFO] [stdout] Couldn't compile the test.
[INFO] [stdout] ---- src/sparse/cow/mod.rs - sparse::cow::SparseCow (line 164) stdout ----
[INFO] [stdout] error[E0432]: unresolved import `hermes_simd_intrinsics`
[INFO] [stdout]    --> src/sparse/cow/mod.rs:168:5
[INFO] [stdout]     |
[INFO] [stdout] 168 | use hermes_simd_intrinsics::Scalar;
[INFO] [stdout]     |     ^^^^^^^^^^^^^^^^^^^^^^ use of unresolved module or unlinked crate `hermes_simd_intrinsics`
[INFO] [stdout]     |
[INFO] [stdout]     = help: if you wanted to use a crate named `hermes_simd_intrinsics`, use `cargo add hermes_simd_intrinsics` to add it to your `Cargo.toml`
[INFO] [stdout] 
[INFO] [stdout] error: aborting due to 1 previous error
[INFO] [stdout] 
[INFO] [stdout] For more information about this error, try `rustc --explain E0432`.
[INFO] [stdout] Couldn't compile the test.
[INFO] [stdout] ---- src/tiling/mod.rs - tiling::TilingPolicy (line 204) stdout ----
[INFO] [stdout] error[E0432]: unresolved import `hermes_simd_intrinsics`
[INFO] [stdout]    --> src/tiling/mod.rs:209:5
[INFO] [stdout]     |
[INFO] [stdout] 209 | use hermes_simd_intrinsics::Scalar;
[INFO] [stdout]     |     ^^^^^^^^^^^^^^^^^^^^^^ use of unresolved module or unlinked crate `hermes_simd_intrinsics`
[INFO] [stdout]     |
[INFO] [stdout]     = help: if you wanted to use a crate named `hermes_simd_intrinsics`, use `cargo add hermes_simd_intrinsics` to add it to your `Cargo.toml`
[INFO] [stdout] 
[INFO] [stdout] error: aborting due to 1 previous error
[INFO] [stdout] 
[INFO] [stdout] For more information about this error, try `rustc --explain E0432`.
[INFO] [stdout] Couldn't compile the test.
[INFO] [stdout] ---- src/tiling/mod.rs - tiling::TilingStrategy (line 54) stdout ----
[INFO] [stdout] error[E0432]: unresolved import `hermes_simd_intrinsics`
[INFO] [stdout]   --> src/tiling/mod.rs:59:5
[INFO] [stdout]    |
[INFO] [stdout] 59 | use hermes_simd_intrinsics::Scalar;
[INFO] [stdout]    |     ^^^^^^^^^^^^^^^^^^^^^^ use of unresolved module or unlinked crate `hermes_simd_intrinsics`
[INFO] [stdout]    |
[INFO] [stdout]    = help: if you wanted to use a crate named `hermes_simd_intrinsics`, use `cargo add hermes_simd_intrinsics` to add it to your `Cargo.toml`
[INFO] [stdout] 
[INFO] [stdout] error: aborting due to 1 previous error
[INFO] [stdout] 
[INFO] [stdout] For more information about this error, try `rustc --explain E0432`.
[INFO] [stdout] Couldn't compile the test.
[INFO] [stdout] 
[INFO] [stdout] failures:
[INFO] [stdout]     src/compute.rs - compute::ComputeReduce (line 130)
[INFO] [stdout]     src/compute.rs - compute::ComputeView (line 25)
[INFO] [stdout]     src/kernel/backend.rs - kernel::backend::BackendKernel (line 103)
[INFO] [stdout]     src/kernel/backend.rs - kernel::backend::BackendKernel::load_aligned (line 190)
[INFO] [stdout]     src/kernel/backend.rs - kernel::backend::BackendKernel::splat (line 686)
[INFO] [stdout]     src/kernel/backend.rs - kernel::backend::BackendKernel::sum_reduce (line 337)
[INFO] [stdout]     src/mask.rs - mask::BitMask<N>::to_native_mask (line 172)
[INFO] [stdout]     src/sparse/cow/mod.rs - sparse::cow::SparseCow (line 164)
[INFO] [stdout]     src/tiling/mod.rs - tiling::TilingPolicy (line 204)
[INFO] [stdout]     src/tiling/mod.rs - tiling::TilingStrategy (line 54)
[INFO] [stdout] 
[INFO] [stdout] test result: FAILED. 7 passed; 10 failed; 7 ignored; 0 measured; 0 filtered out; finished in 1.18s
[INFO] [stdout] 
[INFO] [stderr] error: doctest failed, to rerun pass `--doc`
[INFO] running `Command { std: "docker" "inspect" "e60d6fc49cd88986f1a9fe970dc9e91ca51d00ac6b9216339a44bdb02e3656a8", kill_on_drop: false }`
[INFO] running `Command { std: "docker" "rm" "-f" "e60d6fc49cd88986f1a9fe970dc9e91ca51d00ac6b9216339a44bdb02e3656a8", kill_on_drop: false }`
[INFO] [stdout] e60d6fc49cd88986f1a9fe970dc9e91ca51d00ac6b9216339a44bdb02e3656a8
