[INFO] fetching crate hermes-five 0.1.0...
[INFO] testing hermes-five-0.1.0 against 1.100.0-beta.1+cargoflags=--release for beta-release-1.100-2
[INFO] extracting crate hermes-five 0.1.0 into /workspace/builds/worker-6-tc2/source
[INFO] started tweaking crates.io crate hermes-five 0.1.0
[INFO] removed 0 missing examples
[INFO] removed 0 missing tests
[INFO] finished tweaking crates.io crate hermes-five 0.1.0
[INFO] tweaked toml for crates.io crate hermes-five 0.1.0 written to /workspace/builds/worker-6-tc2/source/Cargo.toml
[INFO] validating manifest of crates.io crate hermes-five 0.1.0 on toolchain 1.100.0-beta.1
[INFO] running `Command { std: CARGO_HOME="/workspace/cargo-home" RUSTUP_HOME="/workspace/rustup-home" "/workspace/cargo-home/bin/cargo" "+1.100.0-beta.1" "metadata" "--manifest-path" "Cargo.toml" "--no-deps", kill_on_drop: false }`
[INFO] crate crates.io crate hermes-five 0.1.0 already has a lockfile, it will not be regenerated
[INFO] running `Command { std: CARGO_HOME="/workspace/cargo-home" RUSTUP_HOME="/workspace/rustup-home" "/workspace/cargo-home/bin/cargo" "+1.100.0-beta.1" "fetch" "--manifest-path" "Cargo.toml", kill_on_drop: false }`
[INFO] running `Command { std: "docker" "create" "-v" "/var/lib/crater-agent-workspace/builds/worker-6-tc2/source:/opt/rustwide/workdir:ro,Z" "-v" "/var/lib/crater-agent-workspace/builds/worker-6-tc2/target:/opt/rustwide/target:rw,Z" "-v" "/var/lib/crater-agent-workspace/cargo-home:/opt/rustwide/cargo-home:ro,Z" "-v" "/var/lib/crater-agent-workspace/rustup-home:/opt/rustwide/rustup-home:ro,Z" "-m" "1610612736" "--network" "none" "ghcr.io/rust-lang/crates-build-env/linux@sha256:77db811e55d90add9212f6832c23229e3de5f1c1f9905e8cb07319ea15df73ac" "sleep" "infinity", kill_on_drop: false }`
[INFO] [stdout] ac68faf282297148704683e2f52a742f6376b41a60e962e471fd5208b846de42
[INFO] running `Command { std: "docker" "start" "ac68faf282297148704683e2f52a742f6376b41a60e962e471fd5208b846de42", kill_on_drop: false }`
[INFO] running `Command { std: "docker" "inspect" "ac68faf282297148704683e2f52a742f6376b41a60e962e471fd5208b846de42", kill_on_drop: false }`
[INFO] running `Command { std: "docker" "exec" "-e" "SOURCE_DIR=/opt/rustwide/workdir" "-e" "CARGO_HOME=/opt/rustwide/cargo-home" "-e" "RUSTUP_HOME=/opt/rustwide/rustup-home" "-e" "CARGO_TARGET_DIR=/opt/rustwide/target" "-w" "/opt/rustwide/workdir" "--user" "0:0" "ac68faf282297148704683e2f52a742f6376b41a60e962e471fd5208b846de42" "/opt/rustwide/cargo-home/bin/cargo" "+1.100.0-beta.1" "metadata" "--no-deps" "--format-version=1", kill_on_drop: false }`
[INFO] running `Command { std: "docker" "inspect" "ac68faf282297148704683e2f52a742f6376b41a60e962e471fd5208b846de42", kill_on_drop: false }`
[INFO] running `Command { std: "docker" "exec" "-e" "SOURCE_DIR=/opt/rustwide/workdir" "-e" "CARGO_HOME=/opt/rustwide/cargo-home" "-e" "RUSTUP_HOME=/opt/rustwide/rustup-home" "-e" "CARGO_TARGET_DIR=/opt/rustwide/target" "-e" "CARGO_INCREMENTAL=0" "-e" "RUST_BACKTRACE=full" "-e" "RUSTFLAGS=--cap-lints=warn" "-e" "RUSTDOCFLAGS=--cap-lints=warn" "-w" "/opt/rustwide/workdir" "--user" "0:0" "ac68faf282297148704683e2f52a742f6376b41a60e962e471fd5208b846de42" "/opt/rustwide/cargo-home/bin/cargo" "+1.100.0-beta.1" "build" "--frozen" "--message-format=json" "--release", kill_on_drop: false }`
[INFO] [stderr]    Compiling proc-macro2 v1.0.93
[INFO] [stderr]    Compiling unicode-ident v1.0.16
[INFO] [stderr]    Compiling libc v0.2.169
[INFO] [stderr]    Compiling pkg-config v0.3.31
[INFO] [stderr]    Compiling scopeguard v1.2.0
[INFO] [stderr]    Compiling smallvec v1.13.2
[INFO] [stderr]    Compiling bitflags v2.8.0
[INFO] [stderr]    Compiling log v0.4.25
[INFO] [stderr]    Compiling simple-easing v1.0.1
[INFO] [stderr]    Compiling dyn-clone v1.0.18
[INFO] [stderr]    Compiling lock_api v0.4.12
[INFO] [stderr]    Compiling libudev-sys v0.1.4
[INFO] [stderr]    Compiling quote v1.0.38
[INFO] [stderr]    Compiling syn v2.0.98
[INFO] [stderr]    Compiling nix v0.26.4
[INFO] [stderr]    Compiling signal-hook-registry v1.4.2
[INFO] [stderr]    Compiling parking_lot_core v0.9.10
[INFO] [stderr]    Compiling mio v1.0.3
[INFO] [stderr]    Compiling libudev v0.3.0
[INFO] [stderr]    Compiling parking_lot v0.12.3
[INFO] [stderr]    Compiling thiserror-impl v1.0.69
[INFO] [stderr]    Compiling futures-macro v0.3.31
[INFO] [stderr]    Compiling tokio-macros v2.5.0
[INFO] [stderr]    Compiling snafu-derive v0.8.5
[INFO] [stderr]    Compiling hermes-five-macros v0.1.0
[INFO] [stderr]    Compiling tokio v1.43.0
[INFO] [stderr]    Compiling futures-util v0.3.31
[INFO] [stderr]    Compiling thiserror v1.0.69
[INFO] [stderr]    Compiling unescaper v0.1.5
[INFO] [stderr]    Compiling serialport v4.7.0
[INFO] [stderr]    Compiling snafu v0.8.5
[INFO] [stderr]    Compiling futures-executor v0.3.31
[INFO] [stderr]    Compiling futures v0.3.31
[INFO] [stderr]    Compiling hermes-five v0.1.0 (/opt/rustwide/workdir)
[INFO] [stderr]     Finished `release` profile [optimized] target(s) in 23.39s
[INFO] running `Command { std: "docker" "inspect" "ac68faf282297148704683e2f52a742f6376b41a60e962e471fd5208b846de42", kill_on_drop: false }`
[INFO] running `Command { std: "docker" "exec" "-e" "SOURCE_DIR=/opt/rustwide/workdir" "-e" "CARGO_HOME=/opt/rustwide/cargo-home" "-e" "RUSTUP_HOME=/opt/rustwide/rustup-home" "-e" "CARGO_TARGET_DIR=/opt/rustwide/target" "-e" "CARGO_INCREMENTAL=0" "-e" "RUST_BACKTRACE=full" "-e" "RUSTFLAGS=--cap-lints=warn" "-e" "RUSTDOCFLAGS=--cap-lints=warn" "-w" "/opt/rustwide/workdir" "--user" "0:0" "ac68faf282297148704683e2f52a742f6376b41a60e962e471fd5208b846de42" "/opt/rustwide/cargo-home/bin/cargo" "+1.100.0-beta.1" "test" "--frozen" "--no-run" "--message-format=json" "--release", kill_on_drop: false }`
[INFO] [stderr]    Compiling litemap v0.7.4
[INFO] [stderr]    Compiling smallvec v1.13.2
[INFO] [stderr]    Compiling icu_locid_transform_data v1.5.0
[INFO] [stderr]    Compiling serde v1.0.217
[INFO] [stderr]    Compiling icu_properties_data v1.5.0
[INFO] [stderr]    Compiling proc-macro2 v1.0.93
[INFO] [stderr]    Compiling icu_normalizer_data v1.5.0
[INFO] [stderr]    Compiling syn v2.0.98
[INFO] [stderr]    Compiling hashbrown v0.15.2
[INFO] [stderr]    Compiling unicode-ident v1.0.16
[INFO] [stderr]    Compiling winnow v0.5.40
[INFO] [stderr]    Compiling pulldown-cmark v0.9.6
[INFO] [stderr]    Compiling semver v1.0.25
[INFO] [stderr]    Compiling regex-syntax v0.8.5
[INFO] [stderr]    Compiling sdd v3.0.7
[INFO] [stderr]    Compiling unicase v2.8.1
[INFO] [stderr]    Compiling once_cell v1.20.3
[INFO] [stderr]    Compiling parking_lot_core v0.9.10
[INFO] [stderr]    Compiling scc v2.3.3
[INFO] [stderr]    Compiling parking_lot v0.12.3
[INFO] [stderr]    Compiling quote v1.0.38
[INFO] [stderr]    Compiling indexmap v2.7.1
[INFO] [stderr]    Compiling regex-automata v0.4.9
[INFO] [stderr]    Compiling serde_spanned v0.6.8
[INFO] [stderr]    Compiling toml_datetime v0.6.8
[INFO] [stderr]    Compiling toml_edit v0.19.15
[INFO] [stderr]    Compiling regex v1.11.1
[INFO] [stderr]    Compiling synstructure v0.13.1
[INFO] [stderr]    Compiling zerovec-derive v0.10.3
[INFO] [stderr]    Compiling displaydoc v0.2.5
[INFO] [stderr]    Compiling zerofrom-derive v0.1.5
[INFO] [stderr]    Compiling yoke-derive v0.7.5
[INFO] [stderr]    Compiling icu_provider_macros v1.5.0
[INFO] [stderr]    Compiling futures-macro v0.3.31
[INFO] [stderr]    Compiling thiserror-impl v1.0.69
[INFO] [stderr]    Compiling snafu-derive v0.8.5
[INFO] [stderr]    Compiling tokio-macros v2.5.0
[INFO] [stderr]    Compiling serial_test_derive v3.2.0
[INFO] [stderr]    Compiling futures-util v0.3.31
[INFO] [stderr]    Compiling hermes-five-macros v0.1.0
[INFO] [stderr]    Compiling tokio v1.43.0
[INFO] [stderr]    Compiling zerofrom v0.1.5
[INFO] [stderr]    Compiling toml v0.7.8
[INFO] [stderr]    Compiling yoke v0.7.5
[INFO] [stderr]    Compiling zerovec v0.10.4
[INFO] [stderr]    Compiling thiserror v1.0.69
[INFO] [stderr]    Compiling unescaper v0.1.5
[INFO] [stderr]    Compiling serialport v4.7.0
[INFO] [stderr]    Compiling snafu v0.8.5
[INFO] [stderr]    Compiling tinystr v0.7.6
[INFO] [stderr]    Compiling icu_collections v1.5.0
[INFO] [stderr]    Compiling icu_locid v1.5.0
[INFO] [stderr]    Compiling icu_provider v1.5.0
[INFO] [stderr]    Compiling icu_locid_transform v1.5.0
[INFO] [stderr]    Compiling futures-executor v0.3.31
[INFO] [stderr]    Compiling futures v0.3.31
[INFO] [stderr]    Compiling serial_test v3.2.0
[INFO] [stderr]    Compiling hermes-five v0.1.0 (/opt/rustwide/workdir)
[INFO] [stderr]    Compiling icu_properties v1.5.1
[INFO] [stderr]    Compiling icu_normalizer v1.5.0
[INFO] [stderr]    Compiling idna_adapter v1.2.0
[INFO] [stderr]    Compiling idna v1.0.3
[INFO] [stderr]    Compiling url v2.5.4
[INFO] [stderr]    Compiling version-sync v0.9.5
[INFO] [stdout] warning: unused import: `hermes_five::io::IO`
[INFO] [stdout]  --> examples/led/brightness.rs:3:5
[INFO] [stdout]   |
[INFO] [stdout] 3 | use hermes_five::io::IO;
[INFO] [stdout]   |     ^^^^^^^^^^^^^^^^^^^
[INFO] [stdout]   |
[INFO] [stdout]   = note: `#[warn(unused_imports)]` (part of `#[warn(unused)]`) on by default
[INFO] [stdout] 
[INFO] [stdout] 
[INFO] [stderr]     Finished `release` profile [optimized] target(s) in 1m 38s
[INFO] running `Command { std: "docker" "inspect" "ac68faf282297148704683e2f52a742f6376b41a60e962e471fd5208b846de42", kill_on_drop: false }`
[INFO] running `Command { std: "docker" "exec" "-e" "SOURCE_DIR=/opt/rustwide/workdir" "-e" "CARGO_HOME=/opt/rustwide/cargo-home" "-e" "RUSTUP_HOME=/opt/rustwide/rustup-home" "-e" "CARGO_TARGET_DIR=/opt/rustwide/target" "-e" "CARGO_INCREMENTAL=0" "-e" "RUST_BACKTRACE=full" "-e" "RUSTFLAGS=--cap-lints=warn" "-e" "RUSTDOCFLAGS=--cap-lints=warn" "-w" "/opt/rustwide/workdir" "--user" "0:0" "ac68faf282297148704683e2f52a742f6376b41a60e962e471fd5208b846de42" "/opt/rustwide/cargo-home/bin/cargo" "+1.100.0-beta.1" "test" "--frozen" "--release", kill_on_drop: false }`
[INFO] [stderr] warning: unused import: `hermes_five::io::IO`
[INFO] [stderr]  --> examples/led/brightness.rs:3:5
[INFO] [stderr]   |
[INFO] [stderr] 3 | use hermes_five::io::IO;
[INFO] [stderr]   |     ^^^^^^^^^^^^^^^^^^^
[INFO] [stderr]   |
[INFO] [stderr]   = note: `#[warn(unused_imports)]` (part of `#[warn(unused)]`) on by default
[INFO] [stderr] 
[INFO] [stderr] warning: `hermes-five` (example "led_brightness") generated 1 warning (run `cargo fix --example "led_brightness" -p hermes-five` to apply 1 suggestion)
[INFO] [stderr]     Finished `release` profile [optimized] target(s) in 0.18s
[INFO] [stderr]      Running unittests src/lib.rs (/opt/rustwide/target/release/build/hermes-five/b3127c9a03b3d0a6/out/hermes_five-b3127c9a03b3d0a6)
[INFO] [stdout] 
[INFO] [stdout] running 238 tests
[INFO] [stdout] test animations::animation::tests::test_animation ... ok
[INFO] [stdout] test animations::easing::tests::test_cubic_in ... ok
[INFO] [stdout] test animations::animation::tests::test_animation_converters ... ok
[INFO] [stdout] test animations::easing::tests::test_elastic_in ... ok
[INFO] [stdout] test animations::easing::tests::test_elastic_in_out ... ok
[INFO] [stdout] test animations::easing::tests::test_back_in ... ok
[INFO] [stdout] test animations::easing::tests::test_bounce_in_out ... ok
[INFO] [stdout] test animations::easing::tests::test_circ_out ... ok
[INFO] [stdout] test animations::easing::tests::test_back_out ... ok
[INFO] [stdout] test animations::easing::tests::test_cubic_in_out ... ok
[INFO] [stdout] test animations::easing::tests::test_bounce_in ... ok
[INFO] [stdout] test animations::easing::tests::test_cubic_out ... ok
[INFO] [stdout] test animations::easing::tests::test_expo_in ... ok
[INFO] [stdout] test animations::easing::tests::test_expo_out ... ok
[INFO] [stdout] test animations::easing::tests::test_elastic_out ... ok
[INFO] [stdout] test animations::easing::tests::test_expo_in_out ... ok
[INFO] [stdout] test animations::easing::tests::test_circ_in ... ok
[INFO] [stdout] test animations::easing::tests::test_quad_in ... ok
[INFO] [stdout] test animations::easing::tests::test_bounce_out ... ok
[INFO] [stdout] test animations::easing::tests::test_circ_in_out ... ok
[INFO] [stdout] test animations::easing::tests::test_quad_in_out ... ok
[INFO] [stdout] test animations::easing::tests::test_quad_out ... ok
[INFO] [stdout] test animations::easing::tests::test_quint_in ... ok
[INFO] [stdout] test animations::easing::tests::test_quint_in_out ... ok
[INFO] [stdout] test animations::easing::tests::test_quint_out ... ok
[INFO] [stdout] test animations::easing::tests::test_reverse ... ok
[INFO] [stdout] test animations::easing::tests::test_roundtrip ... ok
[INFO] [stdout] test animations::easing::tests::test_sine_in ... ok
[INFO] [stdout] test animations::easing::tests::test_quart_in ... ok
[INFO] [stdout] test animations::segment::tests::test_segment_duration ... ok
[INFO] [stdout] test animations::easing::tests::test_quart_in_out ... ok
[INFO] [stdout] test animations::keyframe::tests::test_keyframe_duration ... ok
[INFO] [stdout] test animations::keyframe::tests::test_keyframe_new ... ok
[INFO] [stdout] test animations::segment::tests::test_display_implementation ... ok
[INFO] [stdout] test animations::segment::tests::test_segment_default ... ok
[INFO] [stdout] test animations::easing::tests::test_sine_in_out ... ok
[INFO] [stdout] test animations::easing::tests::test_sine_out ... ok
[INFO] [stdout] test animations::keyframe::tests::test_compute_target_coefficient ... ok
[INFO] [stdout] test animations::segment::tests::test_segment_reset ... ok
[INFO] [stdout] test animations::keyframe::tests::test_new_panic_start_greater_than_end - should panic ... ok
[INFO] [stdout] test animations::segment::tests::test_track_to_segment ... ok
[INFO] [stdout] test animations::track::tests::test_update_history ... ok
[INFO] [stdout] test animations::segment::tests::test_segment_setters ... ok
[INFO] [stdout] test animations::track::tests::test_display_implementation ... ok
[INFO] [stdout] test animations::track::tests::test_get_best_keyframe ... ok
[INFO] [stdout] test animations::track::tests::test_get_duration ... ok
[INFO] [stdout] test animations::track::tests::test_new_track ... ok
[INFO] [stdout] test animations::track::tests::test_play_frame ... ok
[INFO] [stdout] test animations::track::tests::test_play_frame_no_keyframes ... ok
[INFO] [stdout] test animations::easing::tests::test_back_in_out ... ok
[INFO] [stdout] test animations::easing::tests::test_linear ... ok
[INFO] [stdout] test animations::easing::tests::test_quart_out ... ok
[INFO] [stdout] test animations::segment::tests::test_segment_play_once ... ok
[INFO] [stdout] test animations::segment::tests::test_segment_play ... ok
[INFO] [stdout] test devices::input::analog::tests::test_analog_events ... ok
[INFO] [stdout] test animations::animation::tests::test_animation_controls ... ok
[INFO] [stdout] test devices::input::button::tests::test_button_display ... ok
[INFO] [stdout] test devices::input::analog::tests::test_analog_display ... ok
[INFO] [stdout] test devices::input::button::tests::test_new_inverted_pullup_button_creation ... ok
[INFO] [stdout] test devices::input::button::tests::test_button_helper ... ok
[INFO] [stdout] test devices::input::digital::tests::test_digital_display ... ok
[INFO] [stdout] test devices::input::button::tests::test_button_inverted_state_logic ... ok
[INFO] [stdout] test devices::input::button::tests::test_new_button_creation ... ok
[INFO] [stdout] test devices::input::button::tests::test_button_events ... ok
[INFO] [stdout] test devices::input::button::tests::test_inverted_button_events ... ok
[INFO] [stdout] test devices::input::button::tests::test_new_pullup_button_creation ... ok
[INFO] [stdout] test devices::output::digital::tests::test_set_high ... ok
[INFO] [stdout] test devices::input::button::tests::test_new_inverted_button_creation ... ok
[INFO] [stdout] test devices::input::analog::tests::test_new_analog_input ... ok
[INFO] [stdout] test devices::output::led::tests::test_display_impl ... ok
[INFO] [stdout] test devices::output::digital::tests::test_set_low ... ok
[INFO] [stdout] test devices::output::digital::tests::test_toggle ... ok
[INFO] [stdout] test devices::output::digital::tests::test_creation ... ok
[INFO] [stdout] test devices::output::led::tests::test_brightness_calculation ... ok
[INFO] [stdout] test devices::output::led::tests::test_default_value ... ok
[INFO] [stdout] test devices::output::led::tests::test_get_pin_info ... ok
[INFO] [stdout] test devices::output::led::tests::test_is_on_off ... ok
[INFO] [stdout] test devices::output::digital::tests::test_set_state ... ok
[INFO] [stdout] test devices::output::digital::tests::test_display_impl ... ok
[INFO] [stdout] test devices::output::digital::tests::test_get_pin_info ... ok
[INFO] [stdout] test devices::output::led::tests::test_led_creation ... ok
[INFO] [stdout] test devices::output::led::tests::test_toggle ... ok
[INFO] [stdout] test devices::output::led::tests::test_turn_off ... ok
[INFO] [stdout] test devices::output::led::tests::test_turn_on ... ok
[INFO] [stdout] test devices::output::led::tests::test_set_brightness_valid ... ok
[INFO] [stdout] test devices::output::pwm::tests::test_get_pin_info ... ok
[INFO] [stdout] test devices::output::pwm::tests::test_display_impl ... ok
[INFO] [stdout] test devices::output::pwm::tests::test_creation ... ok
[INFO] [stdout] test devices::output::led::tests::test_set_brightness_incompatible_mode ... ok
[INFO] [stdout] test devices::output::led::tests::test_set_state ... ok
[INFO] [stdout] test devices::output::pwm::tests::test_set_state ... ok
[INFO] [stdout] test devices::output::pwm::tests::test_set_value ... ok
[INFO] [stdout] test devices::output::pwm::tests::test_set_percent ... ok
[INFO] [stdout] test devices::output::servo::tests::test_servo_degree_range_setting ... ok
[INFO] [stdout] test devices::output::servo::tests::test_servo_detach_delay ... ok
[INFO] [stdout] test devices::output::servo::tests::test_servo_move ... ok
[INFO] [stdout] test devices::output::servo::tests::test_servo_display ... ok
[INFO] [stdout] test devices::output::servo::tests::test_servo_pwm_range_setting ... ok
[INFO] [stdout] test devices::output::servo::tests::test_servo_range_setting ... ok
[INFO] [stdout] test devices::output::tests::test_reset ... ok
[INFO] [stdout] test devices::output::tests::test_scale_state_float ... ok
[INFO] [stdout] test devices::output::tests::test_scale_state_integer ... ok
[INFO] [stdout] test devices::output::tests::test_scale_state_non_numeric ... ok
[INFO] [stdout] test devices::output::tests::test_scale_state_signed ... ok
[INFO] [stdout] test errors::tests::test_error_display ... ok
[INFO] [stdout] test errors::tests::test_from_hardware_error ... ok
[INFO] [stdout] test errors::tests::test_from_io_error ... ok
[INFO] [stdout] test errors::tests::test_from_protocol_error ... ok
[INFO] [stdout] test errors::tests::test_from_utf8_error ... ok
[INFO] [stdout] test devices::output::servo::tests::test_servo_creation ... ok
[INFO] [stdout] test devices::output::servo::tests::test_servo_type ... ok
[INFO] [stdout] test devices::output::servo::tests::test_servo_state ... ok
[INFO] [stdout] test hardware::board::tests::test_board_display ... ok
[INFO] [stdout] test hardware::board::tests::test_board_blocking_open ... ok
[INFO] [stdout] test hardware::board::tests::test_board_get_hardware ... ok
[INFO] [stdout] test hardware::board::tests::test_board_default ... ok
[INFO] [stdout] test hardware::board::tests::test_board_from ... ok
[INFO] [stdout] test hardware::pca9685::tests::test_analog_write ... ok
[INFO] [stdout] test hardware::pca9685::tests::test_close ... ok
[INFO] [stdout] test hardware::pca9685::tests::test_custom_initialization ... ok
[INFO] [stdout] test hardware::pca9685::tests::test_default_initialization ... ok
[INFO] [stdout] test hardware::pca9685::tests::test_digital_write ... ok
[INFO] [stdout] test hardware::pca9685::tests::test_display ... ok
[INFO] [stdout] test hardware::pca9685::tests::test_hardware ... ok
[INFO] [stdout] test hardware::pca9685::tests::test_helper ... ok
[INFO] [stdout] test hardware::pca9685::tests::test_open ... ok
[INFO] [stdout] test hardware::pca9685::tests::test_read_from_reg ... ok
[INFO] [stdout] test hardware::pca9685::tests::test_read_from_reg_failure ... ok
[INFO] [stdout] test hardware::pca9685::tests::test_servo_config ... ok
[INFO] [stdout] test hardware::pca9685::tests::test_set_frequency_outofbound ... ok
[INFO] [stdout] test hardware::pca9685::tests::test_set_frequency_valid ... ok
[INFO] [stdout] test hardware::pca9685::tests::test_set_pin_mode ... ok
[INFO] [stdout] test hardware::pca9685::tests::test_write_to_reg ... ok
[INFO] [stdout] test io::data::tests::test_check_current_mode_success ... ok
[INFO] [stdout] test io::data::tests::test_get_pin_error ... ok
[INFO] [stdout] test io::data::tests::test_get_pin_success ... ok
[INFO] [stdout] test io::data::tests::test_mutate_pin ... ok
[INFO] [stdout] test io::data::tests::test_pin_display ... ok
[INFO] [stdout] test io::data::tests::test_pin_id_display ... ok
[INFO] [stdout] test io::data::tests::test_pin_id_from ... ok
[INFO] [stdout] test io::data::tests::test_pin_mode_debug ... ok
[INFO] [stdout] test io::data::tests::test_pin_mode_display ... ok
[INFO] [stdout] test io::data::tests::test_pin_mode_id_conversions ... ok
[INFO] [stdout] test io::data::tests::test_pin_mode_id_display ... ok
[INFO] [stdout] test io::data::tests::test_pin_mode_max_value ... ok
[INFO] [stdout] test io::data::tests::test_pin_supports_mode ... ok
[INFO] [stdout] test io::protocols::remote::tests::test_creation ... ok
[INFO] [stdout] test io::protocols::remote::tests::test_debug_and_display ... ok
[INFO] [stdout] test io::protocols::remote::tests::test_digital_write ... ok
[INFO] [stdout] test io::protocols::remote::tests::test_extended_analog_write ... ok
[INFO] [stdout] test io::protocols::remote::tests::test_handle_analog_mapping_response ... ok
[INFO] [stdout] test io::protocols::remote::tests::test_handle_analog_message ... ok
[INFO] [stdout] test io::protocols::remote::tests::test_handle_capability_response ... ok
[INFO] [stdout] test io::protocols::remote::tests::test_handle_digital_message ... ok
[INFO] [stdout] test io::protocols::remote::tests::test_handle_empty_sysex ... ok
[INFO] [stdout] test io::protocols::remote::tests::test_handle_firmware_report ... ok
[INFO] [stdout] test io::protocols::remote::tests::test_handle_i2c_reply ... ok
[INFO] [stdout] test io::protocols::remote::tests::test_handle_pin_state_response ... ok
[INFO] [stdout] test io::protocols::remote::tests::test_handle_protocol_version ... ok
[INFO] [stdout] test io::protocols::remote::tests::test_handshake ... ok
[INFO] [stdout] test io::protocols::remote::tests::test_i2c_config ... ok
[INFO] [stdout] test io::protocols::remote::tests::test_i2c_read ... ok
[INFO] [stdout] test io::protocols::remote::tests::test_i2c_write ... ok
[INFO] [stdout] test io::protocols::remote::tests::test_open ... ok
[INFO] [stdout] test io::protocols::remote::tests::test_query_analog_mapping ... ok
[INFO] [stdout] test io::protocols::remote::tests::test_query_capabilities ... ok
[INFO] [stdout] test io::protocols::remote::tests::test_query_firmware ... ok
[INFO] [stdout] test devices::input::digital::tests::test_new_digital_input ... ok
[INFO] [stdout] test devices::output::pwm::tests::test_animation ... ok
[INFO] [stdout] test hardware::board::tests::test_board_run ... ok
[INFO] [stdout] test devices::output::led::tests::test_animation ... ok
[INFO] [stdout] test io::protocols::remote::tests::test_sampling_interval ... ok
[INFO] [stdout] test io::protocols::remote::tests::test_servo_config ... ok
[INFO] [stdout] test io::protocols::remote::tests::test_set_pin_mode ... ok
[INFO] [stdout] test hardware::board::tests::test_board_open ... ok
[INFO] [stdout] test io::protocols::remote::tests::test_report_analog ... ok
[INFO] [stdout] test devices::input::digital::tests::test_digital_events ... ok
[INFO] [stdout] test io::transports::serial::tests::test_close_serial_protocol ... ok
[INFO] [stdout] test io::transports::serial::tests::test_from_serial_error ... ok
[INFO] [stdout] test io::protocols::remote::tests::test_simple_analog_write ... ok
[INFO] [stdout] test io::protocols::remote::tests::test_software_reset ... ok
[INFO] [stdout] test io::transports::serial::tests::test_display_serial_protocol ... ok
[INFO] [stdout] test animations::animation::tests::test_play_animation ... ok
[INFO] [stdout] test devices::output::led::tests::test_led_blink ... ok
[INFO] [stdout] test devices::output::servo::tests::test_servo_sweep ... ok
[INFO] [stdout] test devices::output::servo::tests::test_animation ... ok
[INFO] [stdout] test devices::output::led::tests::test_led_pulse ... ok
[INFO] [stdout] test io::transports::serial::tests::test_new_serial_protocol ... ok
[INFO] [stdout] test io::transports::serial::tests::test_read_exact_success ... ok
[INFO] [stdout] test io::transports::serial::tests::test_open_serial_protocol ... ok
[INFO] [stdout] test utils::range::tests::test_range_copy_clone ... ok
[INFO] [stdout] test devices::output::digital::tests::test_animation ... ok
[INFO] [stdout] test io::protocols::remote::tests::test_report_digital ... ok
[INFO] [stdout] test utils::range::tests::test_range_creation ... ok
[INFO] [stdout] test utils::range::tests::test_range_debug ... ok
[INFO] [stdout] test utils::range::tests::test_range_equality ... ok
[INFO] [stdout] test io::transports::serial::tests::test_set_timeout ... ok
[INFO] [stdout] test utils::range::tests::test_range_from_array ... ok
[INFO] [stdout] test io::transports::serial::tests::test_write_data_success ... ok
[INFO] [stdout] test utils::events::tests::test_event_manager_debug ... ok
[INFO] [stdout] test utils::events::tests::test_no_handlers_for_event ... ok
[INFO] [stdout] test utils::scale::tests::test_scale_float ... ok
[INFO] [stdout] test utils::scale::tests::test_scale_signed ... ok
[INFO] [stdout] test utils::scale::tests::test_scale_unsigned ... ok
[INFO] [stdout] test utils::state::tests::test_as_array ... ok
[INFO] [stdout] test utils::state::tests::test_as_integer ... ok
[INFO] [stdout] test utils::state::tests::test_as_object ... ok
[INFO] [stdout] test utils::state::tests::test_as_signed_integer ... ok
[INFO] [stdout] test utils::state::tests::test_as_str ... ok
[INFO] [stdout] test utils::state::tests::test_as_string ... ok
[INFO] [stdout] test utils::state::tests::test_as_boolean ... ok
[INFO] [stdout] test utils::state::tests::test_as_float ... ok
[INFO] [stdout] test utils::state::tests::test_display_boolean ... ok
[INFO] [stdout] test utils::state::tests::test_display_array ... ok
[INFO] [stdout] test utils::state::tests::test_display_float ... ok
[INFO] [stdout] test utils::state::tests::test_display_integer ... ok
[INFO] [stdout] test utils::state::tests::test_display_null ... ok
[INFO] [stdout] test utils::state::tests::test_display_object ... ok
[INFO] [stdout] test utils::state::tests::test_display_signed ... ok
[INFO] [stdout] test utils::state::tests::test_display_string ... ok
[INFO] [stdout] test utils::state::tests::test_from_conversions ... ok
[INFO] [stdout] test utils::state::tests::test_is_null ... ok
[INFO] [stdout] test utils::tests::test_format_as_hex_empty_slice ... ok
[INFO] [stdout] test utils::tests::test_format_as_hex_large_numbers ... ok
[INFO] [stdout] test utils::tests::test_format_as_hex_multiple_elements ... ok
[INFO] [stdout] test utils::tests::test_format_as_hex_single_element ... ok
[INFO] [stdout] test utils::tests::test_format_as_hex_u16 ... ok
[INFO] [stdout] test utils::task::tests::test_task_with_result ... ok
[INFO] [stdout] test io::transports::serial::tests::test_default_serial_protocol ... ok
[INFO] [stdout] test utils::events::tests::test_multiple_handlers ... ok
[INFO] [stdout] test utils::task::tests::test_task_parallel_execution ... ok
[INFO] [stdout] test utils::events::tests::test_event_with_complex_payload ... ok
[INFO] [stdout] test utils::events::tests::test_unregister_event_handler ... ok
[INFO] [stdout] test animations::animation::tests::test_animation_skip ... ok
[INFO] [stdout] test utils::task::tests::test_task_abort_execution ... ok
[INFO] [stdout] test hardware::board::tests::test_board_close ... ok
[INFO] [stdout] test utils::events::tests::test_register_and_emit_event ... ok
[INFO] [stderr]      Running tests/version-numbers.rs (/opt/rustwide/target/release/build/hermes-five/42ca23eac9f2055e/out/version_numbers-42ca23eac9f2055e)
[INFO] [stdout] test devices::output::servo::tests::test_servo_auto_detach ... ok
[INFO] [stdout] 
[INFO] [stdout] test result: ok. 238 passed; 0 failed; 0 ignored; 0 measured; 0 filtered out; finished in 5.29s
[INFO] [stdout] 
[INFO] [stdout] 
[INFO] [stdout] running 2 tests
[INFO] [stdout] test test_html_root_url ... ok
[INFO] [stdout] test test_readme_deps ... FAILED
[INFO] [stdout] 
[INFO] [stdout] failures:
[INFO] [stdout] 
[INFO] [stdout] ---- test_readme_deps stdout ----
[INFO] [stdout] 
[INFO] [stdout] thread 'test_readme_deps' (3820) panicked at tests/version-numbers.rs:3:5:
[INFO] [stdout] could not read ../README.md: No such file or directory (os error 2)
[INFO] [stdout] stack backtrace:
[INFO] [stdout]    0:     0x5f5dc6267ac1 - <<std[617be2ca0a6fd877]::sys::backtrace::BacktraceLock>::print::DisplayBacktrace as core[a373ad73a504971]::fmt::Display>::fmt
[INFO] [stdout]    1:     0x5f5dc627ce9a - core[a373ad73a504971]::fmt::write
[INFO] [stdout]    2:     0x5f5dc626bcfc - <alloc[2e1b2a31b91974c5]::vec::Vec<u8> as core[a373ad73a504971]::io::write::Write>::write_fmt
[INFO] [stdout]    3:     0x5f5dc6243ee6 - std[617be2ca0a6fd877]::panicking::default_hook::{closure#0}
[INFO] [stdout]    4:     0x5f5dc6260119 - std[617be2ca0a6fd877]::panicking::default_hook
[INFO] [stdout]    5:     0x5f5dc61fc7c0 - test[aada8e7e76ba119b]::test_main_inner::{closure#0}
[INFO] [stdout]    6:     0x5f5dc62602d2 - std[617be2ca0a6fd877]::panicking::panic_with_hook
[INFO] [stdout]    7:     0x5f5dc6243f92 - std[617be2ca0a6fd877]::panicking::panic_handler::{closure#0}
[INFO] [stdout]    8:     0x5f5dc623cca9 - std[617be2ca0a6fd877]::sys::backtrace::__rust_end_short_backtrace::<std[617be2ca0a6fd877]::panicking::panic_handler::{closure#0}, !>
[INFO] [stdout]    9:     0x5f5dc6244b9d - __rustc[ea4f61d10b84890b]::rust_begin_unwind
[INFO] [stdout]   10:     0x5f5dc627d67c - core[a373ad73a504971]::panicking::panic_fmt
[INFO] [stdout]   11:     0x5f5dc606dbba - <version_numbers[67500d22d496bb62]::test_readme_deps::{closure#0} as core[a373ad73a504971]::ops::function::FnOnce<()>>::call_once
[INFO] [stdout]   12:     0x5f5dc61efc0b - test[aada8e7e76ba119b]::__rust_begin_short_backtrace::<core[a373ad73a504971]::result::Result<(), alloc[2e1b2a31b91974c5]::string::String>, fn() -> core[a373ad73a504971]::result::Result<(), alloc[2e1b2a31b91974c5]::string::String>>
[INFO] [stdout]   13:     0x5f5dc61fcde5 - test[aada8e7e76ba119b]::run_test::{closure#0}
[INFO] [stdout]   14:     0x5f5dc61f66d4 - std[617be2ca0a6fd877]::sys::backtrace::__rust_begin_short_backtrace::<test[aada8e7e76ba119b]::run_test::{closure#1}, ()>
[INFO] [stdout]   15:     0x5f5dc61ffe72 - <std[617be2ca0a6fd877]::thread::lifecycle::spawn_unchecked<test[aada8e7e76ba119b]::run_test::{closure#1}, ()>::{closure#1} as core[a373ad73a504971]::ops::function::FnOnce<()>>::call_once::{shim:vtable#0}
[INFO] [stdout]   16:     0x5f5dc626731f - <std[617be2ca0a6fd877]::sys::thread::unix::Thread>::new::thread_start
[INFO] [stdout]   17:     0x7ea6124acdfa - <unknown>
[INFO] [stdout]   18:     0x7ea6125403d4 - clone
[INFO] [stdout]   19:                0x0 - <unknown>
[INFO] [stdout] 
[INFO] [stdout] 
[INFO] [stdout] failures:
[INFO] [stdout]     test_readme_deps
[INFO] [stdout] 
[INFO] [stdout] test result: FAILED. 1 passed; 1 failed; 0 ignored; 0 measured; 0 filtered out; finished in 0.00s
[INFO] [stdout] 
[INFO] [stderr] error: test failed, to rerun pass `--test version-numbers`
[INFO] running `Command { std: "docker" "inspect" "ac68faf282297148704683e2f52a742f6376b41a60e962e471fd5208b846de42", kill_on_drop: false }`
[INFO] running `Command { std: "docker" "rm" "-f" "ac68faf282297148704683e2f52a742f6376b41a60e962e471fd5208b846de42", kill_on_drop: false }`
[INFO] [stdout] ac68faf282297148704683e2f52a742f6376b41a60e962e471fd5208b846de42
