[INFO] fetching crate hera 0.1.0...
[INFO] testing hera-0.1.0 against 1.99.0-beta.8+cargoflags=--release for beta-release-1.100-2
[INFO] extracting crate hera 0.1.0 into /workspace/builds/worker-1-tc1/source
[INFO] started tweaking crates.io crate hera 0.1.0
[INFO] finished tweaking crates.io crate hera 0.1.0
[INFO] tweaked toml for crates.io crate hera 0.1.0 written to /workspace/builds/worker-1-tc1/source/Cargo.toml
[INFO] validating manifest of crates.io crate hera 0.1.0 on toolchain 1.99.0-beta.8
[INFO] running `Command { std: CARGO_HOME="/workspace/cargo-home" RUSTUP_HOME="/workspace/rustup-home" "/workspace/cargo-home/bin/cargo" "+1.99.0-beta.8" "metadata" "--manifest-path" "Cargo.toml" "--no-deps", kill_on_drop: false }`
[INFO] running `Command { std: CARGO_HOME="/workspace/cargo-home" RUSTUP_HOME="/workspace/rustup-home" "/workspace/cargo-home/bin/cargo" "+1.99.0-beta.8" "generate-lockfile" "--manifest-path" "Cargo.toml", kill_on_drop: false }`
[INFO] [stderr]     Updating crates.io index
[INFO] [stderr]      Locking 105 packages to highest compatible versions
[INFO] [stderr]       Adding assert_cmd v0.9.1 (available: v2.2.2)
[INFO] [stderr]       Adding clap v2.34.0 (available: v4.6.7)
[INFO] [stderr]       Adding git2 v0.7.5 (available: v0.21.0)
[INFO] [stderr]       Adding psm v0.1.24 (available: v0.1.32)
[INFO] [stderr]       Adding tokei v8.0.1 (available: v15.0.0)
[INFO] running `Command { std: CARGO_HOME="/workspace/cargo-home" RUSTUP_HOME="/workspace/rustup-home" "/workspace/cargo-home/bin/cargo" "+1.99.0-beta.8" "fetch" "--manifest-path" "Cargo.toml", kill_on_drop: false }`
[INFO] [stderr] warning: Cargo.toml: `package.edition` is unspecified, defaulting to `2015` while the latest is `2024`
[INFO] [stderr] warning: `hera` (manifest) generated 1 warning
[INFO] [stderr]  Downloading crates ...
[INFO] [stderr]   Downloaded encoding_rs_io v0.1.8
[INFO] [stderr]   Downloaded tokei v8.0.1
[INFO] [stderr]   Downloaded handlebars v1.1.0
[INFO] [stderr]   Downloaded assert_cmd v0.9.1
[INFO] [stderr]   Downloaded predicates-core v0.9.0
[INFO] [stderr]   Downloaded predicates-tree v0.9.0
[INFO] [stderr]   Downloaded float-cmp v0.4.0
[INFO] [stderr]   Downloaded normalize-line-endings v0.2.2
[INFO] [stderr]   Downloaded treeline v0.1.0
[INFO] [stderr]   Downloaded predicates v0.9.1
[INFO] [stderr]   Downloaded escargot v0.3.1
[INFO] running `Command { std: "docker" "create" "-v" "/var/lib/crater-agent-workspace/builds/worker-1-tc1/source:/opt/rustwide/workdir:ro,Z" "-v" "/var/lib/crater-agent-workspace/builds/worker-1-tc1/target:/opt/rustwide/target:rw,Z" "-v" "/var/lib/crater-agent-workspace/cargo-home:/opt/rustwide/cargo-home:ro,Z" "-v" "/var/lib/crater-agent-workspace/rustup-home:/opt/rustwide/rustup-home:ro,Z" "-m" "1610612736" "--network" "none" "ghcr.io/rust-lang/crates-build-env/linux@sha256:77db811e55d90add9212f6832c23229e3de5f1c1f9905e8cb07319ea15df73ac" "sleep" "infinity", kill_on_drop: false }`
[INFO] [stdout] 7608b29471ce97bbc3218c57adbdcf6cf4e3daafe522cd38eda39ccc857d4984
[INFO] running `Command { std: "docker" "start" "7608b29471ce97bbc3218c57adbdcf6cf4e3daafe522cd38eda39ccc857d4984", kill_on_drop: false }`
[INFO] running `Command { std: "docker" "inspect" "7608b29471ce97bbc3218c57adbdcf6cf4e3daafe522cd38eda39ccc857d4984", kill_on_drop: false }`
[INFO] running `Command { std: "docker" "exec" "-e" "SOURCE_DIR=/opt/rustwide/workdir" "-e" "CARGO_HOME=/opt/rustwide/cargo-home" "-e" "RUSTUP_HOME=/opt/rustwide/rustup-home" "-e" "CARGO_TARGET_DIR=/opt/rustwide/target" "-w" "/opt/rustwide/workdir" "--user" "0:0" "7608b29471ce97bbc3218c57adbdcf6cf4e3daafe522cd38eda39ccc857d4984" "/opt/rustwide/cargo-home/bin/cargo" "+1.99.0-beta.8" "metadata" "--no-deps" "--format-version=1", kill_on_drop: false }`
[INFO] running `Command { std: "docker" "inspect" "7608b29471ce97bbc3218c57adbdcf6cf4e3daafe522cd38eda39ccc857d4984", kill_on_drop: false }`
[INFO] running `Command { std: "docker" "exec" "-e" "SOURCE_DIR=/opt/rustwide/workdir" "-e" "CARGO_HOME=/opt/rustwide/cargo-home" "-e" "RUSTUP_HOME=/opt/rustwide/rustup-home" "-e" "CARGO_TARGET_DIR=/opt/rustwide/target" "-e" "CARGO_INCREMENTAL=0" "-e" "RUST_BACKTRACE=full" "-e" "RUSTFLAGS=--cap-lints=warn" "-e" "RUSTDOCFLAGS=--cap-lints=warn" "-w" "/opt/rustwide/workdir" "--user" "0:0" "7608b29471ce97bbc3218c57adbdcf6cf4e3daafe522cd38eda39ccc857d4984" "/opt/rustwide/cargo-home/bin/cargo" "+1.99.0-beta.8" "build" "--frozen" "--message-format=json" "--release", kill_on_drop: false }`
[INFO] [stderr] warning: Cargo.toml: `package.edition` is unspecified, defaulting to `2015` while the latest is `2024`
[INFO] [stderr] warning: `hera` (manifest) generated 1 warning
[INFO] [stderr]    Compiling shlex v2.0.1
[INFO] [stderr]    Compiling find-msvc-tools v0.1.14
[INFO] [stderr]    Compiling libc v0.2.191
[INFO] [stderr]    Compiling pkg-config v0.3.34
[INFO] [stderr]    Compiling crossbeam-utils v0.8.23
[INFO] [stderr]    Compiling memchr v2.8.3
[INFO] [stderr]    Compiling vcpkg v0.2.15
[INFO] [stderr]    Compiling crossbeam-epoch v0.9.21
[INFO] [stderr]    Compiling proc-macro2 v1.0.107
[INFO] [stderr]    Compiling unicode-ident v1.0.27
[INFO] [stderr]    Compiling quote v1.0.47
[INFO] [stderr]    Compiling crossbeam-deque v0.8.8
[INFO] [stderr]    Compiling cfg-if v1.0.5
[INFO] [stderr]    Compiling serde_core v1.0.229
[INFO] [stderr]    Compiling regex-syntax v0.8.11
[INFO] [stderr]    Compiling ucd-trie v0.1.7
[INFO] [stderr]    Compiling rustversion v1.0.23
[INFO] [stderr]    Compiling zmij v1.0.23
[INFO] [stderr]    Compiling cc v1.8.0
[INFO] [stderr]    Compiling serde v1.0.229
[INFO] [stderr]    Compiling serde_json v1.0.154
[INFO] [stderr]    Compiling same-file v1.0.6
[INFO] [stderr]    Compiling log v0.4.34
[INFO] [stderr]    Compiling walkdir v2.5.0
[INFO] [stderr]    Compiling itoa v1.0.18
[INFO] [stderr]    Compiling aho-corasick v1.1.5
[INFO] [stderr]    Compiling bstr v1.13.1
[INFO] [stderr]    Compiling quick-error v1.2.3
[INFO] [stderr]    Compiling lazy_static v1.5.1
[INFO] [stderr]    Compiling syn v3.0.9
[INFO] [stderr]    Compiling encoding_rs v0.8.42
[INFO] [stderr]    Compiling tinyvec v1.13.3
[INFO] [stderr]    Compiling simdutf8 v0.1.5
[INFO] [stderr]    Compiling multiversion_no_op v1.0.0
[INFO] [stderr]    Compiling unicode-width v0.1.14
[INFO] [stderr]    Compiling bitflags v1.3.2
[INFO] [stderr]    Compiling core_detect v1.0.0
[INFO] [stderr]    Compiling scopeguard v1.2.0
[INFO] [stderr]    Compiling unicode-bidi v0.3.18
[INFO] [stderr]    Compiling matches v0.1.10
[INFO] [stderr]    Compiling rayon-core v1.13.0
[INFO] [stderr]    Compiling textwrap v0.11.0
[INFO] [stderr]    Compiling unicode-normalization v0.1.26
[INFO] [stderr]    Compiling humantime v1.3.0
[INFO] [stderr]    Compiling either v1.19.0
[INFO] [stderr]    Compiling vec_map v0.8.2
[INFO] [stderr]    Compiling percent-encoding v1.0.1
[INFO] [stderr]    Compiling psm v0.1.24
[INFO] [stderr]    Compiling stacker v0.1.25
[INFO] [stderr]    Compiling libz-sys v1.1.30
[INFO] [stderr]    Compiling openssl-sys v0.9.117
[INFO] [stderr]    Compiling curl-sys v0.4.91+curl-8.22.0
[INFO] [stderr]    Compiling libssh2-sys v0.2.23
[INFO] [stderr]    Compiling atty v0.2.14
[INFO] [stderr]    Compiling libgit2-sys v0.7.11
[INFO] [stderr]    Compiling idna v0.1.5
[INFO] [stderr]    Compiling regex-automata v0.4.18
[INFO] [stderr]    Compiling ansi_term v0.12.1
[INFO] [stderr]    Compiling strsim v0.8.0
[INFO] [stderr]    Compiling termcolor v1.4.1
[INFO] [stderr]    Compiling pest v2.9.4
[INFO] [stderr]    Compiling clap v2.34.0
[INFO] [stderr]    Compiling rayon v1.12.0
[INFO] [stderr]    Compiling term_size v0.3.2
[INFO] [stderr]    Compiling openssl-probe v0.1.6
[INFO] [stderr]    Compiling encoding_rs_io v0.1.8
[INFO] [stderr]    Compiling url v1.7.2
[INFO] [stderr]    Compiling serde_derive v1.0.229
[INFO] [stderr]    Compiling pest_meta v2.9.4
[INFO] [stderr]    Compiling regex v1.13.1
[INFO] [stderr]    Compiling globset v0.4.20
[INFO] [stderr]    Compiling pest_generator v2.9.4
[INFO] [stderr]    Compiling ignore v0.4.33
[INFO] [stderr]    Compiling pest_derive v2.9.4
[INFO] [stderr]    Compiling handlebars v1.1.0
[INFO] [stderr]    Compiling env_logger v0.5.13
[INFO] [stderr]    Compiling tokei v8.0.1
[INFO] [stderr]    Compiling git2 v0.7.5
[INFO] [stderr]    Compiling hera v0.1.0 (/opt/rustwide/workdir)
[INFO] [stdout] warning: trait objects without an explicit `dyn` are deprecated
[INFO] [stdout]   --> src/main.rs:21:29
[INFO] [stdout]    |
[INFO] [stdout] 21 | fn main() -> Result<(), Box<Error>> {
[INFO] [stdout]    |                             ^^^^^
[INFO] [stdout]    |
[INFO] [stdout]    = warning: this is accepted in the current edition (Rust 2015) but is a hard error in Rust 2021!
[INFO] [stdout]    = note: for more information, see <https://doc.rust-lang.org/edition-guide/rust-2021/warnings-promoted-to-error.html>
[INFO] [stdout]    = note: `#[warn(bare_trait_objects)]` (part of `#[warn(rust_2021_compatibility)]`) on by default
[INFO] [stdout] help: if this is a dyn-compatible trait, use `dyn`
[INFO] [stdout]    |
[INFO] [stdout] 21 | fn main() -> Result<(), Box<dyn Error>> {
[INFO] [stdout]    |                             +++
[INFO] [stdout] 
[INFO] [stdout] 
[INFO] [stdout] warning: trait objects without an explicit `dyn` are deprecated
[INFO] [stdout]   --> src/main.rs:80:25
[INFO] [stdout]    |
[INFO] [stdout] 80 |     -> Result<bool, Box<Error>>
[INFO] [stdout]    |                         ^^^^^
[INFO] [stdout]    |
[INFO] [stdout]    = warning: this is accepted in the current edition (Rust 2015) but is a hard error in Rust 2021!
[INFO] [stdout]    = note: for more information, see <https://doc.rust-lang.org/edition-guide/rust-2021/warnings-promoted-to-error.html>
[INFO] [stdout] help: if this is a dyn-compatible trait, use `dyn`
[INFO] [stdout]    |
[INFO] [stdout] 80 |     -> Result<bool, Box<dyn Error>>
[INFO] [stdout]    |                         +++
[INFO] [stdout] 
[INFO] [stdout] 
[INFO] [stdout] warning: trait objects without an explicit `dyn` are deprecated
[INFO] [stdout]   --> src/changes.rs:47:29
[INFO] [stdout]    |
[INFO] [stdout] 47 |         -> Result<bool, Box<Error>>
[INFO] [stdout]    |                             ^^^^^
[INFO] [stdout]    |
[INFO] [stdout]    = warning: this is accepted in the current edition (Rust 2015) but is a hard error in Rust 2021!
[INFO] [stdout]    = note: for more information, see <https://doc.rust-lang.org/edition-guide/rust-2021/warnings-promoted-to-error.html>
[INFO] [stdout] help: if this is a dyn-compatible trait, use `dyn`
[INFO] [stdout]    |
[INFO] [stdout] 47 |         -> Result<bool, Box<dyn Error>>
[INFO] [stdout]    |                             +++
[INFO] [stdout] 
[INFO] [stdout] 
[INFO] [stdout] warning: field `status` is never read
[INFO] [stdout]   --> src/changes.rs:21:5
[INFO] [stdout]    |
[INFO] [stdout] 18 | pub struct FileChanges {
[INFO] [stdout]    |            ----------- field in this struct
[INFO] [stdout] ...
[INFO] [stdout] 21 |     status: Delta,
[INFO] [stdout]    |     ^^^^^^
[INFO] [stdout]    |
[INFO] [stdout]    = note: `FileChanges` has a derived impl for the trait `Debug`, but this is intentionally ignored during dead code analysis
[INFO] [stdout]    = note: `#[warn(dead_code)]` (part of `#[warn(unused)]`) on by default
[INFO] [stdout] 
[INFO] [stdout] 
[INFO] [stderr]     Finished `release` profile [optimized] target(s) in 2m 10s
[INFO] running `Command { std: "docker" "inspect" "7608b29471ce97bbc3218c57adbdcf6cf4e3daafe522cd38eda39ccc857d4984", kill_on_drop: false }`
[INFO] running `Command { std: "docker" "exec" "-e" "SOURCE_DIR=/opt/rustwide/workdir" "-e" "CARGO_HOME=/opt/rustwide/cargo-home" "-e" "RUSTUP_HOME=/opt/rustwide/rustup-home" "-e" "CARGO_TARGET_DIR=/opt/rustwide/target" "-e" "CARGO_INCREMENTAL=0" "-e" "RUST_BACKTRACE=full" "-e" "RUSTFLAGS=--cap-lints=warn" "-e" "RUSTDOCFLAGS=--cap-lints=warn" "-w" "/opt/rustwide/workdir" "--user" "0:0" "7608b29471ce97bbc3218c57adbdcf6cf4e3daafe522cd38eda39ccc857d4984" "/opt/rustwide/cargo-home/bin/cargo" "+1.99.0-beta.8" "test" "--frozen" "--no-run" "--message-format=json" "--release", kill_on_drop: false }`
[INFO] [stderr] warning: Cargo.toml: `package.edition` is unspecified, defaulting to `2015` while the latest is `2024`
[INFO] [stderr] warning: `hera` (manifest) generated 1 warning
[INFO] [stderr]    Compiling libc v0.2.191
[INFO] [stderr]    Compiling memchr v2.8.3
[INFO] [stderr]    Compiling regex-syntax v0.8.11
[INFO] [stderr]    Compiling crossbeam-utils v0.8.23
[INFO] [stderr]    Compiling autocfg v1.5.1
[INFO] [stderr]    Compiling serde_core v1.0.229
[INFO] [stderr]    Compiling cfg-if v1.0.5
[INFO] [stderr]    Compiling log v0.4.34
[INFO] [stderr]    Compiling zmij v1.0.23
[INFO] [stderr]    Compiling tinyvec v1.13.3
[INFO] [stderr]    Compiling serde_json v1.0.154
[INFO] [stderr]    Compiling serde v1.0.229
[INFO] [stderr]    Compiling core_detect v1.0.0
[INFO] [stderr]    Compiling unicode-width v0.1.14
[INFO] [stderr]    Compiling unicode-bidi v0.3.18
[INFO] [stderr]    Compiling itoa v1.0.18
[INFO] [stderr]    Compiling matches v0.1.10
[INFO] [stderr]    Compiling same-file v1.0.6
[INFO] [stderr]    Compiling getrandom v0.4.3
[INFO] [stderr]    Compiling predicates-core v0.9.0
[INFO] [stderr]    Compiling simdutf8 v0.1.5
[INFO] [stderr]    Compiling bitflags v1.3.2
[INFO] [stderr]    Compiling escargot v0.3.1
[INFO] [stderr]    Compiling quick-error v1.2.3
[INFO] [stderr]    Compiling rustix v1.1.5
[INFO] [stderr]    Compiling scopeguard v1.2.0
[INFO] [stderr]    Compiling textwrap v0.11.0
[INFO] [stderr]    Compiling walkdir v2.5.0
[INFO] [stderr]    Compiling treeline v0.1.0
[INFO] [stderr]    Compiling humantime v1.3.0
[INFO] [stderr]    Compiling encoding_rs v0.8.42
[INFO] [stderr]    Compiling bitflags v2.13.2
[INFO] [stderr]    Compiling num-traits v0.2.19
[INFO] [stderr]    Compiling ansi_term v0.12.1
[INFO] [stderr]    Compiling termcolor v1.4.1
[INFO] [stderr]    Compiling unicode-normalization v0.1.26
[INFO] [stderr]    Compiling linux-raw-sys v0.12.1
[INFO] [stderr]    Compiling either v1.19.0
[INFO] [stderr]    Compiling difference v2.0.0
[INFO] [stderr]    Compiling crossbeam-epoch v0.9.21
[INFO] [stderr]    Compiling aho-corasick v1.1.5
[INFO] [stderr]    Compiling bstr v1.13.1
[INFO] [stderr]    Compiling percent-encoding v1.0.1
[INFO] [stderr]    Compiling normalize-line-endings v0.2.2
[INFO] [stderr]    Compiling predicates-tree v0.9.0
[INFO] [stderr]    Compiling openssl-probe v0.1.6
[INFO] [stderr]    Compiling crossbeam-deque v0.8.8
[INFO] [stderr]    Compiling once_cell v1.21.4
[INFO] [stderr]    Compiling fastrand v2.5.0
[INFO] [stderr]    Compiling rayon-core v1.13.0
[INFO] [stderr]    Compiling idna v0.1.5
[INFO] [stderr]    Compiling float-cmp v0.4.0
[INFO] [stderr]    Compiling rayon v1.12.0
[INFO] [stderr]    Compiling openssl-sys v0.9.117
[INFO] [stderr]    Compiling libz-sys v1.1.30
[INFO] [stderr]    Compiling atty v0.2.14
[INFO] [stderr]    Compiling term_size v0.3.2
[INFO] [stderr]    Compiling clap v2.34.0
[INFO] [stderr]    Compiling url v1.7.2
[INFO] [stderr]    Compiling encoding_rs_io v0.1.8
[INFO] [stderr]    Compiling curl-sys v0.4.91+curl-8.22.0
[INFO] [stderr]    Compiling libssh2-sys v0.2.23
[INFO] [stderr]    Compiling libgit2-sys v0.7.11
[INFO] [stderr]    Compiling regex-automata v0.4.18
[INFO] [stderr]    Compiling git2 v0.7.5
[INFO] [stderr]    Compiling tempfile v3.27.0
[INFO] [stderr]    Compiling regex v1.13.1
[INFO] [stderr]    Compiling globset v0.4.20
[INFO] [stderr]    Compiling predicates v0.9.1
[INFO] [stderr]    Compiling env_logger v0.5.13
[INFO] [stderr]    Compiling ignore v0.4.33
[INFO] [stderr]    Compiling assert_cmd v0.9.1
[INFO] [stderr]    Compiling tokei v8.0.1
[INFO] [stderr]    Compiling hera v0.1.0 (/opt/rustwide/workdir)
[INFO] [stdout] warning: trait objects without an explicit `dyn` are deprecated
[INFO] [stdout]   --> src/main.rs:21:29
[INFO] [stdout]    |
[INFO] [stdout] 21 | fn main() -> Result<(), Box<Error>> {
[INFO] [stdout]    |                             ^^^^^
[INFO] [stdout]    |
[INFO] [stdout]    = warning: this is accepted in the current edition (Rust 2015) but is a hard error in Rust 2021!
[INFO] [stdout]    = note: for more information, see <https://doc.rust-lang.org/edition-guide/rust-2021/warnings-promoted-to-error.html>
[INFO] [stdout]    = note: `#[warn(bare_trait_objects)]` (part of `#[warn(rust_2021_compatibility)]`) on by default
[INFO] [stdout] help: if this is a dyn-compatible trait, use `dyn`
[INFO] [stdout]    |
[INFO] [stdout] 21 | fn main() -> Result<(), Box<dyn Error>> {
[INFO] [stdout]    |                             +++
[INFO] [stdout] 
[INFO] [stdout] 
[INFO] [stdout] warning: trait objects without an explicit `dyn` are deprecated
[INFO] [stdout]   --> src/main.rs:80:25
[INFO] [stdout]    |
[INFO] [stdout] 80 |     -> Result<bool, Box<Error>>
[INFO] [stdout]    |                         ^^^^^
[INFO] [stdout]    |
[INFO] [stdout]    = warning: this is accepted in the current edition (Rust 2015) but is a hard error in Rust 2021!
[INFO] [stdout]    = note: for more information, see <https://doc.rust-lang.org/edition-guide/rust-2021/warnings-promoted-to-error.html>
[INFO] [stdout] help: if this is a dyn-compatible trait, use `dyn`
[INFO] [stdout]    |
[INFO] [stdout] 80 |     -> Result<bool, Box<dyn Error>>
[INFO] [stdout]    |                         +++
[INFO] [stdout] 
[INFO] [stdout] 
[INFO] [stdout] warning: trait objects without an explicit `dyn` are deprecated
[INFO] [stdout]   --> src/changes.rs:47:29
[INFO] [stdout]    |
[INFO] [stdout] 47 |         -> Result<bool, Box<Error>>
[INFO] [stdout]    |                             ^^^^^
[INFO] [stdout]    |
[INFO] [stdout]    = warning: this is accepted in the current edition (Rust 2015) but is a hard error in Rust 2021!
[INFO] [stdout]    = note: for more information, see <https://doc.rust-lang.org/edition-guide/rust-2021/warnings-promoted-to-error.html>
[INFO] [stdout] help: if this is a dyn-compatible trait, use `dyn`
[INFO] [stdout]    |
[INFO] [stdout] 47 |         -> Result<bool, Box<dyn Error>>
[INFO] [stdout]    |                             +++
[INFO] [stdout] 
[INFO] [stdout] 
[INFO] [stdout] warning: field `status` is never read
[INFO] [stdout]   --> src/changes.rs:21:5
[INFO] [stdout]    |
[INFO] [stdout] 18 | pub struct FileChanges {
[INFO] [stdout]    |            ----------- field in this struct
[INFO] [stdout] ...
[INFO] [stdout] 21 |     status: Delta,
[INFO] [stdout]    |     ^^^^^^
[INFO] [stdout]    |
[INFO] [stdout]    = note: `FileChanges` has a derived impl for the trait `Debug`, but this is intentionally ignored during dead code analysis
[INFO] [stdout]    = note: `#[warn(dead_code)]` (part of `#[warn(unused)]`) on by default
[INFO] [stdout] 
[INFO] [stdout] 
[INFO] [stderr]     Finished `release` profile [optimized] target(s) in 54.72s
[INFO] running `Command { std: "docker" "inspect" "7608b29471ce97bbc3218c57adbdcf6cf4e3daafe522cd38eda39ccc857d4984", kill_on_drop: false }`
[INFO] running `Command { std: "docker" "exec" "-e" "SOURCE_DIR=/opt/rustwide/workdir" "-e" "CARGO_HOME=/opt/rustwide/cargo-home" "-e" "RUSTUP_HOME=/opt/rustwide/rustup-home" "-e" "CARGO_TARGET_DIR=/opt/rustwide/target" "-e" "CARGO_INCREMENTAL=0" "-e" "RUST_BACKTRACE=full" "-e" "RUSTFLAGS=--cap-lints=warn" "-e" "RUSTDOCFLAGS=--cap-lints=warn" "-w" "/opt/rustwide/workdir" "--user" "0:0" "7608b29471ce97bbc3218c57adbdcf6cf4e3daafe522cd38eda39ccc857d4984" "/opt/rustwide/cargo-home/bin/cargo" "+1.99.0-beta.8" "test" "--frozen" "--release", kill_on_drop: false }`
[INFO] [stderr] warning: Cargo.toml: `package.edition` is unspecified, defaulting to `2015` while the latest is `2024`
[INFO] [stderr] warning: `hera` (manifest) generated 1 warning
[INFO] [stderr] warning: trait objects without an explicit `dyn` are deprecated
[INFO] [stderr]   --> src/main.rs:21:29
[INFO] [stderr]    |
[INFO] [stderr] 21 | fn main() -> Result<(), Box<Error>> {
[INFO] [stderr]    |                             ^^^^^
[INFO] [stderr]    |
[INFO] [stderr]    = warning: this is accepted in the current edition (Rust 2015) but is a hard error in Rust 2021!
[INFO] [stderr]    = note: for more information, see <https://doc.rust-lang.org/edition-guide/rust-2021/warnings-promoted-to-error.html>
[INFO] [stderr]    = note: `#[warn(bare_trait_objects)]` (part of `#[warn(rust_2021_compatibility)]`) on by default
[INFO] [stderr] help: if this is a dyn-compatible trait, use `dyn`
[INFO] [stderr]    |
[INFO] [stderr] 21 | fn main() -> Result<(), Box<dyn Error>> {
[INFO] [stderr]    |                             +++
[INFO] [stderr] 
[INFO] [stderr] warning: trait objects without an explicit `dyn` are deprecated
[INFO] [stderr]   --> src/main.rs:80:25
[INFO] [stderr]    |
[INFO] [stderr] 80 |     -> Result<bool, Box<Error>>
[INFO] [stderr]    |                         ^^^^^
[INFO] [stderr]    |
[INFO] [stderr]    = warning: this is accepted in the current edition (Rust 2015) but is a hard error in Rust 2021!
[INFO] [stderr]    = note: for more information, see <https://doc.rust-lang.org/edition-guide/rust-2021/warnings-promoted-to-error.html>
[INFO] [stderr] help: if this is a dyn-compatible trait, use `dyn`
[INFO] [stderr]    |
[INFO] [stderr] 80 |     -> Result<bool, Box<dyn Error>>
[INFO] [stderr]    |                         +++
[INFO] [stderr] 
[INFO] [stderr] warning: trait objects without an explicit `dyn` are deprecated
[INFO] [stderr]   --> src/changes.rs:47:29
[INFO] [stderr]    |
[INFO] [stderr] 47 |         -> Result<bool, Box<Error>>
[INFO] [stderr]    |                             ^^^^^
[INFO] [stderr]    |
[INFO] [stderr]    = warning: this is accepted in the current edition (Rust 2015) but is a hard error in Rust 2021!
[INFO] [stderr]    = note: for more information, see <https://doc.rust-lang.org/edition-guide/rust-2021/warnings-promoted-to-error.html>
[INFO] [stderr] help: if this is a dyn-compatible trait, use `dyn`
[INFO] [stderr]    |
[INFO] [stderr] 47 |         -> Result<bool, Box<dyn Error>>
[INFO] [stderr]    |                             +++
[INFO] [stderr] 
[INFO] [stderr] warning: field `status` is never read
[INFO] [stderr]   --> src/changes.rs:21:5
[INFO] [stderr]    |
[INFO] [stderr] 18 | pub struct FileChanges {
[INFO] [stderr]    |            ----------- field in this struct
[INFO] [stderr] ...
[INFO] [stderr] 21 |     status: Delta,
[INFO] [stderr]    |     ^^^^^^
[INFO] [stderr]    |
[INFO] [stderr]    = note: `FileChanges` has a derived impl for the trait `Debug`, but this is intentionally ignored during dead code analysis
[INFO] [stderr]    = note: `#[warn(dead_code)]` (part of `#[warn(unused)]`) on by default
[INFO] [stderr] 
[INFO] [stderr] warning: `hera` (bin "hera" test) generated 4 warnings (run `cargo fix --bin "hera" -p hera --tests` to apply 3 suggestions)
[INFO] [stderr]     Finished `release` profile [optimized] target(s) in 0.18s
[INFO] [stderr]      Running unittests src/main.rs (/opt/rustwide/target/release/deps/hera-61865d16dda81dcd)
[INFO] [stdout] 
[INFO] [stdout] running 10 tests
[INFO] [stderr] fatal: Unable to create '/tmp/.tmpHzsFux/.git/index.lock': File exists.
[INFO] [stderr] 
[INFO] [stderr] Another git process seems to be running in this repository, e.g.
[INFO] [stderr] an editor opened by 'git commit'. Please make sure all processes
[INFO] [stderr] are terminated then try again. If it still fails, a git process
[INFO] [stderr] may have crashed in this repository earlier:
[INFO] [stderr] remove the file manually to continue.
[INFO] [stderr] fatal: Unable to create '/tmp/.tmpHzsFux/.git/index.lock': File exists.
[INFO] [stderr] 
[INFO] [stderr] Another git process seems to be running in this repository, e.g.
[INFO] [stderr] an editor opened by 'git commit'. Please make sure all processes
[INFO] [stderr] are terminated then try again. If it still fails, a git process
[INFO] [stderr] may have crashed in this repository earlier:
[INFO] [stderr] remove the file manually to continue.
[INFO] [stderr] fatal: Unable to create '/tmp/.tmpHzsFux/.git/index.lock': File exists.
[INFO] [stderr] 
[INFO] [stderr] Another git process seems to be running in this repository, e.g.
[INFO] [stderr] an editor opened by 'git commit'. Please make sure all processes
[INFO] [stderr] are terminated then try again. If it still fails, a git process
[INFO] [stderr] may have crashed in this repository earlier:
[INFO] [stderr] remove the file manually to continue.
[INFO] [stderr] fatal: Unable to create '/tmp/.tmpHzsFux/.git/index.lock': File exists.
[INFO] [stderr] 
[INFO] [stderr] Another git process seems to be running in this repository, e.g.
[INFO] [stderr] an editor opened by 'git commit'. Please make sure all processes
[INFO] [stderr] are terminated then try again. If it still fails, a git process
[INFO] [stderr] may have crashed in this repository earlier:
[INFO] [stderr] remove the file manually to continue.
[INFO] [stderr] fatal: Unable to create '/tmp/.tmpHzsFux/.git/index.lock': File exists.
[INFO] [stderr] 
[INFO] [stderr] Another git process seems to be running in this repository, e.g.
[INFO] [stderr] an editor opened by 'git commit'. Please make sure all processes
[INFO] [stderr] are terminated then try again. If it still fails, a git process
[INFO] [stderr] may have crashed in this repository earlier:
[INFO] [stderr] remove the file manually to continue.
[INFO] [stderr] fatal: Unable to create '/tmp/.tmpHzsFux/.git/index.lock': File exists.
[INFO] [stderr] 
[INFO] [stderr] Another git process seems to be running in this repository, e.g.
[INFO] [stderr] an editor opened by 'git commit'. Please make sure all processes
[INFO] [stderr] are terminated then try again. If it still fails, a git process
[INFO] [stderr] may have crashed in this repository earlier:
[INFO] [stderr] remove the file manually to continue.
[INFO] [stderr] Author identity unknown
[INFO] [stderr] 
[INFO] [stderr] *** Please tell me who you are.
[INFO] [stderr] 
[INFO] [stderr] Run
[INFO] [stderr] 
[INFO] [stderr]   git config --global user.email "you@example.com"
[INFO] [stderr]   git config --global user.name "Your Name"
[INFO] [stderr] 
[INFO] [stderr] to set your account's default identity.
[INFO] [stderr] Omit --global to set the identity only in this repository.
[INFO] [stderr] 
[INFO] [stderr] fatal: unable to auto-detect email address (got 'root@7608b29471ce.(none)')
[INFO] [stderr] fatal: Unable to create '/tmp/.tmpHzsFux/.git/index.lock': File exists.
[INFO] [stderr] 
[INFO] [stderr] Another git process seems to be running in this repository, e.g.
[INFO] [stderr] an editor opened by 'git commit'. Please make sure all processes
[INFO] [stderr] are terminated then try again. If it still fails, a git process
[INFO] [stderr] may have crashed in this repository earlier:
[INFO] [stderr] remove the file manually to continue.
[INFO] [stderr] Author identity unknown
[INFO] [stderr] 
[INFO] [stderr] *** Please tell me who you are.
[INFO] [stderr] 
[INFO] [stderr] Run
[INFO] [stderr] 
[INFO] [stderr]   git config --global user.email "you@example.com"
[INFO] [stderr]   git config --global user.name "Your Name"
[INFO] [stderr] 
[INFO] [stderr] to set your account's default identity.
[INFO] [stderr] Omit --global to set the identity only in this repository.
[INFO] [stderr] 
[INFO] [stderr] fatal: unable to auto-detect email address (got 'root@7608b29471ce.(none)')
[INFO] [stderr] fatal: Unable to create '/tmp/.tmpHzsFux/.git/index.lock': File exists.
[INFO] [stderr] 
[INFO] [stderr] Another git process seems to be running in this repository, e.g.
[INFO] [stderr] an editor opened by 'git commit'. Please make sure all processes
[INFO] [stderr] are terminated then try again. If it still fails, a git process
[INFO] [stderr] may have crashed in this repository earlier:
[INFO] [stderr] remove the file manually to continue.
[INFO] [stderr] fatal: Unable to create '/tmp/.tmpHzsFux/.git/index.lock': File exists.
[INFO] [stderr] 
[INFO] [stderr] Another git process seems to be running in this repository, e.g.
[INFO] [stderr] an editor opened by 'git commit'. Please make sure all processes
[INFO] [stderr] are terminated then try again. If it still fails, a git process
[INFO] [stderr] may have crashed in this repository earlier:
[INFO] [stderr] remove the file manually to continue.
[INFO] [stderr] fatal: Unable to create '/tmp/.tmpHzsFux/.git/index.lock': File exists.
[INFO] [stderr] 
[INFO] [stderr] Another git process seems to be running in this repository, e.g.
[INFO] [stderr] an editor opened by 'git commit'. Please make sure all processes
[INFO] [stderr] are terminated then try again. If it still fails, a git process
[INFO] [stderr] may have crashed in this repository earlier:
[INFO] [stderr] remove the file manually to continue.
[INFO] [stderr] fatal: Unable to create '/tmp/.tmpHzsFux/.git/index.lock': File exists.
[INFO] [stderr] 
[INFO] [stderr] Another git process seems to be running in this repository, e.g.
[INFO] [stderr] an editor opened by 'git commit'. Please make sure all processes
[INFO] [stderr] are terminated then try again. If it still fails, a git process
[INFO] [stderr] may have crashed in this repository earlier:
[INFO] [stderr] remove the file manually to continue.
[INFO] [stderr] fatal: Unable to create '/tmp/.tmpHzsFux/.git/index.lock': File exists.
[INFO] [stderr] 
[INFO] [stderr] Another git process seems to be running in this repository, e.g.
[INFO] [stderr] an editor opened by 'git commit'. Please make sure all processes
[INFO] [stderr] are terminated then try again. If it still fails, a git process
[INFO] [stderr] may have crashed in this repository earlier:
[INFO] [stderr] remove the file manually to continue.
[INFO] [stderr] fatal: Unable to create '/tmp/.tmpHzsFux/.git/index.lock': File exists.
[INFO] [stderr] 
[INFO] [stderr] Another git process seems to be running in this repository, e.g.
[INFO] [stderr] an editor opened by 'git commit'. Please make sure all processes
[INFO] [stderr] are terminated then try again. If it still fails, a git process
[INFO] [stderr] may have crashed in this repository earlier:
[INFO] [stderr] remove the file manually to continue.
[INFO] [stderr] fatal: Unable to create '/tmp/.tmpHzsFux/.git/index.lock': File exists.
[INFO] [stderr] 
[INFO] [stderr] Another git process seems to be running in this repository, e.g.
[INFO] [stderr] an editor opened by 'git commit'. Please make sure all processes
[INFO] [stderr] are terminated then try again. If it still fails, a git process
[INFO] [stderr] may have crashed in this repository earlier:
[INFO] [stderr] remove the file manually to continue.
[INFO] [stderr] fatal: Unable to create '/tmp/.tmpHzsFux/.git/index.lock': File exists.
[INFO] [stderr] 
[INFO] [stderr] Another git process seems to be running in this repository, e.g.
[INFO] [stderr] an editor opened by 'git commit'. Please make sure all processes
[INFO] [stderr] are terminated then try again. If it still fails, a git process
[INFO] [stderr] may have crashed in this repository earlier:
[INFO] [stderr] remove the file manually to continue.
[INFO] [stderr] fatal: Unable to create '/tmp/.tmpHzsFux/.git/index.lock': File exists.
[INFO] [stderr] 
[INFO] [stderr] Another git process seems to be running in this repository, e.g.
[INFO] [stderr] an editor opened by 'git commit'. Please make sure all processes
[INFO] [stderr] are terminated then try again. If it still fails, a git process
[INFO] [stderr] may have crashed in this repository earlier:
[INFO] [stderr] remove the file manually to continue.
[INFO] [stderr] Author identity unknown
[INFO] [stderr] 
[INFO] [stderr] *** Please tell me who you are.
[INFO] [stderr] 
[INFO] [stderr] Run
[INFO] [stderr] 
[INFO] [stderr]   git config --global user.email "you@example.com"
[INFO] [stderr]   git config --global user.name "Your Name"
[INFO] [stderr] 
[INFO] [stderr] to set your account's default identity.
[INFO] [stderr] Omit --global to set the identity only in this repository.
[INFO] [stderr] 
[INFO] [stderr] fatal: unable to auto-detect email address (got 'root@7608b29471ce.(none)')
[INFO] [stderr] Author identity unknown
[INFO] [stderr] 
[INFO] [stderr] *** Please tell me who you are.
[INFO] [stderr] 
[INFO] [stderr] Run
[INFO] [stderr] 
[INFO] [stderr]   git config --global user.email "you@example.com"
[INFO] [stderr]   git config --global user.name "Your Name"
[INFO] [stderr] 
[INFO] [stderr] to set your account's default identity.
[INFO] [stderr] Omit --global to set the identity only in this repository.
[INFO] [stderr] 
[INFO] [stderr] fatal: unable to auto-detect email address (got 'root@7608b29471ce.(none)')
[INFO] [stderr] fatal: Unable to create '/tmp/.tmpHzsFux/.git/index.lock': File exists.
[INFO] [stderr] 
[INFO] [stderr] Another git process seems to be running in this repository, e.g.
[INFO] [stderr] an editor opened by 'git commit'. Please make sure all processes
[INFO] [stderr] are terminated then try again. If it still fails, a git process
[INFO] [stderr] may have crashed in this repository earlier:
[INFO] [stderr] remove the file manually to continue.
[INFO] [stderr] fatal: Unable to create '/tmp/.tmp1Y4jNv/.git/index.lock': File exists.
[INFO] [stderr] 
[INFO] [stderr] Another git process seems to be running in this repository, e.g.
[INFO] [stderr] an editor opened by 'git commit'. Please make sure all processes
[INFO] [stderr] are terminated then try again. If it still fails, a git process
[INFO] [stderr] may have crashed in this repository earlier:
[INFO] [stderr] remove the file manually to continue.
[INFO] [stderr] fatal: Unable to create '/tmp/.tmp1Y4jNv/.git/index.lock': File exists.
[INFO] [stderr] 
[INFO] [stderr] Another git process seems to be running in this repository, e.g.
[INFO] [stderr] an editor opened by 'git commit'. Please make sure all processes
[INFO] [stderr] are terminated then try again. If it still fails, a git process
[INFO] [stderr] may have crashed in this repository earlier:
[INFO] [stderr] remove the file manually to continue.
[INFO] [stderr] Author identity unknown
[INFO] [stderr] 
[INFO] [stderr] *** Please tell me who you are.
[INFO] [stderr] 
[INFO] [stderr] Run
[INFO] [stderr] 
[INFO] [stderr]   git config --global user.email "you@example.com"
[INFO] [stderr]   git config --global user.name "Your Name"
[INFO] [stderr] 
[INFO] [stderr] to set your account's default identity.
[INFO] [stderr] Omit --global to set the identity only in this repository.
[INFO] [stderr] 
[INFO] [stderr] fatal: unable to auto-detect email address (got 'root@7608b29471ce.(none)')
[INFO] [stderr] Author identity unknown
[INFO] [stderr] 
[INFO] [stderr] *** Please tell me who you are.
[INFO] [stderr] 
[INFO] [stderr] Run
[INFO] [stderr] 
[INFO] [stderr]   git config --global user.email "you@example.com"
[INFO] [stderr]   git config --global user.name "Your Name"
[INFO] [stderr] 
[INFO] [stderr] to set your account's default identity.
[INFO] [stderr] Omit --global to set the identity only in this repository.
[INFO] [stderr] 
[INFO] [stderr] fatal: unable to auto-detect email address (got 'root@7608b29471ce.(none)')
[INFO] [stderr] fatal: not a git repository (or any parent up to mount point /opt/rustwide)
[INFO] [stderr] Stopping at filesystem boundary (GIT_DISCOVERY_ACROSS_FILESYSTEM not set).
[INFO] [stderr] fatal: Unable to create '/tmp/.tmp1Y4jNv/.git/index.lock': File exists.
[INFO] [stderr] 
[INFO] [stderr] Another git process seems to be running in this repository, e.g.
[INFO] [stderr] an editor opened by 'git commit'. Please make sure all processes
[INFO] [stderr] are terminated then try again. If it still fails, a git process
[INFO] [stderr] may have crashed in this repository earlier:
[INFO] [stderr] remove the file manually to continue.
[INFO] [stderr] Author identity unknown
[INFO] [stderr] 
[INFO] [stderr] *** Please tell me who you are.
[INFO] [stderr] 
[INFO] [stderr] Run
[INFO] [stderr] 
[INFO] [stderr]   git config --global user.email "you@example.com"
[INFO] [stderr]   git config --global user.name "Your Name"
[INFO] [stderr] 
[INFO] [stderr] to set your account's default identity.
[INFO] [stderr] Omit --global to set the identity only in this repository.
[INFO] [stderr] 
[INFO] [stderr] fatal: unable to auto-detect email address (got 'root@7608b29471ce.(none)')
[INFO] [stderr] Author identity unknown
[INFO] [stderr] 
[INFO] [stderr] *** Please tell me who you are.
[INFO] [stderr] 
[INFO] [stderr] Run
[INFO] [stderr] 
[INFO] [stderr]   git config --global user.email "you@example.com"
[INFO] [stderr]   git config --global user.name "Your Name"
[INFO] [stderr] 
[INFO] [stderr] to set your account's default identity.
[INFO] [stderr] Omit --global to set the identity only in this repository.
[INFO] [stderr] 
[INFO] [stderr] fatal: unable to auto-detect email address (got 'root@7608b29471ce.(none)')
[INFO] [stderr] Author identity unknown
[INFO] [stderr] 
[INFO] [stderr] *** Please tell me who you are.
[INFO] [stderr] 
[INFO] [stderr] Run
[INFO] [stderr] 
[INFO] [stderr]   git config --global user.email "you@example.com"
[INFO] [stderr]   git config --global user.name "Your Name"
[INFO] [stderr] 
[INFO] [stderr] to set your account's default identity.
[INFO] [stderr] Omit --global to set the identity only in this repository.
[INFO] [stderr] 
[INFO] [stderr] fatal: unable to auto-detect email address (got 'root@7608b29471ce.(none)')
[INFO] [stdout] test tests::new_code_file ... FAILED
[INFO] [stdout] test tests::new_filtered_file ... FAILED
[INFO] [stdout] test tests::comment_line_changed ... FAILED
[INFO] [stdout] test tests::code_line_changed ... FAILED
[INFO] [stdout] test tests::multi_line_comment_changed ... FAILED
[INFO] [stdout] test tests::new_doc_file ... FAILED
[INFO] [stdout] test tests::code_in_example_block_changed ... FAILED
[INFO] [stdout] test tests::comment_added_to_code ... FAILED
[INFO] [stdout] test tests::code_between_multi_line_changed ... FAILED
[INFO] [stdout] test tests::text_file_changed ... FAILED
[INFO] [stdout] 
[INFO] [stdout] failures:
[INFO] [stdout] 
[INFO] [stderr] error: test failed, to rerun pass `--bin hera`
[INFO] [stdout] ---- tests::new_code_file stdout ----
[INFO] [stdout] 
[INFO] [stdout] thread 'tests::new_code_file' (3213) panicked at src/main.rs:362:14:
[INFO] [stdout] called `Result::unwrap()` on an `Err` value: CargoError { cause: Some(CargoError { kind: CommandFailed, context: Some("error: could not find `Cargo.toml` in `/tmp/.tmpPqI7ln` or any parent directory\n"), cause: None }) }
[INFO] [stdout] stack backtrace:
[INFO] [stdout]    0:     0x62a2d2b16515 - <<std[70759c8f55707aa4]::sys::backtrace::BacktraceLock>::print::DisplayBacktrace as core[df12db4294e9bfd3]::fmt::Display>::fmt
[INFO] [stdout]    1:     0x62a2d2af070a - core[df12db4294e9bfd3]::fmt::write
[INFO] [stdout]    2:     0x62a2d2b15bab - <alloc[2182bb758b4b3781]::vec::Vec<u8> as core[df12db4294e9bfd3]::io::write::Write>::write_fmt
[INFO] [stdout]    3:     0x62a2d2b1568f - std[70759c8f55707aa4]::panicking::default_hook::{closure#0}
[INFO] [stdout]    4:     0x62a2d2b15236 - std[70759c8f55707aa4]::panicking::default_hook
[INFO] [stdout]    5:     0x62a2d2b14dd2 - std[70759c8f55707aa4]::panicking::panic_with_hook
[INFO] [stdout]    6:     0x62a2d2b3c2f1 - std[70759c8f55707aa4]::panicking::panic_handler::{closure#0}
[INFO] [stdout]    7:     0x62a2d2b3c2a9 - std[70759c8f55707aa4]::sys::backtrace::__rust_end_short_backtrace::<std[70759c8f55707aa4]::panicking::panic_handler::{closure#0}, !>
[INFO] [stdout]    8:     0x62a2d2b3c7bc - __rustc[8fa7c3cbc660c2b3]::rust_begin_unwind
[INFO] [stdout]    9:     0x62a2d2af059b - core[df12db4294e9bfd3]::panicking::panic_fmt
[INFO] [stdout]   10:     0x62a2d2af3971 - core[df12db4294e9bfd3]::result::unwrap_failed
[INFO] [stdout]   11:     0x62a2d2ae4926 - <hera[7d1b3cfc33bd68ec]::tests::new_code_file::{closure#0} as core[df12db4294e9bfd3]::ops::function::FnOnce<()>>::call_once
[INFO] [stdout]   12:     0x62a2d2b5803b - test[9d35eded1c95d3be]::__rust_begin_short_backtrace::<core[df12db4294e9bfd3]::result::Result<(), alloc[2182bb758b4b3781]::string::String>, fn() -> core[df12db4294e9bfd3]::result::Result<(), alloc[2182bb758b4b3781]::string::String>>
[INFO] [stdout]   13:     0x62a2d2b541b1 - test[9d35eded1c95d3be]::run_test::{closure#0}
[INFO] [stdout]   14:     0x62a2d2b5399c - std[70759c8f55707aa4]::sys::backtrace::__rust_begin_short_backtrace::<test[9d35eded1c95d3be]::run_test::{closure#1}, ()>
[INFO] [stdout]   15:     0x62a2d2b7028c - <std[70759c8f55707aa4]::thread::lifecycle::spawn_unchecked<test[9d35eded1c95d3be]::run_test::{closure#1}, ()>::{closure#1} as core[df12db4294e9bfd3]::ops::function::FnOnce<()>>::call_once::{shim:vtable#0}
[INFO] [stdout]   16:     0x62a2d2b3dbf2 - <std[70759c8f55707aa4]::sys::thread::unix::Thread>::new::thread_start
[INFO] [stdout]   17:     0x792a1b405dfa - <unknown>
[INFO] [stdout]   18:     0x792a1b4993d4 - clone
[INFO] [stdout]   19:                0x0 - <unknown>
[INFO] [stdout] 
[INFO] [stdout] ---- tests::new_filtered_file stdout ----
[INFO] [stdout] 
[INFO] [stdout] thread 'tests::new_filtered_file' (3215) panicked at src/main.rs:413:14:
[INFO] [stdout] called `Result::unwrap()` on an `Err` value: CargoError { cause: Some(CargoError { kind: CommandFailed, context: Some("error: could not find `Cargo.toml` in `/tmp/.tmpq9F0Mt` or any parent directory\n"), cause: None }) }
[INFO] [stdout] stack backtrace:
[INFO] [stdout]    0:     0x62a2d2b16515 - <<std[70759c8f55707aa4]::sys::backtrace::BacktraceLock>::print::DisplayBacktrace as core[df12db4294e9bfd3]::fmt::Display>::fmt
[INFO] [stdout]    1:     0x62a2d2af070a - core[df12db4294e9bfd3]::fmt::write
[INFO] [stdout]    2:     0x62a2d2b15bab - <alloc[2182bb758b4b3781]::vec::Vec<u8> as core[df12db4294e9bfd3]::io::write::Write>::write_fmt
[INFO] [stdout]    3:     0x62a2d2b1568f - std[70759c8f55707aa4]::panicking::default_hook::{closure#0}
[INFO] [stdout]    4:     0x62a2d2b15236 - std[70759c8f55707aa4]::panicking::default_hook
[INFO] [stdout]    5:     0x62a2d2b14dd2 - std[70759c8f55707aa4]::panicking::panic_with_hook
[INFO] [stdout]    6:     0x62a2d2b3c2f1 - std[70759c8f55707aa4]::panicking::panic_handler::{closure#0}
[INFO] [stdout]    7:     0x62a2d2b3c2a9 - std[70759c8f55707aa4]::sys::backtrace::__rust_end_short_backtrace::<std[70759c8f55707aa4]::panicking::panic_handler::{closure#0}, !>
[INFO] [stdout]    8:     0x62a2d2b3c7bc - __rustc[8fa7c3cbc660c2b3]::rust_begin_unwind
[INFO] [stdout]    9:     0x62a2d2af059b - core[df12db4294e9bfd3]::panicking::panic_fmt
[INFO] [stdout]   10:     0x62a2d2af3971 - core[df12db4294e9bfd3]::result::unwrap_failed
[INFO] [stdout]   11:     0x62a2d2ae5cab - <hera[7d1b3cfc33bd68ec]::tests::new_filtered_file::{closure#0} as core[df12db4294e9bfd3]::ops::function::FnOnce<()>>::call_once
[INFO] [stdout]   12:     0x62a2d2b5803b - test[9d35eded1c95d3be]::__rust_begin_short_backtrace::<core[df12db4294e9bfd3]::result::Result<(), alloc[2182bb758b4b3781]::string::String>, fn() -> core[df12db4294e9bfd3]::result::Result<(), alloc[2182bb758b4b3781]::string::String>>
[INFO] [stdout]   13:     0x62a2d2b541b1 - test[9d35eded1c95d3be]::run_test::{closure#0}
[INFO] [stdout]   14:     0x62a2d2b5399c - std[70759c8f55707aa4]::sys::backtrace::__rust_begin_short_backtrace::<test[9d35eded1c95d3be]::run_test::{closure#1}, ()>
[INFO] [stdout]   15:     0x62a2d2b7028c - <std[70759c8f55707aa4]::thread::lifecycle::spawn_unchecked<test[9d35eded1c95d3be]::run_test::{closure#1}, ()>::{closure#1} as core[df12db4294e9bfd3]::ops::function::FnOnce<()>>::call_once::{shim:vtable#0}
[INFO] [stdout]   16:     0x62a2d2b3dbf2 - <std[70759c8f55707aa4]::sys::thread::unix::Thread>::new::thread_start
[INFO] [stdout]   17:     0x792a1b405dfa - <unknown>
[INFO] [stdout]   18:     0x792a1b4993d4 - clone
[INFO] [stdout]   19:                0x0 - <unknown>
[INFO] [stdout] 
[INFO] [stdout] ---- tests::comment_line_changed stdout ----
[INFO] [stdout] 
[INFO] [stdout] thread 'tests::comment_line_changed' (3211) panicked at src/main.rs:218:14:
[INFO] [stdout] called `Result::unwrap()` on an `Err` value: CargoError { cause: Some(CargoError { kind: CommandFailed, context: Some("error: could not find `Cargo.toml` in `/tmp/.tmp1Y4jNv` or any parent directory\n"), cause: None }) }
[INFO] [stdout] stack backtrace:
[INFO] [stdout]    0:     0x62a2d2b16515 - <<std[70759c8f55707aa4]::sys::backtrace::BacktraceLock>::print::DisplayBacktrace as core[df12db4294e9bfd3]::fmt::Display>::fmt
[INFO] [stdout]    1:     0x62a2d2af070a - core[df12db4294e9bfd3]::fmt::write
[INFO] [stdout]    2:     0x62a2d2b15bab - <alloc[2182bb758b4b3781]::vec::Vec<u8> as core[df12db4294e9bfd3]::io::write::Write>::write_fmt
[INFO] [stdout]    3:     0x62a2d2b1568f - std[70759c8f55707aa4]::panicking::default_hook::{closure#0}
[INFO] [stdout]    4:     0x62a2d2b15236 - std[70759c8f55707aa4]::panicking::default_hook
[INFO] [stdout]    5:     0x62a2d2b14dd2 - std[70759c8f55707aa4]::panicking::panic_with_hook
[INFO] [stdout]    6:     0x62a2d2b3c2f1 - std[70759c8f55707aa4]::panicking::panic_handler::{closure#0}
[INFO] [stdout]    7:     0x62a2d2b3c2a9 - std[70759c8f55707aa4]::sys::backtrace::__rust_end_short_backtrace::<std[70759c8f55707aa4]::panicking::panic_handler::{closure#0}, !>
[INFO] [stdout]    8:     0x62a2d2b3c7bc - __rustc[8fa7c3cbc660c2b3]::rust_begin_unwind
[INFO] [stdout]    9:     0x62a2d2af059b - core[df12db4294e9bfd3]::panicking::panic_fmt
[INFO] [stdout]   10:     0x62a2d2af3971 - core[df12db4294e9bfd3]::result::unwrap_failed
[INFO] [stdout]   11:     0x62a2d2ae7069 - <hera[7d1b3cfc33bd68ec]::tests::comment_line_changed::{closure#0} as core[df12db4294e9bfd3]::ops::function::FnOnce<()>>::call_once
[INFO] [stdout]   12:     0x62a2d2b5803b - test[9d35eded1c95d3be]::__rust_begin_short_backtrace::<core[df12db4294e9bfd3]::result::Result<(), alloc[2182bb758b4b3781]::string::String>, fn() -> core[df12db4294e9bfd3]::result::Result<(), alloc[2182bb758b4b3781]::string::String>>
[INFO] [stdout]   13:     0x62a2d2b541b1 - test[9d35eded1c95d3be]::run_test::{closure#0}
[INFO] [stdout]   14:     0x62a2d2b5399c - std[70759c8f55707aa4]::sys::backtrace::__rust_begin_short_backtrace::<test[9d35eded1c95d3be]::run_test::{closure#1}, ()>
[INFO] [stdout]   15:     0x62a2d2b7028c - <std[70759c8f55707aa4]::thread::lifecycle::spawn_unchecked<test[9d35eded1c95d3be]::run_test::{closure#1}, ()>::{closure#1} as core[df12db4294e9bfd3]::ops::function::FnOnce<()>>::call_once::{shim:vtable#0}
[INFO] [stdout]   16:     0x62a2d2b3dbf2 - <std[70759c8f55707aa4]::sys::thread::unix::Thread>::new::thread_start
[INFO] [stdout]   17:     0x792a1b405dfa - <unknown>
[INFO] [stdout]   18:     0x792a1b4993d4 - clone
[INFO] [stdout]   19:                0x0 - <unknown>
[INFO] [stdout] 
[INFO] [stdout] ---- tests::code_line_changed stdout ----
[INFO] [stdout] 
[INFO] [stdout] thread 'tests::code_line_changed' (3209) panicked at src/main.rs:194:14:
[INFO] [stdout] called `Result::unwrap()` on an `Err` value: CargoError { cause: Some(CargoError { kind: CommandFailed, context: Some("error: could not find `Cargo.toml` in `/tmp/.tmpTyI3yk` or any parent directory\n"), cause: None }) }
[INFO] [stdout] stack backtrace:
[INFO] [stdout]    0:     0x62a2d2b16515 - <<std[70759c8f55707aa4]::sys::backtrace::BacktraceLock>::print::DisplayBacktrace as core[df12db4294e9bfd3]::fmt::Display>::fmt
[INFO] [stdout]    1:     0x62a2d2af070a - core[df12db4294e9bfd3]::fmt::write
[INFO] [stdout]    2:     0x62a2d2b15bab - <alloc[2182bb758b4b3781]::vec::Vec<u8> as core[df12db4294e9bfd3]::io::write::Write>::write_fmt
[INFO] [stdout]    3:     0x62a2d2b1568f - std[70759c8f55707aa4]::panicking::default_hook::{closure#0}
[INFO] [stdout]    4:     0x62a2d2b15236 - std[70759c8f55707aa4]::panicking::default_hook
[INFO] [stdout]    5:     0x62a2d2b14dd2 - std[70759c8f55707aa4]::panicking::panic_with_hook
[INFO] [stdout]    6:     0x62a2d2b3c2f1 - std[70759c8f55707aa4]::panicking::panic_handler::{closure#0}
[INFO] [stdout]    7:     0x62a2d2b3c2a9 - std[70759c8f55707aa4]::sys::backtrace::__rust_end_short_backtrace::<std[70759c8f55707aa4]::panicking::panic_handler::{closure#0}, !>
[INFO] [stdout]    8:     0x62a2d2b3c7bc - __rustc[8fa7c3cbc660c2b3]::rust_begin_unwind
[INFO] [stdout]    9:     0x62a2d2af059b - core[df12db4294e9bfd3]::panicking::panic_fmt
[INFO] [stdout]   10:     0x62a2d2af3971 - core[df12db4294e9bfd3]::result::unwrap_failed
[INFO] [stdout]   11:     0x62a2d2ae5256 - <hera[7d1b3cfc33bd68ec]::tests::code_line_changed::{closure#0} as core[df12db4294e9bfd3]::ops::function::FnOnce<()>>::call_once
[INFO] [stdout]   12:     0x62a2d2b5803b - test[9d35eded1c95d3be]::__rust_begin_short_backtrace::<core[df12db4294e9bfd3]::result::Result<(), alloc[2182bb758b4b3781]::string::String>, fn() -> core[df12db4294e9bfd3]::result::Result<(), alloc[2182bb758b4b3781]::string::String>>
[INFO] [stdout]   13:     0x62a2d2b541b1 - test[9d35eded1c95d3be]::run_test::{closure#0}
[INFO] [stdout]   14:     0x62a2d2b5399c - std[70759c8f55707aa4]::sys::backtrace::__rust_begin_short_backtrace::<test[9d35eded1c95d3be]::run_test::{closure#1}, ()>
[INFO] [stdout]   15:     0x62a2d2b7028c - <std[70759c8f55707aa4]::thread::lifecycle::spawn_unchecked<test[9d35eded1c95d3be]::run_test::{closure#1}, ()>::{closure#1} as core[df12db4294e9bfd3]::ops::function::FnOnce<()>>::call_once::{shim:vtable#0}
[INFO] [stdout]   16:     0x62a2d2b3dbf2 - <std[70759c8f55707aa4]::sys::thread::unix::Thread>::new::thread_start
[INFO] [stdout]   17:     0x792a1b405dfa - <unknown>
[INFO] [stdout]   18:     0x792a1b4993d4 - clone
[INFO] [stdout]   19:                0x0 - <unknown>
[INFO] [stdout] 
[INFO] [stdout] ---- tests::multi_line_comment_changed stdout ----
[INFO] [stdout] 
[INFO] [stdout] thread 'tests::multi_line_comment_changed' (3212) panicked at src/main.rs:266:14:
[INFO] [stdout] called `Result::unwrap()` on an `Err` value: CargoError { cause: Some(CargoError { kind: CommandFailed, context: Some("error: could not find `Cargo.toml` in `/tmp/.tmpq3S4pC` or any parent directory\n"), cause: None }) }
[INFO] [stdout] stack backtrace:
[INFO] [stdout]    0:     0x62a2d2b16515 - <<std[70759c8f55707aa4]::sys::backtrace::BacktraceLock>::print::DisplayBacktrace as core[df12db4294e9bfd3]::fmt::Display>::fmt
[INFO] [stdout]    1:     0x62a2d2af070a - core[df12db4294e9bfd3]::fmt::write
[INFO] [stdout]    2:     0x62a2d2b15bab - <alloc[2182bb758b4b3781]::vec::Vec<u8> as core[df12db4294e9bfd3]::io::write::Write>::write_fmt
[INFO] [stdout]    3:     0x62a2d2b1568f - std[70759c8f55707aa4]::panicking::default_hook::{closure#0}
[INFO] [stdout]    4:     0x62a2d2b15236 - std[70759c8f55707aa4]::panicking::default_hook
[INFO] [stdout]    5:     0x62a2d2b14dd2 - std[70759c8f55707aa4]::panicking::panic_with_hook
[INFO] [stdout]    6:     0x62a2d2b3c2f1 - std[70759c8f55707aa4]::panicking::panic_handler::{closure#0}
[INFO] [stdout]    7:     0x62a2d2b3c2a9 - std[70759c8f55707aa4]::sys::backtrace::__rust_end_short_backtrace::<std[70759c8f55707aa4]::panicking::panic_handler::{closure#0}, !>
[INFO] [stdout]    8:     0x62a2d2b3c7bc - __rustc[8fa7c3cbc660c2b3]::rust_begin_unwind
[INFO] [stdout]    9:     0x62a2d2af059b - core[df12db4294e9bfd3]::panicking::panic_fmt
[INFO] [stdout]   10:     0x62a2d2af3971 - core[df12db4294e9bfd3]::result::unwrap_failed
[INFO] [stdout]   11:     0x62a2d2ae83e9 - <hera[7d1b3cfc33bd68ec]::tests::multi_line_comment_changed::{closure#0} as core[df12db4294e9bfd3]::ops::function::FnOnce<()>>::call_once
[INFO] [stdout]   12:     0x62a2d2b5803b - test[9d35eded1c95d3be]::__rust_begin_short_backtrace::<core[df12db4294e9bfd3]::result::Result<(), alloc[2182bb758b4b3781]::string::String>, fn() -> core[df12db4294e9bfd3]::result::Result<(), alloc[2182bb758b4b3781]::string::String>>
[INFO] [stdout]   13:     0x62a2d2b541b1 - test[9d35eded1c95d3be]::run_test::{closure#0}
[INFO] [stdout]   14:     0x62a2d2b5399c - std[70759c8f55707aa4]::sys::backtrace::__rust_begin_short_backtrace::<test[9d35eded1c95d3be]::run_test::{closure#1}, ()>
[INFO] [stdout]   15:     0x62a2d2b7028c - <std[70759c8f55707aa4]::thread::lifecycle::spawn_unchecked<test[9d35eded1c95d3be]::run_test::{closure#1}, ()>::{closure#1} as core[df12db4294e9bfd3]::ops::function::FnOnce<()>>::call_once::{shim:vtable#0}
[INFO] [stdout]   16:     0x62a2d2b3dbf2 - <std[70759c8f55707aa4]::sys::thread::unix::Thread>::new::thread_start
[INFO] [stdout]   17:     0x792a1b405dfa - <unknown>
[INFO] [stdout]   18:     0x792a1b4993d4 - clone
[INFO] [stdout]   19:                0x0 - <unknown>
[INFO] [stdout] 
[INFO] [stdout] ---- tests::new_doc_file stdout ----
[INFO] [stdout] 
[INFO] [stdout] thread 'tests::new_doc_file' (3214) panicked at src/main.rs:386:14:
[INFO] [stdout] called `Result::unwrap()` on an `Err` value: CargoError { cause: Some(CargoError { kind: CommandFailed, context: Some("error: could not find `Cargo.toml` in `/tmp/.tmpNBgXxa` or any parent directory\n"), cause: None }) }
[INFO] [stdout] stack backtrace:
[INFO] [stdout]    0:     0x62a2d2b16515 - <<std[70759c8f55707aa4]::sys::backtrace::BacktraceLock>::print::DisplayBacktrace as core[df12db4294e9bfd3]::fmt::Display>::fmt
[INFO] [stdout]    1:     0x62a2d2af070a - core[df12db4294e9bfd3]::fmt::write
[INFO] [stdout]    2:     0x62a2d2b15bab - <alloc[2182bb758b4b3781]::vec::Vec<u8> as core[df12db4294e9bfd3]::io::write::Write>::write_fmt
[INFO] [stdout]    3:     0x62a2d2b1568f - std[70759c8f55707aa4]::panicking::default_hook::{closure#0}
[INFO] [stdout]    4:     0x62a2d2b15236 - std[70759c8f55707aa4]::panicking::default_hook
[INFO] [stdout]    5:     0x62a2d2b14dd2 - std[70759c8f55707aa4]::panicking::panic_with_hook
[INFO] [stdout]    6:     0x62a2d2b3c2f1 - std[70759c8f55707aa4]::panicking::panic_handler::{closure#0}
[INFO] [stdout]    7:     0x62a2d2b3c2a9 - std[70759c8f55707aa4]::sys::backtrace::__rust_end_short_backtrace::<std[70759c8f55707aa4]::panicking::panic_handler::{closure#0}, !>
[INFO] [stdout]    8:     0x62a2d2b3c7bc - __rustc[8fa7c3cbc660c2b3]::rust_begin_unwind
[INFO] [stdout]    9:     0x62a2d2af059b - core[df12db4294e9bfd3]::panicking::panic_fmt
[INFO] [stdout]   10:     0x62a2d2af3971 - core[df12db4294e9bfd3]::result::unwrap_failed
[INFO] [stdout]   11:     0x62a2d2ae3fa9 - <hera[7d1b3cfc33bd68ec]::tests::new_doc_file::{closure#0} as core[df12db4294e9bfd3]::ops::function::FnOnce<()>>::call_once
[INFO] [stdout]   12:     0x62a2d2b5803b - test[9d35eded1c95d3be]::__rust_begin_short_backtrace::<core[df12db4294e9bfd3]::result::Result<(), alloc[2182bb758b4b3781]::string::String>, fn() -> core[df12db4294e9bfd3]::result::Result<(), alloc[2182bb758b4b3781]::string::String>>
[INFO] [stdout]   13:     0x62a2d2b541b1 - test[9d35eded1c95d3be]::run_test::{closure#0}
[INFO] [stdout]   14:     0x62a2d2b5399c - std[70759c8f55707aa4]::sys::backtrace::__rust_begin_short_backtrace::<test[9d35eded1c95d3be]::run_test::{closure#1}, ()>
[INFO] [stdout]   15:     0x62a2d2b7028c - <std[70759c8f55707aa4]::thread::lifecycle::spawn_unchecked<test[9d35eded1c95d3be]::run_test::{closure#1}, ()>::{closure#1} as core[df12db4294e9bfd3]::ops::function::FnOnce<()>>::call_once::{shim:vtable#0}
[INFO] [stdout]   16:     0x62a2d2b3dbf2 - <std[70759c8f55707aa4]::sys::thread::unix::Thread>::new::thread_start
[INFO] [stdout]   17:     0x792a1b405dfa - <unknown>
[INFO] [stdout]   18:     0x792a1b4993d4 - clone
[INFO] [stdout]   19:                0x0 - <unknown>
[INFO] [stdout] 
[INFO] [stdout] ---- tests::code_in_example_block_changed stdout ----
[INFO] [stdout] 
[INFO] [stdout] thread 'tests::code_in_example_block_changed' (3208) panicked at src/main.rs:314:14:
[INFO] [stdout] called `Result::unwrap()` on an `Err` value: CargoError { cause: Some(CargoError { kind: CommandFailed, context: Some("error: could not find `Cargo.toml` in `/tmp/.tmpq3S4pC` or any parent directory\n"), cause: None }) }
[INFO] [stdout] stack backtrace:
[INFO] [stdout]    0:     0x62a2d2b16515 - <<std[70759c8f55707aa4]::sys::backtrace::BacktraceLock>::print::DisplayBacktrace as core[df12db4294e9bfd3]::fmt::Display>::fmt
[INFO] [stdout]    1:     0x62a2d2af070a - core[df12db4294e9bfd3]::fmt::write
[INFO] [stdout]    2:     0x62a2d2b15bab - <alloc[2182bb758b4b3781]::vec::Vec<u8> as core[df12db4294e9bfd3]::io::write::Write>::write_fmt
[INFO] [stdout]    3:     0x62a2d2b1568f - std[70759c8f55707aa4]::panicking::default_hook::{closure#0}
[INFO] [stdout]    4:     0x62a2d2b15236 - std[70759c8f55707aa4]::panicking::default_hook
[INFO] [stdout]    5:     0x62a2d2b14dd2 - std[70759c8f55707aa4]::panicking::panic_with_hook
[INFO] [stdout]    6:     0x62a2d2b3c2f1 - std[70759c8f55707aa4]::panicking::panic_handler::{closure#0}
[INFO] [stdout]    7:     0x62a2d2b3c2a9 - std[70759c8f55707aa4]::sys::backtrace::__rust_end_short_backtrace::<std[70759c8f55707aa4]::panicking::panic_handler::{closure#0}, !>
[INFO] [stdout]    8:     0x62a2d2b3c7bc - __rustc[8fa7c3cbc660c2b3]::rust_begin_unwind
[INFO] [stdout]    9:     0x62a2d2af059b - core[df12db4294e9bfd3]::panicking::panic_fmt
[INFO] [stdout]   10:     0x62a2d2af3971 - core[df12db4294e9bfd3]::result::unwrap_failed
[INFO] [stdout]   11:     0x62a2d2ae8d66 - <hera[7d1b3cfc33bd68ec]::tests::code_in_example_block_changed::{closure#0} as core[df12db4294e9bfd3]::ops::function::FnOnce<()>>::call_once
[INFO] [stdout]   12:     0x62a2d2b5803b - test[9d35eded1c95d3be]::__rust_begin_short_backtrace::<core[df12db4294e9bfd3]::result::Result<(), alloc[2182bb758b4b3781]::string::String>, fn() -> core[df12db4294e9bfd3]::result::Result<(), alloc[2182bb758b4b3781]::string::String>>
[INFO] [stdout]   13:     0x62a2d2b541b1 - test[9d35eded1c95d3be]::run_test::{closure#0}
[INFO] [stdout]   14:     0x62a2d2b5399c - std[70759c8f55707aa4]::sys::backtrace::__rust_begin_short_backtrace::<test[9d35eded1c95d3be]::run_test::{closure#1}, ()>
[INFO] [stdout]   15:     0x62a2d2b7028c - <std[70759c8f55707aa4]::thread::lifecycle::spawn_unchecked<test[9d35eded1c95d3be]::run_test::{closure#1}, ()>::{closure#1} as core[df12db4294e9bfd3]::ops::function::FnOnce<()>>::call_once::{shim:vtable#0}
[INFO] [stdout]   16:     0x62a2d2b3dbf2 - <std[70759c8f55707aa4]::sys::thread::unix::Thread>::new::thread_start
[INFO] [stdout]   17:     0x792a1b405dfa - <unknown>
[INFO] [stdout]   18:     0x792a1b4993d4 - clone
[INFO] [stdout]   19:                0x0 - <unknown>
[INFO] [stdout] 
[INFO] [stdout] ---- tests::comment_added_to_code stdout ----
[INFO] [stdout] 
[INFO] [stdout] thread 'tests::comment_added_to_code' (3210) panicked at src/main.rs:338:14:
[INFO] [stdout] called `Result::unwrap()` on an `Err` value: CargoError { cause: Some(CargoError { kind: CommandFailed, context: Some("error: could not find `Cargo.toml` in `/tmp/.tmpISOCVR` or any parent directory\n"), cause: None }) }
[INFO] [stdout] stack backtrace:
[INFO] [stdout]    0:     0x62a2d2b16515 - <<std[70759c8f55707aa4]::sys::backtrace::BacktraceLock>::print::DisplayBacktrace as core[df12db4294e9bfd3]::fmt::Display>::fmt
[INFO] [stdout]    1:     0x62a2d2af070a - core[df12db4294e9bfd3]::fmt::write
[INFO] [stdout]    2:     0x62a2d2b15bab - <alloc[2182bb758b4b3781]::vec::Vec<u8> as core[df12db4294e9bfd3]::io::write::Write>::write_fmt
[INFO] [stdout]    3:     0x62a2d2b1568f - std[70759c8f55707aa4]::panicking::default_hook::{closure#0}
[INFO] [stdout]    4:     0x62a2d2b15236 - std[70759c8f55707aa4]::panicking::default_hook
[INFO] [stdout]    5:     0x62a2d2b14dd2 - std[70759c8f55707aa4]::panicking::panic_with_hook
[INFO] [stdout]    6:     0x62a2d2b3c2f1 - std[70759c8f55707aa4]::panicking::panic_handler::{closure#0}
[INFO] [stdout]    7:     0x62a2d2b3c2a9 - std[70759c8f55707aa4]::sys::backtrace::__rust_end_short_backtrace::<std[70759c8f55707aa4]::panicking::panic_handler::{closure#0}, !>
[INFO] [stdout]    8:     0x62a2d2b3c7bc - __rustc[8fa7c3cbc660c2b3]::rust_begin_unwind
[INFO] [stdout]    9:     0x62a2d2af059b - core[df12db4294e9bfd3]::panicking::panic_fmt
[INFO] [stdout]   10:     0x62a2d2af3971 - core[df12db4294e9bfd3]::result::unwrap_failed
[INFO] [stdout]   11:     0x62a2d2ae7a29 - <hera[7d1b3cfc33bd68ec]::tests::comment_added_to_code::{closure#0} as core[df12db4294e9bfd3]::ops::function::FnOnce<()>>::call_once
[INFO] [stdout]   12:     0x62a2d2b5803b - test[9d35eded1c95d3be]::__rust_begin_short_backtrace::<core[df12db4294e9bfd3]::result::Result<(), alloc[2182bb758b4b3781]::string::String>, fn() -> core[df12db4294e9bfd3]::result::Result<(), alloc[2182bb758b4b3781]::string::String>>
[INFO] [stdout]   13:     0x62a2d2b541b1 - test[9d35eded1c95d3be]::run_test::{closure#0}
[INFO] [stdout]   14:     0x62a2d2b5399c - std[70759c8f55707aa4]::sys::backtrace::__rust_begin_short_backtrace::<test[9d35eded1c95d3be]::run_test::{closure#1}, ()>
[INFO] [stdout]   15:     0x62a2d2b7028c - <std[70759c8f55707aa4]::thread::lifecycle::spawn_unchecked<test[9d35eded1c95d3be]::run_test::{closure#1}, ()>::{closure#1} as core[df12db4294e9bfd3]::ops::function::FnOnce<()>>::call_once::{shim:vtable#0}
[INFO] [stdout]   16:     0x62a2d2b3dbf2 - <std[70759c8f55707aa4]::sys::thread::unix::Thread>::new::thread_start
[INFO] [stdout]   17:     0x792a1b405dfa - <unknown>
[INFO] [stdout]   18:     0x792a1b4993d4 - clone
[INFO] [stdout]   19:                0x0 - <unknown>
[INFO] [stdout] 
[INFO] [stdout] ---- tests::code_between_multi_line_changed stdout ----
[INFO] [stdout] 
[INFO] [stdout] thread 'tests::code_between_multi_line_changed' (3207) panicked at /opt/rustwide/cargo-home/registry/src/index.crates.io-1949cf8c6b5b557f/assert_cmd-0.9.1/src/assert.rs:285:17:
[INFO] [stdout] Unexpected stdout, failed var - original <= 0
[INFO] [stdout] ├── original: Code has changed.
[INFO] [stdout] 
[INFO] [stdout] ├── actual distance: 1
[INFO] [stdout] ├── diff: [91mCode has changed.
[INFO] [stdout] [0m
[INFO] [stdout] 
[INFO] [stdout] └── var as str: 
[INFO] [stdout] 
[INFO] [stdout] command=`"/opt/rustwide/target/release/hera" "/tmp/.tmpq3S4pC"`
[INFO] [stdout] code=1
[INFO] [stdout] stdout=``````
[INFO] [stdout] stderr=```Error: Error { code: -9, klass: 4, message: "reference 'refs/heads/master' not found" }
[INFO] [stdout] ```
[INFO] [stdout] 
[INFO] [stdout] stack backtrace:
[INFO] [stdout]    0:     0x62a2d2b16515 - <<std[70759c8f55707aa4]::sys::backtrace::BacktraceLock>::print::DisplayBacktrace as core[df12db4294e9bfd3]::fmt::Display>::fmt
[INFO] [stdout]    1:     0x62a2d2af070a - core[df12db4294e9bfd3]::fmt::write
[INFO] [stdout]    2:     0x62a2d2b15bab - <alloc[2182bb758b4b3781]::vec::Vec<u8> as core[df12db4294e9bfd3]::io::write::Write>::write_fmt
[INFO] [stdout]    3:     0x62a2d2b1568f - std[70759c8f55707aa4]::panicking::default_hook::{closure#0}
[INFO] [stdout]    4:     0x62a2d2b15236 - std[70759c8f55707aa4]::panicking::default_hook
[INFO] [stdout]    5:     0x62a2d2b14dd2 - std[70759c8f55707aa4]::panicking::panic_with_hook
[INFO] [stdout]    6:     0x62a2d2b3c2f1 - std[70759c8f55707aa4]::panicking::panic_handler::{closure#0}
[INFO] [stdout]    7:     0x62a2d2b3c2a9 - std[70759c8f55707aa4]::sys::backtrace::__rust_end_short_backtrace::<std[70759c8f55707aa4]::panicking::panic_handler::{closure#0}, !>
[INFO] [stdout]    8:     0x62a2d2b3c7bc - __rustc[8fa7c3cbc660c2b3]::rust_begin_unwind
[INFO] [stdout]    9:     0x62a2d2af059b - core[df12db4294e9bfd3]::panicking::panic_fmt
[INFO] [stdout]   10:     0x62a2d2aed61f - <assert_cmd[34f1a5f3396e522b]::assert::Assert>::stdout_impl
[INFO] [stdout]   11:     0x62a2d2ae9435 - <hera[7d1b3cfc33bd68ec]::tests::code_between_multi_line_changed::{closure#0} as core[df12db4294e9bfd3]::ops::function::FnOnce<()>>::call_once
[INFO] [stdout]   12:     0x62a2d2b5803b - test[9d35eded1c95d3be]::__rust_begin_short_backtrace::<core[df12db4294e9bfd3]::result::Result<(), alloc[2182bb758b4b3781]::string::String>, fn() -> core[df12db4294e9bfd3]::result::Result<(), alloc[2182bb758b4b3781]::string::String>>
[INFO] [stdout]   13:     0x62a2d2b541b1 - test[9d35eded1c95d3be]::run_test::{closure#0}
[INFO] [stdout]   14:     0x62a2d2b5399c - std[70759c8f55707aa4]::sys::backtrace::__rust_begin_short_backtrace::<test[9d35eded1c95d3be]::run_test::{closure#1}, ()>
[INFO] [stdout]   15:     0x62a2d2b7028c - <std[70759c8f55707aa4]::thread::lifecycle::spawn_unchecked<test[9d35eded1c95d3be]::run_test::{closure#1}, ()>::{closure#1} as core[df12db4294e9bfd3]::ops::function::FnOnce<()>>::call_once::{shim:vtable#0}
[INFO] [stdout]   16:     0x62a2d2b3dbf2 - <std[70759c8f55707aa4]::sys::thread::unix::Thread>::new::thread_start
[INFO] [stdout]   17:     0x792a1b405dfa - <unknown>
[INFO] [stdout]   18:     0x792a1b4993d4 - clone
[INFO] [stdout]   19:                0x0 - <unknown>
[INFO] [stdout] 
[INFO] [stdout] ---- tests::text_file_changed stdout ----
[INFO] [stdout] 
[INFO] [stdout] thread 'tests::text_file_changed' (3216) panicked at /opt/rustwide/cargo-home/registry/src/index.crates.io-1949cf8c6b5b557f/assert_cmd-0.9.1/src/assert.rs:285:17:
[INFO] [stdout] Unexpected stdout, failed var - original <= 0
[INFO] [stdout] ├── original: No code has changed.
[INFO] [stdout] 
[INFO] [stdout] ├── actual distance: 1
[INFO] [stdout] ├── diff: [91mNo code has changed.
[INFO] [stdout] [0m
[INFO] [stdout] 
[INFO] [stdout] └── var as str: 
[INFO] [stdout] 
[INFO] [stdout] command=`"/opt/rustwide/target/release/hera" "/tmp/.tmpIf6mCc"`
[INFO] [stdout] code=1
[INFO] [stdout] stdout=``````
[INFO] [stdout] stderr=```Error: Error { code: -9, klass: 4, message: "reference 'refs/heads/master' not found" }
[INFO] [stdout] ```
[INFO] [stdout] 
[INFO] [stdout] stack backtrace:
[INFO] [stdout]    0:     0x62a2d2b16515 - <<std[70759c8f55707aa4]::sys::backtrace::BacktraceLock>::print::DisplayBacktrace as core[df12db4294e9bfd3]::fmt::Display>::fmt
[INFO] [stdout]    1:     0x62a2d2af070a - core[df12db4294e9bfd3]::fmt::write
[INFO] [stdout]    2:     0x62a2d2b15bab - <alloc[2182bb758b4b3781]::vec::Vec<u8> as core[df12db4294e9bfd3]::io::write::Write>::write_fmt
[INFO] [stdout]    3:     0x62a2d2b1568f - std[70759c8f55707aa4]::panicking::default_hook::{closure#0}
[INFO] [stdout]    4:     0x62a2d2b15236 - std[70759c8f55707aa4]::panicking::default_hook
[INFO] [stdout]    5:     0x62a2d2b14dd2 - std[70759c8f55707aa4]::panicking::panic_with_hook
[INFO] [stdout]    6:     0x62a2d2b3c2f1 - std[70759c8f55707aa4]::panicking::panic_handler::{closure#0}
[INFO] [stdout]    7:     0x62a2d2b3c2a9 - std[70759c8f55707aa4]::sys::backtrace::__rust_end_short_backtrace::<std[70759c8f55707aa4]::panicking::panic_handler::{closure#0}, !>
[INFO] [stdout]    8:     0x62a2d2b3c7bc - __rustc[8fa7c3cbc660c2b3]::rust_begin_unwind
[INFO] [stdout]    9:     0x62a2d2af059b - core[df12db4294e9bfd3]::panicking::panic_fmt
[INFO] [stdout]   10:     0x62a2d2aed61f - <assert_cmd[34f1a5f3396e522b]::assert::Assert>::stdout_impl
[INFO] [stdout]   11:     0x62a2d2ae6408 - <hera[7d1b3cfc33bd68ec]::tests::text_file_changed::{closure#0} as core[df12db4294e9bfd3]::ops::function::FnOnce<()>>::call_once
[INFO] [stdout]   12:     0x62a2d2b5803b - test[9d35eded1c95d3be]::__rust_begin_short_backtrace::<core[df12db4294e9bfd3]::result::Result<(), alloc[2182bb758b4b3781]::string::String>, fn() -> core[df12db4294e9bfd3]::result::Result<(), alloc[2182bb758b4b3781]::string::String>>
[INFO] [stdout]   13:     0x62a2d2b541b1 - test[9d35eded1c95d3be]::run_test::{closure#0}
[INFO] [stdout]   14:     0x62a2d2b5399c - std[70759c8f55707aa4]::sys::backtrace::__rust_begin_short_backtrace::<test[9d35eded1c95d3be]::run_test::{closure#1}, ()>
[INFO] [stdout]   15:     0x62a2d2b7028c - <std[70759c8f55707aa4]::thread::lifecycle::spawn_unchecked<test[9d35eded1c95d3be]::run_test::{closure#1}, ()>::{closure#1} as core[df12db4294e9bfd3]::ops::function::FnOnce<()>>::call_once::{shim:vtable#0}
[INFO] [stdout]   16:     0x62a2d2b3dbf2 - <std[70759c8f55707aa4]::sys::thread::unix::Thread>::new::thread_start
[INFO] [stdout]   17:     0x792a1b405dfa - <unknown>
[INFO] [stdout]   18:     0x792a1b4993d4 - clone
[INFO] [stdout]   19:                0x0 - <unknown>
[INFO] [stdout] 
[INFO] [stdout] 
[INFO] [stdout] failures:
[INFO] [stdout]     tests::code_between_multi_line_changed
[INFO] [stdout]     tests::code_in_example_block_changed
[INFO] [stdout]     tests::code_line_changed
[INFO] [stdout]     tests::comment_added_to_code
[INFO] [stdout]     tests::comment_line_changed
[INFO] [stdout]     tests::multi_line_comment_changed
[INFO] [stdout]     tests::new_code_file
[INFO] [stdout]     tests::new_doc_file
[INFO] [stdout]     tests::new_filtered_file
[INFO] [stdout]     tests::text_file_changed
[INFO] [stdout] 
[INFO] [stdout] test result: FAILED. 0 passed; 10 failed; 0 ignored; 0 measured; 0 filtered out; finished in 0.46s
[INFO] [stdout] 
[INFO] running `Command { std: "docker" "inspect" "7608b29471ce97bbc3218c57adbdcf6cf4e3daafe522cd38eda39ccc857d4984", kill_on_drop: false }`
[INFO] running `Command { std: "docker" "rm" "-f" "7608b29471ce97bbc3218c57adbdcf6cf4e3daafe522cd38eda39ccc857d4984", kill_on_drop: false }`
[INFO] [stdout] 7608b29471ce97bbc3218c57adbdcf6cf4e3daafe522cd38eda39ccc857d4984
