[INFO] fetching crate helm-wrapper-rs 0.4.1...
[INFO] testing helm-wrapper-rs-0.4.1 against 1.99.0-beta.8+cargoflags=--release for beta-release-1.100-2
[INFO] extracting crate helm-wrapper-rs 0.4.1 into /workspace/builds/worker-5-tc1/source
[INFO] removed /workspace/builds/worker-5-tc1/source/.cargo/config.toml
[INFO] started tweaking crates.io crate helm-wrapper-rs 0.4.1
[INFO] removed 0 missing examples
[INFO] finished tweaking crates.io crate helm-wrapper-rs 0.4.1
[INFO] tweaked toml for crates.io crate helm-wrapper-rs 0.4.1 written to /workspace/builds/worker-5-tc1/source/Cargo.toml
[INFO] validating manifest of crates.io crate helm-wrapper-rs 0.4.1 on toolchain 1.99.0-beta.8
[INFO] running `Command { std: CARGO_HOME="/workspace/cargo-home" RUSTUP_HOME="/workspace/rustup-home" "/workspace/cargo-home/bin/cargo" "+1.99.0-beta.8" "metadata" "--manifest-path" "Cargo.toml" "--no-deps", kill_on_drop: false }`
[INFO] crate crates.io crate helm-wrapper-rs 0.4.1 already has a lockfile, it will not be regenerated
[INFO] running `Command { std: CARGO_HOME="/workspace/cargo-home" RUSTUP_HOME="/workspace/rustup-home" "/workspace/cargo-home/bin/cargo" "+1.99.0-beta.8" "fetch" "--manifest-path" "Cargo.toml", kill_on_drop: false }`
[INFO] [stderr]     Updating crates.io index
[INFO] [stderr]  Downloading crates ...
[INFO] [stderr]   Downloaded tokio-macros v2.5.0
[INFO] [stderr]   Downloaded quote v1.0.40
[INFO] [stderr]   Downloaded unicode-ident v1.0.18
[INFO] [stderr]   Downloaded adler2 v2.0.0
[INFO] [stderr]   Downloaded anstyle-wincon v3.0.8
[INFO] [stderr]   Downloaded non-blank-string-rs v1.0.4
[INFO] [stderr]   Downloaded once_cell_polyfill v1.70.1
[INFO] [stderr]   Downloaded env_filter v0.1.3
[INFO] [stderr]   Downloaded env_logger v0.11.8
[INFO] [stderr]   Downloaded redox_syscall v0.5.12
[INFO] [stderr]   Downloaded thiserror v2.0.12
[INFO] [stderr]   Downloaded thiserror-impl v2.0.12
[INFO] [stderr]   Downloaded smallvec v1.15.0
[INFO] [stderr]   Downloaded signal-hook-registry v1.4.5
[INFO] [stderr]   Downloaded bitflags v2.9.1
[INFO] [stderr]   Downloaded addr2line v0.24.2
[INFO] [stderr]   Downloaded log v0.4.27
[INFO] [stderr]   Downloaded getrandom v0.2.16
[INFO] [stderr]   Downloaded proc-macro2 v1.0.95
[INFO] [stderr]   Downloaded socket2 v0.5.9
[INFO] [stderr]   Downloaded serde_derive v1.0.219
[INFO] [stderr]   Downloaded jiff-static v0.2.14
[INFO] [stderr]   Downloaded miniz_oxide v0.8.8
[INFO] [stderr]   Downloaded serde v1.0.219
[INFO] [stderr]   Downloaded portable-atomic-util v0.2.4
[INFO] [stderr]   Downloaded backtrace v0.3.75
[INFO] [stderr]   Downloaded zerocopy-derive v0.8.25
[INFO] [stderr]   Downloaded mio v1.0.4
[INFO] [stderr]   Downloaded fake v2.10.0
[INFO] [stderr]   Downloaded serde_json v1.0.140
[INFO] [stderr]   Downloaded deunicode v1.6.2
[INFO] [stderr]   Downloaded portable-atomic v1.11.0
[INFO] [stderr]   Downloaded syn v2.0.101
[INFO] [stderr]   Downloaded gimli v0.31.1
[INFO] [stderr]   Downloaded zerocopy v0.8.25
[INFO] [stderr]   Downloaded object v0.36.7
[INFO] [stderr]   Downloaded tokio v1.45.1
[INFO] [stderr]   Downloaded jiff v0.2.14
[INFO] [stderr]   Downloaded libc v0.2.172
[INFO] running `Command { std: "docker" "create" "-v" "/var/lib/crater-agent-workspace/builds/worker-5-tc1/source:/opt/rustwide/workdir:ro,Z" "-v" "/var/lib/crater-agent-workspace/builds/worker-5-tc1/target:/opt/rustwide/target:rw,Z" "-v" "/var/lib/crater-agent-workspace/cargo-home:/opt/rustwide/cargo-home:ro,Z" "-v" "/var/lib/crater-agent-workspace/rustup-home:/opt/rustwide/rustup-home:ro,Z" "-m" "1610612736" "--network" "none" "ghcr.io/rust-lang/crates-build-env/linux@sha256:77db811e55d90add9212f6832c23229e3de5f1c1f9905e8cb07319ea15df73ac" "sleep" "infinity", kill_on_drop: false }`
[INFO] [stdout] 69d041bcf7da560778e7255ec90c911a0783f76b78b322c2e19ea5f18c9a30b1
[INFO] running `Command { std: "docker" "start" "69d041bcf7da560778e7255ec90c911a0783f76b78b322c2e19ea5f18c9a30b1", kill_on_drop: false }`
[INFO] running `Command { std: "docker" "inspect" "69d041bcf7da560778e7255ec90c911a0783f76b78b322c2e19ea5f18c9a30b1", kill_on_drop: false }`
[INFO] running `Command { std: "docker" "exec" "-e" "SOURCE_DIR=/opt/rustwide/workdir" "-e" "CARGO_HOME=/opt/rustwide/cargo-home" "-e" "RUSTUP_HOME=/opt/rustwide/rustup-home" "-e" "CARGO_TARGET_DIR=/opt/rustwide/target" "-w" "/opt/rustwide/workdir" "--user" "0:0" "69d041bcf7da560778e7255ec90c911a0783f76b78b322c2e19ea5f18c9a30b1" "/opt/rustwide/cargo-home/bin/cargo" "+1.99.0-beta.8" "metadata" "--no-deps" "--format-version=1", kill_on_drop: false }`
[INFO] running `Command { std: "docker" "inspect" "69d041bcf7da560778e7255ec90c911a0783f76b78b322c2e19ea5f18c9a30b1", kill_on_drop: false }`
[INFO] running `Command { std: "docker" "exec" "-e" "SOURCE_DIR=/opt/rustwide/workdir" "-e" "CARGO_HOME=/opt/rustwide/cargo-home" "-e" "RUSTUP_HOME=/opt/rustwide/rustup-home" "-e" "CARGO_TARGET_DIR=/opt/rustwide/target" "-e" "CARGO_INCREMENTAL=0" "-e" "RUST_BACKTRACE=full" "-e" "RUSTFLAGS=--cap-lints=warn" "-e" "RUSTDOCFLAGS=--cap-lints=warn" "-w" "/opt/rustwide/workdir" "--user" "0:0" "69d041bcf7da560778e7255ec90c911a0783f76b78b322c2e19ea5f18c9a30b1" "/opt/rustwide/cargo-home/bin/cargo" "+1.99.0-beta.8" "build" "--frozen" "--message-format=json" "--release", kill_on_drop: false }`
[INFO] [stderr]    Compiling proc-macro2 v1.0.95
[INFO] [stderr]    Compiling unicode-ident v1.0.18
[INFO] [stderr]    Compiling serde v1.0.219
[INFO] [stderr]    Compiling serde_json v1.0.140
[INFO] [stderr]    Compiling thiserror v2.0.12
[INFO] [stderr]    Compiling ryu v1.0.20
[INFO] [stderr]    Compiling itoa v1.0.15
[INFO] [stderr]    Compiling memchr v2.7.4
[INFO] [stderr]    Compiling log v0.4.27
[INFO] [stderr]    Compiling quote v1.0.40
[INFO] [stderr]    Compiling syn v2.0.101
[INFO] [stderr]    Compiling serde_derive v1.0.219
[INFO] [stderr]    Compiling thiserror-impl v2.0.12
[INFO] [stderr]    Compiling non-blank-string-rs v1.0.4
[INFO] [stderr]    Compiling helm-wrapper-rs v0.4.1 (/opt/rustwide/workdir)
[INFO] [stderr]     Finished `release` profile [optimized] target(s) in 13.48s
[INFO] running `Command { std: "docker" "inspect" "69d041bcf7da560778e7255ec90c911a0783f76b78b322c2e19ea5f18c9a30b1", kill_on_drop: false }`
[INFO] running `Command { std: "docker" "exec" "-e" "SOURCE_DIR=/opt/rustwide/workdir" "-e" "CARGO_HOME=/opt/rustwide/cargo-home" "-e" "RUSTUP_HOME=/opt/rustwide/rustup-home" "-e" "CARGO_TARGET_DIR=/opt/rustwide/target" "-e" "CARGO_INCREMENTAL=0" "-e" "RUST_BACKTRACE=full" "-e" "RUSTFLAGS=--cap-lints=warn" "-e" "RUSTDOCFLAGS=--cap-lints=warn" "-w" "/opt/rustwide/workdir" "--user" "0:0" "69d041bcf7da560778e7255ec90c911a0783f76b78b322c2e19ea5f18c9a30b1" "/opt/rustwide/cargo-home/bin/cargo" "+1.99.0-beta.8" "test" "--frozen" "--no-run" "--message-format=json" "--release", kill_on_drop: false }`
[INFO] [stderr]    Compiling libc v0.2.172
[INFO] [stderr]    Compiling zerocopy v0.8.25
[INFO] [stderr]    Compiling cfg-if v1.0.0
[INFO] [stderr]    Compiling regex-syntax v0.8.5
[INFO] [stderr]    Compiling deunicode v1.6.2
[INFO] [stderr]    Compiling log v0.4.27
[INFO] [stderr]    Compiling utf8parse v0.2.2
[INFO] [stderr]    Compiling anstyle v1.0.10
[INFO] [stderr]    Compiling is_terminal_polyfill v1.70.1
[INFO] [stderr]    Compiling colorchoice v1.0.3
[INFO] [stderr]    Compiling aho-corasick v1.1.3
[INFO] [stderr]    Compiling anstyle-query v1.1.2
[INFO] [stderr]    Compiling jiff v0.2.14
[INFO] [stderr]    Compiling anstyle-parse v0.2.6
[INFO] [stderr]    Compiling anstream v0.6.18
[INFO] [stderr]    Compiling getrandom v0.2.16
[INFO] [stderr]    Compiling rand_core v0.6.4
[INFO] [stderr]    Compiling regex-automata v0.4.9
[INFO] [stderr]    Compiling ppv-lite86 v0.2.21
[INFO] [stderr]    Compiling rand_chacha v0.3.1
[INFO] [stderr]    Compiling rand v0.8.5
[INFO] [stderr]    Compiling fake v2.10.0
[INFO] [stderr]    Compiling non-blank-string-rs v1.0.4
[INFO] [stderr]    Compiling helm-wrapper-rs v0.4.1 (/opt/rustwide/workdir)
[INFO] [stderr]    Compiling regex v1.11.1
[INFO] [stderr]    Compiling env_filter v0.1.3
[INFO] [stderr]    Compiling env_logger v0.11.8
[INFO] [stdout] warning: unused import: `std::collections::HashMap`
[INFO] [stdout]  --> examples/blocking_install_or_upgrade.rs:4:5
[INFO] [stdout]   |
[INFO] [stdout] 4 | use std::collections::HashMap; // If you need to provide overrides
[INFO] [stdout]   |     ^^^^^^^^^^^^^^^^^^^^^^^^^
[INFO] [stdout]   |
[INFO] [stdout]   = note: `#[warn(unused_imports)]` (part of `#[warn(unused)]`) on by default
[INFO] [stdout] 
[INFO] [stdout] 
[INFO] [stderr]     Finished `release` profile [optimized] target(s) in 30.59s
[INFO] running `Command { std: "docker" "inspect" "69d041bcf7da560778e7255ec90c911a0783f76b78b322c2e19ea5f18c9a30b1", kill_on_drop: false }`
[INFO] running `Command { std: "docker" "exec" "-e" "SOURCE_DIR=/opt/rustwide/workdir" "-e" "CARGO_HOME=/opt/rustwide/cargo-home" "-e" "RUSTUP_HOME=/opt/rustwide/rustup-home" "-e" "CARGO_TARGET_DIR=/opt/rustwide/target" "-e" "CARGO_INCREMENTAL=0" "-e" "RUST_BACKTRACE=full" "-e" "RUSTFLAGS=--cap-lints=warn" "-e" "RUSTDOCFLAGS=--cap-lints=warn" "-w" "/opt/rustwide/workdir" "--user" "0:0" "69d041bcf7da560778e7255ec90c911a0783f76b78b322c2e19ea5f18c9a30b1" "/opt/rustwide/cargo-home/bin/cargo" "+1.99.0-beta.8" "test" "--frozen" "--release", kill_on_drop: false }`
[INFO] [stderr] warning: unused import: `std::collections::HashMap`
[INFO] [stderr]  --> examples/blocking_install_or_upgrade.rs:4:5
[INFO] [stderr]   |
[INFO] [stderr] 4 | use std::collections::HashMap; // If you need to provide overrides
[INFO] [stderr]   |     ^^^^^^^^^^^^^^^^^^^^^^^^^
[INFO] [stderr]   |
[INFO] [stderr]   = note: `#[warn(unused_imports)]` (part of `#[warn(unused)]`) on by default
[INFO] [stderr] 
[INFO] [stderr] warning: `helm-wrapper-rs` (example "blocking_install_or_upgrade") generated 1 warning (run `cargo fix --example "blocking_install_or_upgrade" -p helm-wrapper-rs` to apply 1 suggestion)
[INFO] [stderr]     Finished `release` profile [optimized] target(s) in 0.07s
[INFO] [stderr]      Running unittests src/lib.rs (/opt/rustwide/target/release/deps/helm_wrapper_rs-0c2b098171b6e6bc)
[INFO] [stdout] 
[INFO] [stdout] running 2 tests
[INFO] [stdout] test blocking::blocking_helm_command_tests::install_or_upgrade_helm_chart_with_invalid_syntax_values ... ok
[INFO] [stdout] test blocking::blocking_helm_command_tests::install_or_upgrade_helm_chart ... FAILED
[INFO] [stdout] 
[INFO] [stdout] failures:
[INFO] [stdout] 
[INFO] [stdout] ---- blocking::blocking_helm_command_tests::install_or_upgrade_helm_chart stdout ----
[INFO] [stdout] [2026-10-18T10:17:46Z INFO  helm_wrapper_rs::blocking] installing helm chart 'cowboysysop/whoami' with release name 'whoami' to namespace 'whoami'..
[INFO] [stdout] [2026-10-18T10:17:46Z DEBUG helm_wrapper_rs::blocking] helm executable path 'helm'
[INFO] [stdout] [2026-10-18T10:17:46Z DEBUG helm_wrapper_rs::blocking] kubeconfig file path 'None'
[INFO] [stdout] [2026-10-18T10:17:46Z DEBUG helm_wrapper_rs::blocking] timeout 15s
[INFO] [stdout] [2026-10-18T10:17:46Z DEBUG helm_wrapper_rs::blocking] no kubeconfig path provided
[INFO] [stdout] [2026-10-18T10:17:46Z INFO  helm_wrapper_rs::blocking] - chart version '5.2.0'
[INFO] [stdout] [2026-10-18T10:17:46Z INFO  helm_wrapper_rs::blocking] - values file 'test-data/whoami-values.yml'
[INFO] [stdout] [2026-10-18T10:17:46Z INFO  helm_wrapper_rs::blocking] - value override 'startupProbe.enabled': 'false'
[INFO] [stdout] [2026-10-18T10:17:46Z INFO  helm_wrapper_rs::blocking] - value override 'replicaCount': '2'
[INFO] [stdout] [2026-10-18T10:17:46Z INFO  helm_wrapper_rs::blocking] - helm option '--create-namespace'
[INFO] [stdout] [2026-10-18T10:17:46Z DEBUG helm_wrapper_rs::blocking] command args: 'upgrade --install -n whoami whoami cowboysysop/whoami --version 5.2.0 -f test-data/whoami-values.yml --set startupProbe.enabled=false --set replicaCount=2 --create-namespace --debug -o json --timeout=15s'
[INFO] [stdout] [2026-10-18T10:17:46Z ERROR helm_wrapper_rs::blocking] helm execution error: No such file or directory (os error 2)
[INFO] [stdout] 
[INFO] [stdout] thread 'blocking::blocking_helm_command_tests::install_or_upgrade_helm_chart' (1028) panicked at src/blocking.rs:441:14:
[INFO] [stdout] called `Result::unwrap()` on an `Err` value: ExecutionError(Os { code: 2, kind: NotFound, message: "No such file or directory" })
[INFO] [stdout] stack backtrace:
[INFO] [stdout]    0:     0x5a31b3566091 - <<std[70759c8f55707aa4]::sys::backtrace::BacktraceLock>::print::DisplayBacktrace as core[df12db4294e9bfd3]::fmt::Display>::fmt
[INFO] [stdout]    1:     0x5a31b357d1ca - core[df12db4294e9bfd3]::fmt::write
[INFO] [stdout]    2:     0x5a31b356bd2c - <alloc[2182bb758b4b3781]::vec::Vec<u8> as core[df12db4294e9bfd3]::io::write::Write>::write_fmt
[INFO] [stdout]    3:     0x5a31b35423f6 - std[70759c8f55707aa4]::panicking::default_hook::{closure#0}
[INFO] [stdout]    4:     0x5a31b355e7f9 - std[70759c8f55707aa4]::panicking::default_hook
[INFO] [stdout]    5:     0x5a31b34f9d00 - test[9d35eded1c95d3be]::test_main_inner::<test[9d35eded1c95d3be]::test_main_static::{closure#0}>::{closure#0}
[INFO] [stdout]    6:     0x5a31b355e9b2 - std[70759c8f55707aa4]::panicking::panic_with_hook
[INFO] [stdout]    7:     0x5a31b35424a2 - std[70759c8f55707aa4]::panicking::panic_handler::{closure#0}
[INFO] [stdout]    8:     0x5a31b353b1f9 - std[70759c8f55707aa4]::sys::backtrace::__rust_end_short_backtrace::<std[70759c8f55707aa4]::panicking::panic_handler::{closure#0}, !>
[INFO] [stdout]    9:     0x5a31b354309d - __rustc[8fa7c3cbc660c2b3]::rust_begin_unwind
[INFO] [stdout]   10:     0x5a31b357d9ac - core[df12db4294e9bfd3]::panicking::panic_fmt
[INFO] [stdout]   11:     0x5a31b357d782 - core[df12db4294e9bfd3]::result::unwrap_failed
[INFO] [stdout]   12:     0x5a31b341a632 - <helm_wrapper_rs[818012b2477696f]::blocking::blocking_helm_command_tests::install_or_upgrade_helm_chart::{closure#0} as core[df12db4294e9bfd3]::ops::function::FnOnce<()>>::call_once
[INFO] [stdout]   13:     0x5a31b34ecfeb - test[9d35eded1c95d3be]::__rust_begin_short_backtrace::<core[df12db4294e9bfd3]::result::Result<(), alloc[2182bb758b4b3781]::string::String>, fn() -> core[df12db4294e9bfd3]::result::Result<(), alloc[2182bb758b4b3781]::string::String>>
[INFO] [stdout]   14:     0x5a31b34fa655 - test[9d35eded1c95d3be]::run_test::{closure#0}
[INFO] [stdout]   15:     0x5a31b34f3f14 - std[70759c8f55707aa4]::sys::backtrace::__rust_begin_short_backtrace::<test[9d35eded1c95d3be]::run_test::{closure#1}, ()>
[INFO] [stdout]   16:     0x5a31b34fd7b2 - <std[70759c8f55707aa4]::thread::lifecycle::spawn_unchecked<test[9d35eded1c95d3be]::run_test::{closure#1}, ()>::{closure#1} as core[df12db4294e9bfd3]::ops::function::FnOnce<()>>::call_once::{shim:vtable#0}
[INFO] [stdout]   17:     0x5a31b3565969 - <std[70759c8f55707aa4]::sys::thread::unix::Thread>::new::thread_start
[INFO] [stdout]   18:     0x7f88a3620dfa - <unknown>
[INFO] [stdout]   19:     0x7f88a36b43d4 - clone
[INFO] [stdout]   20:                0x0 - <unknown>
[INFO] [stdout] 
[INFO] [stdout] 
[INFO] [stdout] failures:
[INFO] [stdout]     blocking::blocking_helm_command_tests::install_or_upgrade_helm_chart
[INFO] [stdout] 
[INFO] [stdout] test result: FAILED. 1 passed; 1 failed; 0 ignored; 0 measured; 0 filtered out; finished in 0.01s
[INFO] [stdout] 
[INFO] [stderr] error: test failed, to rerun pass `--lib`
[INFO] running `Command { std: "docker" "inspect" "69d041bcf7da560778e7255ec90c911a0783f76b78b322c2e19ea5f18c9a30b1", kill_on_drop: false }`
[INFO] running `Command { std: "docker" "rm" "-f" "69d041bcf7da560778e7255ec90c911a0783f76b78b322c2e19ea5f18c9a30b1", kill_on_drop: false }`
[INFO] [stdout] 69d041bcf7da560778e7255ec90c911a0783f76b78b322c2e19ea5f18c9a30b1
