[INFO] fetching crate helix-kanban 0.3.7...
[INFO] testing helix-kanban-0.3.7 against 1.99.0-beta.8+cargoflags=--release for beta-release-1.100-2
[INFO] extracting crate helix-kanban 0.3.7 into /workspace/builds/worker-2-tc1/source
[INFO] started tweaking crates.io crate helix-kanban 0.3.7
[INFO] finished tweaking crates.io crate helix-kanban 0.3.7
[INFO] tweaked toml for crates.io crate helix-kanban 0.3.7 written to /workspace/builds/worker-2-tc1/source/Cargo.toml
[INFO] validating manifest of crates.io crate helix-kanban 0.3.7 on toolchain 1.99.0-beta.8
[INFO] running `Command { std: CARGO_HOME="/workspace/cargo-home" RUSTUP_HOME="/workspace/rustup-home" "/workspace/cargo-home/bin/cargo" "+1.99.0-beta.8" "metadata" "--manifest-path" "Cargo.toml" "--no-deps", kill_on_drop: false }`
[INFO] crate crates.io crate helix-kanban 0.3.7 already has a lockfile, it will not be regenerated
[INFO] running `Command { std: CARGO_HOME="/workspace/cargo-home" RUSTUP_HOME="/workspace/rustup-home" "/workspace/cargo-home/bin/cargo" "+1.99.0-beta.8" "fetch" "--manifest-path" "Cargo.toml", kill_on_drop: false }`
[INFO] [stderr]     Updating crates.io index
[INFO] [stderr]  Downloading crates ...
[INFO] [stderr]   Downloaded instability v0.3.14
[INFO] [stderr]   Downloaded ratatui-textarea v0.9.2
[INFO] [stderr]   Downloaded finl_unicode v1.5.0
[INFO] running `Command { std: "docker" "create" "-v" "/var/lib/crater-agent-workspace/builds/worker-2-tc1/source:/opt/rustwide/workdir:ro,Z" "-v" "/var/lib/crater-agent-workspace/builds/worker-2-tc1/target:/opt/rustwide/target:rw,Z" "-v" "/var/lib/crater-agent-workspace/cargo-home:/opt/rustwide/cargo-home:ro,Z" "-v" "/var/lib/crater-agent-workspace/rustup-home:/opt/rustwide/rustup-home:ro,Z" "-m" "1610612736" "--network" "none" "ghcr.io/rust-lang/crates-build-env/linux@sha256:77db811e55d90add9212f6832c23229e3de5f1c1f9905e8cb07319ea15df73ac" "sleep" "infinity", kill_on_drop: false }`
[INFO] [stdout] 4fa53a41e1d7768123b883c56372d487443d2e8581c038744ed1fe16435a4952
[INFO] running `Command { std: "docker" "start" "4fa53a41e1d7768123b883c56372d487443d2e8581c038744ed1fe16435a4952", kill_on_drop: false }`
[INFO] running `Command { std: "docker" "inspect" "4fa53a41e1d7768123b883c56372d487443d2e8581c038744ed1fe16435a4952", kill_on_drop: false }`
[INFO] running `Command { std: "docker" "exec" "-e" "SOURCE_DIR=/opt/rustwide/workdir" "-e" "CARGO_HOME=/opt/rustwide/cargo-home" "-e" "RUSTUP_HOME=/opt/rustwide/rustup-home" "-e" "CARGO_TARGET_DIR=/opt/rustwide/target" "-w" "/opt/rustwide/workdir" "--user" "0:0" "4fa53a41e1d7768123b883c56372d487443d2e8581c038744ed1fe16435a4952" "/opt/rustwide/cargo-home/bin/cargo" "+1.99.0-beta.8" "metadata" "--no-deps" "--format-version=1", kill_on_drop: false }`
[INFO] running `Command { std: "docker" "inspect" "4fa53a41e1d7768123b883c56372d487443d2e8581c038744ed1fe16435a4952", kill_on_drop: false }`
[INFO] running `Command { std: "docker" "exec" "-e" "SOURCE_DIR=/opt/rustwide/workdir" "-e" "CARGO_HOME=/opt/rustwide/cargo-home" "-e" "RUSTUP_HOME=/opt/rustwide/rustup-home" "-e" "CARGO_TARGET_DIR=/opt/rustwide/target" "-e" "CARGO_INCREMENTAL=0" "-e" "RUST_BACKTRACE=full" "-e" "RUSTFLAGS=--cap-lints=warn" "-e" "RUSTDOCFLAGS=--cap-lints=warn" "-w" "/opt/rustwide/workdir" "--user" "0:0" "4fa53a41e1d7768123b883c56372d487443d2e8581c038744ed1fe16435a4952" "/opt/rustwide/cargo-home/bin/cargo" "+1.99.0-beta.8" "build" "--frozen" "--message-format=json" "--release", kill_on_drop: false }`
[INFO] [stderr]    Compiling rustix v1.1.5
[INFO] [stderr]    Compiling thiserror v2.0.21
[INFO] [stderr]    Compiling syn v3.0.6
[INFO] [stderr]    Compiling syn v2.0.119
[INFO] [stderr]    Compiling linux-raw-sys v0.12.1
[INFO] [stderr]    Compiling castaway v0.2.4
[INFO] [stderr]    Compiling itertools v0.14.0
[INFO] [stderr]    Compiling smallvec v1.16.2
[INFO] [stderr]    Compiling compact_str v0.9.1
[INFO] [stderr]    Compiling lru v0.18.5
[INFO] [stderr]    Compiling indoc v2.0.7
[INFO] [stderr]    Compiling critical-section v1.2.0
[INFO] [stderr]    Compiling parking_lot_core v0.9.12
[INFO] [stderr]    Compiling signal-hook v0.3.18
[INFO] [stderr]    Compiling mio v1.2.3
[INFO] [stderr]    Compiling parking_lot v0.12.5
[INFO] [stderr]    Compiling time v0.3.55
[INFO] [stderr]    Compiling signal-hook-mio v0.2.5
[INFO] [stderr]    Compiling line-clipping v0.3.8
[INFO] [stderr]    Compiling winnow v1.0.4
[INFO] [stderr]    Compiling x11rb-protocol v0.13.2
[INFO] [stderr]    Compiling toml_datetime v1.1.1+spec-1.1.0
[INFO] [stderr]    Compiling serde_spanned v1.1.1
[INFO] [stderr]    Compiling toml_parser v1.1.3+spec-1.1.0
[INFO] [stderr]    Compiling toml_writer v1.1.2+spec-1.1.0
[INFO] [stderr]    Compiling chrono v0.4.45
[INFO] [stderr]    Compiling nucleo-matcher v0.3.1
[INFO] [stderr]    Compiling unicode-truncate v2.0.1
[INFO] [stderr]    Compiling toml v1.1.6+spec-1.1.0
[INFO] [stderr]    Compiling strum_macros v0.28.0
[INFO] [stderr]    Compiling darling_core v0.24.1
[INFO] [stderr]    Compiling strum v0.28.0
[INFO] [stderr]    Compiling derive_more-impl v2.1.1
[INFO] [stderr]    Compiling thiserror-impl v2.0.21
[INFO] [stderr]    Compiling derive_more v2.1.1
[INFO] [stderr]    Compiling serde_derive v1.0.229
[INFO] [stderr]    Compiling kasuari v0.4.12
[INFO] [stderr]    Compiling crossterm v0.29.0
[INFO] [stderr]    Compiling gethostname v1.1.0
[INFO] [stderr]    Compiling ratatui-core v0.1.2
[INFO] [stderr]    Compiling darling_macro v0.24.1
[INFO] [stderr]    Compiling darling v0.24.1
[INFO] [stderr]    Compiling instability v0.3.14
[INFO] [stderr]    Compiling x11rb v0.13.2
[INFO] [stderr]    Compiling ratatui-widgets v0.3.2
[INFO] [stderr]    Compiling ratatui-crossterm v0.1.2
[INFO] [stderr]    Compiling serde v1.0.229
[INFO] [stderr]    Compiling arboard v3.6.1
[INFO] [stderr]    Compiling ratatui-macros v0.7.2
[INFO] [stderr]    Compiling ratatui v0.30.2
[INFO] [stderr]    Compiling ratatui-textarea v0.9.2
[INFO] [stderr]    Compiling helix-kanban v0.3.7 (/opt/rustwide/workdir)
[INFO] [stderr]     Finished `release` profile [optimized] target(s) in 1m 43s
[INFO] running `Command { std: "docker" "inspect" "4fa53a41e1d7768123b883c56372d487443d2e8581c038744ed1fe16435a4952", kill_on_drop: false }`
[INFO] running `Command { std: "docker" "exec" "-e" "SOURCE_DIR=/opt/rustwide/workdir" "-e" "CARGO_HOME=/opt/rustwide/cargo-home" "-e" "RUSTUP_HOME=/opt/rustwide/rustup-home" "-e" "CARGO_TARGET_DIR=/opt/rustwide/target" "-e" "CARGO_INCREMENTAL=0" "-e" "RUST_BACKTRACE=full" "-e" "RUSTFLAGS=--cap-lints=warn" "-e" "RUSTDOCFLAGS=--cap-lints=warn" "-w" "/opt/rustwide/workdir" "--user" "0:0" "4fa53a41e1d7768123b883c56372d487443d2e8581c038744ed1fe16435a4952" "/opt/rustwide/cargo-home/bin/cargo" "+1.99.0-beta.8" "test" "--frozen" "--no-run" "--message-format=json" "--release", kill_on_drop: false }`
[INFO] [stderr]    Compiling rustix v1.1.5
[INFO] [stderr]    Compiling getrandom v0.4.3
[INFO] [stderr]    Compiling once_cell v1.21.4
[INFO] [stderr]    Compiling crossterm v0.29.0
[INFO] [stderr]    Compiling gethostname v1.1.0
[INFO] [stderr]    Compiling tempfile v3.27.0
[INFO] [stderr]    Compiling x11rb v0.13.2
[INFO] [stderr]    Compiling ratatui-crossterm v0.1.2
[INFO] [stderr]    Compiling ratatui-textarea v0.9.2
[INFO] [stderr]    Compiling ratatui v0.30.2
[INFO] [stderr]    Compiling arboard v3.6.1
[INFO] [stderr]    Compiling helix-kanban v0.3.7 (/opt/rustwide/workdir)
[INFO] [stderr]     Finished `release` profile [optimized] target(s) in 37.27s
[INFO] running `Command { std: "docker" "inspect" "4fa53a41e1d7768123b883c56372d487443d2e8581c038744ed1fe16435a4952", kill_on_drop: false }`
[INFO] running `Command { std: "docker" "exec" "-e" "SOURCE_DIR=/opt/rustwide/workdir" "-e" "CARGO_HOME=/opt/rustwide/cargo-home" "-e" "RUSTUP_HOME=/opt/rustwide/rustup-home" "-e" "CARGO_TARGET_DIR=/opt/rustwide/target" "-e" "CARGO_INCREMENTAL=0" "-e" "RUST_BACKTRACE=full" "-e" "RUSTFLAGS=--cap-lints=warn" "-e" "RUSTDOCFLAGS=--cap-lints=warn" "-w" "/opt/rustwide/workdir" "--user" "0:0" "4fa53a41e1d7768123b883c56372d487443d2e8581c038744ed1fe16435a4952" "/opt/rustwide/cargo-home/bin/cargo" "+1.99.0-beta.8" "test" "--frozen" "--release", kill_on_drop: false }`
[INFO] [stderr]     Finished `release` profile [optimized] target(s) in 0.23s
[INFO] [stderr]      Running unittests src/main.rs (/opt/rustwide/target/release/deps/hxk-beb85b554d4f2c2b)
[INFO] [stdout] 
[INFO] [stdout] running 103 tests
[INFO] [stdout] test fs::parser::tests::test_generate_task_md_multiple_metadata ... ok
[INFO] [stdout] test fs::parser::tests::test_parse_chinese_title ... ok
[INFO] [stdout] test fs::parser::tests::test_generate_task_md ... ok
[INFO] [stdout] test fs::parser::tests::test_generate_task_md_empty_content ... ok
[INFO] [stdout] test fs::parser::tests::test_parse_empty_file ... ok
[INFO] [stdout] test fs::parser::tests::test_parse_no_title ... ok
[INFO] [stdout] test fs::parser::tests::test_parse_simple_task ... ok
[INFO] [stdout] test fs::parser::tests::test_parse_special_characters_in_value ... ok
[INFO] [stdout] test fs::parser::tests::test_parse_task_empty_content ... ok
[INFO] [stdout] test fs::parser::tests::test_parse_task_colon_in_content ... ok
[INFO] [stdout] test fs::parser::tests::test_parse_task_multiline_content ... ok
[INFO] [stdout] test fs::parser::tests::test_parse_task_with_tags ... ok
[INFO] [stdout] test fs::parser::tests::test_parse_task_no_metadata ... ok
[INFO] [stdout] test fs::parser::tests::test_parse_title_with_multiple_hashes ... ok
[INFO] [stdout] test fs::parser::tests::test_roundtrip_parse_generate ... ok
[INFO] [stdout] test fs::project::tests::project_config_round_trips_metadata ... ok
[INFO] [stdout] test fs::project::tests::old_project_config_without_metadata_loads ... ok
[INFO] [stdout] test fs::project::tests::failed_global_rename_preserves_original_project_path ... FAILED
[INFO] [stdout] test fs::project::tests::renaming_global_project_accepts_case_only_changes ... ok
[INFO] [stdout] test fs::project::tests::renaming_global_project_moves_board_without_overwriting_existing_directory ... ok
[INFO] [stdout] test fs::status::tests::test_delete_status ... ok
[INFO] [stdout] test fs::status::tests::test_create_status ... ok
[INFO] [stdout] test fs::project::tests::renaming_local_project_keeps_board_and_tasks_at_indexed_path ... ok
[INFO] [stdout] test fs::status::tests::test_move_status_order_boundary ... ok
[INFO] [stdout] test fs::status::tests::test_delete_status_with_move ... ok
[INFO] [stdout] test fs::status::tests::test_move_status_order_not_found ... ok
[INFO] [stdout] test fs::status::tests::test_move_status_order_left ... ok
[INFO] [stdout] test fs::status::tests::test_move_status_order_right ... ok
[INFO] [stdout] test fs::status::tests::test_move_status_order_to_first ... ok
[INFO] [stdout] test fs::status::tests::test_rename_status ... ok
[INFO] [stdout] test fs::status::tests::test_update_status_display ... ok
[INFO] [stdout] test fs::status::tests::test_update_status_display_not_found ... ok
[INFO] [stdout] test fs::status::tests::test_validate_display_name_empty ... ok
[INFO] [stdout] test fs::status::tests::test_validate_display_name_too_long ... ok
[INFO] [stdout] test fs::status::tests::test_move_status_order_to_last ... ok
[INFO] [stdout] test fs::status::tests::test_validate_display_name_valid ... ok
[INFO] [stdout] test fs::status::tests::test_validate_status_name_duplicate ... ok
[INFO] [stdout] test fs::status::tests::test_validate_status_name_empty ... ok
[INFO] [stdout] test fs::status::tests::test_validate_status_name_must_start_with_alphanumeric ... ok
[INFO] [stdout] test fs::status::tests::test_rename_status_updates_tasks_toml ... ok
[INFO] [stdout] test fs::status::tests::test_validate_status_name_invalid_chars ... ok
[INFO] [stdout] test fs::status::tests::test_validate_status_name_valid ... ok
[INFO] [stdout] test fs::status::tests::test_validate_status_name_reserved ... ok
[INFO] [stdout] test fs::status::tests::test_validate_status_name_too_long ... ok
[INFO] [stdout] test app::tests::sync_focused_project_updates_saved_layout_while_maximized ... ok
[INFO] [stdout] test fs::task::tests::test_auto_migration ... ignored
[INFO] [stdout] test fs::task::tests::test_auto_migration_already_new_format ... ignored
[INFO] [stdout] test fs::task::tests::test_auto_migration_empty_project ... ignored
[INFO] [stdout] test fs::task::tests::test_delete_task ... ok
[INFO] [stdout] test fs::task::tests::test_delete_task_with_frontmatter ... ok
[INFO] [stdout] test fs::task::tests::test_get_max_order_in_status ... ok
[INFO] [stdout] test fs::task::tests::test_frontmatter_recovery ... ok
[INFO] [stdout] test fs::task::tests::test_load_task_legacy_format ... ok
[INFO] [stdout] test fs::task::tests::test_get_next_task_id ... ok
[INFO] [stdout] test fs::task::tests::test_load_tasks_from_dir_empty ... ok
[INFO] [stdout] test fs::task::tests::test_load_tasks_from_dir_legacy ... ok
[INFO] [stdout] test fs::task::tests::test_load_tasks_from_dir_nonexistent ... ok
[INFO] [stdout] test fs::task::tests::test_load_tasks_from_frontmatter_multiple ... ok
[INFO] [stdout] test fs::task::tests::test_load_task_from_filename ... ok
[INFO] [stdout] test fs::task::tests::test_load_tasks_metadata_empty_file ... ok
[INFO] [stdout] test fs::task::tests::test_load_tasks_metadata_old_tasks_section_format ... ok
[INFO] [stdout] test fs::task::tests::test_move_task_inserts_at_top_of_target_status ... ok
[INFO] [stdout] test fs::task::tests::test_move_task_legacy_format ... ok
[INFO] [stdout] test fs::task::tests::test_move_task_with_frontmatter ... ok
[INFO] [stdout] test fs::task::tests::test_save_task_frontmatter_format ... ok
[INFO] [stdout] test fs::task::tests::test_save_task_legacy_format ... ok
[INFO] [stdout] test fs::task::tests::test_save_task_metadata_format_migrates_to_frontmatter ... ok
[INFO] [stdout] test goto::tests::creates_unique_two_character_labels_in_display_order ... ok
[INFO] [stdout] test fs::task::tests::test_save_task_with_metadata_project_migrates ... ok
[INFO] [stdout] test input::command_registry::tests::test_find_exact ... ok
[INFO] [stdout] test input::command_registry::tests::test_find_matches ... ok
[INFO] [stdout] test input::keyboard::tests::f_immediately_enters_fuzzy_search ... ok
[INFO] [stdout] test input::keyboard::tests::g_w_enters_two_character_goto_mode ... ok
[INFO] [stdout] test fs::task::tests::test_move_task_metadata_format ... ok
[INFO] [stdout] test input::keyboard::tests::mm_toggles_column_maximize ... ok
[INFO] [stdout] test input::keyboard::tests::project_grid_search_accepts_slash_and_g_w ... ok
[INFO] [stdout] test input::keyboard::tests::status_number_only_updates_one_based_selection ... ok
[INFO] [stdout] test input::keyboard::tests::uppercase_x_enters_mark_mode_with_or_without_shift_modifier ... ok
[INFO] [stdout] test input::keyboard::tests::x_toggles_task_mark_command ... ok
[INFO] [stdout] test search::tests::matches_non_contiguous_characters_and_ranks_exact_prefix ... ok
[INFO] [stdout] test search::tests::matching_ignores_case ... ok
[INFO] [stdout] test search::tests::returns_best_match_across_independent_fields ... ok
[INFO] [stdout] test ui::dialogs::tests::does_not_reorder_past_grid_boundary ... ok
[INFO] [stdout] test ui::dialogs::tests::filters_by_name_path_and_tag ... ok
[INFO] [stdout] test ui::dialogs::tests::fuzzy_filter_orders_projects_by_relevance ... ok
[INFO] [stdout] test ui::dialogs::tests::fuzzy_filter_preserves_visual_order_for_equal_scores ... ok
[INFO] [stdout] test ui::dialogs::tests::grid_navigation_respects_boundaries ... ok
[INFO] [stdout] test ui::dialogs::tests::normalizes_comma_separated_project_tags ... ok
[INFO] [stdout] test ui::dialogs::tests::reassigns_stable_unique_order_values ... ok
[INFO] [stdout] test ui::dialogs::tests::reorder_targets_follow_grid_direction ... ok
[INFO] [stdout] test input::keyboard::tests::invalid_status_number_keeps_current_selection ... ok
[INFO] [stdout] test ui::dialogs::tests::sorts_ordered_projects_before_unordered_with_stable_fallback ... ok
[INFO] [stdout] test ui::text_input::tests::edits_wrapped_rows_and_keeps_cursor_visible_when_scrolling ... ok
[INFO] [stdout] test ui::text_input::tests::end_cursor_stays_visible_across_resize_and_vertical_scroll ... ok
[INFO] [stdout] test ui::text_input::tests::selects_and_deletes_a_wrapped_logical_line ... ok
[INFO] [stdout] test ui::text_input::tests::wraps_chinese_without_changing_content_and_reflows_on_resize ... ok
[INFO] [stdout] test ui::dialogs::tests::reorders_selected_item_down_one_grid_row ... ok
[INFO] [stdout] test app::tests::focus_next_pane_while_maximized_keeps_fullscreen ... ok
[INFO] [stdout] test app::tests::focus_adjacent_pane_while_maximized_uses_saved_layout ... ok
[INFO] [stdout] test app::tests::new_task_preserves_local_project_for_rename ... ok
[INFO] [stdout] test fs::task::tests::test_load_tasks_from_frontmatter ... ok
[INFO] [stdout] test app::tests::focus_adjacent_pane_without_neighbor_keeps_current_maximized_pane ... ok
[INFO] [stdout] test input::keyboard::tests::first_m_waits_for_second_key ... ok
[INFO] [stdout] 
[INFO] [stdout] failures:
[INFO] [stdout] 
[INFO] [stdout] ---- fs::project::tests::failed_global_rename_preserves_original_project_path stdout ----
[INFO] [stdout] 
[INFO] [stdout] thread 'fs::project::tests::failed_global_rename_preserves_original_project_path' (1311) panicked at src/fs/project.rs:956:9:
[INFO] [stdout] assertion failed: result.is_err()
[INFO] [stdout] stack backtrace:
[INFO] [stdout]    0:     0x58d24db53261 - <<std[70759c8f55707aa4]::sys::backtrace::BacktraceLock>::print::DisplayBacktrace as core[df12db4294e9bfd3]::fmt::Display>::fmt
[INFO] [stdout]    1:     0x58d24db6b2ba - core[df12db4294e9bfd3]::fmt::write
[INFO] [stdout]    2:     0x58d24db5812c - <alloc[2182bb758b4b3781]::vec::Vec<u8> as core[df12db4294e9bfd3]::io::write::Write>::write_fmt
[INFO] [stdout]    3:     0x58d24db2b6f6 - std[70759c8f55707aa4]::panicking::default_hook::{closure#0}
[INFO] [stdout]    4:     0x58d24db49ac9 - std[70759c8f55707aa4]::panicking::default_hook
[INFO] [stdout]    5:     0x58d24daa2e90 - test[9d35eded1c95d3be]::test_main_inner::<test[9d35eded1c95d3be]::test_main_static::{closure#0}>::{closure#0}
[INFO] [stdout]    6:     0x58d24db49c82 - std[70759c8f55707aa4]::panicking::panic_with_hook
[INFO] [stdout]    7:     0x58d24db2b7d4 - std[70759c8f55707aa4]::panicking::panic_handler::{closure#0}
[INFO] [stdout]    8:     0x58d24db23b39 - std[70759c8f55707aa4]::sys::backtrace::__rust_end_short_backtrace::<std[70759c8f55707aa4]::panicking::panic_handler::{closure#0}, !>
[INFO] [stdout]    9:     0x58d24db2c84d - __rustc[8fa7c3cbc660c2b3]::rust_begin_unwind
[INFO] [stdout]   10:     0x58d24db6ba5c - core[df12db4294e9bfd3]::panicking::panic_fmt
[INFO] [stdout]   11:     0x58d24db6ba22 - core[df12db4294e9bfd3]::panicking::panic
[INFO] [stdout]   12:     0x58d24da2fb06 - hxk[31326664b9428527]::fs::project::tests::failed_global_rename_preserves_original_project_path
[INFO] [stdout]   13:     0x58d24d9feac9 - <hxk[31326664b9428527]::fs::project::tests::failed_global_rename_preserves_original_project_path::{closure#0} as core[df12db4294e9bfd3]::ops::function::FnOnce<()>>::call_once
[INFO] [stdout]   14:     0x58d24da9617b - test[9d35eded1c95d3be]::__rust_begin_short_backtrace::<core[df12db4294e9bfd3]::result::Result<(), alloc[2182bb758b4b3781]::string::String>, fn() -> core[df12db4294e9bfd3]::result::Result<(), alloc[2182bb758b4b3781]::string::String>>
[INFO] [stdout]   15:     0x58d24daa37e5 - test[9d35eded1c95d3be]::run_test::{closure#0}
[INFO] [stdout]   16:     0x58d24da9d0a4 - std[70759c8f55707aa4]::sys::backtrace::__rust_begin_short_backtrace::<test[9d35eded1c95d3be]::run_test::{closure#1}, ()>
[INFO] [stdout]   17:     0x58d24daa6942 - <std[70759c8f55707aa4]::thread::lifecycle::spawn_unchecked<test[9d35eded1c95d3be]::run_test::{closure#1}, ()>::{closure#1} as core[df12db4294e9bfd3]::ops::function::FnOnce<()>>::call_once::{shim:vtable#0}
[INFO] [stdout]   18:     0x58d24db51d99 - <std[70759c8f55707aa4]::sys::thread::unix::Thread>::new::thread_start
[INFO] [stdout]   19:     0x7c0a58c3fdfa - <unknown>
[INFO] [stdout]   20:     0x7c0a58cd33d4 - clone
[INFO] [stdout]   21:                0x0 - <unknown>
[INFO] [stdout] 
[INFO] [stdout] 
[INFO] [stdout] failures:
[INFO] [stdout]     fs::project::tests::failed_global_rename_preserves_original_project_path
[INFO] [stdout] 
[INFO] [stdout] test result: FAILED. 99 passed; 1 failed; 3 ignored; 0 measured; 0 filtered out; finished in 0.17s
[INFO] [stdout] 
[INFO] [stderr] error: test failed, to rerun pass `--bin hxk`
[INFO] running `Command { std: "docker" "inspect" "4fa53a41e1d7768123b883c56372d487443d2e8581c038744ed1fe16435a4952", kill_on_drop: false }`
[INFO] running `Command { std: "docker" "rm" "-f" "4fa53a41e1d7768123b883c56372d487443d2e8581c038744ed1fe16435a4952", kill_on_drop: false }`
[INFO] [stdout] 4fa53a41e1d7768123b883c56372d487443d2e8581c038744ed1fe16435a4952
