[INFO] fetching crate helix-driver-host 0.1.69...
[INFO] testing helix-driver-host-0.1.69 against 1.100.0-beta.1+cargoflags=--release for beta-release-1.100-2
[INFO] extracting crate helix-driver-host 0.1.69 into /workspace/builds/worker-3-tc2/source
[INFO] started tweaking crates.io crate helix-driver-host 0.1.69
[INFO] finished tweaking crates.io crate helix-driver-host 0.1.69
[INFO] tweaked toml for crates.io crate helix-driver-host 0.1.69 written to /workspace/builds/worker-3-tc2/source/Cargo.toml
[INFO] validating manifest of crates.io crate helix-driver-host 0.1.69 on toolchain 1.100.0-beta.1
[INFO] running `Command { std: CARGO_HOME="/workspace/cargo-home" RUSTUP_HOME="/workspace/rustup-home" "/workspace/cargo-home/bin/cargo" "+1.100.0-beta.1" "metadata" "--manifest-path" "Cargo.toml" "--no-deps", kill_on_drop: false }`
[INFO] crate crates.io crate helix-driver-host 0.1.69 already has a lockfile, it will not be regenerated
[INFO] running `Command { std: CARGO_HOME="/workspace/cargo-home" RUSTUP_HOME="/workspace/rustup-home" "/workspace/cargo-home/bin/cargo" "+1.100.0-beta.1" "fetch" "--manifest-path" "Cargo.toml", kill_on_drop: false }`
[INFO] running `Command { std: "docker" "create" "-v" "/var/lib/crater-agent-workspace/builds/worker-3-tc2/source:/opt/rustwide/workdir:ro,Z" "-v" "/var/lib/crater-agent-workspace/builds/worker-3-tc2/target:/opt/rustwide/target:rw,Z" "-v" "/var/lib/crater-agent-workspace/cargo-home:/opt/rustwide/cargo-home:ro,Z" "-v" "/var/lib/crater-agent-workspace/rustup-home:/opt/rustwide/rustup-home:ro,Z" "-m" "1610612736" "--network" "none" "ghcr.io/rust-lang/crates-build-env/linux@sha256:77db811e55d90add9212f6832c23229e3de5f1c1f9905e8cb07319ea15df73ac" "sleep" "infinity", kill_on_drop: false }`
[INFO] [stdout] 41cf134f5b8198310e71bd68e8d28a0f1fe4efec78876f0c5164e21319b929ce
[INFO] running `Command { std: "docker" "start" "41cf134f5b8198310e71bd68e8d28a0f1fe4efec78876f0c5164e21319b929ce", kill_on_drop: false }`
[INFO] running `Command { std: "docker" "inspect" "41cf134f5b8198310e71bd68e8d28a0f1fe4efec78876f0c5164e21319b929ce", kill_on_drop: false }`
[INFO] running `Command { std: "docker" "exec" "-e" "SOURCE_DIR=/opt/rustwide/workdir" "-e" "CARGO_HOME=/opt/rustwide/cargo-home" "-e" "RUSTUP_HOME=/opt/rustwide/rustup-home" "-e" "CARGO_TARGET_DIR=/opt/rustwide/target" "-w" "/opt/rustwide/workdir" "--user" "0:0" "41cf134f5b8198310e71bd68e8d28a0f1fe4efec78876f0c5164e21319b929ce" "/opt/rustwide/cargo-home/bin/cargo" "+1.100.0-beta.1" "metadata" "--no-deps" "--format-version=1", kill_on_drop: false }`
[INFO] running `Command { std: "docker" "inspect" "41cf134f5b8198310e71bd68e8d28a0f1fe4efec78876f0c5164e21319b929ce", kill_on_drop: false }`
[INFO] running `Command { std: "docker" "exec" "-e" "SOURCE_DIR=/opt/rustwide/workdir" "-e" "CARGO_HOME=/opt/rustwide/cargo-home" "-e" "RUSTUP_HOME=/opt/rustwide/rustup-home" "-e" "CARGO_TARGET_DIR=/opt/rustwide/target" "-e" "CARGO_INCREMENTAL=0" "-e" "RUST_BACKTRACE=full" "-e" "RUSTFLAGS=--cap-lints=warn" "-e" "RUSTDOCFLAGS=--cap-lints=warn" "-w" "/opt/rustwide/workdir" "--user" "0:0" "41cf134f5b8198310e71bd68e8d28a0f1fe4efec78876f0c5164e21319b929ce" "/opt/rustwide/cargo-home/bin/cargo" "+1.100.0-beta.1" "build" "--frozen" "--message-format=json" "--release", kill_on_drop: false }`
[INFO] [stderr]    Compiling syn v2.0.118
[INFO] [stderr]    Compiling zerocopy v0.8.54
[INFO] [stderr]    Compiling cc v1.2.67
[INFO] [stderr]    Compiling mio v1.2.2
[INFO] [stderr]    Compiling socket2 v0.6.5
[INFO] [stderr]    Compiling http-body v1.1.0
[INFO] [stderr]    Compiling foreign-types-shared v0.1.1
[INFO] [stderr]    Compiling either v1.16.0
[INFO] [stderr]    Compiling openssl v0.10.81
[INFO] [stderr]    Compiling native-tls v0.2.18
[INFO] [stderr]    Compiling digest v0.10.7
[INFO] [stderr]    Compiling data-encoding v2.11.0
[INFO] [stderr]    Compiling serde_json v1.0.150
[INFO] [stderr]    Compiling parking_lot_core v0.9.12
[INFO] [stderr]    Compiling fallible-iterator v0.3.0
[INFO] [stderr]    Compiling fallible-streaming-iterator v0.1.9
[INFO] [stderr]    Compiling http-body-util v0.1.4
[INFO] [stderr]    Compiling foreign-types v0.3.2
[INFO] [stderr]    Compiling tracing-subscriber v0.3.23
[INFO] [stderr]    Compiling sha1 v0.10.7
[INFO] [stderr]    Compiling sha2 v0.10.9
[INFO] [stderr]    Compiling time v0.3.55
[INFO] [stderr]    Compiling arc-swap v1.9.2
[INFO] [stderr]    Compiling itertools v0.14.0
[INFO] [stderr]    Compiling parking_lot v0.12.5
[INFO] [stderr]    Compiling openssl-sys v0.9.117
[INFO] [stderr]    Compiling libsqlite3-sys v0.30.1
[INFO] [stderr]    Compiling synstructure v0.13.2
[INFO] [stderr]    Compiling tokio-macros v2.7.0
[INFO] [stderr]    Compiling tracing-attributes v0.1.31
[INFO] [stderr]    Compiling zerofrom-derive v0.1.7
[INFO] [stderr]    Compiling yoke-derive v0.8.2
[INFO] [stderr]    Compiling futures-macro v0.3.32
[INFO] [stderr]    Compiling zerovec-derive v0.11.3
[INFO] [stderr]    Compiling displaydoc v0.2.6
[INFO] [stderr]    Compiling openssl-macros v0.1.1
[INFO] [stderr]    Compiling pin-project-internal v1.1.13
[INFO] [stderr]    Compiling async-trait v0.1.89
[INFO] [stderr]    Compiling prost-derive v0.14.4
[INFO] [stderr]    Compiling thiserror-impl v2.0.18
[INFO] [stderr]    Compiling serde_derive v1.0.228
[INFO] [stderr]    Compiling thiserror-impl v1.0.69
[INFO] [stderr]    Compiling ppv-lite86 v0.2.21
[INFO] [stderr]    Compiling tokio v1.52.3
[INFO] [stderr]    Compiling ahash v0.8.12
[INFO] [stderr]    Compiling futures-util v0.3.32
[INFO] [stderr]    Compiling pin-project v1.1.13
[INFO] [stderr]    Compiling hashbrown v0.14.5
[INFO] [stderr]    Compiling zerofrom v0.1.8
[INFO] [stderr]    Compiling yoke v0.8.3
[INFO] [stderr]    Compiling rand_chacha v0.9.0
[INFO] [stderr]    Compiling rand_chacha v0.3.1
[INFO] [stderr]    Compiling thiserror v1.0.69
[INFO] [stderr]    Compiling thiserror v2.0.18
[INFO] [stderr]    Compiling tracing v0.1.44
[INFO] [stderr]    Compiling rand v0.9.5
[INFO] [stderr]    Compiling prost v0.14.4
[INFO] [stderr]    Compiling zerovec v0.11.6
[INFO] [stderr]    Compiling zerotrie v0.2.4
[INFO] [stderr]    Compiling opentelemetry v0.32.0
[INFO] [stderr]    Compiling rand v0.8.7
[INFO] [stderr]    Compiling prost-types v0.14.4
[INFO] [stderr]    Compiling hashlink v0.9.1
[INFO] [stderr]    Compiling serde v1.0.228
[INFO] [stderr]    Compiling tinystr v0.8.3
[INFO] [stderr]    Compiling potential_utf v0.1.5
[INFO] [stderr]    Compiling icu_collections v2.2.0
[INFO] [stderr]    Compiling icu_locale_core v2.2.0
[INFO] [stderr]    Compiling serde_urlencoded v0.7.1
[INFO] [stderr]    Compiling cses-helix-core v0.1.69
[INFO] [stderr]    Compiling futures-executor v0.3.32
[INFO] [stderr]    Compiling opentelemetry_sdk v0.32.1
[INFO] [stderr]    Compiling icu_provider v2.2.0
[INFO] [stderr]    Compiling icu_normalizer v2.2.0
[INFO] [stderr]    Compiling icu_properties v2.2.0
[INFO] [stderr]    Compiling idna_adapter v1.2.2
[INFO] [stderr]    Compiling idna v1.1.0
[INFO] [stderr]    Compiling tungstenite v0.24.0
[INFO] [stderr]    Compiling url v2.5.8
[INFO] [stderr]    Compiling tokio-util v0.7.18
[INFO] [stderr]    Compiling tokio-stream v0.1.18
[INFO] [stderr]    Compiling tokio-native-tls v0.3.1
[INFO] [stderr]    Compiling h2 v0.4.15
[INFO] [stderr]    Compiling tower v0.5.3
[INFO] [stderr]    Compiling tokio-tungstenite v0.24.0
[INFO] [stderr]    Compiling tower-http v0.6.11
[INFO] [stderr]    Compiling hyper v1.10.1
[INFO] [stderr]    Compiling hyper-util v0.1.20
[INFO] [stderr]    Compiling hyper-timeout v0.5.2
[INFO] [stderr]    Compiling hyper-tls v0.6.0
[INFO] [stderr]    Compiling reqwest v0.12.28
[INFO] [stderr]    Compiling tonic v0.14.6
[INFO] [stderr]    Compiling tonic-prost v0.14.6
[INFO] [stderr]    Compiling tonic-types v0.14.6
[INFO] [stderr]    Compiling opentelemetry-proto v0.32.0
[INFO] [stderr]    Compiling opentelemetry-otlp v0.32.0
[INFO] [stderr]    Compiling rusqlite v0.32.1
[INFO] [stderr]    Compiling helix-driver-host v0.1.69 (/opt/rustwide/workdir)
[INFO] [stdout] warning: use of deprecated method `std::sync::atomic::Atomic::<usize>::fetch_update`: renamed to `try_update` for consistency
[INFO] [stdout]    --> src/spawner.rs:473:10
[INFO] [stdout]     |
[INFO] [stdout] 473 |         .fetch_update(Ordering::Relaxed, Ordering::Relaxed, |current| {
[INFO] [stdout]     |          ^^^^^^^^^^^^
[INFO] [stdout]     |
[INFO] [stdout]     = note: `#[warn(deprecated)]` on by default
[INFO] [stdout] help: replace the use of the deprecated method
[INFO] [stdout]     |
[INFO] [stdout] 473 -         .fetch_update(Ordering::Relaxed, Ordering::Relaxed, |current| {
[INFO] [stdout] 473 +         .try_update(Ordering::Relaxed, Ordering::Relaxed, |current| {
[INFO] [stdout]     |
[INFO] [stdout] 
[INFO] [stdout] 
[INFO] [stdout] warning: use of deprecated method `std::sync::atomic::Atomic::<usize>::fetch_update`: renamed to `try_update` for consistency
[INFO] [stdout]    --> src/storage.rs:401:14
[INFO] [stdout]     |
[INFO] [stdout] 401 |             .fetch_update(Ordering::Relaxed, Ordering::Relaxed, |current| {
[INFO] [stdout]     |              ^^^^^^^^^^^^
[INFO] [stdout]     |
[INFO] [stdout] help: replace the use of the deprecated method
[INFO] [stdout]     |
[INFO] [stdout] 401 -             .fetch_update(Ordering::Relaxed, Ordering::Relaxed, |current| {
[INFO] [stdout] 401 +             .try_update(Ordering::Relaxed, Ordering::Relaxed, |current| {
[INFO] [stdout]     |
[INFO] [stdout] 
[INFO] [stdout] 
[INFO] [stdout] warning: use of deprecated method `std::sync::atomic::Atomic::<usize>::fetch_update`: renamed to `try_update` for consistency
[INFO] [stdout]    --> src/timer.rs:208:10
[INFO] [stdout]     |
[INFO] [stdout] 208 |         .fetch_update(Ordering::Relaxed, Ordering::Relaxed, |current| {
[INFO] [stdout]     |          ^^^^^^^^^^^^
[INFO] [stdout]     |
[INFO] [stdout] help: replace the use of the deprecated method
[INFO] [stdout]     |
[INFO] [stdout] 208 -         .fetch_update(Ordering::Relaxed, Ordering::Relaxed, |current| {
[INFO] [stdout] 208 +         .try_update(Ordering::Relaxed, Ordering::Relaxed, |current| {
[INFO] [stdout]     |
[INFO] [stdout] 
[INFO] [stdout] 
[INFO] [stderr]     Finished `release` profile [optimized] target(s) in 3m 02s
[INFO] running `Command { std: "docker" "inspect" "41cf134f5b8198310e71bd68e8d28a0f1fe4efec78876f0c5164e21319b929ce", kill_on_drop: false }`
[INFO] running `Command { std: "docker" "exec" "-e" "SOURCE_DIR=/opt/rustwide/workdir" "-e" "CARGO_HOME=/opt/rustwide/cargo-home" "-e" "RUSTUP_HOME=/opt/rustwide/rustup-home" "-e" "CARGO_TARGET_DIR=/opt/rustwide/target" "-e" "CARGO_INCREMENTAL=0" "-e" "RUST_BACKTRACE=full" "-e" "RUSTFLAGS=--cap-lints=warn" "-e" "RUSTDOCFLAGS=--cap-lints=warn" "-w" "/opt/rustwide/workdir" "--user" "0:0" "41cf134f5b8198310e71bd68e8d28a0f1fe4efec78876f0c5164e21319b929ce" "/opt/rustwide/cargo-home/bin/cargo" "+1.100.0-beta.1" "test" "--frozen" "--no-run" "--message-format=json" "--release", kill_on_drop: false }`
[INFO] [stderr]    Compiling zerocopy v0.8.54
[INFO] [stderr]    Compiling zerocopy-derive v0.8.54
[INFO] [stderr]    Compiling serde v1.0.228
[INFO] [stderr]    Compiling serde_json v1.0.150
[INFO] [stderr]    Compiling crossbeam-epoch v0.9.20
[INFO] [stderr]    Compiling crossbeam-deque v0.8.7
[INFO] [stderr]    Compiling pulldown-cmark v0.13.4
[INFO] [stderr]    Compiling clap_builder v4.6.0
[INFO] [stderr]    Compiling regex-automata v0.4.15
[INFO] [stderr]    Compiling serde_urlencoded v0.7.1
[INFO] [stderr]    Compiling rayon-core v1.13.0
[INFO] [stderr]    Compiling rayon v1.12.0
[INFO] [stderr]    Compiling cses-helix-core v0.1.69
[INFO] [stderr]    Compiling tinytemplate v1.2.1
[INFO] [stderr]    Compiling reqwest v0.12.28
[INFO] [stderr]    Compiling regex v1.13.0
[INFO] [stderr]    Compiling helix-im v0.1.69
[INFO] [stderr]    Compiling clap v4.6.1
[INFO] [stderr]    Compiling ppv-lite86 v0.2.21
[INFO] [stderr]    Compiling ahash v0.8.12
[INFO] [stderr]    Compiling half v2.7.1
[INFO] [stderr]    Compiling hashbrown v0.14.5
[INFO] [stderr]    Compiling ciborium-ll v0.2.2
[INFO] [stderr]    Compiling ciborium v0.2.2
[INFO] [stderr]    Compiling rand_chacha v0.9.0
[INFO] [stderr]    Compiling rand_chacha v0.3.1
[INFO] [stderr]    Compiling rand v0.8.7
[INFO] [stderr]    Compiling rand v0.9.5
[INFO] [stderr]    Compiling hashlink v0.9.1
[INFO] [stderr]    Compiling criterion v0.5.1
[INFO] [stderr]    Compiling opentelemetry_sdk v0.32.1
[INFO] [stderr]    Compiling tungstenite v0.24.0
[INFO] [stderr]    Compiling rusqlite v0.32.1
[INFO] [stderr]    Compiling tokio-tungstenite v0.24.0
[INFO] [stderr]    Compiling opentelemetry-proto v0.32.0
[INFO] [stderr]    Compiling opentelemetry-otlp v0.32.0
[INFO] [stderr]    Compiling helix-driver-host v0.1.69 (/opt/rustwide/workdir)
[INFO] [stdout] warning: use of deprecated method `std::sync::atomic::Atomic::<usize>::fetch_update`: renamed to `try_update` for consistency
[INFO] [stdout]    --> src/spawner.rs:473:10
[INFO] [stdout]     |
[INFO] [stdout] 473 |         .fetch_update(Ordering::Relaxed, Ordering::Relaxed, |current| {
[INFO] [stdout]     |          ^^^^^^^^^^^^
[INFO] [stdout]     |
[INFO] [stdout]     = note: `#[warn(deprecated)]` on by default
[INFO] [stdout] help: replace the use of the deprecated method
[INFO] [stdout]     |
[INFO] [stdout] 473 -         .fetch_update(Ordering::Relaxed, Ordering::Relaxed, |current| {
[INFO] [stdout] 473 +         .try_update(Ordering::Relaxed, Ordering::Relaxed, |current| {
[INFO] [stdout]     |
[INFO] [stdout] 
[INFO] [stdout] 
[INFO] [stdout] warning: use of deprecated method `std::sync::atomic::Atomic::<usize>::fetch_update`: renamed to `try_update` for consistency
[INFO] [stdout]    --> src/storage.rs:401:14
[INFO] [stdout]     |
[INFO] [stdout] 401 |             .fetch_update(Ordering::Relaxed, Ordering::Relaxed, |current| {
[INFO] [stdout]     |              ^^^^^^^^^^^^
[INFO] [stdout]     |
[INFO] [stdout] help: replace the use of the deprecated method
[INFO] [stdout]     |
[INFO] [stdout] 401 -             .fetch_update(Ordering::Relaxed, Ordering::Relaxed, |current| {
[INFO] [stdout] 401 +             .try_update(Ordering::Relaxed, Ordering::Relaxed, |current| {
[INFO] [stdout]     |
[INFO] [stdout] 
[INFO] [stdout] 
[INFO] [stdout] warning: use of deprecated method `std::sync::atomic::Atomic::<usize>::fetch_update`: renamed to `try_update` for consistency
[INFO] [stdout]    --> src/timer.rs:208:10
[INFO] [stdout]     |
[INFO] [stdout] 208 |         .fetch_update(Ordering::Relaxed, Ordering::Relaxed, |current| {
[INFO] [stdout]     |          ^^^^^^^^^^^^
[INFO] [stdout]     |
[INFO] [stdout] help: replace the use of the deprecated method
[INFO] [stdout]     |
[INFO] [stdout] 208 -         .fetch_update(Ordering::Relaxed, Ordering::Relaxed, |current| {
[INFO] [stdout] 208 +         .try_update(Ordering::Relaxed, Ordering::Relaxed, |current| {
[INFO] [stdout]     |
[INFO] [stdout] 
[INFO] [stdout] 
[INFO] [stdout] warning: use of deprecated method `std::sync::atomic::Atomic::<usize>::fetch_update`: renamed to `try_update` for consistency
[INFO] [stdout]    --> src/spawner.rs:473:10
[INFO] [stdout]     |
[INFO] [stdout] 473 |         .fetch_update(Ordering::Relaxed, Ordering::Relaxed, |current| {
[INFO] [stdout]     |          ^^^^^^^^^^^^
[INFO] [stdout]     |
[INFO] [stdout]     = note: `#[warn(deprecated)]` on by default
[INFO] [stdout] help: replace the use of the deprecated method
[INFO] [stdout]     |
[INFO] [stdout] 473 -         .fetch_update(Ordering::Relaxed, Ordering::Relaxed, |current| {
[INFO] [stdout] 473 +         .try_update(Ordering::Relaxed, Ordering::Relaxed, |current| {
[INFO] [stdout]     |
[INFO] [stdout] 
[INFO] [stdout] 
[INFO] [stdout] warning: use of deprecated method `std::sync::atomic::Atomic::<usize>::fetch_update`: renamed to `try_update` for consistency
[INFO] [stdout]    --> src/storage.rs:401:14
[INFO] [stdout]     |
[INFO] [stdout] 401 |             .fetch_update(Ordering::Relaxed, Ordering::Relaxed, |current| {
[INFO] [stdout]     |              ^^^^^^^^^^^^
[INFO] [stdout]     |
[INFO] [stdout] help: replace the use of the deprecated method
[INFO] [stdout]     |
[INFO] [stdout] 401 -             .fetch_update(Ordering::Relaxed, Ordering::Relaxed, |current| {
[INFO] [stdout] 401 +             .try_update(Ordering::Relaxed, Ordering::Relaxed, |current| {
[INFO] [stdout]     |
[INFO] [stdout] 
[INFO] [stdout] 
[INFO] [stdout] warning: use of deprecated method `std::sync::atomic::Atomic::<usize>::fetch_update`: renamed to `try_update` for consistency
[INFO] [stdout]    --> src/timer.rs:208:10
[INFO] [stdout]     |
[INFO] [stdout] 208 |         .fetch_update(Ordering::Relaxed, Ordering::Relaxed, |current| {
[INFO] [stdout]     |          ^^^^^^^^^^^^
[INFO] [stdout]     |
[INFO] [stdout] help: replace the use of the deprecated method
[INFO] [stdout]     |
[INFO] [stdout] 208 -         .fetch_update(Ordering::Relaxed, Ordering::Relaxed, |current| {
[INFO] [stdout] 208 +         .try_update(Ordering::Relaxed, Ordering::Relaxed, |current| {
[INFO] [stdout]     |
[INFO] [stdout] 
[INFO] [stdout] 
[INFO] [stderr]     Finished `release` profile [optimized] target(s) in 2m 52s
[INFO] running `Command { std: "docker" "inspect" "41cf134f5b8198310e71bd68e8d28a0f1fe4efec78876f0c5164e21319b929ce", kill_on_drop: false }`
[INFO] running `Command { std: "docker" "exec" "-e" "SOURCE_DIR=/opt/rustwide/workdir" "-e" "CARGO_HOME=/opt/rustwide/cargo-home" "-e" "RUSTUP_HOME=/opt/rustwide/rustup-home" "-e" "CARGO_TARGET_DIR=/opt/rustwide/target" "-e" "CARGO_INCREMENTAL=0" "-e" "RUST_BACKTRACE=full" "-e" "RUSTFLAGS=--cap-lints=warn" "-e" "RUSTDOCFLAGS=--cap-lints=warn" "-w" "/opt/rustwide/workdir" "--user" "0:0" "41cf134f5b8198310e71bd68e8d28a0f1fe4efec78876f0c5164e21319b929ce" "/opt/rustwide/cargo-home/bin/cargo" "+1.100.0-beta.1" "test" "--frozen" "--release", kill_on_drop: false }`
[INFO] [stderr] warning: use of deprecated method `std::sync::atomic::Atomic::<usize>::fetch_update`: renamed to `try_update` for consistency
[INFO] [stderr]    --> src/spawner.rs:473:10
[INFO] [stderr]     |
[INFO] [stderr] 473 |         .fetch_update(Ordering::Relaxed, Ordering::Relaxed, |current| {
[INFO] [stderr]     |          ^^^^^^^^^^^^
[INFO] [stderr]     |
[INFO] [stderr]     = note: `#[warn(deprecated)]` on by default
[INFO] [stderr] help: replace the use of the deprecated method
[INFO] [stderr]     |
[INFO] [stderr] 473 -         .fetch_update(Ordering::Relaxed, Ordering::Relaxed, |current| {
[INFO] [stderr] 473 +         .try_update(Ordering::Relaxed, Ordering::Relaxed, |current| {
[INFO] [stderr]     |
[INFO] [stderr] 
[INFO] [stderr] warning: use of deprecated method `std::sync::atomic::Atomic::<usize>::fetch_update`: renamed to `try_update` for consistency
[INFO] [stderr]    --> src/storage.rs:401:14
[INFO] [stderr]     |
[INFO] [stderr] 401 |             .fetch_update(Ordering::Relaxed, Ordering::Relaxed, |current| {
[INFO] [stderr]     |              ^^^^^^^^^^^^
[INFO] [stderr]     |
[INFO] [stderr] help: replace the use of the deprecated method
[INFO] [stderr]     |
[INFO] [stderr] 401 -             .fetch_update(Ordering::Relaxed, Ordering::Relaxed, |current| {
[INFO] [stderr] 401 +             .try_update(Ordering::Relaxed, Ordering::Relaxed, |current| {
[INFO] [stderr]     |
[INFO] [stderr] 
[INFO] [stderr] warning: use of deprecated method `std::sync::atomic::Atomic::<usize>::fetch_update`: renamed to `try_update` for consistency
[INFO] [stderr]    --> src/timer.rs:208:10
[INFO] [stderr]     |
[INFO] [stderr] 208 |         .fetch_update(Ordering::Relaxed, Ordering::Relaxed, |current| {
[INFO] [stderr]     |          ^^^^^^^^^^^^
[INFO] [stderr]     |
[INFO] [stderr] help: replace the use of the deprecated method
[INFO] [stderr]     |
[INFO] [stderr] 208 -         .fetch_update(Ordering::Relaxed, Ordering::Relaxed, |current| {
[INFO] [stderr] 208 +         .try_update(Ordering::Relaxed, Ordering::Relaxed, |current| {
[INFO] [stderr]     |
[INFO] [stderr] 
[INFO] [stderr] warning: `helix-driver-host` (lib) generated 3 warnings (run `cargo fix --lib -p helix-driver-host` to apply 3 suggestions)
[INFO] [stderr] warning: `helix-driver-host` (lib test) generated 3 warnings (3 duplicates)
[INFO] [stderr]     Finished `release` profile [optimized] target(s) in 0.38s
[INFO] [stderr]      Running unittests src/lib.rs (/opt/rustwide/target/release/build/helix-driver-host/5ef313e2ae1d11d1/out/helix_driver_host-5ef313e2ae1d11d1)
[INFO] [stdout] 
[INFO] [stdout] running 120 tests
[INFO] [stdout] test dispatch::tests::send_effect_requires_only_frame_sender_capability ... ok
[INFO] [stdout] test engine::perf_metrics::tests::command_terminal_requires_local_command_lineage ... ok
[INFO] [stdout] test engine::perf_metrics::tests::core_step_error_has_error_operation_denominator ... ok
[INFO] [stdout] test engine::perf_metrics::tests::port_reply_closes_cross_tick_command_stage ... ok
[INFO] [stdout] test engine::perf_metrics::tests::stamped_tick_records_real_queue_wait_sample ... ok
[INFO] [stdout] test engine::perf_metrics::tests::successful_cursor_persist_records_applied_seq_advance ... ok
[INFO] [stdout] test engine::perf_metrics::tests::insert_reply_cycles_do_not_accumulate_stale_order_entries ... ok
[INFO] [stdout] test engine::perf_metrics::tests::pending_gauge_remains_exact_across_collision ... ok
[INFO] [stdout] test http_envelope::tests::test_base64_encode ... ok
[INFO] [stdout] test dispatch::tests::upload_effect_dispatch_records_trace_and_replies_with_expected_json ... ok
[INFO] [stdout] test engine::perf_metrics::tests::direct_slot_collision_evicts_old_correlation_without_allocation ... ok
[INFO] [stdout] test dispatch::tests::upload_pool_emits_at_most_twenty_ticks_at_five_percent_steps ... ok
[INFO] [stdout] test engine::perf_metrics::tests::engine_metric_recorder_remains_small_on_tokio_task_stack ... ok
[INFO] [stdout] test diagnostics::cohort::tests::deduplicates_and_settles_before_deadline ... ok
[INFO] [stdout] test engine::perf_metrics::tests::pending_port_correlation_is_strictly_bounded ... ok
[INFO] [stdout] test diagnostics::cohort::tests::timeout_close_and_missing_identity_are_not_success ... ok
[INFO] [stdout] test diagnostics::fields::tests::recovery_pending_does_not_admit_unlisted_business_fields ... ok
[INFO] [stdout] test lifecycle::tests::tracker_keeps_parent_and_carrier_isolated_across_correlations ... ok
[INFO] [stdout] test local_store::tests::different_accounts_produce_different_paths ... ok
[INFO] [stdout] test lifecycle::tests::context_tree_has_independent_ticks_and_t1_rooted_local_stages ... ok
[INFO] [stdout] test lifecycle::tests::lifecycle_sink_is_non_blocking_and_bounded ... ok
[INFO] [stdout] test metrics::otlp::tests::duration_buckets_resolve_microseconds_without_falling_into_seconds ... ok
[INFO] [stdout] test local_store::tests::manifest_contains_identity_but_no_secret_fields ... ok
[INFO] [stdout] test metrics::otlp::tests::provider_resources_keep_distinct_stable_writer_identity ... ok
[INFO] [stdout] test local_store::tests::missing_required_fields_are_rejected ... ok
[INFO] [stdout] test local_store::tests::existing_manifest_preserves_created_at_ms ... ok
[INFO] [stdout] test lifecycle::tests::concurrent_trackers_keep_parent_links_isolated ... ok
[INFO] [stdout] test metrics::otlp::tests::host_query_buckets_cover_existing_deadlines ... ok
[INFO] [stdout] test local_store::tests::same_identity_produces_stable_key ... ok
[INFO] [stdout] test metrics::labels::tests::whitelist_is_exact_and_excludes_high_cardinality_keys ... ok
[INFO] [stdout] test metrics::otlp::tests::client_metrics_export_cumulative_per_provider ... ok
[INFO] [stdout] test lifecycle::tests::capability_matrix_marks_http_only_ws_only_and_no_network_explicitly ... ok
[INFO] [stdout] test instrument::tests::recording_sink_observes_and_forwards_emit ... ok
[INFO] [stdout] test diagnostics::fields::tests::recovery_pending_fields_are_whitelisted_and_typed ... ok
[INFO] [stdout] test engine::perf_metrics::tests::tick_dispatch_records_total_stage ... ok
[INFO] [stdout] test network::translation::tests::translation_endpoint_rejects_userinfo_query_and_fragment ... ok
[INFO] [stdout] test network::translation::tests::session_identity_headers_are_rejected_from_translation_config ... ok
[INFO] [stdout] test metrics::otlp::tests::resource_dimensions_accept_dashboard_channel_shapes ... ok
[INFO] [stdout] test metrics::otlp::tests::resource_dimensions_reject_unbounded_run_ids ... ok
[INFO] [stdout] test network::translation::tests::internal_auth_intent_header_is_rejected_from_translation_config ... ok
[INFO] [stdout] test metrics::registry::tests::allocation_metrics_are_explicitly_profile_only ... ok
[INFO] [stdout] test metrics::registry::tests::total_registry_includes_correctness_and_canary ... ok
[INFO] [stdout] test metrics::registry::tests::dimensionless_metrics_use_ucum_one_without_prometheus_name_suffix ... ok
[INFO] [stdout] test metrics::registry::tests::required_registry_contains_every_metric_exactly_once ... ok
[INFO] [stdout] test network::translation::tests::translation_endpoint_requires_a_host ... ok
[INFO] [stdout] test network_debug::tests::credential_headers_are_redacted_by_default ... ok
[INFO] [stdout] test network_debug::tests::default_payload_and_url_hide_credentials_and_message_content ... ok
[INFO] [stdout] test ops::tests::test_classify_port_error_storage ... ok
[INFO] [stdout] test ops::tests::test_classify_port_error_network ... ok
[INFO] [stdout] test network_lifecycle_tests::full_tick_queue_backpressures_without_losing_disconnect_notification ... ok
[INFO] [stdout] test network_debug::tests::payload_preview_is_bounded ... ok
[INFO] [stdout] test network_debug::tests::sensitive_mode_explicitly_exposes_credentials ... ok
[INFO] [stdout] test ops::tests::test_table_set_key_empty ... ok
[INFO] [stdout] test ops::tests::test_classify_port_error_timeout ... ok
[INFO] [stdout] test ops::tests::test_table_set_key_single_table ... ok
[INFO] [stdout] test otel::exporter::query_status_tests::failure_diagnostic_becomes_otlp_exception ... ok
[INFO] [stdout] test otel::otel_tests::default_config_keeps_otel_disabled ... ok
[INFO] [stdout] test otel::otel_tests::failure_text_is_shared_and_span_budget_is_bounded ... ok
[INFO] [stdout] test otel::otel_tests::host_query_metric_descriptors_are_stable ... ok
[INFO] [stdout] test otel::otel_tests::owned_span_name_preserves_command_operation ... ok
[INFO] [stdout] test otel::otel_tests::runtime_bounds_trace_deployment_environment_to_metric_allowlist ... ok
[INFO] [stdout] test metrics::registry::tests::canary_coverage_contains_real_worker_heartbeat ... ok
[INFO] [stdout] test network_debug::tests::json_presigned_url_query_is_redacted_by_default ... ok
[INFO] [stdout] test otel::exporter::query_status_tests::trace_resource_contains_bounded_deployment_environment ... ok
[INFO] [stdout] test owned_effect::tests::consume_effect_batch_summarizes_without_second_scan ... ok
[INFO] [stdout] test ops::tests::test_table_set_key_multi_table_sorted ... ok
[INFO] [stdout] test ops::tests::test_table_set_key_dedup_same_table ... ok
[INFO] [stdout] test otel::otel_tests::query_scope_marks_error_and_links_terminal ... ok
[INFO] [stdout] test spawner::tests::test_bounded_spawner_drop_newest_no_block ... ok
[INFO] [stdout] test otel::exporter::query_status_tests::trace_resource_rejects_unknown_environment_without_defaulting_to_pre ... ok
[INFO] [stdout] test otel::exporter::query_status_tests::query_error_attribute_sets_otlp_status ... ok
[INFO] [stdout] test spawner::tests::test_bounded_spawner_reports_via_reply_tx ... ok
[INFO] [stdout] test storage::connection::tests::read_only_target_drops_write_mode_but_keeps_other_uri_options ... ok
[INFO] [stdout] test spawner::tests::shutdown_with_timeout_returns_true_when_drained_in_limit ... ok
[INFO] [stdout] test owned_effect::tests::test_consume_effects_http_and_httpfire_roundtrip ... ok
[INFO] [stdout] test spawner::tests::observed_spawner_exposes_queue_and_execution_boundaries ... ok
[INFO] [stdout] test pools::upload_budget_tests::upload_pool_caps_workers_without_changing_http_budget ... ok
[INFO] [stdout] test storage::connection::tests::sqlite_target_from_url_normalizes_uri_and_windows_paths ... ok
[INFO] [stdout] test storage::trace::tests::safe_sql_parameters_are_redacted_for_every_table ... ok
[INFO] [stdout] test storage::write::tests::forensic_readback_always_includes_reply_and_expedite_fields ... ok
[INFO] [stdout] test diagnostics::cohort::tests::bounded_capacity_keeps_existing_obligations ... ok
[INFO] [stdout] test timer::tests::test_cancel_idempotent ... ok
[INFO] [stdout] test tick_ingress::tests::stamped_ingress_preserves_ws_trace_carrier ... ok
[INFO] [stdout] test tick_ingress::tests::observed_channel_records_command_admission_and_rejection ... ok
[INFO] [stdout] test timer::tests::observed_timer_records_lifecycle_without_timer_id_label ... ok
[INFO] [stdout] test metrics::otlp::tests::sdk_collect_preserves_registry_metric_kinds_and_histogram_buckets ... ok
[INFO] [stdout] test trace::hooks::tests::command_name_is_bounded_for_trace_attributes ... ok
[INFO] [stdout] test trace::hooks::tests::command_tick_root_span_uses_namespaced_command_name ... ok
[INFO] [stdout] test tick_ingress::tests::timestamp_lives_in_same_bounded_queue_element ... ok
[INFO] [stdout] test trace::trace_tests::absent_ws_reports_not_applicable_without_creating_network_span ... ok
[INFO] [stdout] test trace::trace_tests::command_trace_queue_preserves_plain_and_traced_slots ... ok
[INFO] [stdout] test trace::trace_tests::noop_trace_hooks_do_not_enable_otel ... ok
[INFO] [stdout] test trace::trace_tests::inherited_span_parent_keeps_t1_trace_id_across_tick_roots ... ok
[INFO] [stdout] test trace::trace_tests::trace_carrier_drops_invalid_or_oversized_headers ... ok
[INFO] [stdout] test timer::tests::test_oneshot_timer_reaped_after_fire ... ok
[INFO] [stdout] test timer::tests::test_reschedule_overwrites ... ok
[INFO] [stdout] test timer::tests::test_timer_fires_after_delay ... ok
[INFO] [stdout] test trace::trace_tests::trace_carrier_parses_response_traceparent_header ... ok
[INFO] [stdout] test trace::trace_tests::trace_carrier_parses_w3c_json ... ok
[INFO] [stdout] test trace::trace_tests::trace_carrier_enforces_json_and_baggage_bounds ... ok
[INFO] [stdout] test trace::trace_tests::trace_carrier_rejects_invalid_w3c_traceparent_json ... ok
[INFO] [stdout] test trace::trace_tests::trace_hooks_consume_command_sidecars_in_tick_order ... ok
[INFO] [stdout] test trace::trace_tests::trace_carrier_extracts_w3c_parent_from_ws_envelope ... ok
[INFO] [stdout] test storage::connection::tests::writer_and_reader_share_sqlite_scheme_path_for_mode_rwc ... ok
[INFO] [stdout] test trace::trace_tests::ws_envelope_carrier_keeps_t1_trace_id ... ok
[INFO] [stdout] test upsert_sql::tests::distinct_shapes_each_correct ... ok
[INFO] [stdout] test upsert_sql::tests::same_shape_reuses_cached_sql ... ok
[INFO] [stdout] test storage::tests::sqlite_mode_rwc_writer_and_reader_share_the_public_target ... ok
[INFO] [stdout] test spawner::tests::shutdown_with_timeout_caps_and_aborts_inflight ... ok
[INFO] [stdout] test upload::tests::upload_diagnostic_actual_put_2xx_keeps_success_result ... ok
[INFO] [stdout] test upload::tests::upload_diagnostic_actual_put_5xx_keeps_http_error ... ok
[INFO] [stdout] test timer::tests::test_cancel_prevents_fire ... ok
[INFO] [stdout] test spawner::tests::test_bounded_spawner_block_no_loss ... ok
[INFO] [stdout] test spawner::tests::test_bounded_spawner_n1_preserves_order ... ok
[INFO] [stdout] test network::translation::tests::translation_inflight_limit_is_two_without_waiting_queue ... ok
[INFO] [stdout] test network::translation::tests::translation_client_does_not_follow_cross_host_redirect ... ok
[INFO] [stdout] test network::translation::tests::translation_cancel_storm_keeps_physical_permits_until_late_replies ... ok
[INFO] [stdout] test network::translation::tests::explicit_http_and_https_translation_endpoints_are_allowed ... ok
[INFO] [stdout] test upload::tests::upload_diagnostic_actual_put_timeout_has_no_invented_status ... ok
[INFO] [stdout] test dispatch::tests::real_http_nine_uploads_respect_eight_inflight_and_hide_signed_queries_from_replies ... FAILED
[INFO] [stdout] 
[INFO] [stdout] failures:
[INFO] [stdout] 
[INFO] [stdout] ---- dispatch::tests::real_http_nine_uploads_respect_eight_inflight_and_hide_signed_queries_from_replies stdout ----
[INFO] [stdout] 
[INFO] [stdout] thread 'dispatch::tests::real_http_nine_uploads_respect_eight_inflight_and_hide_signed_queries_from_replies' (2840) panicked at src/dispatch_tests.rs:355:14:
[INFO] [stdout] eight upload workers must start promptly: Elapsed(())
[INFO] [stdout] stack backtrace:
[INFO] [stdout]    0:     0x617f24b0b7b1 - <<std[617be2ca0a6fd877]::sys::backtrace::BacktraceLock>::print::DisplayBacktrace as core[a373ad73a504971]::fmt::Display>::fmt
[INFO] [stdout]    1:     0x617f24b241da - core[a373ad73a504971]::fmt::write
[INFO] [stdout]    2:     0x617f24b107bc - <alloc[2e1b2a31b91974c5]::vec::Vec<u8> as core[a373ad73a504971]::io::write::Write>::write_fmt
[INFO] [stdout]    3:     0x617f24ae4bc6 - std[617be2ca0a6fd877]::panicking::default_hook::{closure#0}
[INFO] [stdout]    4:     0x617f24b02989 - std[617be2ca0a6fd877]::panicking::default_hook
[INFO] [stdout]    5:     0x617f246d1a40 - test[aada8e7e76ba119b]::test_main_inner::{closure#0}
[INFO] [stdout]    6:     0x617f24b02cb2 - std[617be2ca0a6fd877]::panicking::panic_with_hook
[INFO] [stdout]    7:     0x617f24ae4c72 - std[617be2ca0a6fd877]::panicking::panic_handler::{closure#0}
[INFO] [stdout]    8:     0x617f24add5f9 - std[617be2ca0a6fd877]::sys::backtrace::__rust_end_short_backtrace::<std[617be2ca0a6fd877]::panicking::panic_handler::{closure#0}, !>
[INFO] [stdout]    9:     0x617f24ae5a6d - __rustc[ea4f61d10b84890b]::rust_begin_unwind
[INFO] [stdout]   10:     0x617f24b2493c - core[a373ad73a504971]::panicking::panic_fmt
[INFO] [stdout]   11:     0x617f24b24712 - core[a373ad73a504971]::result::unwrap_failed
[INFO] [stdout]   12:     0x617f2461dbcd - helix_driver_host[58dbb2131198b932]::dispatch::tests::real_http_nine_uploads_respect_eight_inflight_and_hide_signed_queries_from_replies::{closure#0}
[INFO] [stdout]   13:     0x617f245bba43 - <tokio[9684bf856934dacf]::runtime::scheduler::current_thread::Context>::enter::<core[a373ad73a504971]::task::poll::Poll<()>, <tokio[9684bf856934dacf]::runtime::scheduler::current_thread::CoreGuard>::block_on<core[a373ad73a504971]::pin::Pin<&mut core[a373ad73a504971]::pin::Pin<&mut dyn core[a373ad73a504971]::future::future::Future<Output = ()>>>>::{closure#0}::{closure#0}>
[INFO] [stdout]   14:     0x617f2466e29c - <tokio[9684bf856934dacf]::runtime::context::scoped::Scoped<tokio[9684bf856934dacf]::runtime::scheduler::Context>>::set::<<tokio[9684bf856934dacf]::runtime::scheduler::current_thread::CoreGuard>::enter<<tokio[9684bf856934dacf]::runtime::scheduler::current_thread::CoreGuard>::block_on<core[a373ad73a504971]::pin::Pin<&mut core[a373ad73a504971]::pin::Pin<&mut dyn core[a373ad73a504971]::future::future::Future<Output = ()>>>>::{closure#0}, core[a373ad73a504971]::option::Option<()>>::{closure#0}, (alloc[2e1b2a31b91974c5]::boxed::Box<tokio[9684bf856934dacf]::runtime::scheduler::current_thread::Core>, core[a373ad73a504971]::option::Option<()>)>
[INFO] [stdout]   15:     0x617f245b9d75 - <tokio[9684bf856934dacf]::runtime::scheduler::current_thread::CurrentThread>::block_on::<core[a373ad73a504971]::pin::Pin<&mut dyn core[a373ad73a504971]::future::future::Future<Output = ()>>>
[INFO] [stdout]   16:     0x617f245e21e2 - <tokio[9684bf856934dacf]::runtime::runtime::Runtime>::block_on::<core[a373ad73a504971]::pin::Pin<&mut dyn core[a373ad73a504971]::future::future::Future<Output = ()>>>
[INFO] [stdout]   17:     0x617f24626f7e - <helix_driver_host[58dbb2131198b932]::dispatch::tests::real_http_nine_uploads_respect_eight_inflight_and_hide_signed_queries_from_replies::{closure#0} as core[a373ad73a504971]::ops::function::FnOnce<()>>::call_once
[INFO] [stdout]   18:     0x617f246c4e8b - test[aada8e7e76ba119b]::__rust_begin_short_backtrace::<core[a373ad73a504971]::result::Result<(), alloc[2e1b2a31b91974c5]::string::String>, fn() -> core[a373ad73a504971]::result::Result<(), alloc[2e1b2a31b91974c5]::string::String>>
[INFO] [stdout]   19:     0x617f246d2065 - test[aada8e7e76ba119b]::run_test::{closure#0}
[INFO] [stdout]   20:     0x617f246cb954 - std[617be2ca0a6fd877]::sys::backtrace::__rust_begin_short_backtrace::<test[aada8e7e76ba119b]::run_test::{closure#1}, ()>
[INFO] [stdout]   21:     0x617f246d50f2 - <std[617be2ca0a6fd877]::thread::lifecycle::spawn_unchecked<test[aada8e7e76ba119b]::run_test::{closure#1}, ()>::{closure#1} as core[a373ad73a504971]::ops::function::FnOnce<()>>::call_once::{shim:vtable#0}
[INFO] [stdout]   22:     0x617f24b0a71f - <std[617be2ca0a6fd877]::sys::thread::unix::Thread>::new::thread_start
[INFO] [stdout]   23:     0x7825e2c8ddfa - <unknown>
[INFO] [stdout]   24:     0x7825e2d213d4 - clone
[INFO] [stdout]   25:                0x0 - <unknown>
[INFO] [stdout] 
[INFO] [stdout] 
[INFO] [stdout] failures:
[INFO] [stdout]     dispatch::tests::real_http_nine_uploads_respect_eight_inflight_and_hide_signed_queries_from_replies
[INFO] [stdout] 
[INFO] [stdout] test result: FAILED. 119 passed; 1 failed; 0 ignored; 0 measured; 0 filtered out; finished in 2.22s
[INFO] [stdout] 
[INFO] [stderr] error: test failed, to rerun pass `--lib`
[INFO] running `Command { std: "docker" "inspect" "41cf134f5b8198310e71bd68e8d28a0f1fe4efec78876f0c5164e21319b929ce", kill_on_drop: false }`
[INFO] running `Command { std: "docker" "rm" "-f" "41cf134f5b8198310e71bd68e8d28a0f1fe4efec78876f0c5164e21319b929ce", kill_on_drop: false }`
[INFO] [stdout] 41cf134f5b8198310e71bd68e8d28a0f1fe4efec78876f0c5164e21319b929ce
