[INFO] fetching crate helicase 0.2.0...
[INFO] testing helicase-0.2.0 against 1.100.0-beta.1+cargoflags=--release for beta-release-1.100-2
[INFO] extracting crate helicase 0.2.0 into /workspace/builds/worker-2-tc2/source
[INFO] started tweaking crates.io crate helicase 0.2.0
[INFO] removed 0 missing examples
[INFO] finished tweaking crates.io crate helicase 0.2.0
[INFO] tweaked toml for crates.io crate helicase 0.2.0 written to /workspace/builds/worker-2-tc2/source/Cargo.toml
[INFO] validating manifest of crates.io crate helicase 0.2.0 on toolchain 1.100.0-beta.1
[INFO] running `Command { std: CARGO_HOME="/workspace/cargo-home" RUSTUP_HOME="/workspace/rustup-home" "/workspace/cargo-home/bin/cargo" "+1.100.0-beta.1" "metadata" "--manifest-path" "Cargo.toml" "--no-deps", kill_on_drop: false }`
[INFO] crate crates.io crate helicase 0.2.0 already has a lockfile, it will not be regenerated
[INFO] running `Command { std: CARGO_HOME="/workspace/cargo-home" RUSTUP_HOME="/workspace/rustup-home" "/workspace/cargo-home/bin/cargo" "+1.100.0-beta.1" "fetch" "--manifest-path" "Cargo.toml", kill_on_drop: false }`
[INFO] running `Command { std: "docker" "create" "-v" "/var/lib/crater-agent-workspace/builds/worker-2-tc2/source:/opt/rustwide/workdir:ro,Z" "-v" "/var/lib/crater-agent-workspace/builds/worker-2-tc2/target:/opt/rustwide/target:rw,Z" "-v" "/var/lib/crater-agent-workspace/cargo-home:/opt/rustwide/cargo-home:ro,Z" "-v" "/var/lib/crater-agent-workspace/rustup-home:/opt/rustwide/rustup-home:ro,Z" "-m" "1610612736" "--network" "none" "ghcr.io/rust-lang/crates-build-env/linux@sha256:77db811e55d90add9212f6832c23229e3de5f1c1f9905e8cb07319ea15df73ac" "sleep" "infinity", kill_on_drop: false }`
[INFO] [stdout] 3b0d4500e18104f287f7cfff3c673495a6419a19ea4e6c01f4f9664df7b3af52
[INFO] running `Command { std: "docker" "start" "3b0d4500e18104f287f7cfff3c673495a6419a19ea4e6c01f4f9664df7b3af52", kill_on_drop: false }`
[INFO] running `Command { std: "docker" "inspect" "3b0d4500e18104f287f7cfff3c673495a6419a19ea4e6c01f4f9664df7b3af52", kill_on_drop: false }`
[INFO] running `Command { std: "docker" "exec" "-e" "SOURCE_DIR=/opt/rustwide/workdir" "-e" "CARGO_HOME=/opt/rustwide/cargo-home" "-e" "RUSTUP_HOME=/opt/rustwide/rustup-home" "-e" "CARGO_TARGET_DIR=/opt/rustwide/target" "-w" "/opt/rustwide/workdir" "--user" "0:0" "3b0d4500e18104f287f7cfff3c673495a6419a19ea4e6c01f4f9664df7b3af52" "/opt/rustwide/cargo-home/bin/cargo" "+1.100.0-beta.1" "metadata" "--no-deps" "--format-version=1", kill_on_drop: false }`
[INFO] running `Command { std: "docker" "inspect" "3b0d4500e18104f287f7cfff3c673495a6419a19ea4e6c01f4f9664df7b3af52", kill_on_drop: false }`
[INFO] running `Command { std: "docker" "exec" "-e" "SOURCE_DIR=/opt/rustwide/workdir" "-e" "CARGO_HOME=/opt/rustwide/cargo-home" "-e" "RUSTUP_HOME=/opt/rustwide/rustup-home" "-e" "CARGO_TARGET_DIR=/opt/rustwide/target" "-e" "CARGO_INCREMENTAL=0" "-e" "RUST_BACKTRACE=full" "-e" "RUSTFLAGS=--cap-lints=warn" "-e" "RUSTDOCFLAGS=--cap-lints=warn" "-w" "/opt/rustwide/workdir" "--user" "0:0" "3b0d4500e18104f287f7cfff3c673495a6419a19ea4e6c01f4f9664df7b3af52" "/opt/rustwide/cargo-home/bin/cargo" "+1.100.0-beta.1" "build" "--frozen" "--message-format=json" "--release", kill_on_drop: false }`
[INFO] [stderr]    Compiling libc v0.2.183
[INFO] [stderr]    Compiling simd-adler32 v0.3.8
[INFO] [stderr]    Compiling zlib-rs v0.6.3
[INFO] [stderr]    Compiling miniz_oxide v0.8.9
[INFO] [stderr]    Compiling jobserver v0.1.34
[INFO] [stderr]    Compiling memmap2 v0.9.10
[INFO] [stderr]    Compiling cc v1.2.57
[INFO] [stderr]    Compiling zstd-sys v2.0.16+zstd.1.5.7
[INFO] [stderr]    Compiling flate2 v1.1.9
[INFO] [stderr]    Compiling zstd-safe v7.2.4
[INFO] [stderr]    Compiling zstd v0.13.3
[INFO] [stderr]    Compiling deko v0.6.0
[INFO] [stderr]    Compiling helicase v0.2.0 (/opt/rustwide/workdir)
[INFO] [stdout] warning: use of deprecated function `simd::fallback::extract_fasta_bitmask`: Helicase currently uses (slow) non-vectorized instructions. Compile using `-C target-cpu=native` to get better performances.
[INFO] [stdout]  --> src/lexer/fasta.rs:5:18
[INFO] [stdout]   |
[INFO] [stdout] 5 | use crate::simd::extract_fasta_bitmask;
[INFO] [stdout]   |                  ^^^^^^^^^^^^^^^^^^^^^
[INFO] [stdout]   |
[INFO] [stdout]   = note: `#[warn(deprecated)]` on by default
[INFO] [stdout] 
[INFO] [stdout] 
[INFO] [stdout] warning: use of deprecated function `simd::fallback::extract_fasta_bitmask`: Helicase currently uses (slow) non-vectorized instructions. Compile using `-C target-cpu=native` to get better performances.
[INFO] [stdout]   --> src/lexer/fasta.rs:68:24
[INFO] [stdout]    |
[INFO] [stdout] 68 |             let mask = extract_fasta_bitmask::<CONFIG>(chunk);
[INFO] [stdout]    |                        ^^^^^^^^^^^^^^^^^^^^^
[INFO] [stdout] 
[INFO] [stdout] 
[INFO] [stdout] warning: use of deprecated function `simd::fallback::extract_fastq_bitmask`: Helicase currently uses (slow) non-vectorized instructions. Compile using `-C target-cpu=native` to get better performances.
[INFO] [stdout]  --> src/lexer/fastq.rs:4:18
[INFO] [stdout]   |
[INFO] [stdout] 4 | use crate::simd::extract_fastq_bitmask;
[INFO] [stdout]   |                  ^^^^^^^^^^^^^^^^^^^^^
[INFO] [stdout] 
[INFO] [stdout] 
[INFO] [stdout] warning: use of deprecated function `simd::fallback::extract_fastq_bitmask`: Helicase currently uses (slow) non-vectorized instructions. Compile using `-C target-cpu=native` to get better performances.
[INFO] [stdout]   --> src/lexer/fastq.rs:81:13
[INFO] [stdout]    |
[INFO] [stdout] 81 |             extract_fastq_bitmask::<CONFIG>(self.input.current_block()),
[INFO] [stdout]    |             ^^^^^^^^^^^^^^^^^^^^^
[INFO] [stdout] 
[INFO] [stdout] 
[INFO] [stdout] warning: use of deprecated function `simd::fallback::extract_fastq_bitmask`: Helicase currently uses (slow) non-vectorized instructions. Compile using `-C target-cpu=native` to get better performances.
[INFO] [stdout]   --> src/lexer/fastq.rs:93:61
[INFO] [stdout]    |
[INFO] [stdout] 93 |             .map(|chunk| FastqChunk::from_mask(chunk.len(), extract_fastq_bitmask::<CONFIG>(chunk)))
[INFO] [stdout]    |                                                             ^^^^^^^^^^^^^^^^^^^^^
[INFO] [stdout] 
[INFO] [stdout] 
[INFO] [stderr]     Finished `release` profile [optimized] target(s) in 17.12s
[INFO] running `Command { std: "docker" "inspect" "3b0d4500e18104f287f7cfff3c673495a6419a19ea4e6c01f4f9664df7b3af52", kill_on_drop: false }`
[INFO] running `Command { std: "docker" "exec" "-e" "SOURCE_DIR=/opt/rustwide/workdir" "-e" "CARGO_HOME=/opt/rustwide/cargo-home" "-e" "RUSTUP_HOME=/opt/rustwide/rustup-home" "-e" "CARGO_TARGET_DIR=/opt/rustwide/target" "-e" "CARGO_INCREMENTAL=0" "-e" "RUST_BACKTRACE=full" "-e" "RUSTFLAGS=--cap-lints=warn" "-e" "RUSTDOCFLAGS=--cap-lints=warn" "-w" "/opt/rustwide/workdir" "--user" "0:0" "3b0d4500e18104f287f7cfff3c673495a6419a19ea4e6c01f4f9664df7b3af52" "/opt/rustwide/cargo-home/bin/cargo" "+1.100.0-beta.1" "test" "--frozen" "--no-run" "--message-format=json" "--release", kill_on_drop: false }`
[INFO] [stdout] warning: use of deprecated function `simd::fallback::extract_fasta_bitmask`: Helicase currently uses (slow) non-vectorized instructions. Compile using `-C target-cpu=native` to get better performances.
[INFO] [stdout]  --> src/lexer/fasta.rs:5:18
[INFO] [stdout]   |
[INFO] [stdout] 5 | use crate::simd::extract_fasta_bitmask;
[INFO] [stdout]   |                  ^^^^^^^^^^^^^^^^^^^^^
[INFO] [stdout]   |
[INFO] [stdout]   = note: `#[warn(deprecated)]` on by default
[INFO] [stdout] 
[INFO] [stdout] 
[INFO] [stdout] warning: use of deprecated function `simd::fallback::extract_fasta_bitmask`: Helicase currently uses (slow) non-vectorized instructions. Compile using `-C target-cpu=native` to get better performances.
[INFO] [stdout]   --> src/lexer/fasta.rs:68:24
[INFO] [stdout]    |
[INFO] [stdout] 68 |             let mask = extract_fasta_bitmask::<CONFIG>(chunk);
[INFO] [stdout]    |                        ^^^^^^^^^^^^^^^^^^^^^
[INFO] [stdout] 
[INFO] [stdout] 
[INFO] [stdout] warning: use of deprecated function `simd::fallback::extract_fastq_bitmask`: Helicase currently uses (slow) non-vectorized instructions. Compile using `-C target-cpu=native` to get better performances.
[INFO] [stdout]  --> src/lexer/fastq.rs:4:18
[INFO] [stdout]   |
[INFO] [stdout] 4 | use crate::simd::extract_fastq_bitmask;
[INFO] [stdout]   |                  ^^^^^^^^^^^^^^^^^^^^^
[INFO] [stdout] 
[INFO] [stdout] 
[INFO] [stdout] warning: use of deprecated function `simd::fallback::extract_fastq_bitmask`: Helicase currently uses (slow) non-vectorized instructions. Compile using `-C target-cpu=native` to get better performances.
[INFO] [stdout]   --> src/lexer/fastq.rs:81:13
[INFO] [stdout]    |
[INFO] [stdout] 81 |             extract_fastq_bitmask::<CONFIG>(self.input.current_block()),
[INFO] [stdout]    |             ^^^^^^^^^^^^^^^^^^^^^
[INFO] [stdout] 
[INFO] [stdout] 
[INFO] [stdout] warning: use of deprecated function `simd::fallback::extract_fastq_bitmask`: Helicase currently uses (slow) non-vectorized instructions. Compile using `-C target-cpu=native` to get better performances.
[INFO] [stdout]   --> src/lexer/fastq.rs:93:61
[INFO] [stdout]    |
[INFO] [stdout] 93 |             .map(|chunk| FastqChunk::from_mask(chunk.len(), extract_fastq_bitmask::<CONFIG>(chunk)))
[INFO] [stdout]    |                                                             ^^^^^^^^^^^^^^^^^^^^^
[INFO] [stdout] 
[INFO] [stdout] 
[INFO] [stderr]    Compiling helicase v0.2.0 (/opt/rustwide/workdir)
[INFO] [stdout] warning: use of deprecated function `simd::fallback::extract_fasta_bitmask`: Helicase currently uses (slow) non-vectorized instructions. Compile using `-C target-cpu=native` to get better performances.
[INFO] [stdout]  --> src/lexer/fasta.rs:5:18
[INFO] [stdout]   |
[INFO] [stdout] 5 | use crate::simd::extract_fasta_bitmask;
[INFO] [stdout]   |                  ^^^^^^^^^^^^^^^^^^^^^
[INFO] [stdout]   |
[INFO] [stdout]   = note: `#[warn(deprecated)]` on by default
[INFO] [stdout] 
[INFO] [stdout] 
[INFO] [stdout] warning: use of deprecated function `simd::fallback::extract_fasta_bitmask`: Helicase currently uses (slow) non-vectorized instructions. Compile using `-C target-cpu=native` to get better performances.
[INFO] [stdout]   --> src/lexer/fasta.rs:68:24
[INFO] [stdout]    |
[INFO] [stdout] 68 |             let mask = extract_fasta_bitmask::<CONFIG>(chunk);
[INFO] [stdout]    |                        ^^^^^^^^^^^^^^^^^^^^^
[INFO] [stdout] 
[INFO] [stdout] 
[INFO] [stdout] warning: use of deprecated function `simd::fallback::extract_fastq_bitmask`: Helicase currently uses (slow) non-vectorized instructions. Compile using `-C target-cpu=native` to get better performances.
[INFO] [stdout]  --> src/lexer/fastq.rs:4:18
[INFO] [stdout]   |
[INFO] [stdout] 4 | use crate::simd::extract_fastq_bitmask;
[INFO] [stdout]   |                  ^^^^^^^^^^^^^^^^^^^^^
[INFO] [stdout] 
[INFO] [stdout] 
[INFO] [stdout] warning: use of deprecated function `simd::fallback::extract_fastq_bitmask`: Helicase currently uses (slow) non-vectorized instructions. Compile using `-C target-cpu=native` to get better performances.
[INFO] [stdout]   --> src/lexer/fastq.rs:81:13
[INFO] [stdout]    |
[INFO] [stdout] 81 |             extract_fastq_bitmask::<CONFIG>(self.input.current_block()),
[INFO] [stdout]    |             ^^^^^^^^^^^^^^^^^^^^^
[INFO] [stdout] 
[INFO] [stdout] 
[INFO] [stdout] warning: use of deprecated function `simd::fallback::extract_fastq_bitmask`: Helicase currently uses (slow) non-vectorized instructions. Compile using `-C target-cpu=native` to get better performances.
[INFO] [stdout]   --> src/lexer/fastq.rs:93:61
[INFO] [stdout]    |
[INFO] [stdout] 93 |             .map(|chunk| FastqChunk::from_mask(chunk.len(), extract_fastq_bitmask::<CONFIG>(chunk)))
[INFO] [stdout]    |                                                             ^^^^^^^^^^^^^^^^^^^^^
[INFO] [stdout] 
[INFO] [stdout] 
[INFO] [stderr]     Finished `release` profile [optimized] target(s) in 2.05s
[INFO] running `Command { std: "docker" "inspect" "3b0d4500e18104f287f7cfff3c673495a6419a19ea4e6c01f4f9664df7b3af52", kill_on_drop: false }`
[INFO] running `Command { std: "docker" "exec" "-e" "SOURCE_DIR=/opt/rustwide/workdir" "-e" "CARGO_HOME=/opt/rustwide/cargo-home" "-e" "RUSTUP_HOME=/opt/rustwide/rustup-home" "-e" "CARGO_TARGET_DIR=/opt/rustwide/target" "-e" "CARGO_INCREMENTAL=0" "-e" "RUST_BACKTRACE=full" "-e" "RUSTFLAGS=--cap-lints=warn" "-e" "RUSTDOCFLAGS=--cap-lints=warn" "-w" "/opt/rustwide/workdir" "--user" "0:0" "3b0d4500e18104f287f7cfff3c673495a6419a19ea4e6c01f4f9664df7b3af52" "/opt/rustwide/cargo-home/bin/cargo" "+1.100.0-beta.1" "test" "--frozen" "--release", kill_on_drop: false }`
[INFO] [stderr] warning: use of deprecated function `simd::fallback::extract_fasta_bitmask`: Helicase currently uses (slow) non-vectorized instructions. Compile using `-C target-cpu=native` to get better performances.
[INFO] [stderr]  --> src/lexer/fasta.rs:5:18
[INFO] [stderr]   |
[INFO] [stderr] 5 | use crate::simd::extract_fasta_bitmask;
[INFO] [stderr]   |                  ^^^^^^^^^^^^^^^^^^^^^
[INFO] [stderr]   |
[INFO] [stderr]   = note: `#[warn(deprecated)]` on by default
[INFO] [stderr] 
[INFO] [stderr] warning: use of deprecated function `simd::fallback::extract_fasta_bitmask`: Helicase currently uses (slow) non-vectorized instructions. Compile using `-C target-cpu=native` to get better performances.
[INFO] [stderr]   --> src/lexer/fasta.rs:68:24
[INFO] [stderr]    |
[INFO] [stderr] 68 |             let mask = extract_fasta_bitmask::<CONFIG>(chunk);
[INFO] [stderr]    |                        ^^^^^^^^^^^^^^^^^^^^^
[INFO] [stderr] 
[INFO] [stderr] warning: use of deprecated function `simd::fallback::extract_fastq_bitmask`: Helicase currently uses (slow) non-vectorized instructions. Compile using `-C target-cpu=native` to get better performances.
[INFO] [stderr]  --> src/lexer/fastq.rs:4:18
[INFO] [stderr]   |
[INFO] [stderr] 4 | use crate::simd::extract_fastq_bitmask;
[INFO] [stderr]   |                  ^^^^^^^^^^^^^^^^^^^^^
[INFO] [stderr] 
[INFO] [stderr] warning: use of deprecated function `simd::fallback::extract_fastq_bitmask`: Helicase currently uses (slow) non-vectorized instructions. Compile using `-C target-cpu=native` to get better performances.
[INFO] [stderr]   --> src/lexer/fastq.rs:81:13
[INFO] [stderr]    |
[INFO] [stderr] 81 |             extract_fastq_bitmask::<CONFIG>(self.input.current_block()),
[INFO] [stderr]    |             ^^^^^^^^^^^^^^^^^^^^^
[INFO] [stderr] 
[INFO] [stderr] warning: use of deprecated function `simd::fallback::extract_fastq_bitmask`: Helicase currently uses (slow) non-vectorized instructions. Compile using `-C target-cpu=native` to get better performances.
[INFO] [stderr]   --> src/lexer/fastq.rs:93:61
[INFO] [stderr]    |
[INFO] [stderr] 93 |             .map(|chunk| FastqChunk::from_mask(chunk.len(), extract_fastq_bitmask::<CONFIG>(chunk)))
[INFO] [stderr]    |                                                             ^^^^^^^^^^^^^^^^^^^^^
[INFO] [stderr] 
[INFO] [stderr] warning: `helicase` (lib) generated 5 warnings
[INFO] [stderr] warning: `helicase` (lib test) generated 5 warnings (5 duplicates)
[INFO] [stderr]     Finished `release` profile [optimized] target(s) in 0.02s
[INFO] [stderr]      Running unittests src/lib.rs (/opt/rustwide/target/release/build/helicase/f17638d275a134ea/out/helicase-f17638d275a134ea)
[INFO] [stdout] 
[INFO] [stdout] running 33 tests
[INFO] [stdout] test dna_format::columnar::tests::append_exact_63_bits ... ok
[INFO] [stdout] test dna_format::columnar::tests::append_exact_64_bases_bulk ... ok
[INFO] [stdout] test dna_format::columnar::tests::cross_boundary_regression ... ok
[INFO] [stdout] test dna_format::columnar::tests::append_single_bits ... ok
[INFO] [stdout] test dna_format::columnar::tests::repeated_small_appends ... ok
[INFO] [stdout] test dna_format::columnar::tests::test_append_simple ... ok
[INFO] [stdout] test dna_format::columnar::tests::test_append_multiple ... ok
[INFO] [stdout] test dna_format::columnar::tests::test_new_starts_empty ... ok
[INFO] [stdout] test dna_format::columnar::tests::test_crossing_all_offsets ... ok
[INFO] [stdout] test dna_format::columnar::tests::two_full_blocks_bulk_distinct ... ok
[INFO] [stdout] test dna_format::mask::tests::append_exact_64_bits_bulk ... ok
[INFO] [stdout] test dna_format::mask::tests::partial_then_full_block ... ok
[INFO] [stdout] test dna_format::mask::tests::two_full_blocks_bulk_distinct ... ok
[INFO] [stdout] test dna_format::packed::tests::append_full_block_at_boundary ... ok
[INFO] [stdout] test dna_format::packed::tests::partial_then_full_block ... ok
[INFO] [stdout] test dna_format::packed::tests::roundtrip_short ... ok
[INFO] [stdout] test dna_format::packed::tests::roundtrip_exactly_one_block ... ok
[INFO] [stdout] test dna_format::packed::tests::roundtrip_two_full_blocks ... ok
[INFO] [stdout] test dna_format::packed::tests::three_full_blocks_distinct ... ok
[INFO] [stdout] test lexer::fasta::tests::test_parse ... ok
[INFO] [stdout] test parser::fasta::tests::test_dna_columnar ... ok
[INFO] [stdout] test parser::fasta::tests::test_dna_packed ... ok
[INFO] [stdout] test parser::fasta::tests::test_dna_string ... ok
[INFO] [stdout] test parser::fasta::tests::test_header ... ok
[INFO] [stdout] test parser::fasta::tests::test_packed_length_keep_non_actg_last_chunk_all_dna ... ok
[INFO] [stdout] test parser::fastq::tests::test_dna_columnar ... ok
[INFO] [stdout] test parser::fastq::tests::test_dna_packed ... ok
[INFO] [stdout] test parser::fastq::tests::test_dna_string ... ok
[INFO] [stdout] test parser::fastq::tests::test_header ... ok
[INFO] [stdout] test parser::fastq::tests::test_packed_length_keep_non_actg_last_chunk_all_dna ... ok
[INFO] [stdout] test parser::fastq::tests::test_quality ... ok
[INFO] [stdout] test parser::fasta::tests::test_packed_matches_string_long_sequence ... FAILED
[INFO] [stdout] test parser::fastq::tests::test_packed_matches_string_long_sequence ... FAILED
[INFO] [stdout] 
[INFO] [stdout] failures:
[INFO] [stdout] 
[INFO] [stdout] ---- parser::fasta::tests::test_packed_matches_string_long_sequence stdout ----
[INFO] [stdout] 
[INFO] [stdout] thread 'parser::fasta::tests::test_packed_matches_string_long_sequence' (634) panicked at src/parser/fasta.rs:797:17:
[INFO] [stdout] assertion `left == right` failed: mismatch at base 59
[INFO] [stdout]   left: 65
[INFO] [stdout]  right: 84
[INFO] [stdout] stack backtrace:
[INFO] [stdout]    0:     0x5594af8c7ca1 - <<std[617be2ca0a6fd877]::sys::backtrace::BacktraceLock>::print::DisplayBacktrace as core[a373ad73a504971]::fmt::Display>::fmt
[INFO] [stdout]    1:     0x5594af8dc39a - core[a373ad73a504971]::fmt::write
[INFO] [stdout]    2:     0x5594af8cbebc - <alloc[2e1b2a31b91974c5]::vec::Vec<u8> as core[a373ad73a504971]::io::write::Write>::write_fmt
[INFO] [stdout]    3:     0x5594af8a4106 - std[617be2ca0a6fd877]::panicking::default_hook::{closure#0}
[INFO] [stdout]    4:     0x5594af8c0339 - std[617be2ca0a6fd877]::panicking::default_hook
[INFO] [stdout]    5:     0x5594af85c520 - test[aada8e7e76ba119b]::test_main_inner::{closure#0}
[INFO] [stdout]    6:     0x5594af8c04f2 - std[617be2ca0a6fd877]::panicking::panic_with_hook
[INFO] [stdout]    7:     0x5594af8a41b2 - std[617be2ca0a6fd877]::panicking::panic_handler::{closure#0}
[INFO] [stdout]    8:     0x5594af89cec9 - std[617be2ca0a6fd877]::sys::backtrace::__rust_end_short_backtrace::<std[617be2ca0a6fd877]::panicking::panic_handler::{closure#0}, !>
[INFO] [stdout]    9:     0x5594af8a4dbd - __rustc[ea4f61d10b84890b]::rust_begin_unwind
[INFO] [stdout]   10:     0x5594af8dcacc - core[a373ad73a504971]::panicking::panic_fmt
[INFO] [stdout]   11:     0x5594af8dca43 - core[a373ad73a504971]::panicking::assert_failed_inner
[INFO] [stdout]   12:     0x5594af890592 - core[a373ad73a504971]::panicking::assert_failed::<u8, u8>
[INFO] [stdout]   13:     0x5594af845ebb - <helicase[429ef124af6bf694]::parser::fasta::tests::test_packed_matches_string_long_sequence::{closure#0} as core[a373ad73a504971]::ops::function::FnOnce<()>>::call_once
[INFO] [stdout]   14:     0x5594af84f96b - test[aada8e7e76ba119b]::__rust_begin_short_backtrace::<core[a373ad73a504971]::result::Result<(), alloc[2e1b2a31b91974c5]::string::String>, fn() -> core[a373ad73a504971]::result::Result<(), alloc[2e1b2a31b91974c5]::string::String>>
[INFO] [stdout]   15:     0x5594af85cb45 - test[aada8e7e76ba119b]::run_test::{closure#0}
[INFO] [stdout]   16:     0x5594af856434 - std[617be2ca0a6fd877]::sys::backtrace::__rust_begin_short_backtrace::<test[aada8e7e76ba119b]::run_test::{closure#1}, ()>
[INFO] [stdout]   17:     0x5594af85fbd2 - <std[617be2ca0a6fd877]::thread::lifecycle::spawn_unchecked<test[aada8e7e76ba119b]::run_test::{closure#1}, ()>::{closure#1} as core[a373ad73a504971]::ops::function::FnOnce<()>>::call_once::{shim:vtable#0}
[INFO] [stdout]   18:     0x5594af8c74ff - <std[617be2ca0a6fd877]::sys::thread::unix::Thread>::new::thread_start
[INFO] [stdout]   19:     0x751feff91dfa - <unknown>
[INFO] [stdout]   20:     0x751ff00253d4 - clone
[INFO] [stdout]   21:                0x0 - <unknown>
[INFO] [stdout] 
[INFO] [stdout] ---- parser::fastq::tests::test_packed_matches_string_long_sequence stdout ----
[INFO] [stdout] 
[INFO] [stdout] thread 'parser::fastq::tests::test_packed_matches_string_long_sequence' (640) panicked at src/parser/fastq.rs:886:17:
[INFO] [stdout] assertion `left == right` failed: mismatch at base 59
[INFO] [stdout]   left: 65
[INFO] [stdout]  right: 84
[INFO] [stdout] stack backtrace:
[INFO] [stdout]    0:     0x5594af8c7ca1 - <<std[617be2ca0a6fd877]::sys::backtrace::BacktraceLock>::print::DisplayBacktrace as core[a373ad73a504971]::fmt::Display>::fmt
[INFO] [stdout]    1:     0x5594af8dc39a - core[a373ad73a504971]::fmt::write
[INFO] [stdout]    2:     0x5594af8cbebc - <alloc[2e1b2a31b91974c5]::vec::Vec<u8> as core[a373ad73a504971]::io::write::Write>::write_fmt
[INFO] [stdout]    3:     0x5594af8a4106 - std[617be2ca0a6fd877]::panicking::default_hook::{closure#0}
[INFO] [stderr] error: test failed, to rerun pass `--lib`
[INFO] [stdout]    4:     0x5594af8c0339 - std[617be2ca0a6fd877]::panicking::default_hook
[INFO] [stdout]    5:     0x5594af85c520 - test[aada8e7e76ba119b]::test_main_inner::{closure#0}
[INFO] [stdout]    6:     0x5594af8c04f2 - std[617be2ca0a6fd877]::panicking::panic_with_hook
[INFO] [stdout]    7:     0x5594af8a41b2 - std[617be2ca0a6fd877]::panicking::panic_handler::{closure#0}
[INFO] [stdout]    8:     0x5594af89cec9 - std[617be2ca0a6fd877]::sys::backtrace::__rust_end_short_backtrace::<std[617be2ca0a6fd877]::panicking::panic_handler::{closure#0}, !>
[INFO] [stdout]    9:     0x5594af8a4dbd - __rustc[ea4f61d10b84890b]::rust_begin_unwind
[INFO] [stdout]   10:     0x5594af8dcacc - core[a373ad73a504971]::panicking::panic_fmt
[INFO] [stdout]   11:     0x5594af8dca43 - core[a373ad73a504971]::panicking::assert_failed_inner
[INFO] [stdout]   12:     0x5594af890592 - core[a373ad73a504971]::panicking::assert_failed::<u8, u8>
[INFO] [stdout]   13:     0x5594af837210 - <helicase[429ef124af6bf694]::parser::fastq::tests::test_packed_matches_string_long_sequence::{closure#0} as core[a373ad73a504971]::ops::function::FnOnce<()>>::call_once
[INFO] [stdout]   14:     0x5594af84f96b - test[aada8e7e76ba119b]::__rust_begin_short_backtrace::<core[a373ad73a504971]::result::Result<(), alloc[2e1b2a31b91974c5]::string::String>, fn() -> core[a373ad73a504971]::result::Result<(), alloc[2e1b2a31b91974c5]::string::String>>
[INFO] [stdout]   15:     0x5594af85cb45 - test[aada8e7e76ba119b]::run_test::{closure#0}
[INFO] [stdout]   16:     0x5594af856434 - std[617be2ca0a6fd877]::sys::backtrace::__rust_begin_short_backtrace::<test[aada8e7e76ba119b]::run_test::{closure#1}, ()>
[INFO] [stdout]   17:     0x5594af85fbd2 - <std[617be2ca0a6fd877]::thread::lifecycle::spawn_unchecked<test[aada8e7e76ba119b]::run_test::{closure#1}, ()>::{closure#1} as core[a373ad73a504971]::ops::function::FnOnce<()>>::call_once::{shim:vtable#0}
[INFO] [stdout]   18:     0x5594af8c74ff - <std[617be2ca0a6fd877]::sys::thread::unix::Thread>::new::thread_start
[INFO] [stdout]   19:     0x751feff91dfa - <unknown>
[INFO] [stdout]   20:     0x751ff00253d4 - clone
[INFO] [stdout]   21:                0x0 - <unknown>
[INFO] [stdout] 
[INFO] [stdout] 
[INFO] [stdout] failures:
[INFO] [stdout]     parser::fasta::tests::test_packed_matches_string_long_sequence
[INFO] [stdout]     parser::fastq::tests::test_packed_matches_string_long_sequence
[INFO] [stdout] 
[INFO] [stdout] test result: FAILED. 31 passed; 2 failed; 0 ignored; 0 measured; 0 filtered out; finished in 0.00s
[INFO] [stdout] 
[INFO] running `Command { std: "docker" "inspect" "3b0d4500e18104f287f7cfff3c673495a6419a19ea4e6c01f4f9664df7b3af52", kill_on_drop: false }`
[INFO] running `Command { std: "docker" "rm" "-f" "3b0d4500e18104f287f7cfff3c673495a6419a19ea4e6c01f4f9664df7b3af52", kill_on_drop: false }`
[INFO] [stdout] 3b0d4500e18104f287f7cfff3c673495a6419a19ea4e6c01f4f9664df7b3af52
