[INFO] fetching crate heddle-refs 0.31.2...
[INFO] testing heddle-refs-0.31.2 against 1.99.0-beta.8+cargoflags=--release for beta-release-1.100-2
[INFO] extracting crate heddle-refs 0.31.2 into /workspace/builds/worker-7-tc1/source
[INFO] started tweaking crates.io crate heddle-refs 0.31.2
[INFO] finished tweaking crates.io crate heddle-refs 0.31.2
[INFO] tweaked toml for crates.io crate heddle-refs 0.31.2 written to /workspace/builds/worker-7-tc1/source/Cargo.toml
[INFO] validating manifest of crates.io crate heddle-refs 0.31.2 on toolchain 1.99.0-beta.8
[INFO] running `Command { std: CARGO_HOME="/workspace/cargo-home" RUSTUP_HOME="/workspace/rustup-home" "/workspace/cargo-home/bin/cargo" "+1.99.0-beta.8" "metadata" "--manifest-path" "Cargo.toml" "--no-deps", kill_on_drop: false }`
[INFO] crate crates.io crate heddle-refs 0.31.2 already has a lockfile, it will not be regenerated
[INFO] running `Command { std: CARGO_HOME="/workspace/cargo-home" RUSTUP_HOME="/workspace/rustup-home" "/workspace/cargo-home/bin/cargo" "+1.99.0-beta.8" "fetch" "--manifest-path" "Cargo.toml", kill_on_drop: false }`
[INFO] [stderr]     Updating crates.io index
[INFO] [stderr]  Downloading crates ...
[INFO] [stderr]   Downloaded schemars_derive v1.2.3
[INFO] [stderr]   Downloaded heddle-perf-contract v0.31.2
[INFO] [stderr]   Downloaded heddle-pack v0.31.2
[INFO] [stderr]   Downloaded heddle-objects v0.31.2
[INFO] running `Command { std: "docker" "create" "-v" "/var/lib/crater-agent-workspace/builds/worker-7-tc1/source:/opt/rustwide/workdir:ro,Z" "-v" "/var/lib/crater-agent-workspace/builds/worker-7-tc1/target:/opt/rustwide/target:rw,Z" "-v" "/var/lib/crater-agent-workspace/cargo-home:/opt/rustwide/cargo-home:ro,Z" "-v" "/var/lib/crater-agent-workspace/rustup-home:/opt/rustwide/rustup-home:ro,Z" "-m" "1610612736" "--network" "none" "ghcr.io/rust-lang/crates-build-env/linux@sha256:77db811e55d90add9212f6832c23229e3de5f1c1f9905e8cb07319ea15df73ac" "sleep" "infinity", kill_on_drop: false }`
[INFO] [stdout] a127258cd302d935ae46680bec8fc6ef67eeefda2e11bc62fe7e7061f67c6c23
[INFO] running `Command { std: "docker" "start" "a127258cd302d935ae46680bec8fc6ef67eeefda2e11bc62fe7e7061f67c6c23", kill_on_drop: false }`
[INFO] running `Command { std: "docker" "inspect" "a127258cd302d935ae46680bec8fc6ef67eeefda2e11bc62fe7e7061f67c6c23", kill_on_drop: false }`
[INFO] running `Command { std: "docker" "exec" "-e" "SOURCE_DIR=/opt/rustwide/workdir" "-e" "CARGO_HOME=/opt/rustwide/cargo-home" "-e" "RUSTUP_HOME=/opt/rustwide/rustup-home" "-e" "CARGO_TARGET_DIR=/opt/rustwide/target" "-w" "/opt/rustwide/workdir" "--user" "0:0" "a127258cd302d935ae46680bec8fc6ef67eeefda2e11bc62fe7e7061f67c6c23" "/opt/rustwide/cargo-home/bin/cargo" "+1.99.0-beta.8" "metadata" "--no-deps" "--format-version=1", kill_on_drop: false }`
[INFO] running `Command { std: "docker" "inspect" "a127258cd302d935ae46680bec8fc6ef67eeefda2e11bc62fe7e7061f67c6c23", kill_on_drop: false }`
[INFO] running `Command { std: "docker" "exec" "-e" "SOURCE_DIR=/opt/rustwide/workdir" "-e" "CARGO_HOME=/opt/rustwide/cargo-home" "-e" "RUSTUP_HOME=/opt/rustwide/rustup-home" "-e" "CARGO_TARGET_DIR=/opt/rustwide/target" "-e" "CARGO_INCREMENTAL=0" "-e" "RUST_BACKTRACE=full" "-e" "RUSTFLAGS=--cap-lints=warn" "-e" "RUSTDOCFLAGS=--cap-lints=warn" "-w" "/opt/rustwide/workdir" "--user" "0:0" "a127258cd302d935ae46680bec8fc6ef67eeefda2e11bc62fe7e7061f67c6c23" "/opt/rustwide/cargo-home/bin/cargo" "+1.99.0-beta.8" "build" "--frozen" "--message-format=json" "--release", kill_on_drop: false }`
[INFO] [stderr]    Compiling either v1.19.0
[INFO] [stderr]    Compiling libc v0.2.190
[INFO] [stderr]    Compiling tinyvec v1.13.3
[INFO] [stderr]    Compiling bytes v1.11.1
[INFO] [stderr]    Compiling hybrid-array v0.4.15
[INFO] [stderr]    Compiling rustix v1.1.5
[INFO] [stderr]    Compiling getrandom v0.4.3
[INFO] [stderr]    Compiling bitflags v2.13.2
[INFO] [stderr]    Compiling regex-syntax v0.8.11
[INFO] [stderr]    Compiling linux-raw-sys v0.12.1
[INFO] [stderr]    Compiling syn v2.0.119
[INFO] [stderr]    Compiling cfg-if v1.0.5
[INFO] [stderr]    Compiling once_cell v1.21.4
[INFO] [stderr]    Compiling fastrand v2.5.0
[INFO] [stderr]    Compiling petgraph v0.7.1
[INFO] [stderr]    Compiling curve25519-dalek v5.0.0
[INFO] [stderr]    Compiling protoc-bin-vendored-macos-x86_64 v3.2.0
[INFO] [stderr]    Compiling serde_json v1.0.149
[INFO] [stderr]    Compiling protoc-bin-vendored-linux-x86_64 v3.2.0
[INFO] [stderr]    Compiling protoc-bin-vendored-linux-s390_64 v3.2.0
[INFO] [stderr]    Compiling protoc-bin-vendored-linux-aarch_64 v3.2.0
[INFO] [stderr]    Compiling protoc-bin-vendored-win32 v3.2.0
[INFO] [stderr]    Compiling multimap v0.10.1
[INFO] [stderr]    Compiling protoc-bin-vendored-macos-aarch_64 v3.2.0
[INFO] [stderr]    Compiling protoc-bin-vendored-linux-x86_32 v3.2.0
[INFO] [stderr]    Compiling protoc-bin-vendored-linux-ppcle_64 v3.2.0
[INFO] [stderr]    Compiling blake3 v1.8.7
[INFO] [stderr]    Compiling itertools v0.14.0
[INFO] [stderr]    Compiling zeroize v1.9.1
[INFO] [stderr]    Compiling subtle v2.6.1
[INFO] [stderr]    Compiling zlib-rs v0.6.8
[INFO] [stderr]    Compiling protoc-bin-vendored v3.2.0
[INFO] [stderr]    Compiling signature v3.0.0
[INFO] [stderr]    Compiling ed25519 v3.0.0
[INFO] [stderr]    Compiling rmp v0.8.15
[INFO] [stderr]    Compiling syn v3.0.9
[INFO] [stderr]    Compiling arrayvec v0.7.8
[INFO] [stderr]    Compiling unicode-normalization v0.1.25
[INFO] [stderr]    Compiling toml_parser v1.1.5+spec-1.1.0
[INFO] [stderr]    Compiling toml_datetime v1.1.2+spec-1.1.0
[INFO] [stderr]    Compiling serde_spanned v1.1.2
[INFO] [stderr]    Compiling toml_writer v1.1.3+spec-1.1.0
[INFO] [stderr]    Compiling crypto-common v0.2.2
[INFO] [stderr]    Compiling block-buffer v0.12.1
[INFO] [stderr]    Compiling rand v0.10.3
[INFO] [stderr]    Compiling toml v1.1.8+spec-1.1.0
[INFO] [stderr]    Compiling uuid v1.28.0
[INFO] [stderr]    Compiling sley-core v0.13.0
[INFO] [stderr]    Compiling serde_bytes v0.11.19
[INFO] [stderr]    Compiling regex-automata v0.4.18
[INFO] [stderr]    Compiling digest v0.11.3
[INFO] [stderr]    Compiling aho-corasick v1.1.5
[INFO] [stderr]    Compiling sha2 v0.11.0
[INFO] [stderr]    Compiling windows-link v0.2.1
[INFO] [stderr]    Compiling ref-cast v1.0.27
[INFO] [stderr]    Compiling base32 v0.5.1
[INFO] [stderr]    Compiling windows-sys v0.61.2
[INFO] [stderr]    Compiling crossbeam-epoch v0.9.21
[INFO] [stderr]    Compiling fs2 v0.4.3
[INFO] [stderr]    Compiling bstr v1.13.1
[INFO] [stderr]    Compiling tempfile v3.27.0
[INFO] [stderr]    Compiling crossbeam-deque v0.8.8
[INFO] [stderr]    Compiling memmap2 v0.9.11
[INFO] [stderr]    Compiling heddle-perf-contract v0.31.2
[INFO] [stderr]    Compiling similar v3.2.0
[INFO] [stderr]    Compiling sley-pathspec v0.13.0
[INFO] [stderr]    Compiling sley-config v0.13.0
[INFO] [stderr]    Compiling serde_derive_internals v0.30.0
[INFO] [stderr]    Compiling regex v1.13.1
[INFO] [stderr]    Compiling sley-object v0.13.0
[INFO] [stderr]    Compiling flate2 v1.1.10
[INFO] [stderr]    Compiling ref-cast-impl v1.0.27
[INFO] [stderr]    Compiling schemars_derive v1.2.3
[INFO] [stderr]    Compiling sley-formats v0.13.0
[INFO] [stderr]    Compiling prettyplease v0.2.37
[INFO] [stderr]    Compiling prost-derive v0.14.4
[INFO] [stderr]    Compiling serde_derive v1.0.228
[INFO] [stderr]    Compiling thiserror-impl v2.0.18
[INFO] [stderr]    Compiling curve25519-dalek-derive v0.1.1
[INFO] [stderr]    Compiling tracing-attributes v0.1.31
[INFO] [stderr]    Compiling sley-refs v0.13.0
[INFO] [stderr]    Compiling prost v0.14.1
[INFO] [stderr]    Compiling tracing v0.1.44
[INFO] [stderr]    Compiling thiserror v2.0.18
[INFO] [stderr]    Compiling heddle-format v0.31.2
[INFO] [stderr]    Compiling prost-types v0.14.1
[INFO] [stderr]    Compiling globset v0.4.20
[INFO] [stderr]    Compiling ignore v0.4.33
[INFO] [stderr]    Compiling ed25519-dalek v3.0.0
[INFO] [stderr]    Compiling prost-build v0.14.1
[INFO] [stderr]    Compiling prost-reflect v0.16.5
[INFO] [stderr]    Compiling serde v1.0.228
[INFO] [stderr]    Compiling chrono v0.4.45
[INFO] [stderr]    Compiling rmp-serde v1.3.1
[INFO] [stderr]    Compiling schemars v1.2.3
[INFO] [stderr]    Compiling heddle-api v0.31.0-alpha.48
[INFO] [stderr]    Compiling heddle-object-model v0.31.2
[INFO] [stderr]    Compiling heddle-fs-prims v0.31.2
[INFO] [stderr]    Compiling heddle-pack v0.31.2
[INFO] [stderr]    Compiling heddle-objects v0.31.2
[INFO] [stderr]    Compiling heddle-refs v0.31.2 (/opt/rustwide/workdir)
[INFO] [stderr]     Finished `release` profile [optimized] target(s) in 4m 05s
[INFO] running `Command { std: "docker" "inspect" "a127258cd302d935ae46680bec8fc6ef67eeefda2e11bc62fe7e7061f67c6c23", kill_on_drop: false }`
[INFO] running `Command { std: "docker" "exec" "-e" "SOURCE_DIR=/opt/rustwide/workdir" "-e" "CARGO_HOME=/opt/rustwide/cargo-home" "-e" "RUSTUP_HOME=/opt/rustwide/rustup-home" "-e" "CARGO_TARGET_DIR=/opt/rustwide/target" "-e" "CARGO_INCREMENTAL=0" "-e" "RUST_BACKTRACE=full" "-e" "RUSTFLAGS=--cap-lints=warn" "-e" "RUSTDOCFLAGS=--cap-lints=warn" "-w" "/opt/rustwide/workdir" "--user" "0:0" "a127258cd302d935ae46680bec8fc6ef67eeefda2e11bc62fe7e7061f67c6c23" "/opt/rustwide/cargo-home/bin/cargo" "+1.99.0-beta.8" "test" "--frozen" "--no-run" "--message-format=json" "--release", kill_on_drop: false }`
[INFO] [stderr]    Compiling pollster v1.0.1
[INFO] [stderr]    Compiling heddle-refs v0.31.2 (/opt/rustwide/workdir)
[INFO] [stderr]     Finished `release` profile [optimized] target(s) in 11.78s
[INFO] running `Command { std: "docker" "inspect" "a127258cd302d935ae46680bec8fc6ef67eeefda2e11bc62fe7e7061f67c6c23", kill_on_drop: false }`
[INFO] running `Command { std: "docker" "exec" "-e" "SOURCE_DIR=/opt/rustwide/workdir" "-e" "CARGO_HOME=/opt/rustwide/cargo-home" "-e" "RUSTUP_HOME=/opt/rustwide/rustup-home" "-e" "CARGO_TARGET_DIR=/opt/rustwide/target" "-e" "CARGO_INCREMENTAL=0" "-e" "RUST_BACKTRACE=full" "-e" "RUSTFLAGS=--cap-lints=warn" "-e" "RUSTDOCFLAGS=--cap-lints=warn" "-w" "/opt/rustwide/workdir" "--user" "0:0" "a127258cd302d935ae46680bec8fc6ef67eeefda2e11bc62fe7e7061f67c6c23" "/opt/rustwide/cargo-home/bin/cargo" "+1.99.0-beta.8" "test" "--frozen" "--release", kill_on_drop: false }`
[INFO] [stderr]     Finished `release` profile [optimized] target(s) in 0.16s
[INFO] [stderr]      Running unittests src/lib.rs (/opt/rustwide/target/release/deps/refs-77fe39ff95b34b91)
[INFO] [stdout] 
[INFO] [stdout] running 86 tests
[INFO] [stdout] test refs::name::tests::allows_lock_as_non_suffix ... ok
[INFO] [stdout] test refs::name::tests::allows_plain_ref ... ok
[INFO] [stdout] test refs::head::tests::head_keeps_unicode_whitespace_and_rejects_invalid_framing ... ok
[INFO] [stdout] test refs::backend::tests::default_commit_and_publish_fails_closed_on_records ... ok
[INFO] [stdout] test refs::facet::tests::distinct_facets_have_distinct_ref_prefixes ... ok
[INFO] [stdout] test refs::backend::tests::mem_backend_rejects_reserved_heddle_thread_name ... ok
[INFO] [stdout] test refs::facet::tests::content_facet_scope_token_is_unchanged_base ... ok
[INFO] [stdout] test refs::facet::tests::facet_ref_names_validate ... ok
[INFO] [stdout] test refs::facet::tests::named_facets_get_independent_suffixed_scopes ... ok
[INFO] [stdout] test refs::name::tests::native_git_prefix_requires_canonical_mapping ... ok
[INFO] [stdout] test refs::name::tests::rejects_any_component_ending_in_lock ... ok
[INFO] [stdout] test refs::name::tests::rejects_ref_ending_in_lock ... ok
[INFO] [stdout] test refs::name::tests::require_user_ref_name_rejects_reserved_namespace ... ok
[INFO] [stdout] test refs::name::tests::reserves_heddle_rooted_names ... ok
[INFO] [stdout] test refs::backend::tests::mem_backend_exercises_full_trait_surface ... ok
[INFO] [stdout] test refs::backend::tests::default_resolve_covers_every_branch ... ok
[INFO] [stdout] test refs::operation_index::tests::corrupt_bucket_is_a_decode_error_not_a_panic ... ok
[INFO] [stdout] test refs::operation_index::tests::query_with_no_match_returns_empty ... ok
[INFO] [stdout] test refs::operation_index::tests::record_is_idempotent_on_seq ... ok
[INFO] [stdout] test refs::operation_index::tests::time_window_filters_buckets ... ok
[INFO] [stdout] test refs::operation_index::tests::record_and_query_actor_within_window ... ok
[INFO] [stdout] test refs::refs_storage::tests::lock_refs_reclaims_when_owner_fd_closes ... ok
[INFO] [stdout] test refs::operation_index::tests::limit_truncates_results ... ok
[INFO] [stdout] test refs::operation_index::tests::rebuild_drops_and_reseeds ... ok
[INFO] [stdout] test refs::refs_storage::tests::test_lock_refs_basic ... ok
[INFO] [stdout] test refs::refs_packed_tests::test_get_thread_from_packed_refs ... ok
[INFO] [stdout] test refs::refs_packed_tests::test_list_threads_includes_packed ... ok
[INFO] [stdout] test refs::refs_packed_tests::test_delete_thread_cas_packed_conflict ... ok
[INFO] [stdout] test refs::refs_packed_tests::test_markers_in_packed_refs ... ok
[INFO] [stdout] test refs::refs_tests::bench_incremental_vs_full_rebuild_scaling ... ignored, timing harness; run explicitly with --ignored --nocapture
[INFO] [stdout] test refs::refs_storage::tests::digest_ref_identity_is_verified_before_read_write_or_delete ... ok
[INFO] [stdout] test refs::refs_packed_tests::test_loose_overrides_packed_refs ... ok
[INFO] [stdout] test refs::refs_packed_tests::test_delete_thread_cas_removes_packed_entry ... ok
[INFO] [stdout] test refs::refs_packed_tests::test_delete_thread_removes_from_packed ... ok
[INFO] [stdout] test refs::refs_packed_tests::test_packed_refs_format ... ok
[INFO] [stdout] test refs::refs_storage::tests::lock_refs_does_not_reap_old_lock_body_while_holder_is_alive ... ok
[INFO] [stdout] test refs::refs_storage::tests::longest_valid_multibyte_tag_round_trips_exactly ... ok
[INFO] [stdout] test refs::refs_tests::chokepoint::commit_and_publish_without_committer_fails_closed_on_records ... ok
[INFO] [stdout] test refs::refs_storage::tests::marker_storage_uses_the_full_tag_ref_byte_limit ... ok
[INFO] [stdout] test refs::refs_synthetic::tests::prefix_sharing_siblings_are_distinct_and_individually_fetchable ... ok
[INFO] [stdout] test refs::refs_tests::chokepoint::reconciled_load_hot_path_skips_reconcile_when_generation_unchanged ... ok
[INFO] [stdout] test refs::refs_packed_tests::test_ref_summary_index_reports_packed_entries_and_loose_overrides ... ok
[INFO] [stdout] test refs::refs_synthetic::tests::user_thread_at_change_id_does_not_overwrite_synthetic_root ... ok
[INFO] [stdout] test refs::refs_synthetic::tests::long_reserved_import_name_has_bounded_exact_synthetic_storage ... ok
[INFO] [stdout] test refs::refs_tests::chokepoint::publish_failure_after_commit_logs_and_returns_ok ... FAILED
[INFO] [stdout] test refs::refs_tests::chokepoint::committed_snapshot_materialization_uses_known_state_without_replay ... ok
[INFO] [stdout] test refs::refs_tests::test_head_default ... ok
[INFO] [stdout] test refs::refs_tests::chokepoint::long_lived_handle_refreshes_persisted_shared_watermark ... ok
[INFO] [stdout] test refs::refs_tests::test_invalid_track_name_absolute_path ... ok
[INFO] [stdout] test refs::refs_tests::test_head_roundtrip_attached ... ok
[INFO] [stdout] test refs::refs_tests::test_head_roundtrip_detached ... ok
[INFO] [stdout] test refs::refs_tests::test_invalid_marker_name_path_traversal ... ok
[INFO] [stdout] test refs::refs_tests::reserved_heddle_namespace_is_rejected_at_the_store_chokepoint ... ok
[INFO] [stdout] test refs::refs_tests::test_invalid_track_name_path_traversal ... ok
[INFO] [stdout] test refs::refs_tests::chokepoint::commit_and_publish_records_before_it_publishes ... ok
[INFO] [stdout] test refs::refs_packed_tests::test_pack_refs_consolidates_loose ... ok
[INFO] [stdout] test refs::refs_tests::test_invalid_track_name_with_backslash ... ok
[INFO] [stdout] test refs::refs_tests::test_corerefbackend_trait_methods_dispatch ... ok
[INFO] [stdout] test refs::refs_tests::test_marker_no_overwrite ... ok
[INFO] [stdout] test refs::refs_tests::test_marker_operations ... ok
[INFO] [stdout] test refs::refs_tests::test_nested_threads ... ok
[INFO] [stdout] test refs::refs_tests::test_resolve ... ok
[INFO] [stdout] test refs::refs_tests::test_track_cas_conflict ... ok
[INFO] [stdout] test refs::refs_tests::write_read_conformance::analyzer_detects_a_planted_bypass ... ok
[INFO] [stdout] test refs::refs_tests::test_parent_and_child_threads_can_coexist ... ok
[INFO] [stdout] test refs::refs_tests::write_read_conformance::public_readers_funnel_through_reconciled_load ... ok
[INFO] [stdout] test refs::refs_tests::undo_recovery_is_scoped_per_checkout_on_shared_ref_root ... ok
[INFO] [stdout] test refs::refs_tests::write_read_conformance::raw_load_is_reached_only_through_the_read_chokepoint ... ok
[INFO] [stdout] test refs::refs_tests::test_track_operations ... ok
[INFO] [stdout] test refs::refs_tests::write_read_conformance::raw_writers_are_reached_only_through_the_chokepoint ... ok
[INFO] [stdout] test refs::refs_tests::write_read_conformance::read_chokepoint_refreshes_watermark_fresh ... ok
[INFO] [stdout] test refs::refs_tests::write_read_conformance::public_writers_funnel_through_write_chokepoint ... ok
[INFO] [stdout] test refs::refs_tests::chokepoint::remote_threads_pack_and_trait_delegations ... ok
[INFO] [stdout] test refs::refs_tests::test_update_refs_transaction_conflict ... ok
[INFO] [stdout] test refs::refs_tests::undo_recovery_ref_is_isolated_from_user_marker_namespace ... ok
[INFO] [stdout] test refs::refs_tests::test_ref_summary_index_falls_back_when_sidecar_is_corrupt ... ok
[INFO] [stdout] test refs::refs_tests::test_update_refs_transaction_success ... ok
[INFO] [stdout] test refs::refs_tests::test_delete_remote_thread_waits_for_refs_lock ... ok
[INFO] [stdout] test refs::refs_transactions::tests::post_commit_publish_failure_is_deferred_success ... ok
[INFO] [stdout] test refs::refs_transactions::tests::rollback_restores_packed_refs_snapshot ... ok
[INFO] [stdout] test refs::refs_tests::test_ref_summary_index_rebuild_reports_repo_ref_shape ... ok
[INFO] [stdout] test refs::refs_tests::test_set_remote_thread_waits_for_refs_lock ... ok
[INFO] [stdout] test refs::refs_tests::chokepoint::reconciled_load_lag_path_materializes_committed_values ... ok
[INFO] [stdout] test refs::refs_tests::test_incremental_ref_summary_index_matches_full_rebuild ... ok
[INFO] [stdout] test refs::refs_storage::tests::all_ref_namespaces_use_portable_exact_storage ... ok
[INFO] [stdout] test refs::refs_tests::packed_refs_product_stress_two_thousand_threads ... ok
[INFO] [stdout] 
[INFO] [stdout] failures:
[INFO] [stdout] 
[INFO] [stdout] ---- refs::refs_tests::chokepoint::publish_failure_after_commit_logs_and_returns_ok stdout ----
[INFO] [stdout] 
[INFO] [stdout] thread 'refs::refs_tests::chokepoint::publish_failure_after_commit_logs_and_returns_ok' (2155) panicked at src/refs/refs_tests.rs:1253:9:
[INFO] [stdout] assertion `left == right` failed
[INFO] [stdout]   left: Some(StateId(hs-500000000000000))
[INFO] [stdout]  right: None
[INFO] [stdout] stack backtrace:
[INFO] [stdout]    0:     0x5dd7558a8c31 - <<std[70759c8f55707aa4]::sys::backtrace::BacktraceLock>::print::DisplayBacktrace as core[df12db4294e9bfd3]::fmt::Display>::fmt
[INFO] [stdout]    1:     0x5dd7558bf1ca - core[df12db4294e9bfd3]::fmt::write
[INFO] [stdout]    2:     0x5dd7558ad3dc - <alloc[2182bb758b4b3781]::vec::Vec<u8> as core[df12db4294e9bfd3]::io::write::Write>::write_fmt
[INFO] [stdout]    3:     0x5dd755882426 - std[70759c8f55707aa4]::panicking::default_hook::{closure#0}
[INFO] [stdout]    4:     0x5dd75589fbc9 - std[70759c8f55707aa4]::panicking::default_hook
[INFO] [stdout]    5:     0x5dd7558091b0 - test[9d35eded1c95d3be]::test_main_inner::<test[9d35eded1c95d3be]::test_main_static::{closure#0}>::{closure#0}
[INFO] [stdout]    6:     0x5dd75589fd82 - std[70759c8f55707aa4]::panicking::panic_with_hook
[INFO] [stdout]    7:     0x5dd7558824d2 - std[70759c8f55707aa4]::panicking::panic_handler::{closure#0}
[INFO] [stdout]    8:     0x5dd75587aea9 - std[70759c8f55707aa4]::sys::backtrace::__rust_end_short_backtrace::<std[70759c8f55707aa4]::panicking::panic_handler::{closure#0}, !>
[INFO] [stdout]    9:     0x5dd75588327d - __rustc[8fa7c3cbc660c2b3]::rust_begin_unwind
[INFO] [stdout]   10:     0x5dd7558bf92c - core[df12db4294e9bfd3]::panicking::panic_fmt
[INFO] [stdout]   11:     0x5dd7558bf843 - core[df12db4294e9bfd3]::panicking::assert_failed_inner
[INFO] [stdout]   12:     0x5dd7557c2d5e - core[df12db4294e9bfd3]::panicking::assert_failed::<core[df12db4294e9bfd3]::option::Option<heddle_object_model[5f883af6ec2deb4c]::object::hash::StateId>, core[df12db4294e9bfd3]::option::Option<heddle_object_model[5f883af6ec2deb4c]::object::hash::StateId>>
[INFO] [stdout]   13:     0x5dd7557b81e5 - refs[eafca653dd65eaf6]::refs::refs_tests::chokepoint::publish_failure_after_commit_logs_and_returns_ok
[INFO] [stdout]   14:     0x5dd7557dfae9 - <refs[eafca653dd65eaf6]::refs::refs_tests::chokepoint::publish_failure_after_commit_logs_and_returns_ok::{closure#0} as core[df12db4294e9bfd3]::ops::function::FnOnce<()>>::call_once
[INFO] [stdout]   15:     0x5dd7557fc49b - test[9d35eded1c95d3be]::__rust_begin_short_backtrace::<core[df12db4294e9bfd3]::result::Result<(), alloc[2182bb758b4b3781]::string::String>, fn() -> core[df12db4294e9bfd3]::result::Result<(), alloc[2182bb758b4b3781]::string::String>>
[INFO] [stdout]   16:     0x5dd755809b05 - test[9d35eded1c95d3be]::run_test::{closure#0}
[INFO] [stdout]   17:     0x5dd7558033c4 - std[70759c8f55707aa4]::sys::backtrace::__rust_begin_short_backtrace::<test[9d35eded1c95d3be]::run_test::{closure#1}, ()>
[INFO] [stdout]   18:     0x5dd75580cc62 - <std[70759c8f55707aa4]::thread::lifecycle::spawn_unchecked<test[9d35eded1c95d3be]::run_test::{closure#1}, ()>::{closure#1} as core[df12db4294e9bfd3]::ops::function::FnOnce<()>>::call_once::{shim:vtable#0}
[INFO] [stdout]   19:     0x5dd7558a7c59 - <std[70759c8f55707aa4]::sys::thread::unix::Thread>::new::thread_start
[INFO] [stdout]   20:     0x7f3946650dfa - <unknown>
[INFO] [stdout]   21:     0x7f39466e43d4 - clone
[INFO] [stdout]   22:                0x0 - <unknown>
[INFO] [stdout] 
[INFO] [stdout] 
[INFO] [stdout] failures:
[INFO] [stdout]     refs::refs_tests::chokepoint::publish_failure_after_commit_logs_and_returns_ok
[INFO] [stdout] 
[INFO] [stdout] test result: FAILED. 84 passed; 1 failed; 1 ignored; 0 measured; 0 filtered out; finished in 47.52s
[INFO] [stdout] 
[INFO] [stderr] error: test failed, to rerun pass `--lib`
[INFO] running `Command { std: "docker" "inspect" "a127258cd302d935ae46680bec8fc6ef67eeefda2e11bc62fe7e7061f67c6c23", kill_on_drop: false }`
[INFO] running `Command { std: "docker" "rm" "-f" "a127258cd302d935ae46680bec8fc6ef67eeefda2e11bc62fe7e7061f67c6c23", kill_on_drop: false }`
[INFO] [stdout] a127258cd302d935ae46680bec8fc6ef67eeefda2e11bc62fe7e7061f67c6c23
