[INFO] fetching crate heddle-devtools 0.23.0...
[INFO] testing heddle-devtools-0.23.0 against 1.100.0-beta.1+cargoflags=--release for beta-release-1.100-2
[INFO] extracting crate heddle-devtools 0.23.0 into /workspace/builds/worker-2-tc2/source
[INFO] started tweaking crates.io crate heddle-devtools 0.23.0
[INFO] finished tweaking crates.io crate heddle-devtools 0.23.0
[INFO] tweaked toml for crates.io crate heddle-devtools 0.23.0 written to /workspace/builds/worker-2-tc2/source/Cargo.toml
[INFO] validating manifest of crates.io crate heddle-devtools 0.23.0 on toolchain 1.100.0-beta.1
[INFO] running `Command { std: CARGO_HOME="/workspace/cargo-home" RUSTUP_HOME="/workspace/rustup-home" "/workspace/cargo-home/bin/cargo" "+1.100.0-beta.1" "metadata" "--manifest-path" "Cargo.toml" "--no-deps", kill_on_drop: false }`
[INFO] crate crates.io crate heddle-devtools 0.23.0 already has a lockfile, it will not be regenerated
[INFO] running `Command { std: CARGO_HOME="/workspace/cargo-home" RUSTUP_HOME="/workspace/rustup-home" "/workspace/cargo-home/bin/cargo" "+1.100.0-beta.1" "fetch" "--manifest-path" "Cargo.toml", kill_on_drop: false }`
[INFO] running `Command { std: "docker" "create" "-v" "/var/lib/crater-agent-workspace/builds/worker-2-tc2/source:/opt/rustwide/workdir:ro,Z" "-v" "/var/lib/crater-agent-workspace/builds/worker-2-tc2/target:/opt/rustwide/target:rw,Z" "-v" "/var/lib/crater-agent-workspace/cargo-home:/opt/rustwide/cargo-home:ro,Z" "-v" "/var/lib/crater-agent-workspace/rustup-home:/opt/rustwide/rustup-home:ro,Z" "-m" "1610612736" "--network" "none" "ghcr.io/rust-lang/crates-build-env/linux@sha256:77db811e55d90add9212f6832c23229e3de5f1c1f9905e8cb07319ea15df73ac" "sleep" "infinity", kill_on_drop: false }`
[INFO] [stdout] 3fa40379f227948258e9eb7509896645ce21a964a288c84d7cef169df3455dca
[INFO] running `Command { std: "docker" "start" "3fa40379f227948258e9eb7509896645ce21a964a288c84d7cef169df3455dca", kill_on_drop: false }`
[INFO] running `Command { std: "docker" "inspect" "3fa40379f227948258e9eb7509896645ce21a964a288c84d7cef169df3455dca", kill_on_drop: false }`
[INFO] running `Command { std: "docker" "exec" "-e" "SOURCE_DIR=/opt/rustwide/workdir" "-e" "CARGO_HOME=/opt/rustwide/cargo-home" "-e" "RUSTUP_HOME=/opt/rustwide/rustup-home" "-e" "CARGO_TARGET_DIR=/opt/rustwide/target" "-w" "/opt/rustwide/workdir" "--user" "0:0" "3fa40379f227948258e9eb7509896645ce21a964a288c84d7cef169df3455dca" "/opt/rustwide/cargo-home/bin/cargo" "+1.100.0-beta.1" "metadata" "--no-deps" "--format-version=1", kill_on_drop: false }`
[INFO] running `Command { std: "docker" "inspect" "3fa40379f227948258e9eb7509896645ce21a964a288c84d7cef169df3455dca", kill_on_drop: false }`
[INFO] running `Command { std: "docker" "exec" "-e" "SOURCE_DIR=/opt/rustwide/workdir" "-e" "CARGO_HOME=/opt/rustwide/cargo-home" "-e" "RUSTUP_HOME=/opt/rustwide/rustup-home" "-e" "CARGO_TARGET_DIR=/opt/rustwide/target" "-e" "CARGO_INCREMENTAL=0" "-e" "RUST_BACKTRACE=full" "-e" "RUSTFLAGS=--cap-lints=warn" "-e" "RUSTDOCFLAGS=--cap-lints=warn" "-w" "/opt/rustwide/workdir" "--user" "0:0" "3fa40379f227948258e9eb7509896645ce21a964a288c84d7cef169df3455dca" "/opt/rustwide/cargo-home/bin/cargo" "+1.100.0-beta.1" "build" "--frozen" "--message-format=json" "--release", kill_on_drop: false }`
[INFO] [stderr]    Compiling serde_core v1.0.228
[INFO] [stderr]    Compiling proc-macro2 v1.0.107
[INFO] [stderr]    Compiling toml_writer v1.1.2+spec-1.1.0
[INFO] [stderr]    Compiling toml_parser v1.1.3+spec-1.1.0
[INFO] [stderr]    Compiling tempfile v3.27.0
[INFO] [stderr]    Compiling quote v1.0.47
[INFO] [stderr]    Compiling syn v2.0.119
[INFO] [stderr]    Compiling serde_spanned v1.1.1
[INFO] [stderr]    Compiling toml_datetime v1.1.1+spec-1.1.0
[INFO] [stderr]    Compiling serde_json v1.0.149
[INFO] [stderr]    Compiling toml v1.1.5+spec-1.1.0
[INFO] [stderr]    Compiling heddle-devtools v0.23.0 (/opt/rustwide/workdir)
[INFO] [stderr] warning: unused dependency `tempfile`
[INFO] [stderr]   --> Cargo.toml:22:15
[INFO] [stderr]    |
[INFO] [stderr] 22 | [dependencies.tempfile]
[INFO] [stderr]    |               ^^^^^^^^^
[INFO] [stderr]    |
[INFO] [stderr]    = note: `cargo::unused_dependencies` is set to `warn` by default
[INFO] [stderr] help: consider removing the dependency on `tempfile`
[INFO] [stderr] warning: `heddle-devtools` (manifest) generated 1 warning
[INFO] [stderr]     Finished `release` profile [optimized] target(s) in 59.79s
[INFO] running `Command { std: "docker" "inspect" "3fa40379f227948258e9eb7509896645ce21a964a288c84d7cef169df3455dca", kill_on_drop: false }`
[INFO] running `Command { std: "docker" "exec" "-e" "SOURCE_DIR=/opt/rustwide/workdir" "-e" "CARGO_HOME=/opt/rustwide/cargo-home" "-e" "RUSTUP_HOME=/opt/rustwide/rustup-home" "-e" "CARGO_TARGET_DIR=/opt/rustwide/target" "-e" "CARGO_INCREMENTAL=0" "-e" "RUST_BACKTRACE=full" "-e" "RUSTFLAGS=--cap-lints=warn" "-e" "RUSTDOCFLAGS=--cap-lints=warn" "-w" "/opt/rustwide/workdir" "--user" "0:0" "3fa40379f227948258e9eb7509896645ce21a964a288c84d7cef169df3455dca" "/opt/rustwide/cargo-home/bin/cargo" "+1.100.0-beta.1" "test" "--frozen" "--no-run" "--message-format=json" "--release", kill_on_drop: false }`
[INFO] [stderr]    Compiling heddle-devtools v0.23.0 (/opt/rustwide/workdir)
[INFO] [stderr]     Finished `release` profile [optimized] target(s) in 32.47s
[INFO] running `Command { std: "docker" "inspect" "3fa40379f227948258e9eb7509896645ce21a964a288c84d7cef169df3455dca", kill_on_drop: false }`
[INFO] running `Command { std: "docker" "exec" "-e" "SOURCE_DIR=/opt/rustwide/workdir" "-e" "CARGO_HOME=/opt/rustwide/cargo-home" "-e" "RUSTUP_HOME=/opt/rustwide/rustup-home" "-e" "CARGO_TARGET_DIR=/opt/rustwide/target" "-e" "CARGO_INCREMENTAL=0" "-e" "RUST_BACKTRACE=full" "-e" "RUSTFLAGS=--cap-lints=warn" "-e" "RUSTDOCFLAGS=--cap-lints=warn" "-w" "/opt/rustwide/workdir" "--user" "0:0" "3fa40379f227948258e9eb7509896645ce21a964a288c84d7cef169df3455dca" "/opt/rustwide/cargo-home/bin/cargo" "+1.100.0-beta.1" "test" "--frozen" "--release", kill_on_drop: false }`
[INFO] [stderr]     Finished `release` profile [optimized] target(s) in 0.05s
[INFO] [stderr]      Running unittests src/main.rs (/opt/rustwide/target/release/build/heddle-devtools/6b4c419b598a123c/out/heddle_devtools-6b4c419b598a123c)
[INFO] [stdout] 
[INFO] [stdout] running 77 tests
[INFO] [stdout] test check_atomic_ledger_encapsulation::tests::flags_on_rewind_call ... ok
[INFO] [stdout] test check_no_silent_default_tree_load::tests::flags_direct_unwrap_or_default ... ok
[INFO] [stdout] test check_no_silent_default_tree_load::tests::flags_chain_through_ok_flatten ... ok
[INFO] [stdout] test check_atomic_ledger_encapsulation::tests::check_ignores_planted_site_inside_atomic_module ... ok
[INFO] [stdout] test check_no_silent_default_tree_load::tests::does_not_peer_through_macro ... ok
[INFO] [stdout] test check_atomic_ledger_encapsulation::tests::ignores_string_literal ... ok
[INFO] [stdout] test check_atomic_ledger_encapsulation::tests::flags_cfg_not_test_on_rewind ... ok
[INFO] [stdout] test check_atomic_ledger_encapsulation::tests::flags_ufcs_on_rewind ... ok
[INFO] [stdout] test check_atomic_ledger_encapsulation::tests::ignores_inline_cfg_test_module ... ok
[INFO] [stdout] test check_no_silent_default_tree_load::tests::flags_nested_paren_args ... ok
[INFO] [stdout] test check_no_silent_default_tree_load::tests::flags_triple_nested_parens ... ok
[INFO] [stdout] test check_atomic_ledger_encapsulation::tests::atomic_module_path_is_recognized ... ok
[INFO] [stdout] test check_atomic_ledger_encapsulation::tests::check_bails_on_ufcs_bypass ... ok
[INFO] [stdout] test check_atomic_ledger_encapsulation::tests::check_bails_on_planted_site_and_exempts_via_allowlist ... ok
[INFO] [stdout] test check_no_silent_default_tree_load::tests::flags_unwrap_or_else_braced_closure ... ok
[INFO] [stdout] test check_atomic_ledger_encapsulation::tests::ignores_step_combinator ... ok
[INFO] [stdout] test check_no_silent_default_tree_load::tests::ignores_unwrap_or_else_with_unrelated_default ... ok
[INFO] [stdout] test check_no_silent_default_tree_load::tests::ignores_get_tree_without_terminal_unwrap ... ok
[INFO] [stdout] test check_no_silent_default_tree_load::tests::ignores_unrelated_unwrap_or_default ... ok
[INFO] [stdout] test check_no_silent_default_tree_load::tests::ignores_raw_string_literal ... ok
[INFO] [stdout] test check_atomic_ledger_encapsulation::tests::check_bails_on_cfg_not_test_bypass ... ok
[INFO] [stdout] test check_no_silent_default_tree_load::tests::flags_option_chain_transpose ... ok
[INFO] [stdout] test check_no_silent_default_tree_load::tests::flags_unwrap_or_else_closure_tree_new ... ok
[INFO] [stdout] test check_atomic_ledger_encapsulation::tests::still_skips_genuinely_test_only_cfg ... ok
[INFO] [stdout] test check_no_silent_default_tree_load::tests::flags_unwrap_or_else_fn_pointer ... ok
[INFO] [stdout] test check_oprecord_exhaustiveness::tests::flags_bare_binding_catch_all ... ok
[INFO] [stdout] test check_oprecord_exhaustiveness::tests::check_bails_on_planted_site_and_exempts_via_allowlist ... ok
[INFO] [stdout] test check_oprecord_exhaustiveness::tests::check_passes_on_clean_dir ... ok
[INFO] [stdout] test check_atomic_ledger_encapsulation::tests::scans_any_test_or_feature_cfg ... ok
[INFO] [stdout] test check_oprecord_exhaustiveness::tests::ignores_guarded_catch_all ... ok
[INFO] [stdout] test check_oprecord_exhaustiveness::tests::ignores_exhaustive_match ... ok
[INFO] [stdout] test check_oprecord_exhaustiveness::tests::ignores_matches_macro ... ok
[INFO] [stdout] test check_ref_write_chokepoint::tests::planted_cross_crate_bypass_is_detected ... ok
[INFO] [stdout] test check_oprecord_exhaustiveness::tests::flags_wildcard_arm_over_oprecord ... ok
[INFO] [stdout] test check_oprecord_exhaustiveness::tests::flags_wildcard_inside_or_pattern ... ok
[INFO] [stdout] test check_rust_source_reachability::tests::reports_crate_and_module_dead_code_blankets ... ok
[INFO] [stdout] test check_rust_source_reachability::tests::permits_scoped_dead_code_allow ... ok
[INFO] [stdout] test check_oprecord_exhaustiveness::tests::flags_o_p_kind_match_too ... ok
[INFO] [stdout] test check_snapshot_atomicity::tests::check_passes_on_clean_dir ... ok
[INFO] [stdout] test check_rust_source_reachability::tests::reports_unreachable_source ... ok
[INFO] [stdout] test check_snapshot_atomicity::tests::check_bails_on_planted_site_and_exempts_via_allowlist ... ok
[INFO] [stdout] test check_snapshot_atomicity::tests::flags_planted_cross_crate_bypass_accessor_and_free_fn ... ok
[INFO] [stdout] test check_rust_source_reachability::tests::treats_auto_discovered_binaries_as_crate_roots ... ok
[INFO] [stdout] test check_oprecord_exhaustiveness::tests::ignores_inline_cfg_test_module ... ok
[INFO] [stdout] test check_rust_source_reachability::tests::follows_conventional_nested_and_path_modules ... ok
[INFO] [stdout] test check_snapshot_atomicity::tests::flags_detached_write_head_with_snapshot_record ... ok
[INFO] [stdout] test check_rust_source_reachability::tests::path_attribute_is_relative_to_declaring_file ... ok
[INFO] [stdout] test check_snapshot_atomicity::tests::ignores_non_refs_alias ... ok
[INFO] [stdout] test check_oprecord_exhaustiveness::tests::ignores_wildcard_over_non_target_enum ... ok
[INFO] [stdout] test check_snapshot_atomicity::tests::ignores_non_refs_receiver ... ok
[INFO] [stdout] test check_snapshot_atomicity::tests::ignores_string_literal ... ok
[INFO] [stdout] test check_snapshot_atomicity::tests::ignores_record_first_via_commit_and_publish ... ok
[INFO] [stdout] test check_snapshot_atomicity::tests::flags_publish_inside_closure ... ok
[INFO] [stdout] test check_snapshot_atomicity::tests::ignores_inline_cfg_test_module ... ok
[INFO] [stdout] test check_snapshot_atomicity::tests::ignores_publish_without_snapshot_record ... ok
[INFO] [stdout] test check_snapshot_atomicity::tests::flags_publish_then_snapshot_record_same_fn ... ok
[INFO] [stdout] test check_snapshot_atomicity::tests::flags_publish_via_accessor_alias_chain ... ok
[INFO] [stdout] test check_snapshot_atomicity::tests::flags_publish_via_aliased_refs_handle ... ok
[INFO] [stdout] test check_snapshot_atomicity::tests::ignores_snapshot_record_without_publish ... ok
[INFO] [stdout] test check_ref_write_chokepoint::tests::planted_refs_parameter_bypass_is_detected ... ok
[INFO] [stdout] test check_verification_owner::tests::flags_health_inner_builder ... ok
[INFO] [stdout] test tests_coverage::crate_of_skips_inner_crates_dir_inside_workspace_member ... ok
[INFO] [stdout] test tests_coverage::aggregate_ignores_files_outside_crates_dir ... ok
[INFO] [stdout] test tests_coverage::crate_of_returns_none_for_non_workspace_paths_under_crates ... ok
[INFO] [stdout] test tests_coverage::line_stats_percent_is_ratio_times_hundred ... ok
[INFO] [stdout] test tests_coverage::crate_of_extracts_top_level_crate_dir ... ok
[INFO] [stdout] test check_verification_owner::tests::allows_cli_health_adapter_name ... ok
[INFO] [stdout] test check_verification_owner::tests::flags_repository_health_builder ... ok
[INFO] [stdout] test check_verification_owner::tests::flags_from_health_builder ... ok
[INFO] [stdout] test tests_coverage::aggregate_sums_lines_within_each_crate ... ok
[INFO] [stdout] test tests_coverage::crate_of_returns_none_outside_crates_dir ... ok
[INFO] [stdout] test tests_coverage::crate_of_matches_only_on_path_segment_boundaries ... ok
[INFO] [stdout] test check_verification_owner::tests::allows_cli_state_adapter_name ... ok
[INFO] [stdout] test check_snapshot_atomicity::tests::production_tree_has_no_publish_first_snapshot ... FAILED
[INFO] [stdout] test check_ref_write_chokepoint::tests::production_tree_has_no_bare_ref_writes ... FAILED
[INFO] [stdout] test check_oprecord_exhaustiveness::tests::production_tree_oprecord_matches_are_exhaustive ... FAILED
[INFO] [stdout] test check_atomic_ledger_encapsulation::tests::production_tree_has_no_external_ledger_use ... FAILED
[INFO] [stdout] 
[INFO] [stdout] failures:
[INFO] [stdout] 
[INFO] [stdout] ---- check_snapshot_atomicity::tests::production_tree_has_no_publish_first_snapshot stdout ----
[INFO] [stdout] 
[INFO] [stdout] thread 'check_snapshot_atomicity::tests::production_tree_has_no_publish_first_snapshot' (525) panicked at src/check_snapshot_atomicity.rs:604:56:
[INFO] [stdout] scan crates/: parse /opt/rustwide/cargo-home/registry/src/index.crates.io-1949cf8c6b5b557f/h2-0.1.26/src/client.rs
[INFO] [stdout] 
[INFO] [stdout] Caused by:
[INFO] [stdout]     expected identifier, found keyword `dyn`
[INFO] [stdout] 
[INFO] [stdout] Stack backtrace:
[INFO] [stdout]    0: <syn::error::Error as anyhow::context::ext::StdError>::ext_context::<alloc::string::String>
[INFO] [stdout]    1: heddle_devtools::asserter::for_each_rs_file::<heddle_devtools::check_snapshot_atomicity::is_test_path, heddle_devtools::check_snapshot_atomicity::scan_dir::{closure#0}>
[INFO] [stdout]    2: <heddle_devtools::check_snapshot_atomicity::tests::production_tree_has_no_publish_first_snapshot::{closure#0} as core::ops::function::FnOnce<()>>::call_once
[INFO] [stdout]    3: test::__rust_begin_short_backtrace::<core::result::Result<(), alloc::string::String>, fn() -> core::result::Result<(), alloc::string::String>>
[INFO] [stdout]    4: test::run_test::{closure#0}
[INFO] [stdout]    5: std::sys::backtrace::__rust_begin_short_backtrace::<test::run_test::{closure#1}, ()>
[INFO] [stdout]    6: <std::thread::lifecycle::spawn_unchecked<test::run_test::{closure#1}, ()>::{closure#1} as core::ops::function::FnOnce<()>>::call_once::{shim:vtable#0}
[INFO] [stdout]    7: <std::sys::thread::unix::Thread>::new::thread_start
[INFO] [stdout]    8: <unknown>
[INFO] [stdout]    9: clone
[INFO] [stdout] stack backtrace:
[INFO] [stdout]    0:     0x582a9f1bd481 - <<std[617be2ca0a6fd877]::sys::backtrace::BacktraceLock>::print::DisplayBacktrace as core[a373ad73a504971]::fmt::Display>::fmt
[INFO] [stdout]    1:     0x582a9f1d2e3a - core[a373ad73a504971]::fmt::write
[INFO] [stdout]    2:     0x582a9f1c1edc - <alloc[2e1b2a31b91974c5]::vec::Vec<u8> as core[a373ad73a504971]::io::write::Write>::write_fmt
[INFO] [stdout]    3:     0x582a9f1967a6 - std[617be2ca0a6fd877]::panicking::default_hook::{closure#0}
[INFO] [stdout]    4:     0x582a9f1b48e9 - std[617be2ca0a6fd877]::panicking::default_hook
[INFO] [stdout]    5:     0x582a9f02fd90 - test[aada8e7e76ba119b]::test_main_inner::{closure#0}
[INFO] [stdout]    6:     0x582a9f1b4c12 - std[617be2ca0a6fd877]::panicking::panic_with_hook
[INFO] [stdout]    7:     0x582a9f196852 - std[617be2ca0a6fd877]::panicking::panic_handler::{closure#0}
[INFO] [stdout]    8:     0x582a9f18ec89 - std[617be2ca0a6fd877]::sys::backtrace::__rust_end_short_backtrace::<std[617be2ca0a6fd877]::panicking::panic_handler::{closure#0}, !>
[INFO] [stdout]    9:     0x582a9f19756d - __rustc[ea4f61d10b84890b]::rust_begin_unwind
[INFO] [stdout]   10:     0x582a9f1d35dc - core[a373ad73a504971]::panicking::panic_fmt
[INFO] [stdout]   11:     0x582a9f1d33b2 - core[a373ad73a504971]::result::unwrap_failed
[INFO] [stdout]   12:     0x582a9efad996 - <heddle_devtools[13754a6572b3855c]::check_snapshot_atomicity::tests::production_tree_has_no_publish_first_snapshot::{closure#0} as core[a373ad73a504971]::ops::function::FnOnce<()>>::call_once
[INFO] [stdout]   13:     0x582a9f0231db - test[aada8e7e76ba119b]::__rust_begin_short_backtrace::<core[a373ad73a504971]::result::Result<(), alloc[2e1b2a31b91974c5]::string::String>, fn() -> core[a373ad73a504971]::result::Result<(), alloc[2e1b2a31b91974c5]::string::String>>
[INFO] [stdout]   14:     0x582a9f0303b5 - test[aada8e7e76ba119b]::run_test::{closure#0}
[INFO] [stdout]   15:     0x582a9f029ca4 - std[617be2ca0a6fd877]::sys::backtrace::__rust_begin_short_backtrace::<test[aada8e7e76ba119b]::run_test::{closure#1}, ()>
[INFO] [stdout]   16:     0x582a9f033442 - <std[617be2ca0a6fd877]::thread::lifecycle::spawn_unchecked<test[aada8e7e76ba119b]::run_test::{closure#1}, ()>::{closure#1} as core[a373ad73a504971]::ops::function::FnOnce<()>>::call_once::{shim:vtable#0}
[INFO] [stdout]   17:     0x582a9f1bc78f - <std[617be2ca0a6fd877]::sys::thread::unix::Thread>::new::thread_start
[INFO] [stdout]   18:     0x751bc6518dfa - <unknown>
[INFO] [stdout]   19:     0x751bc65ac3d4 - clone
[INFO] [stdout]   20:                0x0 - <unknown>
[INFO] [stdout] 
[INFO] [stdout] ---- check_ref_write_chokepoint::tests::production_tree_has_no_bare_ref_writes stdout ----
[INFO] [stdout] 
[INFO] [stdout] thread 'check_ref_write_chokepoint::tests::production_tree_has_no_bare_ref_writes' (503) panicked at src/check_ref_write_chokepoint.rs:261:41:
[INFO] [stdout] scan workspace: parse /opt/rustwide/cargo-home/registry/src/index.crates.io-1949cf8c6b5b557f/h2-0.1.26/src/client.rs
[INFO] [stdout] 
[INFO] [stdout] Caused by:
[INFO] [stdout]     expected identifier, found keyword `dyn`
[INFO] [stdout] 
[INFO] [stdout] Stack backtrace:
[INFO] [stdout]    0: <syn::error::Error as anyhow::context::ext::StdError>::ext_context::<alloc::string::String>
[INFO] [stdout]    1: heddle_devtools::asserter::for_each_rs_file::<heddle_devtools::check_ref_write_chokepoint::is_skipped_path, heddle_devtools::check_ref_write_chokepoint::scan_dirs::{closure#0}>
[INFO] [stdout]    2: heddle_devtools::check_ref_write_chokepoint::scan_dirs
[INFO] [stdout]    3: <heddle_devtools::check_ref_write_chokepoint::tests::production_tree_has_no_bare_ref_writes::{closure#0} as core::ops::function::FnOnce<()>>::call_once
[INFO] [stdout]    4: test::__rust_begin_short_backtrace::<core::result::Result<(), alloc::string::String>, fn() -> core::result::Result<(), alloc::string::String>>
[INFO] [stdout]    5: test::run_test::{closure#0}
[INFO] [stdout]    6: std::sys::backtrace::__rust_begin_short_backtrace::<test::run_test::{closure#1}, ()>
[INFO] [stdout]    7: <std::thread::lifecycle::spawn_unchecked<test::run_test::{closure#1}, ()>::{closure#1} as core::ops::function::FnOnce<()>>::call_once::{shim:vtable#0}
[INFO] [stdout]    8: <std::sys::thread::unix::Thread>::new::thread_start
[INFO] [stdout]    9: <unknown>
[INFO] [stdout]   10: clone
[INFO] [stdout] stack backtrace:
[INFO] [stdout]    0:     0x582a9f1bd481 - <<std[617be2ca0a6fd877]::sys::backtrace::BacktraceLock>::print::DisplayBacktrace as core[a373ad73a504971]::fmt::Display>::fmt
[INFO] [stdout]    1:     0x582a9f1d2e3a - core[a373ad73a504971]::fmt::write
[INFO] [stdout]    2:     0x582a9f1c1edc - <alloc[2e1b2a31b91974c5]::vec::Vec<u8> as core[a373ad73a504971]::io::write::Write>::write_fmt
[INFO] [stdout]    3:     0x582a9f1967a6 - std[617be2ca0a6fd877]::panicking::default_hook::{closure#0}
[INFO] [stdout]    4:     0x582a9f1b48e9 - std[617be2ca0a6fd877]::panicking::default_hook
[INFO] [stdout]    5:     0x582a9f02fd90 - test[aada8e7e76ba119b]::test_main_inner::{closure#0}
[INFO] [stdout]    6:     0x582a9f1b4c12 - std[617be2ca0a6fd877]::panicking::panic_with_hook
[INFO] [stdout]    7:     0x582a9f196852 - std[617be2ca0a6fd877]::panicking::panic_handler::{closure#0}
[INFO] [stdout]    8:     0x582a9f18ec89 - std[617be2ca0a6fd877]::sys::backtrace::__rust_end_short_backtrace::<std[617be2ca0a6fd877]::panicking::panic_handler::{closure#0}, !>
[INFO] [stdout]    9:     0x582a9f19756d - __rustc[ea4f61d10b84890b]::rust_begin_unwind
[INFO] [stdout]   10:     0x582a9f1d35dc - core[a373ad73a504971]::panicking::panic_fmt
[INFO] [stdout]   11:     0x582a9f1d33b2 - core[a373ad73a504971]::result::unwrap_failed
[INFO] [stdout]   12:     0x582a9eff0177 - <heddle_devtools[13754a6572b3855c]::check_ref_write_chokepoint::tests::production_tree_has_no_bare_ref_writes::{closure#0} as core[a373ad73a504971]::ops::function::FnOnce<()>>::call_once
[INFO] [stdout]   13:     0x582a9f0231db - test[aada8e7e76ba119b]::__rust_begin_short_backtrace::<core[a373ad73a504971]::result::Result<(), alloc[2e1b2a31b91974c5]::string::String>, fn() -> core[a373ad73a504971]::result::Result<(), alloc[2e1b2a31b91974c5]::string::String>>
[INFO] [stdout]   14:     0x582a9f0303b5 - test[aada8e7e76ba119b]::run_test::{closure#0}
[INFO] [stdout]   15:     0x582a9f029ca4 - std[617be2ca0a6fd877]::sys::backtrace::__rust_begin_short_backtrace::<test[aada8e7e76ba119b]::run_test::{closure#1}, ()>
[INFO] [stdout]   16:     0x582a9f033442 - <std[617be2ca0a6fd877]::thread::lifecycle::spawn_unchecked<test[aada8e7e76ba119b]::run_test::{closure#1}, ()>::{closure#1} as core[a373ad73a504971]::ops::function::FnOnce<()>>::call_once::{shim:vtable#0}
[INFO] [stdout]   17:     0x582a9f1bc78f - <std[617be2ca0a6fd877]::sys::thread::unix::Thread>::new::thread_start
[INFO] [stdout]   18:     0x751bc6518dfa - <unknown>
[INFO] [stdout]   19:     0x751bc65ac3d4 - clone
[INFO] [stdout]   20:                0x0 - <unknown>
[INFO] [stdout] 
[INFO] [stdout] ---- check_oprecord_exhaustiveness::tests::production_tree_oprecord_matches_are_exhaustive stdout ----
[INFO] [stdout] 
[INFO] [stdout] thread 'check_oprecord_exhaustiveness::tests::production_tree_oprecord_matches_are_exhaustive' (500) panicked at src/check_oprecord_exhaustiveness.rs:476:56:
[INFO] [stdout] scan crates/: parse /opt/rustwide/cargo-home/registry/src/index.crates.io-1949cf8c6b5b557f/h2-0.1.26/src/client.rs
[INFO] [stdout] 
[INFO] [stdout] Caused by:
[INFO] [stdout]     expected identifier, found keyword `dyn`
[INFO] [stdout] 
[INFO] [stdout] Stack backtrace:
[INFO] [stdout]    0: <syn::error::Error as anyhow::context::ext::StdError>::ext_context::<alloc::string::String>
[INFO] [stdout]    1: heddle_devtools::asserter::for_each_rs_file::<heddle_devtools::check_oprecord_exhaustiveness::is_test_path, heddle_devtools::check_oprecord_exhaustiveness::scan_dir::{closure#0}>
[INFO] [stdout]    2: <heddle_devtools::check_oprecord_exhaustiveness::tests::production_tree_oprecord_matches_are_exhaustive::{closure#0} as core::ops::function::FnOnce<()>>::call_once
[INFO] [stdout]    3: test::__rust_begin_short_backtrace::<core::result::Result<(), alloc::string::String>, fn() -> core::result::Result<(), alloc::string::String>>
[INFO] [stdout]    4: test::run_test::{closure#0}
[INFO] [stdout]    5: std::sys::backtrace::__rust_begin_short_backtrace::<test::run_test::{closure#1}, ()>
[INFO] [stdout]    6: <std::thread::lifecycle::spawn_unchecked<test::run_test::{closure#1}, ()>::{closure#1} as core::ops::function::FnOnce<()>>::call_once::{shim:vtable#0}
[INFO] [stdout]    7: <std::sys::thread::unix::Thread>::new::thread_start
[INFO] [stdout]    8: <unknown>
[INFO] [stdout]    9: clone
[INFO] [stdout] stack backtrace:
[INFO] [stdout]    0:     0x582a9f1bd481 - <<std[617be2ca0a6fd877]::sys::backtrace::BacktraceLock>::print::DisplayBacktrace as core[a373ad73a504971]::fmt::Display>::fmt
[INFO] [stdout]    1:     0x582a9f1d2e3a - core[a373ad73a504971]::fmt::write
[INFO] [stdout]    2:     0x582a9f1c1edc - <alloc[2e1b2a31b91974c5]::vec::Vec<u8> as core[a373ad73a504971]::io::write::Write>::write_fmt
[INFO] [stdout]    3:     0x582a9f1967a6 - std[617be2ca0a6fd877]::panicking::default_hook::{closure#0}
[INFO] [stdout]    4:     0x582a9f1b48e9 - std[617be2ca0a6fd877]::panicking::default_hook
[INFO] [stdout]    5:     0x582a9f02fd90 - test[aada8e7e76ba119b]::test_main_inner::{closure#0}
[INFO] [stdout]    6:     0x582a9f1b4c12 - std[617be2ca0a6fd877]::panicking::panic_with_hook
[INFO] [stdout]    7:     0x582a9f196852 - std[617be2ca0a6fd877]::panicking::panic_handler::{closure#0}
[INFO] [stdout]    8:     0x582a9f18ec89 - std[617be2ca0a6fd877]::sys::backtrace::__rust_end_short_backtrace::<std[617be2ca0a6fd877]::panicking::panic_handler::{closure#0}, !>
[INFO] [stdout]    9:     0x582a9f19756d - __rustc[ea4f61d10b84890b]::rust_begin_unwind
[INFO] [stdout]   10:     0x582a9f1d35dc - core[a373ad73a504971]::panicking::panic_fmt
[INFO] [stdout]   11:     0x582a9f1d33b2 - core[a373ad73a504971]::result::unwrap_failed
[INFO] [stdout]   12:     0x582a9efaecaa - <heddle_devtools[13754a6572b3855c]::check_oprecord_exhaustiveness::tests::production_tree_oprecord_matches_are_exhaustive::{closure#0} as core[a373ad73a504971]::ops::function::FnOnce<()>>::call_once
[INFO] [stdout]   13:     0x582a9f0231db - test[aada8e7e76ba119b]::__rust_begin_short_backtrace::<core[a373ad73a504971]::result::Result<(), alloc[2e1b2a31b91974c5]::string::String>, fn() -> core[a373ad73a504971]::result::Result<(), alloc[2e1b2a31b91974c5]::string::String>>
[INFO] [stdout]   14:     0x582a9f0303b5 - test[aada8e7e76ba119b]::run_test::{closure#0}
[INFO] [stdout]   15:     0x582a9f029ca4 - std[617be2ca0a6fd877]::sys::backtrace::__rust_begin_short_backtrace::<test[aada8e7e76ba119b]::run_test::{closure#1}, ()>
[INFO] [stdout]   16:     0x582a9f033442 - <std[617be2ca0a6fd877]::thread::lifecycle::spawn_unchecked<test[aada8e7e76ba119b]::run_test::{closure#1}, ()>::{closure#1} as core[a373ad73a504971]::ops::function::FnOnce<()>>::call_once::{shim:vtable#0}
[INFO] [stdout]   17:     0x582a9f1bc78f - <std[617be2ca0a6fd877]::sys::thread::unix::Thread>::new::thread_start
[INFO] [stdout]   18:     0x751bc6518dfa - <unknown>
[INFO] [stdout]   19:     0x751bc65ac3d4 - clone
[INFO] [stdout]   20:                0x0 - <unknown>
[INFO] [stdout] 
[INFO] [stdout] ---- check_atomic_ledger_encapsulation::tests::production_tree_has_no_external_ledger_use stdout ----
[INFO] [stdout] 
[INFO] [stdout] thread 'check_atomic_ledger_encapsulation::tests::production_tree_has_no_external_ledger_use' (473) panicked at src/check_atomic_ledger_encapsulation.rs:543:56:
[INFO] [stdout] scan crates/: parse /opt/rustwide/cargo-home/registry/src/index.crates.io-1949cf8c6b5b557f/h2-0.1.26/src/client.rs
[INFO] [stdout] 
[INFO] [stdout] Caused by:
[INFO] [stdout]     expected identifier, found keyword `dyn`
[INFO] [stdout] 
[INFO] [stdout] Stack backtrace:
[INFO] [stdout]    0: <syn::error::Error as anyhow::context::ext::StdError>::ext_context::<alloc::string::String>
[INFO] [stdout]    1: heddle_devtools::asserter::for_each_rs_file::<heddle_devtools::check_atomic_ledger_encapsulation::scan_dir::{closure#0}, heddle_devtools::check_atomic_ledger_encapsulation::scan_dir::{closure#1}>
[INFO] [stdout]    2: <heddle_devtools::check_atomic_ledger_encapsulation::tests::production_tree_has_no_external_ledger_use::{closure#0} as core::ops::function::FnOnce<()>>::call_once
[INFO] [stdout]    3: test::__rust_begin_short_backtrace::<core::result::Result<(), alloc::string::String>, fn() -> core::result::Result<(), alloc::string::String>>
[INFO] [stdout]    4: test::run_test::{closure#0}
[INFO] [stdout]    5: std::sys::backtrace::__rust_begin_short_backtrace::<test::run_test::{closure#1}, ()>
[INFO] [stdout]    6: <std::thread::lifecycle::spawn_unchecked<test::run_test::{closure#1}, ()>::{closure#1} as core::ops::function::FnOnce<()>>::call_once::{shim:vtable#0}
[INFO] [stdout]    7: <std::sys::thread::unix::Thread>::new::thread_start
[INFO] [stdout]    8: <unknown>
[INFO] [stdout]    9: clone
[INFO] [stdout] stack backtrace:
[INFO] [stdout]    0:     0x582a9f1bd481 - <<std[617be2ca0a6fd877]::sys::backtrace::BacktraceLock>::print::DisplayBacktrace as core[a373ad73a504971]::fmt::Display>::fmt
[INFO] [stdout]    1:     0x582a9f1d2e3a - core[a373ad73a504971]::fmt::write
[INFO] [stdout]    2:     0x582a9f1c1edc - <alloc[2e1b2a31b91974c5]::vec::Vec<u8> as core[a373ad73a504971]::io::write::Write>::write_fmt
[INFO] [stdout]    3:     0x582a9f1967a6 - std[617be2ca0a6fd877]::panicking::default_hook::{closure#0}
[INFO] [stdout]    4:     0x582a9f1b48e9 - std[617be2ca0a6fd877]::panicking::default_hook
[INFO] [stdout]    5:     0x582a9f02fd90 - test[aada8e7e76ba119b]::test_main_inner::{closure#0}
[INFO] [stdout]    6:     0x582a9f1b4c12 - std[617be2ca0a6fd877]::panicking::panic_with_hook
[INFO] [stdout]    7:     0x582a9f196852 - std[617be2ca0a6fd877]::panicking::panic_handler::{closure#0}
[INFO] [stdout]    8:     0x582a9f18ec89 - std[617be2ca0a6fd877]::sys::backtrace::__rust_end_short_backtrace::<std[617be2ca0a6fd877]::panicking::panic_handler::{closure#0}, !>
[INFO] [stdout]    9:     0x582a9f19756d - __rustc[ea4f61d10b84890b]::rust_begin_unwind
[INFO] [stdout]   10:     0x582a9f1d35dc - core[a373ad73a504971]::panicking::panic_fmt
[INFO] [stdout]   11:     0x582a9f1d33b2 - core[a373ad73a504971]::result::unwrap_failed
[INFO] [stdout]   12:     0x582a9eff2292 - <heddle_devtools[13754a6572b3855c]::check_atomic_ledger_encapsulation::tests::production_tree_has_no_external_ledger_use::{closure#0} as core[a373ad73a504971]::ops::function::FnOnce<()>>::call_once
[INFO] [stdout]   13:     0x582a9f0231db - test[aada8e7e76ba119b]::__rust_begin_short_backtrace::<core[a373ad73a504971]::result::Result<(), alloc[2e1b2a31b91974c5]::string::String>, fn() -> core[a373ad73a504971]::result::Result<(), alloc[2e1b2a31b91974c5]::string::String>>
[INFO] [stdout]   14:     0x582a9f0303b5 - test[aada8e7e76ba119b]::run_test::{closure#0}
[INFO] [stdout]   15:     0x582a9f029ca4 - std[617be2ca0a6fd877]::sys::backtrace::__rust_begin_short_backtrace::<test[aada8e7e76ba119b]::run_test::{closure#1}, ()>
[INFO] [stdout]   16:     0x582a9f033442 - <std[617be2ca0a6fd877]::thread::lifecycle::spawn_unchecked<test[aada8e7e76ba119b]::run_test::{closure#1}, ()>::{closure#1} as core[a373ad73a504971]::ops::function::FnOnce<()>>::call_once::{shim:vtable#0}
[INFO] [stdout]   17:     0x582a9f1bc78f - <std[617be2ca0a6fd877]::sys::thread::unix::Thread>::new::thread_start
[INFO] [stdout]   18:     0x751bc6518dfa - <unknown>
[INFO] [stdout]   19:     0x751bc65ac3d4 - clone
[INFO] [stdout]   20:                0x0 - <unknown>
[INFO] [stdout] 
[INFO] [stdout] 
[INFO] [stdout] failures:
[INFO] [stdout]     check_atomic_ledger_encapsulation::tests::production_tree_has_no_external_ledger_use
[INFO] [stdout]     check_oprecord_exhaustiveness::tests::production_tree_oprecord_matches_are_exhaustive
[INFO] [stdout]     check_ref_write_chokepoint::tests::production_tree_has_no_bare_ref_writes
[INFO] [stdout]     check_snapshot_atomicity::tests::production_tree_has_no_publish_first_snapshot
[INFO] [stdout] 
[INFO] [stdout] test result: FAILED. 73 passed; 4 failed; 0 ignored; 0 measured; 0 filtered out; finished in 7.90s
[INFO] [stdout] 
[INFO] [stderr] error: test failed, to rerun pass `--bin heddle-devtools`
[INFO] running `Command { std: "docker" "inspect" "3fa40379f227948258e9eb7509896645ce21a964a288c84d7cef169df3455dca", kill_on_drop: false }`
[INFO] running `Command { std: "docker" "rm" "-f" "3fa40379f227948258e9eb7509896645ce21a964a288c84d7cef169df3455dca", kill_on_drop: false }`
[INFO] [stdout] 3fa40379f227948258e9eb7509896645ce21a964a288c84d7cef169df3455dca
