[INFO] fetching crate heddle-ci-engine 0.31.2...
[INFO] testing heddle-ci-engine-0.31.2 against 1.99.0-beta.8+cargoflags=--release for beta-release-1.100-2
[INFO] extracting crate heddle-ci-engine 0.31.2 into /workspace/builds/worker-5-tc1/source
[INFO] started tweaking crates.io crate heddle-ci-engine 0.31.2
[INFO] removed 0 missing tests
[INFO] finished tweaking crates.io crate heddle-ci-engine 0.31.2
[INFO] tweaked toml for crates.io crate heddle-ci-engine 0.31.2 written to /workspace/builds/worker-5-tc1/source/Cargo.toml
[INFO] validating manifest of crates.io crate heddle-ci-engine 0.31.2 on toolchain 1.99.0-beta.8
[INFO] running `Command { std: CARGO_HOME="/workspace/cargo-home" RUSTUP_HOME="/workspace/rustup-home" "/workspace/cargo-home/bin/cargo" "+1.99.0-beta.8" "metadata" "--manifest-path" "Cargo.toml" "--no-deps", kill_on_drop: false }`
[INFO] crate crates.io crate heddle-ci-engine 0.31.2 already has a lockfile, it will not be regenerated
[INFO] running `Command { std: CARGO_HOME="/workspace/cargo-home" RUSTUP_HOME="/workspace/rustup-home" "/workspace/cargo-home/bin/cargo" "+1.99.0-beta.8" "fetch" "--manifest-path" "Cargo.toml", kill_on_drop: false }`
[INFO] [stderr]     Updating crates.io index
[INFO] [stderr]  Downloading crates ...
[INFO] [stderr]   Downloaded x25519-dalek v3.0.0
[INFO] [stderr]   Downloaded wnaf v0.14.1
[INFO] [stderr]   Downloaded protoc-bin-vendored v3.2.0
[INFO] [stderr]   Downloaded sley-pathspec v0.13.0
[INFO] [stderr]   Downloaded block-padding v0.4.2
[INFO] [stderr]   Downloaded spki v0.8.1
[INFO] [stderr]   Downloaded scrypt v0.12.0
[INFO] [stderr]   Downloaded sley-object v0.13.0
[INFO] [stderr]   Downloaded pbkdf2 v0.13.0
[INFO] [stderr]   Downloaded prost v0.14.1
[INFO] [stderr]   Downloaded heddle-format v0.31.2
[INFO] [stderr]   Downloaded heddle-ci-config v0.31.2
[INFO] [stderr]   Downloaded cbc v0.2.1
[INFO] [stderr]   Downloaded salsa20 v0.11.0
[INFO] [stderr]   Downloaded pkcs5 v0.8.1
[INFO] [stderr]   Downloaded prost-build v0.14.1
[INFO] [stderr]   Downloaded prost-types v0.14.1
[INFO] [stderr]   Downloaded der v0.8.2
[INFO] [stderr]   Downloaded sley-config v0.13.0
[INFO] [stderr]   Downloaded sley-core v0.13.0
[INFO] [stderr]   Downloaded sley-formats v0.13.0
[INFO] [stderr]   Downloaded sley-refs v0.13.0
[INFO] [stderr]   Downloaded prost-reflect v0.16.5
[INFO] [stderr]   Downloaded heddle-object-model v0.31.2
[INFO] [stderr]   Downloaded heddle-crypto v0.31.2
[INFO] [stderr]   Downloaded heddle-api v0.31.0-alpha.48
[INFO] [stderr]   Downloaded protoc-bin-vendored-macos-aarch_64 v3.2.0
[INFO] [stderr]   Downloaded protoc-bin-vendored-macos-x86_64 v3.2.0
[INFO] [stderr]   Downloaded protoc-bin-vendored-linux-x86_64 v3.2.0
[INFO] [stderr]   Downloaded protoc-bin-vendored-linux-aarch_64 v3.2.0
[INFO] [stderr]   Downloaded protoc-bin-vendored-win32 v3.2.0
[INFO] [stderr]   Downloaded protoc-bin-vendored-linux-x86_32 v3.2.0
[INFO] [stderr]   Downloaded protoc-bin-vendored-linux-ppcle_64 v3.2.0
[INFO] [stderr]   Downloaded protoc-bin-vendored-linux-s390_64 v3.2.0
[INFO] running `Command { std: "docker" "create" "-v" "/var/lib/crater-agent-workspace/builds/worker-5-tc1/source:/opt/rustwide/workdir:ro,Z" "-v" "/var/lib/crater-agent-workspace/builds/worker-5-tc1/target:/opt/rustwide/target:rw,Z" "-v" "/var/lib/crater-agent-workspace/cargo-home:/opt/rustwide/cargo-home:ro,Z" "-v" "/var/lib/crater-agent-workspace/rustup-home:/opt/rustwide/rustup-home:ro,Z" "-m" "1610612736" "--network" "none" "ghcr.io/rust-lang/crates-build-env/linux@sha256:77db811e55d90add9212f6832c23229e3de5f1c1f9905e8cb07319ea15df73ac" "sleep" "infinity", kill_on_drop: false }`
[INFO] [stdout] e5ea49f5d8e5bb6a9738c4db79eeb5595981159cf6bbad635a9def8ad4d170d5
[INFO] running `Command { std: "docker" "start" "e5ea49f5d8e5bb6a9738c4db79eeb5595981159cf6bbad635a9def8ad4d170d5", kill_on_drop: false }`
[INFO] running `Command { std: "docker" "inspect" "e5ea49f5d8e5bb6a9738c4db79eeb5595981159cf6bbad635a9def8ad4d170d5", kill_on_drop: false }`
[INFO] running `Command { std: "docker" "exec" "-e" "SOURCE_DIR=/opt/rustwide/workdir" "-e" "CARGO_HOME=/opt/rustwide/cargo-home" "-e" "RUSTUP_HOME=/opt/rustwide/rustup-home" "-e" "CARGO_TARGET_DIR=/opt/rustwide/target" "-w" "/opt/rustwide/workdir" "--user" "0:0" "e5ea49f5d8e5bb6a9738c4db79eeb5595981159cf6bbad635a9def8ad4d170d5" "/opt/rustwide/cargo-home/bin/cargo" "+1.99.0-beta.8" "metadata" "--no-deps" "--format-version=1", kill_on_drop: false }`
[INFO] running `Command { std: "docker" "inspect" "e5ea49f5d8e5bb6a9738c4db79eeb5595981159cf6bbad635a9def8ad4d170d5", kill_on_drop: false }`
[INFO] running `Command { std: "docker" "exec" "-e" "SOURCE_DIR=/opt/rustwide/workdir" "-e" "CARGO_HOME=/opt/rustwide/cargo-home" "-e" "RUSTUP_HOME=/opt/rustwide/rustup-home" "-e" "CARGO_TARGET_DIR=/opt/rustwide/target" "-e" "CARGO_INCREMENTAL=0" "-e" "RUST_BACKTRACE=full" "-e" "RUSTFLAGS=--cap-lints=warn" "-e" "RUSTDOCFLAGS=--cap-lints=warn" "-w" "/opt/rustwide/workdir" "--user" "0:0" "e5ea49f5d8e5bb6a9738c4db79eeb5595981159cf6bbad635a9def8ad4d170d5" "/opt/rustwide/cargo-home/bin/cargo" "+1.99.0-beta.8" "build" "--frozen" "--message-format=json" "--release", kill_on_drop: false }`
[INFO] [stderr]    Compiling libc v0.2.190
[INFO] [stderr]    Compiling either v1.19.0
[INFO] [stderr]    Compiling rustix v1.1.5
[INFO] [stderr]    Compiling zeroize v1.9.1
[INFO] [stderr]    Compiling ctutils v0.4.3
[INFO] [stderr]    Compiling pem-rfc7468 v1.0.0
[INFO] [stderr]    Compiling unicode-normalization v0.1.25
[INFO] [stderr]    Compiling bytes v1.11.1
[INFO] [stderr]    Compiling bitflags v2.13.2
[INFO] [stderr]    Compiling cfg-if v1.0.5
[INFO] [stderr]    Compiling curve25519-dalek v5.0.0
[INFO] [stderr]    Compiling indexmap v2.14.2
[INFO] [stderr]    Compiling ff v0.14.0
[INFO] [stderr]    Compiling prettyplease v0.2.37
[INFO] [stderr]    Compiling curve25519-dalek-derive v0.1.1
[INFO] [stderr]    Compiling serde_derive v1.0.228
[INFO] [stderr]    Compiling protoc-bin-vendored-macos-x86_64 v3.2.0
[INFO] [stderr]    Compiling hybrid-array v0.4.15
[INFO] [stderr]    Compiling protoc-bin-vendored-linux-s390_64 v3.2.0
[INFO] [stderr]    Compiling protoc-bin-vendored-linux-x86_64 v3.2.0
[INFO] [stderr]    Compiling protoc-bin-vendored-linux-aarch_64 v3.2.0
[INFO] [stderr]    Compiling itertools v0.14.0
[INFO] [stderr]    Compiling protoc-bin-vendored-win32 v3.2.0
[INFO] [stderr]    Compiling protoc-bin-vendored-linux-x86_32 v3.2.0
[INFO] [stderr]    Compiling protoc-bin-vendored-macos-aarch_64 v3.2.0
[INFO] [stderr]    Compiling protoc-bin-vendored-linux-ppcle_64 v3.2.0
[INFO] [stderr]    Compiling der v0.8.2
[INFO] [stderr]    Compiling group v0.14.0
[INFO] [stderr]    Compiling blake3 v1.8.7
[INFO] [stderr]    Compiling protoc-bin-vendored v3.2.0
[INFO] [stderr]    Compiling thiserror-impl v2.0.18
[INFO] [stderr]    Compiling sley-core v0.13.0
[INFO] [stderr]    Compiling base16ct v1.0.0
[INFO] [stderr]    Compiling unicode-general-category v1.1.0
[INFO] [stderr]    Compiling rmp v0.8.15
[INFO] [stderr]    Compiling zlib-rs v0.6.8
[INFO] [stderr]    Compiling serde_json v1.0.149
[INFO] [stderr]    Compiling petgraph v0.7.1
[INFO] [stderr]    Compiling winnow v1.0.4
[INFO] [stderr]    Compiling block-buffer v0.12.1
[INFO] [stderr]    Compiling block-padding v0.4.2
[INFO] [stderr]    Compiling toml_datetime v1.1.2+spec-1.1.0
[INFO] [stderr]    Compiling inout v0.2.2
[INFO] [stderr]    Compiling getrandom v0.4.3
[INFO] [stderr]    Compiling serde_spanned v1.1.2
[INFO] [stderr]    Compiling toml_parser v1.1.5+spec-1.1.0
[INFO] [stderr]    Compiling crypto-common v0.2.2
[INFO] [stderr]    Compiling crypto-bigint v0.7.5
[INFO] [stderr]    Compiling sley-pathspec v0.13.0
[INFO] [stderr]    Compiling thiserror v2.0.18
[INFO] [stderr]    Compiling chacha20 v0.10.2
[INFO] [stderr]    Compiling sley-config v0.13.0
[INFO] [stderr]    Compiling toml_writer v1.1.3+spec-1.1.0
[INFO] [stderr]    Compiling rand v0.10.3
[INFO] [stderr]    Compiling heddle-format v0.31.2
[INFO] [stderr]    Compiling toml v1.1.8+spec-1.1.0
[INFO] [stderr]    Compiling prost-derive v0.14.4
[INFO] [stderr]    Compiling tempfile v3.27.0
[INFO] [stderr]    Compiling uuid v1.28.0
[INFO] [stderr]    Compiling digest v0.11.3
[INFO] [stderr]    Compiling cipher v0.5.2
[INFO] [stderr]    Compiling universal-hash v0.6.1
[INFO] [stderr]    Compiling aead v0.6.1
[INFO] [stderr]    Compiling spki v0.8.1
[INFO] [stderr]    Compiling polyval v0.7.3
[INFO] [stderr]    Compiling hmac v0.13.0
[INFO] [stderr]    Compiling ghash v0.6.0
[INFO] [stderr]    Compiling sha2 v0.11.0
[INFO] [stderr]    Compiling signature v3.0.0
[INFO] [stderr]    Compiling pbkdf2 v0.13.0
[INFO] [stderr]    Compiling sec1 v0.8.1
[INFO] [stderr]    Compiling aes v0.9.3
[INFO] [stderr]    Compiling ctr v0.10.1
[INFO] [stderr]    Compiling salsa20 v0.11.0
[INFO] [stderr]    Compiling cbc v0.2.1
[INFO] [stderr]    Compiling serde v1.0.228
[INFO] [stderr]    Compiling sley-object v0.13.0
[INFO] [stderr]    Compiling flate2 v1.1.10
[INFO] [stderr]    Compiling serde_bytes v0.11.19
[INFO] [stderr]    Compiling prost v0.14.1
[INFO] [stderr]    Compiling aes-gcm v0.11.1
[INFO] [stderr]    Compiling sley-formats v0.13.0
[INFO] [stderr]    Compiling rmp-serde v1.3.1
[INFO] [stderr]    Compiling chrono v0.4.45
[INFO] [stderr]    Compiling base32 v0.5.1
[INFO] [stderr]    Compiling prost-types v0.14.1
[INFO] [stderr]    Compiling scrypt v0.12.0
[INFO] [stderr]    Compiling pkcs5 v0.8.1
[INFO] [stderr]    Compiling pkcs8 v0.11.0
[INFO] [stderr]    Compiling x25519-dalek v3.0.0
[INFO] [stderr]    Compiling hkdf v0.13.0
[INFO] [stderr]    Compiling base64 v0.23.1
[INFO] [stderr]    Compiling wait-timeout v0.2.1
[INFO] [stderr]    Compiling ed25519 v3.0.0
[INFO] [stderr]    Compiling prost-build v0.14.1
[INFO] [stderr]    Compiling prost-reflect v0.16.5
[INFO] [stderr]    Compiling ed25519-dalek v3.0.0
[INFO] [stderr]    Compiling primefield v0.14.0
[INFO] [stderr]    Compiling elliptic-curve v0.14.1
[INFO] [stderr]    Compiling wnaf v0.14.1
[INFO] [stderr]    Compiling rfc6979 v0.6.0
[INFO] [stderr]    Compiling sley-refs v0.13.0
[INFO] [stderr]    Compiling ecdsa v0.17.0
[INFO] [stderr]    Compiling primeorder v0.14.0
[INFO] [stderr]    Compiling p256 v0.14.0
[INFO] [stderr]    Compiling heddle-api v0.31.0-alpha.48
[INFO] [stderr]    Compiling heddle-object-model v0.31.2
[INFO] [stderr]    Compiling heddle-ci-config v0.31.2
[INFO] [stderr]    Compiling heddle-crypto v0.31.2
[INFO] [stderr]    Compiling heddle-ci-engine v0.31.2 (/opt/rustwide/workdir)
[INFO] [stderr]     Finished `release` profile [optimized] target(s) in 3m 32s
[INFO] running `Command { std: "docker" "inspect" "e5ea49f5d8e5bb6a9738c4db79eeb5595981159cf6bbad635a9def8ad4d170d5", kill_on_drop: false }`
[INFO] running `Command { std: "docker" "exec" "-e" "SOURCE_DIR=/opt/rustwide/workdir" "-e" "CARGO_HOME=/opt/rustwide/cargo-home" "-e" "RUSTUP_HOME=/opt/rustwide/rustup-home" "-e" "CARGO_TARGET_DIR=/opt/rustwide/target" "-e" "CARGO_INCREMENTAL=0" "-e" "RUST_BACKTRACE=full" "-e" "RUSTFLAGS=--cap-lints=warn" "-e" "RUSTDOCFLAGS=--cap-lints=warn" "-w" "/opt/rustwide/workdir" "--user" "0:0" "e5ea49f5d8e5bb6a9738c4db79eeb5595981159cf6bbad635a9def8ad4d170d5" "/opt/rustwide/cargo-home/bin/cargo" "+1.99.0-beta.8" "test" "--frozen" "--no-run" "--message-format=json" "--release", kill_on_drop: false }`
[INFO] [stderr]    Compiling heddle-ci-engine v0.31.2 (/opt/rustwide/workdir)
[INFO] [stderr]     Finished `release` profile [optimized] target(s) in 6.84s
[INFO] running `Command { std: "docker" "inspect" "e5ea49f5d8e5bb6a9738c4db79eeb5595981159cf6bbad635a9def8ad4d170d5", kill_on_drop: false }`
[INFO] running `Command { std: "docker" "exec" "-e" "SOURCE_DIR=/opt/rustwide/workdir" "-e" "CARGO_HOME=/opt/rustwide/cargo-home" "-e" "RUSTUP_HOME=/opt/rustwide/rustup-home" "-e" "CARGO_TARGET_DIR=/opt/rustwide/target" "-e" "CARGO_INCREMENTAL=0" "-e" "RUST_BACKTRACE=full" "-e" "RUSTFLAGS=--cap-lints=warn" "-e" "RUSTDOCFLAGS=--cap-lints=warn" "-w" "/opt/rustwide/workdir" "--user" "0:0" "e5ea49f5d8e5bb6a9738c4db79eeb5595981159cf6bbad635a9def8ad4d170d5" "/opt/rustwide/cargo-home/bin/cargo" "+1.99.0-beta.8" "test" "--frozen" "--release", kill_on_drop: false }`
[INFO] [stderr]     Finished `release` profile [optimized] target(s) in 0.15s
[INFO] [stderr]      Running unittests src/lib.rs (/opt/rustwide/target/release/deps/ci_engine-0941937b142d3d98)
[INFO] [stdout] 
[INFO] [stdout] running 5 tests
[INFO] [stdout] test result_cache::spot_check::tests::fraction_is_deterministic_for_a_key ... ok
[INFO] [stdout] test result_cache::key::tests::image_and_toolchain_are_part_of_env_digest ... ok
[INFO] [stdout] test result_cache::key::tests::machine_local_env_is_not_in_the_key ... ok
[INFO] [stdout] test result_cache::key::tests::check_identity_changes_the_key ... ok
[INFO] [stderr]      Running tests/executor.rs (/opt/rustwide/target/release/deps/executor-d514e7c6fc9c64f2)
[INFO] [stdout] test result_cache::key::tests::each_triple_component_changes_the_key ... ok
[INFO] [stdout] 
[INFO] [stdout] test result: ok. 5 passed; 0 failed; 0 ignored; 0 measured; 0 filtered out; finished in 0.01s
[INFO] [stdout] 
[INFO] [stdout] 
[INFO] [stdout] running 17 tests
[INFO] [stdout] test escaping_cache_path_is_infra_and_does_not_run ... ok
[INFO] [stdout] test failure_excerpt_is_utf8_safe_and_capped ... ok
[INFO] [stdout] test unsupported_local_service_is_an_honest_infra_verdict ... ok
[INFO] [stdout] test completed_and_skipped_verdicts_do_not_record_literal_or_cache_environment ... ok
[INFO] [stdout] test executes_argv_and_classifies_treadle_failure_shapes ... ok
[INFO] [stdout] test cache_environment_exports_the_worktree_directory ... ok
[INFO] [stdout] test hermetic_env_forwards_tmpdir_and_can_write_ci_tmp ... ok
[INFO] [stdout] test retries_only_when_output_matches_a_flake_signature ... ok
[INFO] [stdout] test proto_definition_digest_is_bound_on_an_executed_check ... ok
[INFO] [stdout] test required_failure_still_executes_later_checks_this_is_not_a_dag ... ok
[INFO] [stdout] test proto_working_directory_is_honored ... ok
[INFO] [stdout] test rust_pack_host_exec_can_run_cargo_version ... ok
[INFO] [stdout] test proto_pipeline_executes_every_check_and_binds_digest ... ok
[INFO] [stdout] test cache_paths_hydrate_across_two_runs_without_result_cache ... ok
[INFO] [stdout] test cache_paths_share_one_slot_across_checks_in_one_run ... ok
[INFO] [stdout] test cache_paths_copy_symlink_metadata ... ok
[INFO] [stdout] test timeout_kills_the_entire_process_group ... FAILED
[INFO] [stdout] 
[INFO] [stdout] failures:
[INFO] [stdout] 
[INFO] [stdout] ---- timeout_kills_the_entire_process_group stdout ----
[INFO] [stdout] 
[INFO] [stdout] thread 'timeout_kills_the_entire_process_group' (2126) panicked at tests/executor.rs:261:9:
[INFO] [stdout] grandchild 2139 survived the timeout process-group kill
[INFO] [stdout] stack backtrace:
[INFO] [stdout]    0:     0x5f9b36020911 - <<std[70759c8f55707aa4]::sys::backtrace::BacktraceLock>::print::DisplayBacktrace as core[df12db4294e9bfd3]::fmt::Display>::fmt
[INFO] [stdout]    1:     0x5f9b360368aa - core[df12db4294e9bfd3]::fmt::write
[INFO] [stdout]    2:     0x5f9b360251fc - <alloc[2182bb758b4b3781]::vec::Vec<u8> as core[df12db4294e9bfd3]::io::write::Write>::write_fmt
[INFO] [stdout]    3:     0x5f9b35ff91d6 - std[70759c8f55707aa4]::panicking::default_hook::{closure#0}
[INFO] [stdout]    4:     0x5f9b36016dc9 - std[70759c8f55707aa4]::panicking::default_hook
[INFO] [stdout]    5:     0x5f9b35e77080 - test[9d35eded1c95d3be]::test_main_inner::<test[9d35eded1c95d3be]::test_main_static::{closure#0}>::{closure#0}
[INFO] [stdout]    6:     0x5f9b36016f82 - std[70759c8f55707aa4]::panicking::panic_with_hook
[INFO] [stdout]    7:     0x5f9b35ff9282 - std[70759c8f55707aa4]::panicking::panic_handler::{closure#0}
[INFO] [stdout]    8:     0x5f9b35ff1bf9 - std[70759c8f55707aa4]::sys::backtrace::__rust_end_short_backtrace::<std[70759c8f55707aa4]::panicking::panic_handler::{closure#0}, !>
[INFO] [stdout]    9:     0x5f9b35ffa05d - __rustc[8fa7c3cbc660c2b3]::rust_begin_unwind
[INFO] [stdout]   10:     0x5f9b3603708c - core[df12db4294e9bfd3]::panicking::panic_fmt
[INFO] [stdout]   11:     0x5f9b35e5aedf - <executor[3f461b4afddbb68f]::timeout_kills_the_entire_process_group::{closure#0} as core[df12db4294e9bfd3]::ops::function::FnOnce<()>>::call_once
[INFO] [stdout]   12:     0x5f9b35e6a36b - test[9d35eded1c95d3be]::__rust_begin_short_backtrace::<core[df12db4294e9bfd3]::result::Result<(), alloc[2182bb758b4b3781]::string::String>, fn() -> core[df12db4294e9bfd3]::result::Result<(), alloc[2182bb758b4b3781]::string::String>>
[INFO] [stdout]   13:     0x5f9b35e779d5 - test[9d35eded1c95d3be]::run_test::{closure#0}
[INFO] [stdout]   14:     0x5f9b35e71294 - std[70759c8f55707aa4]::sys::backtrace::__rust_begin_short_backtrace::<test[9d35eded1c95d3be]::run_test::{closure#1}, ()>
[INFO] [stdout]   15:     0x5f9b35e7ab32 - <std[70759c8f55707aa4]::thread::lifecycle::spawn_unchecked<test[9d35eded1c95d3be]::run_test::{closure#1}, ()>::{closure#1} as core[df12db4294e9bfd3]::ops::function::FnOnce<()>>::call_once::{shim:vtable#0}
[INFO] [stdout]   16:     0x5f9b3601fbc9 - <std[70759c8f55707aa4]::sys::thread::unix::Thread>::new::thread_start
[INFO] [stdout]   17:     0x7e868806cdfa - <unknown>
[INFO] [stdout]   18:     0x7e86881003d4 - clone
[INFO] [stdout]   19:                0x0 - <unknown>
[INFO] [stdout] 
[INFO] [stdout] 
[INFO] [stdout] failures:
[INFO] [stdout]     timeout_kills_the_entire_process_group
[INFO] [stdout] 
[INFO] [stdout] test result: FAILED. 16 passed; 1 failed; 0 ignored; 0 measured; 0 filtered out; finished in 1.31s
[INFO] [stdout] 
[INFO] [stderr] error: test failed, to rerun pass `--test executor`
[INFO] running `Command { std: "docker" "inspect" "e5ea49f5d8e5bb6a9738c4db79eeb5595981159cf6bbad635a9def8ad4d170d5", kill_on_drop: false }`
[INFO] running `Command { std: "docker" "rm" "-f" "e5ea49f5d8e5bb6a9738c4db79eeb5595981159cf6bbad635a9def8ad4d170d5", kill_on_drop: false }`
[INFO] [stdout] e5ea49f5d8e5bb6a9738c4db79eeb5595981159cf6bbad635a9def8ad4d170d5
