[INFO] fetching crate headwater-yaml 0.5.0...
[INFO] testing headwater-yaml-0.5.0 against 1.99.0-beta.8+cargoflags=--release for beta-release-1.100-2
[INFO] extracting crate headwater-yaml 0.5.0 into /workspace/builds/worker-6-tc1/source
[INFO] started tweaking crates.io crate headwater-yaml 0.5.0
[INFO] removed 0 missing tests
[INFO] finished tweaking crates.io crate headwater-yaml 0.5.0
[INFO] tweaked toml for crates.io crate headwater-yaml 0.5.0 written to /workspace/builds/worker-6-tc1/source/Cargo.toml
[INFO] validating manifest of crates.io crate headwater-yaml 0.5.0 on toolchain 1.99.0-beta.8
[INFO] running `Command { std: CARGO_HOME="/workspace/cargo-home" RUSTUP_HOME="/workspace/rustup-home" "/workspace/cargo-home/bin/cargo" "+1.99.0-beta.8" "metadata" "--manifest-path" "Cargo.toml" "--no-deps", kill_on_drop: false }`
[INFO] crate crates.io crate headwater-yaml 0.5.0 already has a lockfile, it will not be regenerated
[INFO] running `Command { std: CARGO_HOME="/workspace/cargo-home" RUSTUP_HOME="/workspace/rustup-home" "/workspace/cargo-home/bin/cargo" "+1.99.0-beta.8" "fetch" "--manifest-path" "Cargo.toml", kill_on_drop: false }`
[INFO] [stderr]     Updating crates.io index
[INFO] [stderr]  Downloading crates ...
[INFO] [stderr]   Downloaded saphyr-parser v0.0.11
[INFO] running `Command { std: "docker" "create" "-v" "/var/lib/crater-agent-workspace/builds/worker-6-tc1/source:/opt/rustwide/workdir:ro,Z" "-v" "/var/lib/crater-agent-workspace/builds/worker-6-tc1/target:/opt/rustwide/target:rw,Z" "-v" "/var/lib/crater-agent-workspace/cargo-home:/opt/rustwide/cargo-home:ro,Z" "-v" "/var/lib/crater-agent-workspace/rustup-home:/opt/rustwide/rustup-home:ro,Z" "-m" "1610612736" "--network" "none" "ghcr.io/rust-lang/crates-build-env/linux@sha256:77db811e55d90add9212f6832c23229e3de5f1c1f9905e8cb07319ea15df73ac" "sleep" "infinity", kill_on_drop: false }`
[INFO] [stdout] c4a8e22c720667d30c5e3a96f0f470d5d0f3540b9a64cae72749466558420acc
[INFO] running `Command { std: "docker" "start" "c4a8e22c720667d30c5e3a96f0f470d5d0f3540b9a64cae72749466558420acc", kill_on_drop: false }`
[INFO] running `Command { std: "docker" "inspect" "c4a8e22c720667d30c5e3a96f0f470d5d0f3540b9a64cae72749466558420acc", kill_on_drop: false }`
[INFO] running `Command { std: "docker" "exec" "-e" "SOURCE_DIR=/opt/rustwide/workdir" "-e" "CARGO_HOME=/opt/rustwide/cargo-home" "-e" "RUSTUP_HOME=/opt/rustwide/rustup-home" "-e" "CARGO_TARGET_DIR=/opt/rustwide/target" "-w" "/opt/rustwide/workdir" "--user" "0:0" "c4a8e22c720667d30c5e3a96f0f470d5d0f3540b9a64cae72749466558420acc" "/opt/rustwide/cargo-home/bin/cargo" "+1.99.0-beta.8" "metadata" "--no-deps" "--format-version=1", kill_on_drop: false }`
[INFO] running `Command { std: "docker" "inspect" "c4a8e22c720667d30c5e3a96f0f470d5d0f3540b9a64cae72749466558420acc", kill_on_drop: false }`
[INFO] running `Command { std: "docker" "exec" "-e" "SOURCE_DIR=/opt/rustwide/workdir" "-e" "CARGO_HOME=/opt/rustwide/cargo-home" "-e" "RUSTUP_HOME=/opt/rustwide/rustup-home" "-e" "CARGO_TARGET_DIR=/opt/rustwide/target" "-e" "CARGO_INCREMENTAL=0" "-e" "RUST_BACKTRACE=full" "-e" "RUSTFLAGS=--cap-lints=warn" "-e" "RUSTDOCFLAGS=--cap-lints=warn" "-w" "/opt/rustwide/workdir" "--user" "0:0" "c4a8e22c720667d30c5e3a96f0f470d5d0f3540b9a64cae72749466558420acc" "/opt/rustwide/cargo-home/bin/cargo" "+1.99.0-beta.8" "build" "--frozen" "--message-format=json" "--release", kill_on_drop: false }`
[INFO] [stderr]    Compiling thiserror v2.0.20
[INFO] [stderr]    Compiling arraydeque v0.5.1
[INFO] [stderr]    Compiling thiserror-impl v2.0.20
[INFO] [stderr]    Compiling saphyr-parser v0.0.11
[INFO] [stderr]    Compiling headwater-yaml v0.5.0 (/opt/rustwide/workdir)
[INFO] [stderr]     Finished `release` profile [optimized] target(s) in 4.76s
[INFO] running `Command { std: "docker" "inspect" "c4a8e22c720667d30c5e3a96f0f470d5d0f3540b9a64cae72749466558420acc", kill_on_drop: false }`
[INFO] running `Command { std: "docker" "exec" "-e" "SOURCE_DIR=/opt/rustwide/workdir" "-e" "CARGO_HOME=/opt/rustwide/cargo-home" "-e" "RUSTUP_HOME=/opt/rustwide/rustup-home" "-e" "CARGO_TARGET_DIR=/opt/rustwide/target" "-e" "CARGO_INCREMENTAL=0" "-e" "RUST_BACKTRACE=full" "-e" "RUSTFLAGS=--cap-lints=warn" "-e" "RUSTDOCFLAGS=--cap-lints=warn" "-w" "/opt/rustwide/workdir" "--user" "0:0" "c4a8e22c720667d30c5e3a96f0f470d5d0f3540b9a64cae72749466558420acc" "/opt/rustwide/cargo-home/bin/cargo" "+1.99.0-beta.8" "test" "--frozen" "--no-run" "--message-format=json" "--release", kill_on_drop: false }`
[INFO] [stderr]    Compiling headwater-yaml v0.5.0 (/opt/rustwide/workdir)
[INFO] [stderr]     Finished `release` profile [optimized] target(s) in 3.84s
[INFO] running `Command { std: "docker" "inspect" "c4a8e22c720667d30c5e3a96f0f470d5d0f3540b9a64cae72749466558420acc", kill_on_drop: false }`
[INFO] running `Command { std: "docker" "exec" "-e" "SOURCE_DIR=/opt/rustwide/workdir" "-e" "CARGO_HOME=/opt/rustwide/cargo-home" "-e" "RUSTUP_HOME=/opt/rustwide/rustup-home" "-e" "CARGO_TARGET_DIR=/opt/rustwide/target" "-e" "CARGO_INCREMENTAL=0" "-e" "RUST_BACKTRACE=full" "-e" "RUSTFLAGS=--cap-lints=warn" "-e" "RUSTDOCFLAGS=--cap-lints=warn" "-w" "/opt/rustwide/workdir" "--user" "0:0" "c4a8e22c720667d30c5e3a96f0f470d5d0f3540b9a64cae72749466558420acc" "/opt/rustwide/cargo-home/bin/cargo" "+1.99.0-beta.8" "test" "--frozen" "--release", kill_on_drop: false }`
[INFO] [stderr]     Finished `release` profile [optimized] target(s) in 0.04s
[INFO] [stderr]      Running unittests src/lib.rs (/opt/rustwide/target/release/deps/headwater_yaml-81d90f4115aa3e4e)
[INFO] [stdout] 
[INFO] [stdout] running 34 tests
[INFO] [stdout] test core_schema::tests::null_is_plain_and_empty_or_one_of_four_spellings ... ok
[INFO] [stdout] test json::tests::a_boolean_reads_as_the_word_a_caller_compares_against ... ok
[INFO] [stdout] test json::tests::a_field_is_read_at_the_top_level_and_under_a_nested_member ... ok
[INFO] [stdout] test json::tests::a_decimal_step_indexes_an_array_and_every_other_step_on_one_reaches_nothing ... ok
[INFO] [stdout] test core_schema::tests::no_stays_the_string_no ... ok
[INFO] [stdout] test core_schema::tests::core_schema_bools_are_the_six_spellings ... ok
[INFO] [stdout] test loader::tests::a_plain_mapping_loads ... ok
[INFO] [stdout] test loader::tests::an_anchor_on_a_mapping_reports_at_the_line_that_carries_it ... ok
[INFO] [stdout] test loader::tests::a_second_document_is_an_error ... ok
[INFO] [stdout] test loader::tests::a_syntax_error_stops_at_one ... ok
[INFO] [stdout] test json::tests::a_count_tells_an_empty_collection_from_an_absent_one ... ok
[INFO] [stdout] test loader::tests::an_empty_source_is_an_error ... ok
[INFO] [stdout] test loader::tests::an_empty_taxonomy_source_is_an_error_and_empty_front_matter_is_not ... ok
[INFO] [stdout] test core_schema::tests::floats_take_the_core_forms_and_no_others ... ok
[INFO] [stdout] test core_schema::tests::a_quoted_scalar_carries_no_type ... ok
[INFO] [stdout] test json::tests::an_escape_is_resolved_rather_than_handed_back ... ok
[INFO] [stdout] test core_schema::tests::integers_have_no_octal_leading_zero ... ok
[INFO] [stdout] test json::tests::a_string_carries_every_character_a_summary_may_hold ... ok
[INFO] [stdout] test json::tests::the_yaml_loader_reads_what_this_writer_emits ... ok
[INFO] [stdout] test json::tests::an_object_keeps_the_order_it_was_written_in ... ok
[INFO] [stderr]      Running tests/fixtures.rs (/opt/rustwide/target/release/deps/fixtures-0d14f4e1b71e715f)
[INFO] [stdout] test loader::tests::an_explicit_tag_is_forbidden ... ok
[INFO] [stdout] test loader::tests::a_blank_value_and_an_empty_string_stay_different ... ok
[INFO] [stdout] test json::tests::every_way_a_read_reaches_no_scalar_is_one_answer ... ok
[INFO] [stdout] test loader::tests::a_complex_key_is_forbidden ... ok
[INFO] [stdout] test loader::tests::an_origin_moves_every_line_and_byte_and_no_column ... ok
[INFO] [stdout] test loader::tests::an_origin_reaches_the_position_inside_a_duplicate_key_error ... ok
[INFO] [stdout] test loader::tests::anchors_aliases_and_merge_keys_are_forbidden ... ok
[INFO] [stdout] test loader::tests::duplicate_keys_are_an_error_and_name_the_first ... ok
[INFO] [stdout] test loader::tests::crlf_sources_load ... ok
[INFO] [stdout] test json::tests::a_quoted_value_reads_back_as_itself ... ok
[INFO] [stdout] test loader::tests::every_rejection_is_reported_in_source_order ... ok
[INFO] [stdout] test loader::tests::front_matter_keeps_every_other_ruling ... ok
[INFO] [stdout] test loader::tests::marker_columns_are_zero_indexed ... ok
[INFO] [stdout] test loader::tests::marker_index_counts_characters_and_the_loader_reports_bytes ... ok
[INFO] [stdout] 
[INFO] [stdout] test result: ok. 34 passed; 0 failed; 0 ignored; 0 measured; 0 filtered out; finished in 0.02s
[INFO] [stdout] 
[INFO] [stdout] 
[INFO] [stdout] running 3 tests
[INFO] [stderr] error: test failed, to rerun pass `--test fixtures`
[INFO] [stdout] test accepted_sources_load_to_the_recorded_tree ... ok
[INFO] [stdout] test this_repositorys_own_sources_load ... FAILED
[INFO] [stdout] test rejected_sources_report_the_recorded_errors ... ok
[INFO] [stdout] 
[INFO] [stdout] failures:
[INFO] [stdout] 
[INFO] [stdout] ---- this_repositorys_own_sources_load stdout ----
[INFO] [stdout] 
[INFO] [stdout] thread 'this_repositorys_own_sources_load' (336) panicked at tests/fixtures.rs:110:33:
[INFO] [stdout] cannot read /.headwater/taxonomy.yml: No such file or directory (os error 2)
[INFO] [stdout] stack backtrace:
[INFO] [stdout]    0:     0x609b8e80ba11 - <<std[70759c8f55707aa4]::sys::backtrace::BacktraceLock>::print::DisplayBacktrace as core[df12db4294e9bfd3]::fmt::Display>::fmt
[INFO] [stdout]    1:     0x609b8e81ff4a - core[df12db4294e9bfd3]::fmt::write
[INFO] [stdout]    2:     0x609b8e81019c - <alloc[2182bb758b4b3781]::vec::Vec<u8> as core[df12db4294e9bfd3]::io::write::Write>::write_fmt
[INFO] [stdout]    3:     0x609b8e7e6f36 - std[70759c8f55707aa4]::panicking::default_hook::{closure#0}
[INFO] [stdout]    4:     0x609b8e803969 - std[70759c8f55707aa4]::panicking::default_hook
[INFO] [stdout]    5:     0x609b8e780dd0 - test[9d35eded1c95d3be]::test_main_inner::<test[9d35eded1c95d3be]::test_main_static::{closure#0}>::{closure#0}
[INFO] [stdout]    6:     0x609b8e803b22 - std[70759c8f55707aa4]::panicking::panic_with_hook
[INFO] [stdout]    7:     0x609b8e7e6fe2 - std[70759c8f55707aa4]::panicking::panic_handler::{closure#0}
[INFO] [stdout]    8:     0x609b8e7dfb39 - std[70759c8f55707aa4]::sys::backtrace::__rust_end_short_backtrace::<std[70759c8f55707aa4]::panicking::panic_handler::{closure#0}, !>
[INFO] [stdout]    9:     0x609b8e7e7bdd - __rustc[8fa7c3cbc660c2b3]::rust_begin_unwind
[INFO] [stdout]   10:     0x609b8e82067c - core[df12db4294e9bfd3]::panicking::panic_fmt
[INFO] [stdout]   11:     0x609b8e7703c9 - fixtures[484da43e1b6d7977]::this_repositorys_own_sources_load::{closure#0}
[INFO] [stdout]   12:     0x609b8e771910 - <fixtures[484da43e1b6d7977]::this_repositorys_own_sources_load::{closure#0} as core[df12db4294e9bfd3]::ops::function::FnOnce<()>>::call_once
[INFO] [stdout]   13:     0x609b8e7740bb - test[9d35eded1c95d3be]::__rust_begin_short_backtrace::<core[df12db4294e9bfd3]::result::Result<(), alloc[2182bb758b4b3781]::string::String>, fn() -> core[df12db4294e9bfd3]::result::Result<(), alloc[2182bb758b4b3781]::string::String>>
[INFO] [stdout]   14:     0x609b8e781725 - test[9d35eded1c95d3be]::run_test::{closure#0}
[INFO] [stdout]   15:     0x609b8e77afe4 - std[70759c8f55707aa4]::sys::backtrace::__rust_begin_short_backtrace::<test[9d35eded1c95d3be]::run_test::{closure#1}, ()>
[INFO] [stdout]   16:     0x609b8e784882 - <std[70759c8f55707aa4]::thread::lifecycle::spawn_unchecked<test[9d35eded1c95d3be]::run_test::{closure#1}, ()>::{closure#1} as core[df12db4294e9bfd3]::ops::function::FnOnce<()>>::call_once::{shim:vtable#0}
[INFO] [stdout]   17:     0x609b8e80ad89 - <std[70759c8f55707aa4]::sys::thread::unix::Thread>::new::thread_start
[INFO] [stdout]   18:     0x7579b73d7dfa - <unknown>
[INFO] [stdout]   19:     0x7579b746b3d4 - clone
[INFO] [stdout]   20:                0x0 - <unknown>
[INFO] [stdout] 
[INFO] [stdout] 
[INFO] [stdout] failures:
[INFO] [stdout]     this_repositorys_own_sources_load
[INFO] [stdout] 
[INFO] [stdout] test result: FAILED. 2 passed; 1 failed; 0 ignored; 0 measured; 0 filtered out; finished in 0.01s
[INFO] [stdout] 
[INFO] running `Command { std: "docker" "inspect" "c4a8e22c720667d30c5e3a96f0f470d5d0f3540b9a64cae72749466558420acc", kill_on_drop: false }`
[INFO] running `Command { std: "docker" "rm" "-f" "c4a8e22c720667d30c5e3a96f0f470d5d0f3540b9a64cae72749466558420acc", kill_on_drop: false }`
[INFO] [stdout] c4a8e22c720667d30c5e3a96f0f470d5d0f3540b9a64cae72749466558420acc
