[INFO] fetching crate headwater-meta 0.5.0...
[INFO] testing headwater-meta-0.5.0 against 1.99.0-beta.8+cargoflags=--release for beta-release-1.100-2
[INFO] extracting crate headwater-meta 0.5.0 into /workspace/builds/worker-3-tc1/source
[INFO] started tweaking crates.io crate headwater-meta 0.5.0
[INFO] removed 0 missing tests
[INFO] finished tweaking crates.io crate headwater-meta 0.5.0
[INFO] tweaked toml for crates.io crate headwater-meta 0.5.0 written to /workspace/builds/worker-3-tc1/source/Cargo.toml
[INFO] validating manifest of crates.io crate headwater-meta 0.5.0 on toolchain 1.99.0-beta.8
[INFO] running `Command { std: CARGO_HOME="/workspace/cargo-home" RUSTUP_HOME="/workspace/rustup-home" "/workspace/cargo-home/bin/cargo" "+1.99.0-beta.8" "metadata" "--manifest-path" "Cargo.toml" "--no-deps", kill_on_drop: false }`
[INFO] crate crates.io crate headwater-meta 0.5.0 already has a lockfile, it will not be regenerated
[INFO] running `Command { std: CARGO_HOME="/workspace/cargo-home" RUSTUP_HOME="/workspace/rustup-home" "/workspace/cargo-home/bin/cargo" "+1.99.0-beta.8" "fetch" "--manifest-path" "Cargo.toml", kill_on_drop: false }`
[INFO] [stderr]     Updating crates.io index
[INFO] [stderr]  Downloading crates ...
[INFO] [stderr]   Downloaded headwater-yaml v0.5.0
[INFO] [stderr]   Downloaded headwater-ref v0.5.0
[INFO] running `Command { std: "docker" "create" "-v" "/var/lib/crater-agent-workspace/builds/worker-3-tc1/source:/opt/rustwide/workdir:ro,Z" "-v" "/var/lib/crater-agent-workspace/builds/worker-3-tc1/target:/opt/rustwide/target:rw,Z" "-v" "/var/lib/crater-agent-workspace/cargo-home:/opt/rustwide/cargo-home:ro,Z" "-v" "/var/lib/crater-agent-workspace/rustup-home:/opt/rustwide/rustup-home:ro,Z" "-m" "1610612736" "--network" "none" "ghcr.io/rust-lang/crates-build-env/linux@sha256:77db811e55d90add9212f6832c23229e3de5f1c1f9905e8cb07319ea15df73ac" "sleep" "infinity", kill_on_drop: false }`
[INFO] [stdout] 465de9aec231754ff41d7b07ecea9a3930efcc66b3817f2b41b46448607a0ebe
[INFO] running `Command { std: "docker" "start" "465de9aec231754ff41d7b07ecea9a3930efcc66b3817f2b41b46448607a0ebe", kill_on_drop: false }`
[INFO] running `Command { std: "docker" "inspect" "465de9aec231754ff41d7b07ecea9a3930efcc66b3817f2b41b46448607a0ebe", kill_on_drop: false }`
[INFO] running `Command { std: "docker" "exec" "-e" "SOURCE_DIR=/opt/rustwide/workdir" "-e" "CARGO_HOME=/opt/rustwide/cargo-home" "-e" "RUSTUP_HOME=/opt/rustwide/rustup-home" "-e" "CARGO_TARGET_DIR=/opt/rustwide/target" "-w" "/opt/rustwide/workdir" "--user" "0:0" "465de9aec231754ff41d7b07ecea9a3930efcc66b3817f2b41b46448607a0ebe" "/opt/rustwide/cargo-home/bin/cargo" "+1.99.0-beta.8" "metadata" "--no-deps" "--format-version=1", kill_on_drop: false }`
[INFO] running `Command { std: "docker" "inspect" "465de9aec231754ff41d7b07ecea9a3930efcc66b3817f2b41b46448607a0ebe", kill_on_drop: false }`
[INFO] running `Command { std: "docker" "exec" "-e" "SOURCE_DIR=/opt/rustwide/workdir" "-e" "CARGO_HOME=/opt/rustwide/cargo-home" "-e" "RUSTUP_HOME=/opt/rustwide/rustup-home" "-e" "CARGO_TARGET_DIR=/opt/rustwide/target" "-e" "CARGO_INCREMENTAL=0" "-e" "RUST_BACKTRACE=full" "-e" "RUSTFLAGS=--cap-lints=warn" "-e" "RUSTDOCFLAGS=--cap-lints=warn" "-w" "/opt/rustwide/workdir" "--user" "0:0" "465de9aec231754ff41d7b07ecea9a3930efcc66b3817f2b41b46448607a0ebe" "/opt/rustwide/cargo-home/bin/cargo" "+1.99.0-beta.8" "build" "--frozen" "--message-format=json" "--release", kill_on_drop: false }`
[INFO] [stderr]    Compiling thiserror v2.0.20
[INFO] [stderr]    Compiling headwater-ref v0.5.0
[INFO] [stderr]    Compiling saphyr-parser v0.0.11
[INFO] [stderr]    Compiling headwater-yaml v0.5.0
[INFO] [stderr]    Compiling headwater-meta v0.5.0 (/opt/rustwide/workdir)
[INFO] [stderr]     Finished `release` profile [optimized] target(s) in 4.98s
[INFO] running `Command { std: "docker" "inspect" "465de9aec231754ff41d7b07ecea9a3930efcc66b3817f2b41b46448607a0ebe", kill_on_drop: false }`
[INFO] running `Command { std: "docker" "exec" "-e" "SOURCE_DIR=/opt/rustwide/workdir" "-e" "CARGO_HOME=/opt/rustwide/cargo-home" "-e" "RUSTUP_HOME=/opt/rustwide/rustup-home" "-e" "CARGO_TARGET_DIR=/opt/rustwide/target" "-e" "CARGO_INCREMENTAL=0" "-e" "RUST_BACKTRACE=full" "-e" "RUSTFLAGS=--cap-lints=warn" "-e" "RUSTDOCFLAGS=--cap-lints=warn" "-w" "/opt/rustwide/workdir" "--user" "0:0" "465de9aec231754ff41d7b07ecea9a3930efcc66b3817f2b41b46448607a0ebe" "/opt/rustwide/cargo-home/bin/cargo" "+1.99.0-beta.8" "test" "--frozen" "--no-run" "--message-format=json" "--release", kill_on_drop: false }`
[INFO] [stderr]    Compiling headwater-meta v0.5.0 (/opt/rustwide/workdir)
[INFO] [stderr]     Finished `release` profile [optimized] target(s) in 2.77s
[INFO] running `Command { std: "docker" "inspect" "465de9aec231754ff41d7b07ecea9a3930efcc66b3817f2b41b46448607a0ebe", kill_on_drop: false }`
[INFO] running `Command { std: "docker" "exec" "-e" "SOURCE_DIR=/opt/rustwide/workdir" "-e" "CARGO_HOME=/opt/rustwide/cargo-home" "-e" "RUSTUP_HOME=/opt/rustwide/rustup-home" "-e" "CARGO_TARGET_DIR=/opt/rustwide/target" "-e" "CARGO_INCREMENTAL=0" "-e" "RUST_BACKTRACE=full" "-e" "RUSTFLAGS=--cap-lints=warn" "-e" "RUSTDOCFLAGS=--cap-lints=warn" "-w" "/opt/rustwide/workdir" "--user" "0:0" "465de9aec231754ff41d7b07ecea9a3930efcc66b3817f2b41b46448607a0ebe" "/opt/rustwide/cargo-home/bin/cargo" "+1.99.0-beta.8" "test" "--frozen" "--release", kill_on_drop: false }`
[INFO] [stderr]     Finished `release` profile [optimized] target(s) in 0.04s
[INFO] [stderr]      Running unittests src/lib.rs (/opt/rustwide/target/release/deps/headwater_meta-576297b56d37e209)
[INFO] [stdout] 
[INFO] [stdout] running 32 tests
[INFO] [stdout] test identifier::tests::a_pattern_this_module_cannot_read_says_so ... ok
[INFO] [stdout] test identifier::tests::a_prefix_is_the_run_before_the_first_placeholder_that_is_not_the_namespace ... ok
[INFO] [stdout] test identifier::tests::a_namespace_placeholder_is_the_declared_namespace_and_no_other_string ... ok
[INFO] [stdout] test identifier::tests::a_sequence_placeholder_is_the_width_the_declaration_writes ... ok
[INFO] [stdout] test identifier::tests::a_slug_admits_a_sequence_so_the_two_are_not_disjoint ... ok
[INFO] [stdout] test identifier::tests::a_rendered_template_is_the_shape_an_identifier_takes ... ok
[INFO] [stdout] test identifier::tests::a_digit_position_meets_a_literal_one_only_on_a_digit ... ok
[INFO] [stdout] test identifier::tests::a_namespace_that_spells_another_with_its_literal_is_not_disjoint ... ok
[INFO] [stdout] test identifier::tests::a_refusal_names_the_segment_that_stopped_the_match ... ok
[INFO] [stdout] test identifier::tests::a_slug_is_a_free_token_and_nothing_here_states_its_alphabet ... ok
[INFO] [stdout] test identifier::tests::two_closed_templates_of_different_lengths_are_disjoint ... ok
[INFO] [stdout] test identifier::tests::the_literal_prefix_has_to_be_there ... ok
[INFO] [stdout] test identifier::tests::two_namespaces_that_differ_in_one_position_make_two_schemes_disjoint ... ok
[INFO] [stdout] test identifier::tests::a_type_token_between_two_schemes_makes_them_disjoint ... ok
[INFO] [stdout] test identifier::tests::an_early_free_token_absorbs_a_longer_scheme ... ok
[INFO] [stdout] test pattern::tests::a_star_stays_inside_one_segment ... ok
[INFO] [stdout] test pattern::tests::a_trailing_any_depth_matches_the_directory_and_everything_under_it ... ok
[INFO] [stdout] test pattern::tests::overlap_agrees_with_matching_on_every_path_a_pattern_admits ... ok
[INFO] [stdout] test schema::tests::the_unread_disclosure_stands_beside_every_key_of_the_extends_family ... ok
[INFO] [stdout] test pattern::tests::overlap_finds_the_pairs_that_no_corpus_has_to_exist_to_show ... ok
[INFO] [stdout] test pattern::tests::specificity_orders_the_patterns_this_repository_declares ... ok
[INFO] [stdout] test schema::tests::a_block_that_names_nothing_is_refused_when_the_meta_schema_loads ... ok
[INFO] [stdout] test identifier::tests::disjointness_agrees_with_what_the_two_templates_admit ... ok
[INFO] [stdout] test schema::tests::an_address_below_a_map_reaches_the_value_shape ... ok
[INFO] [stdout] test schema::tests::a_block_reached_through_a_map_may_name_itself ... ok
[INFO] [stdout] test schema::tests::a_block_that_names_itself_is_refused_when_the_meta_schema_loads ... ok
[INFO] [stdout] test schema::tests::a_shape_carries_one_form_and_the_file_is_refused_if_it_carries_two ... ok
[INFO] [stdout] test pattern::tests::any_depth_can_sit_in_the_middle ... ok
[INFO] [stdout] test identifier::tests::two_sequences_of_different_widths_are_disjoint_under_one_prefix ... ok
[INFO] [stdout] test pattern::tests::a_pattern_with_no_wildcard_is_literal_and_a_prefix_of_itself ... ok
[INFO] [stdout] test pattern::tests::a_wildcard_pattern_is_not_literal_and_its_prefix_stops_before_the_wildcard ... ok
[INFO] [stdout] test schema::tests::the_shipped_meta_schema_loads ... ok
[INFO] [stdout] 
[INFO] [stdout] test result: ok. 32 passed; 0 failed; 0 ignored; 0 measured; 0 filtered out; finished in 0.02s
[INFO] [stdout] 
[INFO] [stderr]      Running tests/fixtures.rs (/opt/rustwide/target/release/deps/fixtures-45c13a9ea153e091)
[INFO] [stdout] 
[INFO] [stdout] running 5 tests
[INFO] [stdout] test overlay_sources_validate_to_the_recorded_verdict ... ok
[INFO] [stdout] test addresses_land_where_the_record_says ... ok
[INFO] [stdout] test the_meta_schema_reads_to_the_recorded_shapes ... ok
[INFO] [stdout] test taxonomy_sources_validate_to_the_recorded_verdict ... ok
[INFO] [stdout] test this_repositorys_own_sources_validate_to_the_recorded_verdict ... FAILED
[INFO] [stdout] 
[INFO] [stdout] failures:
[INFO] [stdout] 
[INFO] [stdout] ---- this_repositorys_own_sources_validate_to_the_recorded_verdict stdout ----
[INFO] [stdout] 
[INFO] [stdout] thread 'this_repositorys_own_sources_validate_to_the_recorded_verdict' (300) panicked at tests/fixtures.rs:79:29:
[INFO] [stdout] cannot read /.headwater/packages/headwater-standard/taxonomy.yml: No such file or directory (os error 2)
[INFO] [stdout] stack backtrace:
[INFO] [stdout]    0:     0x59a355ce3a01 - <<std[70759c8f55707aa4]::sys::backtrace::BacktraceLock>::print::DisplayBacktrace as core[df12db4294e9bfd3]::fmt::Display>::fmt
[INFO] [stdout]    1:     0x59a355cf80ea - core[df12db4294e9bfd3]::fmt::write
[INFO] [stdout]    2:     0x59a355ce818c - <alloc[2182bb758b4b3781]::vec::Vec<u8> as core[df12db4294e9bfd3]::io::write::Write>::write_fmt
[INFO] [stdout]    3:     0x59a355cbef26 - std[70759c8f55707aa4]::panicking::default_hook::{closure#0}
[INFO] [stdout]    4:     0x59a355cdb959 - std[70759c8f55707aa4]::panicking::default_hook
[INFO] [stdout]    5:     0x59a355c44f30 - test[9d35eded1c95d3be]::test_main_inner::<test[9d35eded1c95d3be]::test_main_static::{closure#0}>::{closure#0}
[INFO] [stdout]    6:     0x59a355cdbb12 - std[70759c8f55707aa4]::panicking::panic_with_hook
[INFO] [stdout]    7:     0x59a355cbefd2 - std[70759c8f55707aa4]::panicking::panic_handler::{closure#0}
[INFO] [stdout]    8:     0x59a355cb7b29 - std[70759c8f55707aa4]::sys::backtrace::__rust_end_short_backtrace::<std[70759c8f55707aa4]::panicking::panic_handler::{closure#0}, !>
[INFO] [stdout]    9:     0x59a355cbfbcd - __rustc[8fa7c3cbc660c2b3]::rust_begin_unwind
[INFO] [stdout]   10:     0x59a355cf881c - core[df12db4294e9bfd3]::panicking::panic_fmt
[INFO] [stdout]   11:     0x59a355c2ed79 - fixtures[8d4bf6faa23efaaf]::load::{closure#0}
[INFO] [stdout]   12:     0x59a355c2f8c0 - fixtures[8d4bf6faa23efaaf]::load
[INFO] [stdout]   13:     0x59a355c32d5d - <fixtures[8d4bf6faa23efaaf]::this_repositorys_own_sources_validate_to_the_recorded_verdict::{closure#0} as core[df12db4294e9bfd3]::ops::function::FnOnce<()>>::call_once
[INFO] [stdout]   14:     0x59a355c3821b - test[9d35eded1c95d3be]::__rust_begin_short_backtrace::<core[df12db4294e9bfd3]::result::Result<(), alloc[2182bb758b4b3781]::string::String>, fn() -> core[df12db4294e9bfd3]::result::Result<(), alloc[2182bb758b4b3781]::string::String>>
[INFO] [stdout]   15:     0x59a355c45885 - test[9d35eded1c95d3be]::run_test::{closure#0}
[INFO] [stdout]   16:     0x59a355c3f144 - std[70759c8f55707aa4]::sys::backtrace::__rust_begin_short_backtrace::<test[9d35eded1c95d3be]::run_test::{closure#1}, ()>
[INFO] [stdout]   17:     0x59a355c489e2 - <std[70759c8f55707aa4]::thread::lifecycle::spawn_unchecked<test[9d35eded1c95d3be]::run_test::{closure#1}, ()>::{closure#1} as core[df12db4294e9bfd3]::ops::function::FnOnce<()>>::call_once::{shim:vtable#0}
[INFO] [stdout]   18:     0x59a355ce2d79 - <std[70759c8f55707aa4]::sys::thread::unix::Thread>::new::thread_start
[INFO] [stdout]   19:     0x789f45a10dfa - <unknown>
[INFO] [stdout]   20:     0x789f45aa43d4 - clone
[INFO] [stdout]   21:                0x0 - <unknown>
[INFO] [stdout] 
[INFO] [stdout] 
[INFO] [stdout] failures:
[INFO] [stdout]     this_repositorys_own_sources_validate_to_the_recorded_verdict
[INFO] [stdout] 
[INFO] [stdout] test result: FAILED. 4 passed; 1 failed; 0 ignored; 0 measured; 0 filtered out; finished in 0.07s
[INFO] [stdout] 
[INFO] [stderr] error: test failed, to rerun pass `--test fixtures`
[INFO] running `Command { std: "docker" "inspect" "465de9aec231754ff41d7b07ecea9a3930efcc66b3817f2b41b46448607a0ebe", kill_on_drop: false }`
[INFO] running `Command { std: "docker" "rm" "-f" "465de9aec231754ff41d7b07ecea9a3930efcc66b3817f2b41b46448607a0ebe", kill_on_drop: false }`
[INFO] [stdout] 465de9aec231754ff41d7b07ecea9a3930efcc66b3817f2b41b46448607a0ebe
