[INFO] fetching crate headwater-import 0.5.0...
[INFO] testing headwater-import-0.5.0 against 1.100.0-beta.1+cargoflags=--release for beta-release-1.100-2
[INFO] extracting crate headwater-import 0.5.0 into /workspace/builds/worker-0-tc2/source
[INFO] started tweaking crates.io crate headwater-import 0.5.0
[INFO] removed 0 missing tests
[INFO] finished tweaking crates.io crate headwater-import 0.5.0
[INFO] tweaked toml for crates.io crate headwater-import 0.5.0 written to /workspace/builds/worker-0-tc2/source/Cargo.toml
[INFO] validating manifest of crates.io crate headwater-import 0.5.0 on toolchain 1.100.0-beta.1
[INFO] running `Command { std: CARGO_HOME="/workspace/cargo-home" RUSTUP_HOME="/workspace/rustup-home" "/workspace/cargo-home/bin/cargo" "+1.100.0-beta.1" "metadata" "--manifest-path" "Cargo.toml" "--no-deps", kill_on_drop: false }`
[INFO] crate crates.io crate headwater-import 0.5.0 already has a lockfile, it will not be regenerated
[INFO] running `Command { std: CARGO_HOME="/workspace/cargo-home" RUSTUP_HOME="/workspace/rustup-home" "/workspace/cargo-home/bin/cargo" "+1.100.0-beta.1" "fetch" "--manifest-path" "Cargo.toml", kill_on_drop: false }`
[INFO] running `Command { std: "docker" "create" "-v" "/var/lib/crater-agent-workspace/builds/worker-0-tc2/source:/opt/rustwide/workdir:ro,Z" "-v" "/var/lib/crater-agent-workspace/builds/worker-0-tc2/target:/opt/rustwide/target:rw,Z" "-v" "/var/lib/crater-agent-workspace/cargo-home:/opt/rustwide/cargo-home:ro,Z" "-v" "/var/lib/crater-agent-workspace/rustup-home:/opt/rustwide/rustup-home:ro,Z" "-m" "1610612736" "--network" "none" "ghcr.io/rust-lang/crates-build-env/linux@sha256:77db811e55d90add9212f6832c23229e3de5f1c1f9905e8cb07319ea15df73ac" "sleep" "infinity", kill_on_drop: false }`
[INFO] [stdout] ec26100a9c038ea647d0c0f409ca14798512c70c4ce1e698d7a38df81065480e
[INFO] running `Command { std: "docker" "start" "ec26100a9c038ea647d0c0f409ca14798512c70c4ce1e698d7a38df81065480e", kill_on_drop: false }`
[INFO] running `Command { std: "docker" "inspect" "ec26100a9c038ea647d0c0f409ca14798512c70c4ce1e698d7a38df81065480e", kill_on_drop: false }`
[INFO] running `Command { std: "docker" "exec" "-e" "SOURCE_DIR=/opt/rustwide/workdir" "-e" "CARGO_HOME=/opt/rustwide/cargo-home" "-e" "RUSTUP_HOME=/opt/rustwide/rustup-home" "-e" "CARGO_TARGET_DIR=/opt/rustwide/target" "-w" "/opt/rustwide/workdir" "--user" "0:0" "ec26100a9c038ea647d0c0f409ca14798512c70c4ce1e698d7a38df81065480e" "/opt/rustwide/cargo-home/bin/cargo" "+1.100.0-beta.1" "metadata" "--no-deps" "--format-version=1", kill_on_drop: false }`
[INFO] running `Command { std: "docker" "inspect" "ec26100a9c038ea647d0c0f409ca14798512c70c4ce1e698d7a38df81065480e", kill_on_drop: false }`
[INFO] running `Command { std: "docker" "exec" "-e" "SOURCE_DIR=/opt/rustwide/workdir" "-e" "CARGO_HOME=/opt/rustwide/cargo-home" "-e" "RUSTUP_HOME=/opt/rustwide/rustup-home" "-e" "CARGO_TARGET_DIR=/opt/rustwide/target" "-e" "CARGO_INCREMENTAL=0" "-e" "RUST_BACKTRACE=full" "-e" "RUSTFLAGS=--cap-lints=warn" "-e" "RUSTDOCFLAGS=--cap-lints=warn" "-w" "/opt/rustwide/workdir" "--user" "0:0" "ec26100a9c038ea647d0c0f409ca14798512c70c4ce1e698d7a38df81065480e" "/opt/rustwide/cargo-home/bin/cargo" "+1.100.0-beta.1" "build" "--frozen" "--message-format=json" "--release", kill_on_drop: false }`
[INFO] [stderr]    Compiling thiserror v2.0.20
[INFO] [stderr]    Compiling thiserror-impl v2.0.20
[INFO] [stderr]    Compiling arraydeque v0.5.1
[INFO] [stderr]    Compiling pulldown-cmark v0.13.4
[INFO] [stderr]    Compiling headwater-ref v0.5.0
[INFO] [stderr]    Compiling headwater-hash v0.5.0
[INFO] [stderr]    Compiling headwater-paint v0.5.0
[INFO] [stderr]    Compiling headwater-resolve v0.5.0
[INFO] [stderr]    Compiling headwater-mark v0.5.0
[INFO] [stderr]    Compiling headwater-vcs v0.5.0
[INFO] [stderr]    Compiling saphyr-parser v0.0.11
[INFO] [stderr]    Compiling headwater-yaml v0.5.0
[INFO] [stderr]    Compiling headwater-doc v0.5.0
[INFO] [stderr]    Compiling headwater-meta v0.5.0
[INFO] [stderr]    Compiling headwater-census v0.5.0
[INFO] [stderr]    Compiling headwater-graph v0.5.0
[INFO] [stderr]    Compiling headwater-check v0.5.0
[INFO] [stderr]    Compiling headwater-scaffold v0.5.0
[INFO] [stderr]    Compiling headwater-import v0.5.0 (/opt/rustwide/workdir)
[INFO] [stderr]     Finished `release` profile [optimized] target(s) in 44.29s
[INFO] running `Command { std: "docker" "inspect" "ec26100a9c038ea647d0c0f409ca14798512c70c4ce1e698d7a38df81065480e", kill_on_drop: false }`
[INFO] running `Command { std: "docker" "exec" "-e" "SOURCE_DIR=/opt/rustwide/workdir" "-e" "CARGO_HOME=/opt/rustwide/cargo-home" "-e" "RUSTUP_HOME=/opt/rustwide/rustup-home" "-e" "CARGO_TARGET_DIR=/opt/rustwide/target" "-e" "CARGO_INCREMENTAL=0" "-e" "RUST_BACKTRACE=full" "-e" "RUSTFLAGS=--cap-lints=warn" "-e" "RUSTDOCFLAGS=--cap-lints=warn" "-w" "/opt/rustwide/workdir" "--user" "0:0" "ec26100a9c038ea647d0c0f409ca14798512c70c4ce1e698d7a38df81065480e" "/opt/rustwide/cargo-home/bin/cargo" "+1.100.0-beta.1" "test" "--frozen" "--no-run" "--message-format=json" "--release", kill_on_drop: false }`
[INFO] [stderr]    Compiling headwater-import v0.5.0 (/opt/rustwide/workdir)
[INFO] [stderr]     Finished `release` profile [optimized] target(s) in 5.41s
[INFO] running `Command { std: "docker" "inspect" "ec26100a9c038ea647d0c0f409ca14798512c70c4ce1e698d7a38df81065480e", kill_on_drop: false }`
[INFO] running `Command { std: "docker" "exec" "-e" "SOURCE_DIR=/opt/rustwide/workdir" "-e" "CARGO_HOME=/opt/rustwide/cargo-home" "-e" "RUSTUP_HOME=/opt/rustwide/rustup-home" "-e" "CARGO_TARGET_DIR=/opt/rustwide/target" "-e" "CARGO_INCREMENTAL=0" "-e" "RUST_BACKTRACE=full" "-e" "RUSTFLAGS=--cap-lints=warn" "-e" "RUSTDOCFLAGS=--cap-lints=warn" "-w" "/opt/rustwide/workdir" "--user" "0:0" "ec26100a9c038ea647d0c0f409ca14798512c70c4ce1e698d7a38df81065480e" "/opt/rustwide/cargo-home/bin/cargo" "+1.100.0-beta.1" "test" "--frozen" "--release", kill_on_drop: false }`
[INFO] [stderr]     Finished `release` profile [optimized] target(s) in 0.04s
[INFO] [stderr]      Running unittests src/lib.rs (/opt/rustwide/target/release/build/headwater-import/da3a5de6626cee25/out/headwater_import-da3a5de6626cee25)
[INFO] [stdout] 
[INFO] [stdout] running 11 tests
[INFO] [stdout] test anchors::tests::a_snapshot_that_did_not_open_refuses_every_string_with_the_reason ... ok
[INFO] [stdout] test anchors::tests::a_declaration_that_names_no_resolver_supplies_nothing ... ok
[INFO] [stdout] test anchors::tests::the_binding_carries_the_revision_the_snapshot_pinned ... ok
[INFO] [stdout] test snapshot::tests::a_payload_reads_its_items_and_its_links ... ok
[INFO] [stdout] test snapshot::tests::a_later_format_is_named_rather_than_guessed_at ... ok
[INFO] [stdout] test snapshot::tests::a_payload_with_no_fetch_time_is_refused ... ok
[INFO] [stdout] test anchors::tests::an_unpinned_snapshot_supplies_a_resolver_that_binds_nothing ... ok
[INFO] [stdout] test anchors::tests::an_item_the_snapshot_pinned_binds_to_the_identity_the_far_end_spells ... ok
[INFO] [stdout] test anchors::tests::an_identity_the_snapshot_does_not_hold_is_reported_and_never_bound ... ok
[INFO] [stderr]      Running tests/drift.rs (/opt/rustwide/target/release/build/headwater-import/2bdcebe14d2b06f4/out/drift-2bdcebe14d2b06f4)
[INFO] [stdout] test snapshot::tests::an_item_with_no_revision_is_refused ... ok
[INFO] [stdout] test anchors::tests::surrounding_space_is_trimmed_and_nothing_else_is ... ok
[INFO] [stdout] 
[INFO] [stdout] test result: ok. 11 passed; 0 failed; 0 ignored; 0 measured; 0 filtered out; finished in 0.01s
[INFO] [stdout] 
[INFO] [stdout] 
[INFO] [stdout] running 4 tests
[INFO] [stdout] test an_edge_of_an_importable_relation_with_no_recorded_revision_is_not_suspect ... ok
[INFO] [stdout] test a_revision_that_moved_under_a_cached_run_is_not_served_from_the_entry_before_it ... ok
[INFO] [stdout] test an_edge_whose_verified_revision_moved_is_reported_at_the_document_that_declares_it ... ok
[INFO] [stdout] test an_edge_whose_verified_revision_matches_the_snapshot_is_not_suspect ... ok
[INFO] [stdout] 
[INFO] [stdout] test result: ok. 4 passed; 0 failed; 0 ignored; 0 measured; 0 filtered out; finished in 0.01s
[INFO] [stdout] 
[INFO] [stderr]      Running tests/fixtures.rs (/opt/rustwide/target/release/build/headwater-import/c49ea06a6b788a04/out/fixtures-c49ea06a6b788a04)
[INFO] [stdout] 
[INFO] [stdout] running 25 tests
[INFO] [stdout] test a_relation_from_an_abstract_kind_admits_the_kinds_under_it ... ok
[INFO] [stdout] test a_file_the_record_does_not_name_is_refused ... ok
[INFO] [stdout] test a_consistent_forgery_is_refused_by_the_pin ... ok
[INFO] [stdout] test a_link_whose_relation_is_not_declared_is_refused ... ok
[INFO] [stdout] test an_import_that_is_not_a_mapping_is_refused_by_name ... ok
[INFO] [stdout] test a_link_out_of_a_document_that_does_not_exist_is_refused ... ok
[INFO] [stdout] test a_relation_that_ends_on_no_anchor_is_refused ... ok
[INFO] [stdout] test an_import_whose_path_leaves_the_repository_is_refused_by_name ... ok
[INFO] [stdout] test a_changed_byte_is_refused_and_the_file_is_named ... ok
[INFO] [stdout] test a_link_refused_at_the_plan_leaves_every_document_as_it_found_it ... ok
[INFO] [stdout] test an_import_whose_path_leaves_the_repository_through_a_symlink_is_refused_by_name ... ok
[INFO] [stdout] test a_repeated_link_is_refused ... ok
[INFO] [stdout] test a_directory_with_no_payload_is_not_a_snapshot ... ok
[INFO] [stdout] test a_relation_an_importer_may_not_pay_for_is_refused ... ok
[INFO] [stdout] test an_import_is_declared_beside_the_taxonomy_pin ... ok
[INFO] [stdout] test an_edge_half_that_cannot_be_opened_leaves_every_other_document_as_it_was ... FAILED
[INFO] [stdout] test an_imports_block_that_is_not_a_mapping_is_refused_by_name ... ok
[INFO] [stdout] test every_wrong_link_is_reported_and_not_only_the_first ... ok
[INFO] [stdout] test an_unpinned_snapshot_is_refused_rather_than_self_certified ... ok
[INFO] [stdout] test a_link_out_of_a_kind_the_relation_refuses_is_refused ... ok
[INFO] [stdout] test a_declaration_that_names_no_resolver_is_refused ... ok
[INFO] [stdout] test a_digest_with_no_channel_beside_it_is_refused ... ok
[INFO] [stdout] test a_link_into_an_item_the_snapshot_does_not_hold_is_refused ... ok
[INFO] [stdout] test a_write_refused_before_it_started_says_nothing_was_written ... FAILED
[INFO] [stdout] test a_pinned_snapshot_writes_one_edge_per_link_and_writes_it_once ... ok
[INFO] [stdout] 
[INFO] [stdout] failures:
[INFO] [stdout] 
[INFO] [stderr] error: test failed, to rerun pass `--test fixtures`
[INFO] [stdout] ---- an_edge_half_that_cannot_be_opened_leaves_every_other_document_as_it_was stdout ----
[INFO] [stdout] 
[INFO] [stdout] thread 'an_edge_half_that_cannot_be_opened_leaves_every_other_document_as_it_was' (891) panicked at tests/fixtures.rs:349:10:
[INFO] [stdout] the second document cannot be opened for writing: ()
[INFO] [stdout] stack backtrace:
[INFO] [stdout]    0:     0x559ea9aceaa1 - <<std[617be2ca0a6fd877]::sys::backtrace::BacktraceLock>::print::DisplayBacktrace as core[a373ad73a504971]::fmt::Display>::fmt
[INFO] [stdout]    1:     0x559ea9ae3f7a - core[a373ad73a504971]::fmt::write
[INFO] [stdout]    2:     0x559ea9ad30bc - <alloc[2e1b2a31b91974c5]::vec::Vec<u8> as core[a373ad73a504971]::io::write::Write>::write_fmt
[INFO] [stdout]    3:     0x559ea9aa82b6 - std[617be2ca0a6fd877]::panicking::default_hook::{closure#0}
[INFO] [stdout]    4:     0x559ea9ac58d9 - std[617be2ca0a6fd877]::panicking::default_hook
[INFO] [stdout]    5:     0x559ea99d0c50 - test[aada8e7e76ba119b]::test_main_inner::{closure#0}
[INFO] [stdout]    6:     0x559ea9ac5a92 - std[617be2ca0a6fd877]::panicking::panic_with_hook
[INFO] [stdout]    7:     0x559ea9aa8362 - std[617be2ca0a6fd877]::panicking::panic_handler::{closure#0}
[INFO] [stdout]    8:     0x559ea9aa0cc9 - std[617be2ca0a6fd877]::sys::backtrace::__rust_end_short_backtrace::<std[617be2ca0a6fd877]::panicking::panic_handler::{closure#0}, !>
[INFO] [stdout]    9:     0x559ea9aa911d - __rustc[ea4f61d10b84890b]::rust_begin_unwind
[INFO] [stdout]   10:     0x559ea9ae46ac - core[a373ad73a504971]::panicking::panic_fmt
[INFO] [stdout]   11:     0x559ea9ae4482 - core[a373ad73a504971]::result::unwrap_failed
[INFO] [stdout]   12:     0x559ea99b483a - fixtures[9e089a6f0c3bd3c]::stopped
[INFO] [stdout]   13:     0x559ea99beaba - <fixtures[9e089a6f0c3bd3c]::an_edge_half_that_cannot_be_opened_leaves_every_other_document_as_it_was::{closure#0} as core[a373ad73a504971]::ops::function::FnOnce<()>>::call_once
[INFO] [stdout]   14:     0x559ea99c409b - test[aada8e7e76ba119b]::__rust_begin_short_backtrace::<core[a373ad73a504971]::result::Result<(), alloc[2e1b2a31b91974c5]::string::String>, fn() -> core[a373ad73a504971]::result::Result<(), alloc[2e1b2a31b91974c5]::string::String>>
[INFO] [stdout]   15:     0x559ea99d1275 - test[aada8e7e76ba119b]::run_test::{closure#0}
[INFO] [stdout]   16:     0x559ea99cab64 - std[617be2ca0a6fd877]::sys::backtrace::__rust_begin_short_backtrace::<test[aada8e7e76ba119b]::run_test::{closure#1}, ()>
[INFO] [stdout]   17:     0x559ea99d4302 - <std[617be2ca0a6fd877]::thread::lifecycle::spawn_unchecked<test[aada8e7e76ba119b]::run_test::{closure#1}, ()>::{closure#1} as core[a373ad73a504971]::ops::function::FnOnce<()>>::call_once::{shim:vtable#0}
[INFO] [stdout]   18:     0x559ea9acdaaf - <std[617be2ca0a6fd877]::sys::thread::unix::Thread>::new::thread_start
[INFO] [stdout]   19:     0x79a537535dfa - <unknown>
[INFO] [stdout]   20:     0x79a5375c93d4 - clone
[INFO] [stdout]   21:                0x0 - <unknown>
[INFO] [stdout] 
[INFO] [stdout] ---- a_write_refused_before_it_started_says_nothing_was_written stdout ----
[INFO] [stdout] 
[INFO] [stdout] thread 'a_write_refused_before_it_started_says_nothing_was_written' (890) panicked at tests/fixtures.rs:349:10:
[INFO] [stdout] the second document cannot be opened for writing: ()
[INFO] [stdout] stack backtrace:
[INFO] [stdout]    0:     0x559ea9aceaa1 - <<std[617be2ca0a6fd877]::sys::backtrace::BacktraceLock>::print::DisplayBacktrace as core[a373ad73a504971]::fmt::Display>::fmt
[INFO] [stdout]    1:     0x559ea9ae3f7a - core[a373ad73a504971]::fmt::write
[INFO] [stdout]    2:     0x559ea9ad30bc - <alloc[2e1b2a31b91974c5]::vec::Vec<u8> as core[a373ad73a504971]::io::write::Write>::write_fmt
[INFO] [stdout]    3:     0x559ea9aa82b6 - std[617be2ca0a6fd877]::panicking::default_hook::{closure#0}
[INFO] [stdout]    4:     0x559ea9ac58d9 - std[617be2ca0a6fd877]::panicking::default_hook
[INFO] [stdout]    5:     0x559ea99d0c50 - test[aada8e7e76ba119b]::test_main_inner::{closure#0}
[INFO] [stdout]    6:     0x559ea9ac5a92 - std[617be2ca0a6fd877]::panicking::panic_with_hook
[INFO] [stdout]    7:     0x559ea9aa8362 - std[617be2ca0a6fd877]::panicking::panic_handler::{closure#0}
[INFO] [stdout]    8:     0x559ea9aa0cc9 - std[617be2ca0a6fd877]::sys::backtrace::__rust_end_short_backtrace::<std[617be2ca0a6fd877]::panicking::panic_handler::{closure#0}, !>
[INFO] [stdout]    9:     0x559ea9aa911d - __rustc[ea4f61d10b84890b]::rust_begin_unwind
[INFO] [stdout]   10:     0x559ea9ae46ac - core[a373ad73a504971]::panicking::panic_fmt
[INFO] [stdout]   11:     0x559ea9ae4482 - core[a373ad73a504971]::result::unwrap_failed
[INFO] [stdout]   12:     0x559ea99b483a - fixtures[9e089a6f0c3bd3c]::stopped
[INFO] [stdout]   13:     0x559ea99bc615 - <fixtures[9e089a6f0c3bd3c]::a_write_refused_before_it_started_says_nothing_was_written::{closure#0} as core[a373ad73a504971]::ops::function::FnOnce<()>>::call_once
[INFO] [stdout]   14:     0x559ea99c409b - test[aada8e7e76ba119b]::__rust_begin_short_backtrace::<core[a373ad73a504971]::result::Result<(), alloc[2e1b2a31b91974c5]::string::String>, fn() -> core[a373ad73a504971]::result::Result<(), alloc[2e1b2a31b91974c5]::string::String>>
[INFO] [stdout]   15:     0x559ea99d1275 - test[aada8e7e76ba119b]::run_test::{closure#0}
[INFO] [stdout]   16:     0x559ea99cab64 - std[617be2ca0a6fd877]::sys::backtrace::__rust_begin_short_backtrace::<test[aada8e7e76ba119b]::run_test::{closure#1}, ()>
[INFO] [stdout]   17:     0x559ea99d4302 - <std[617be2ca0a6fd877]::thread::lifecycle::spawn_unchecked<test[aada8e7e76ba119b]::run_test::{closure#1}, ()>::{closure#1} as core[a373ad73a504971]::ops::function::FnOnce<()>>::call_once::{shim:vtable#0}
[INFO] [stdout]   18:     0x559ea9acdaaf - <std[617be2ca0a6fd877]::sys::thread::unix::Thread>::new::thread_start
[INFO] [stdout]   19:     0x79a537535dfa - <unknown>
[INFO] [stdout]   20:     0x79a5375c93d4 - clone
[INFO] [stdout]   21:                0x0 - <unknown>
[INFO] [stdout] 
[INFO] [stdout] 
[INFO] [stdout] failures:
[INFO] [stdout]     a_write_refused_before_it_started_says_nothing_was_written
[INFO] [stdout]     an_edge_half_that_cannot_be_opened_leaves_every_other_document_as_it_was
[INFO] [stdout] 
[INFO] [stdout] test result: FAILED. 23 passed; 2 failed; 0 ignored; 0 measured; 0 filtered out; finished in 0.04s
[INFO] [stdout] 
[INFO] running `Command { std: "docker" "inspect" "ec26100a9c038ea647d0c0f409ca14798512c70c4ce1e698d7a38df81065480e", kill_on_drop: false }`
[INFO] running `Command { std: "docker" "rm" "-f" "ec26100a9c038ea647d0c0f409ca14798512c70c4ce1e698d7a38df81065480e", kill_on_drop: false }`
[INFO] [stdout] ec26100a9c038ea647d0c0f409ca14798512c70c4ce1e698d7a38df81065480e
