[INFO] fetching crate headwater-generate 0.5.0...
[INFO] testing headwater-generate-0.5.0 against 1.100.0-beta.1+cargoflags=--release for beta-release-1.100-2
[INFO] extracting crate headwater-generate 0.5.0 into /workspace/builds/worker-1-tc2/source
[INFO] started tweaking crates.io crate headwater-generate 0.5.0
[INFO] removed 0 missing tests
[INFO] finished tweaking crates.io crate headwater-generate 0.5.0
[INFO] tweaked toml for crates.io crate headwater-generate 0.5.0 written to /workspace/builds/worker-1-tc2/source/Cargo.toml
[INFO] validating manifest of crates.io crate headwater-generate 0.5.0 on toolchain 1.100.0-beta.1
[INFO] running `Command { std: CARGO_HOME="/workspace/cargo-home" RUSTUP_HOME="/workspace/rustup-home" "/workspace/cargo-home/bin/cargo" "+1.100.0-beta.1" "metadata" "--manifest-path" "Cargo.toml" "--no-deps", kill_on_drop: false }`
[INFO] crate crates.io crate headwater-generate 0.5.0 already has a lockfile, it will not be regenerated
[INFO] running `Command { std: CARGO_HOME="/workspace/cargo-home" RUSTUP_HOME="/workspace/rustup-home" "/workspace/cargo-home/bin/cargo" "+1.100.0-beta.1" "fetch" "--manifest-path" "Cargo.toml", kill_on_drop: false }`
[INFO] running `Command { std: "docker" "create" "-v" "/var/lib/crater-agent-workspace/builds/worker-1-tc2/source:/opt/rustwide/workdir:ro,Z" "-v" "/var/lib/crater-agent-workspace/builds/worker-1-tc2/target:/opt/rustwide/target:rw,Z" "-v" "/var/lib/crater-agent-workspace/cargo-home:/opt/rustwide/cargo-home:ro,Z" "-v" "/var/lib/crater-agent-workspace/rustup-home:/opt/rustwide/rustup-home:ro,Z" "-m" "1610612736" "--network" "none" "ghcr.io/rust-lang/crates-build-env/linux@sha256:77db811e55d90add9212f6832c23229e3de5f1c1f9905e8cb07319ea15df73ac" "sleep" "infinity", kill_on_drop: false }`
[INFO] [stdout] caa7163747b6065e41e5daf5385264e238191a7faf6942a3ab6fd499260ca387
[INFO] running `Command { std: "docker" "start" "caa7163747b6065e41e5daf5385264e238191a7faf6942a3ab6fd499260ca387", kill_on_drop: false }`
[INFO] running `Command { std: "docker" "inspect" "caa7163747b6065e41e5daf5385264e238191a7faf6942a3ab6fd499260ca387", kill_on_drop: false }`
[INFO] running `Command { std: "docker" "exec" "-e" "SOURCE_DIR=/opt/rustwide/workdir" "-e" "CARGO_HOME=/opt/rustwide/cargo-home" "-e" "RUSTUP_HOME=/opt/rustwide/rustup-home" "-e" "CARGO_TARGET_DIR=/opt/rustwide/target" "-w" "/opt/rustwide/workdir" "--user" "0:0" "caa7163747b6065e41e5daf5385264e238191a7faf6942a3ab6fd499260ca387" "/opt/rustwide/cargo-home/bin/cargo" "+1.100.0-beta.1" "metadata" "--no-deps" "--format-version=1", kill_on_drop: false }`
[INFO] running `Command { std: "docker" "inspect" "caa7163747b6065e41e5daf5385264e238191a7faf6942a3ab6fd499260ca387", kill_on_drop: false }`
[INFO] running `Command { std: "docker" "exec" "-e" "SOURCE_DIR=/opt/rustwide/workdir" "-e" "CARGO_HOME=/opt/rustwide/cargo-home" "-e" "RUSTUP_HOME=/opt/rustwide/rustup-home" "-e" "CARGO_TARGET_DIR=/opt/rustwide/target" "-e" "CARGO_INCREMENTAL=0" "-e" "RUST_BACKTRACE=full" "-e" "RUSTFLAGS=--cap-lints=warn" "-e" "RUSTDOCFLAGS=--cap-lints=warn" "-w" "/opt/rustwide/workdir" "--user" "0:0" "caa7163747b6065e41e5daf5385264e238191a7faf6942a3ab6fd499260ca387" "/opt/rustwide/cargo-home/bin/cargo" "+1.100.0-beta.1" "build" "--frozen" "--message-format=json" "--release", kill_on_drop: false }`
[INFO] [stderr]    Compiling pulldown-cmark v0.13.4
[INFO] [stderr]    Compiling unicase v2.9.0
[INFO] [stderr]    Compiling headwater-ref v0.5.0
[INFO] [stderr]    Compiling headwater-paint v0.5.0
[INFO] [stderr]    Compiling headwater-hash v0.5.0
[INFO] [stderr]    Compiling headwater-resolve v0.5.0
[INFO] [stderr]    Compiling headwater-vcs v0.5.0
[INFO] [stderr]    Compiling headwater-mark v0.5.0
[INFO] [stderr]    Compiling headwater-verbs v0.5.0
[INFO] [stderr]    Compiling syn v3.0.3
[INFO] [stderr]    Compiling thiserror-impl v2.0.20
[INFO] [stderr]    Compiling thiserror v2.0.20
[INFO] [stderr]    Compiling saphyr-parser v0.0.11
[INFO] [stderr]    Compiling headwater-yaml v0.5.0
[INFO] [stderr]    Compiling headwater-meta v0.5.0
[INFO] [stderr]    Compiling headwater-doc v0.5.0
[INFO] [stderr]    Compiling headwater-census v0.5.0
[INFO] [stderr]    Compiling headwater-graph v0.5.0
[INFO] [stderr]    Compiling headwater-check v0.5.0
[INFO] [stderr]    Compiling headwater-adapter v0.5.0
[INFO] [stderr]    Compiling headwater-scaffold v0.5.0
[INFO] [stderr]    Compiling headwater-probe v0.5.0
[INFO] [stderr]    Compiling headwater-query v0.5.0
[INFO] [stderr]    Compiling headwater-generate v0.5.0 (/opt/rustwide/workdir)
[INFO] [stderr]     Finished `release` profile [optimized] target(s) in 40.74s
[INFO] running `Command { std: "docker" "inspect" "caa7163747b6065e41e5daf5385264e238191a7faf6942a3ab6fd499260ca387", kill_on_drop: false }`
[INFO] running `Command { std: "docker" "exec" "-e" "SOURCE_DIR=/opt/rustwide/workdir" "-e" "CARGO_HOME=/opt/rustwide/cargo-home" "-e" "RUSTUP_HOME=/opt/rustwide/rustup-home" "-e" "CARGO_TARGET_DIR=/opt/rustwide/target" "-e" "CARGO_INCREMENTAL=0" "-e" "RUST_BACKTRACE=full" "-e" "RUSTFLAGS=--cap-lints=warn" "-e" "RUSTDOCFLAGS=--cap-lints=warn" "-w" "/opt/rustwide/workdir" "--user" "0:0" "caa7163747b6065e41e5daf5385264e238191a7faf6942a3ab6fd499260ca387" "/opt/rustwide/cargo-home/bin/cargo" "+1.100.0-beta.1" "test" "--frozen" "--no-run" "--message-format=json" "--release", kill_on_drop: false }`
[INFO] [stderr]    Compiling hashlink v0.12.1
[INFO] [stderr]    Compiling ordered-float v5.5.0
[INFO] [stderr]    Compiling headwater-lock v0.5.0
[INFO] [stderr]    Compiling saphyr v0.0.11
[INFO] [stderr]    Compiling headwater-generate v0.5.0 (/opt/rustwide/workdir)
[INFO] [stderr]     Finished `release` profile [optimized] target(s) in 7.72s
[INFO] running `Command { std: "docker" "inspect" "caa7163747b6065e41e5daf5385264e238191a7faf6942a3ab6fd499260ca387", kill_on_drop: false }`
[INFO] running `Command { std: "docker" "exec" "-e" "SOURCE_DIR=/opt/rustwide/workdir" "-e" "CARGO_HOME=/opt/rustwide/cargo-home" "-e" "RUSTUP_HOME=/opt/rustwide/rustup-home" "-e" "CARGO_TARGET_DIR=/opt/rustwide/target" "-e" "CARGO_INCREMENTAL=0" "-e" "RUST_BACKTRACE=full" "-e" "RUSTFLAGS=--cap-lints=warn" "-e" "RUSTDOCFLAGS=--cap-lints=warn" "-w" "/opt/rustwide/workdir" "--user" "0:0" "caa7163747b6065e41e5daf5385264e238191a7faf6942a3ab6fd499260ca387" "/opt/rustwide/cargo-home/bin/cargo" "+1.100.0-beta.1" "test" "--frozen" "--release", kill_on_drop: false }`
[INFO] [stderr]     Finished `release` profile [optimized] target(s) in 0.05s
[INFO] [stderr]      Running unittests src/lib.rs (/opt/rustwide/target/release/build/headwater-generate/517aad15d04400c0/out/headwater_generate-517aad15d04400c0)
[INFO] [stdout] 
[INFO] [stdout] running 39 tests
[INFO] [stdout] test derived::tests::a_leading_number_reads_as_before ... ok
[INFO] [stdout] test derived::tests::a_name_that_reads_back_more_than_once_or_never_is_no_answer ... ok
[INFO] [stdout] test derived::tests::a_separator_inside_an_earlier_value_does_not_move_the_number ... ok
[INFO] [stdout] test label_tests::a_document_with_neither_falls_through_to_its_file_name ... ok
[INFO] [stdout] test label_tests::a_document_with_no_name_falls_through_to_its_identifier ... ok
[INFO] [stdout] test label_tests::a_name_beats_an_identifier_rather_than_the_other_way_round ... ok
[INFO] [stdout] test paint_tests::an_empty_report_is_painted_too ... ok
[INFO] [stdout] test paint_tests::color_adds_escape_sequences_and_changes_nothing_else ... ok
[INFO] [stdout] test paint_tests::each_line_reaches_the_role_the_palette_gives_it ... ok
[INFO] [stdout] test probe_result::tests::the_placeholder_stands_for_the_file_stem_and_never_for_the_directory ... ok
[INFO] [stdout] test paint_tests::no_attribute_stays_open_across_a_line_break ... ok
[INFO] [stdout] test paint_tests::plain_writes_no_escape_byte ... ok
[INFO] [stdout] test label_tests::a_declared_name_is_the_label ... ok
[INFO] [stdout] test profile::emitter_tests::all_holds_every_emitter_at_the_position_the_match_gives_it ... ok
[INFO] [stdout] test shelf_index::tests::a_document_outside_the_output_directory_is_reached_by_walking_up ... ok
[INFO] [stdout] test shelf_index::tests::a_document_under_the_output_directory_keeps_its_bare_name ... ok
[INFO] [stdout] test shelf_sections::tests::a_list_with_no_identity_keeps_its_first_line_marker ... ok
[INFO] [stdout] test shelf_sections::tests::an_identity_block_carries_the_marker_and_the_body_follows_it ... ok
[INFO] [stdout] test shelf_sections::tests::distinct_names_collide_with_nothing ... ok
[INFO] [stdout] test shelf_sections::tests::every_document_gets_a_heading ... ok
[INFO] [stdout] test shelf_sections::tests::the_section_body_carries_the_cue_then_the_destination ... ok
[INFO] [stdout] test shelf_sections::tests::two_documents_with_one_name_are_refused ... ok
[INFO] [stdout] test site::tests::a_fragment_matches_as_written_and_then_decoded ... ok
[INFO] [stdout] test site::tests::a_link_out_of_the_site_is_not_read ... ok
[INFO] [stdout] test site::tests::a_navigation_path_outside_the_corpus_root_is_missing ... ok
[INFO] [stdout] test site::tests::a_path_resolves_against_its_page_and_a_directory_to_its_index ... ok
[INFO] [stdout] test site::tests::a_percent_escape_decodes ... ok
[INFO] [stdout] test site::tests::a_shelf_at_the_corpus_root_or_outside_it_gives_no_scope ... ok
[INFO] [stdout] test site::tests::a_sibling_directory_that_shares_a_prefix_is_not_on_the_shelf ... ok
[INFO] [stdout] test site::tests::a_source_is_served_in_either_form_and_an_index_in_one ... ok
[INFO] [stdout] test site::tests::an_escaped_ampersand_in_a_path_is_read_as_one ... ok
[INFO] [stderr]      Running tests/differential.rs (/opt/rustwide/target/release/build/headwater-generate/51285f9aa5e0026a/out/differential-51285f9aa5e0026a)
[INFO] [stdout] test site::tests::the_scanner_reads_both_quotes_and_skips_comments_and_scripts ... ok
[INFO] [stdout] test site_nav::index_tests::a_readme_below_the_shelf_directory_is_not_the_shelf_s_index ... ok
[INFO] [stdout] test site_nav::index_tests::a_shelf_with_no_index_among_the_outputs_has_none ... ok
[INFO] [stdout] test site_nav::index_tests::an_index_stem_is_read_as_well_as_a_readme_stem ... ok
[INFO] [stdout] test site_nav::index_tests::an_index_that_is_a_document_of_the_graph_is_left_to_the_node_listing ... ok
[INFO] [stdout] test site_nav::index_tests::an_output_on_the_shelf_that_is_not_an_index_is_not_read_as_one ... ok
[INFO] [stdout] test site_nav::index_tests::two_indexes_in_one_directory_resolve_by_path_and_not_by_plan_order ... ok
[INFO] [stdout] test site_nav::index_tests::the_index_of_a_shelf_is_the_readme_in_its_own_directory ... ok
[INFO] [stdout] 
[INFO] [stdout] test result: ok. 39 passed; 0 failed; 0 ignored; 0 measured; 0 filtered out; finished in 0.00s
[INFO] [stdout] 
[INFO] [stdout] 
[INFO] [stdout] running 11 tests
[INFO] [stdout] test a_bare_enum_over_a_composite_value_is_a_divergence ... ok
[INFO] [stdout] test the_facet_a_finding_names_is_read_out_of_its_message ... ok
[INFO] [stdout] test the_registry_partitions ... ok
[INFO] [stdout] test a_prohibition_that_no_check_carries_is_a_divergence ... ok
[INFO] [stdout] test the_emitted_schema_uses_only_keywords_this_file_reads ... ok
[INFO] [stdout] test a_schema_that_drops_required_is_a_divergence ... ok
[INFO] [stdout] test the_corpus_is_not_vacuous ... ok
[INFO] [stdout] test the_emitted_schema_and_the_engine_agree_document_for_document ... ok
[INFO] [stdout] test a_root_one_of_is_a_divergence ... ok
[INFO] [stdout] test the_emitted_schema_carries_no_construct_that_inverts ... ok
[INFO] [stdout] test the_stock_validator_agrees_with_the_evaluator_in_this_file ... ok
[INFO] [stdout] 
[INFO] [stdout] test result: ok. 11 passed; 0 failed; 0 ignored; 0 measured; 0 filtered out; finished in 0.10s
[INFO] [stdout] 
[INFO] [stderr]      Running tests/fixtures.rs (/opt/rustwide/target/release/build/headwater-generate/01d398a6157edc5e/out/fixtures-01d398a6157edc5e)
[INFO] [stdout] 
[INFO] [stdout] running 26 tests
[INFO] [stdout] test committed_false_on_a_shelf_index_is_refused ... ok
[INFO] [stdout] test a_filtered_profile_withholds_a_document_and_its_edges ... ok
[INFO] [stdout] test a_filter_over_a_facet_that_does_not_exist_emits_nothing ... ok
[INFO] [stdout] test the_census_fails_a_projector_that_dropped_a_node_with_no_reason ... ok
[INFO] [stdout] test committed_that_is_not_a_boolean_is_refused ... ok
[INFO] [stdout] test a_site_nav_opens_each_group_with_that_shelf_s_generated_index ... ok
[INFO] [stdout] test an_unbuilt_emitter_refuses_and_says_what_it_waits_on ... ok
[INFO] [stdout] test a_sealed_grain_states_the_filtering_and_no_count ... ok
[INFO] [stdout] test no_label_a_generating_emitter_writes_is_identifier_shaped ... FAILED
[INFO] [stdout] test the_redirect_map_keeps_every_anchor_that_this_corpus_cites_into_it ... FAILED
[INFO] [stdout] test every_output_carries_its_own_marker ... ok
[INFO] [stdout] test this_repository_generates_its_fifty_artifacts_and_accounts_for_the_rest ... FAILED
[INFO] [stdout] test two_entries_of_one_profile_may_not_declare_two_filters ... ok
[INFO] [stdout] test the_native_export_round_trips_the_graph ... ok
[INFO] [stdout] test a_declared_graph_export_is_held_to_regeneration ... ok
[INFO] [stdout] test a_descriptor_that_records_no_emitter_set_is_not_a_producer_difference ... ok
[INFO] [stdout] test the_descriptor_path_obeys_the_marker_rule ... ok
[INFO] [stdout] test the_native_export_carries_the_members_of_a_list_anchor ... ok
[INFO] [stdout] test a_committed_descriptor_from_another_emitter_set_withholds_the_remedy ... ok
[INFO] [stdout] test a_graph_export_declared_uncommitted_is_neither_required_nor_compared ... ok
[INFO] [stdout] test the_schema_export_carries_constraints_and_accounts_for_every_instance ... ok
[INFO] [stdout] test a_declared_site_nav_is_held_to_regeneration ... ok
[INFO] [stdout] test a_generated_file_is_censused_as_generated_and_orphaned_when_nothing_writes_it ... ok
[INFO] [stdout] test two_plans_over_one_tree_agree ... ok
[INFO] [stdout] test a_generated_document_is_a_document_of_its_shelf ... ok
[INFO] [stdout] test the_fixture_tree_generates_the_recorded_projections ... ok
[INFO] [stdout] 
[INFO] [stdout] failures:
[INFO] [stdout] 
[INFO] [stdout] ---- no_label_a_generating_emitter_writes_is_identifier_shaped stdout ----
[INFO] [stdout] 
[INFO] [stdout] thread 'no_label_a_generating_emitter_writes_is_identifier_shaped' (1329) panicked at tests/fixtures.rs:2425:34:
[INFO] [stdout] /.headwater/taxonomy.yml: cannot read /.headwater/taxonomy.yml: No such file or directory (os error 2)
[INFO] [stdout] 
[INFO] [stdout] stack backtrace:
[INFO] [stdout]    0:     0x6546a8b794d1 - <<std[617be2ca0a6fd877]::sys::backtrace::BacktraceLock>::print::DisplayBacktrace as core[a373ad73a504971]::fmt::Display>::fmt
[INFO] [stdout]    1:     0x6546a8b901fa - core[a373ad73a504971]::fmt::write
[INFO] [stdout]    2:     0x6546a8b7d9dc - <alloc[2e1b2a31b91974c5]::vec::Vec<u8> as core[a373ad73a504971]::io::write::Write>::write_fmt
[INFO] [stdout]    3:     0x6546a8b52436 - std[617be2ca0a6fd877]::panicking::default_hook::{closure#0}
[INFO] [stdout]    4:     0x6546a8b6f9b9 - std[617be2ca0a6fd877]::panicking::default_hook
[INFO] [stdout]    5:     0x6546a89bf610 - test[aada8e7e76ba119b]::test_main_inner::{closure#0}
[INFO] [stdout]    6:     0x6546a8b6fb72 - std[617be2ca0a6fd877]::panicking::panic_with_hook
[INFO] [stdout]    7:     0x6546a8b524e2 - std[617be2ca0a6fd877]::panicking::panic_handler::{closure#0}
[INFO] [stdout]    8:     0x6546a8b4aea9 - std[617be2ca0a6fd877]::sys::backtrace::__rust_end_short_backtrace::<std[617be2ca0a6fd877]::panicking::panic_handler::{closure#0}, !>
[INFO] [stdout]    9:     0x6546a8b530ed - __rustc[ea4f61d10b84890b]::rust_begin_unwind
[INFO] [stdout]   10:     0x6546a8b9092c - core[a373ad73a504971]::panicking::panic_fmt
[INFO] [stdout]   11:     0x6546a8974a2b - <fixtures[3cee470a9a0f34e4]::no_label_a_generating_emitter_writes_is_identifier_shaped::{closure#0} as core[a373ad73a504971]::ops::function::FnOnce<()>>::call_once
[INFO] [stdout]   12:     0x6546a89b2a5b - test[aada8e7e76ba119b]::__rust_begin_short_backtrace::<core[a373ad73a504971]::result::Result<(), alloc[2e1b2a31b91974c5]::string::String>, fn() -> core[a373ad73a504971]::result::Result<(), alloc[2e1b2a31b91974c5]::string::String>>
[INFO] [stdout]   13:     0x6546a89bfc35 - test[aada8e7e76ba119b]::run_test::{closure#0}
[INFO] [stdout]   14:     0x6546a89b9524 - std[617be2ca0a6fd877]::sys::backtrace::__rust_begin_short_backtrace::<test[aada8e7e76ba119b]::run_test::{closure#1}, ()>
[INFO] [stdout]   15:     0x6546a89c2cc2 - <std[617be2ca0a6fd877]::thread::lifecycle::spawn_unchecked<test[aada8e7e76ba119b]::run_test::{closure#1}, ()>::{closure#1} as core[a373ad73a504971]::ops::function::FnOnce<()>>::call_once::{shim:vtable#0}
[INFO] [stdout]   16:     0x6546a8b7841f - <std[617be2ca0a6fd877]::sys::thread::unix::Thread>::new::thread_start
[INFO] [stdout]   17:     0x7e4386287dfa - <unknown>
[INFO] [stdout]   18:     0x7e438631b3d4 - clone
[INFO] [stdout]   19:                0x0 - <unknown>
[INFO] [stderr] error: test failed, to rerun pass `--test fixtures`
[INFO] [stdout] 
[INFO] [stdout] ---- the_redirect_map_keeps_every_anchor_that_this_corpus_cites_into_it stdout ----
[INFO] [stdout] 
[INFO] [stdout] thread 'the_redirect_map_keeps_every_anchor_that_this_corpus_cites_into_it' (1335) panicked at tests/fixtures.rs:846:34:
[INFO] [stdout] /.headwater/taxonomy.yml: cannot read /.headwater/taxonomy.yml: No such file or directory (os error 2)
[INFO] [stdout] 
[INFO] [stdout] stack backtrace:
[INFO] [stdout]    0:     0x6546a8b794d1 - <<std[617be2ca0a6fd877]::sys::backtrace::BacktraceLock>::print::DisplayBacktrace as core[a373ad73a504971]::fmt::Display>::fmt
[INFO] [stdout]    1:     0x6546a8b901fa - core[a373ad73a504971]::fmt::write
[INFO] [stdout]    2:     0x6546a8b7d9dc - <alloc[2e1b2a31b91974c5]::vec::Vec<u8> as core[a373ad73a504971]::io::write::Write>::write_fmt
[INFO] [stdout]    3:     0x6546a8b52436 - std[617be2ca0a6fd877]::panicking::default_hook::{closure#0}
[INFO] [stdout]    4:     0x6546a8b6f9b9 - std[617be2ca0a6fd877]::panicking::default_hook
[INFO] [stdout]    5:     0x6546a89bf610 - test[aada8e7e76ba119b]::test_main_inner::{closure#0}
[INFO] [stdout]    6:     0x6546a8b6fb72 - std[617be2ca0a6fd877]::panicking::panic_with_hook
[INFO] [stdout]    7:     0x6546a8b524e2 - std[617be2ca0a6fd877]::panicking::panic_handler::{closure#0}
[INFO] [stdout]    8:     0x6546a8b4aea9 - std[617be2ca0a6fd877]::sys::backtrace::__rust_end_short_backtrace::<std[617be2ca0a6fd877]::panicking::panic_handler::{closure#0}, !>
[INFO] [stdout]    9:     0x6546a8b530ed - __rustc[ea4f61d10b84890b]::rust_begin_unwind
[INFO] [stdout]   10:     0x6546a8b9092c - core[a373ad73a504971]::panicking::panic_fmt
[INFO] [stdout]   11:     0x6546a89772d4 - <fixtures[3cee470a9a0f34e4]::the_redirect_map_keeps_every_anchor_that_this_corpus_cites_into_it::{closure#0} as core[a373ad73a504971]::ops::function::FnOnce<()>>::call_once
[INFO] [stdout]   12:     0x6546a89b2a5b - test[aada8e7e76ba119b]::__rust_begin_short_backtrace::<core[a373ad73a504971]::result::Result<(), alloc[2e1b2a31b91974c5]::string::String>, fn() -> core[a373ad73a504971]::result::Result<(), alloc[2e1b2a31b91974c5]::string::String>>
[INFO] [stdout]   13:     0x6546a89bfc35 - test[aada8e7e76ba119b]::run_test::{closure#0}
[INFO] [stdout]   14:     0x6546a89b9524 - std[617be2ca0a6fd877]::sys::backtrace::__rust_begin_short_backtrace::<test[aada8e7e76ba119b]::run_test::{closure#1}, ()>
[INFO] [stdout]   15:     0x6546a89c2cc2 - <std[617be2ca0a6fd877]::thread::lifecycle::spawn_unchecked<test[aada8e7e76ba119b]::run_test::{closure#1}, ()>::{closure#1} as core[a373ad73a504971]::ops::function::FnOnce<()>>::call_once::{shim:vtable#0}
[INFO] [stdout]   16:     0x6546a8b7841f - <std[617be2ca0a6fd877]::sys::thread::unix::Thread>::new::thread_start
[INFO] [stdout]   17:     0x7e4386287dfa - <unknown>
[INFO] [stdout]   18:     0x7e438631b3d4 - clone
[INFO] [stdout]   19:                0x0 - <unknown>
[INFO] [stdout] 
[INFO] [stdout] ---- this_repository_generates_its_fifty_artifacts_and_accounts_for_the_rest stdout ----
[INFO] [stdout] 
[INFO] [stdout] thread 'this_repository_generates_its_fifty_artifacts_and_accounts_for_the_rest' (1337) panicked at tests/fixtures.rs:660:34:
[INFO] [stdout] /.headwater/taxonomy.yml: cannot read /.headwater/taxonomy.yml: No such file or directory (os error 2)
[INFO] [stdout] 
[INFO] [stdout] stack backtrace:
[INFO] [stdout]    0:     0x6546a8b794d1 - <<std[617be2ca0a6fd877]::sys::backtrace::BacktraceLock>::print::DisplayBacktrace as core[a373ad73a504971]::fmt::Display>::fmt
[INFO] [stdout]    1:     0x6546a8b901fa - core[a373ad73a504971]::fmt::write
[INFO] [stdout]    2:     0x6546a8b7d9dc - <alloc[2e1b2a31b91974c5]::vec::Vec<u8> as core[a373ad73a504971]::io::write::Write>::write_fmt
[INFO] [stdout]    3:     0x6546a8b52436 - std[617be2ca0a6fd877]::panicking::default_hook::{closure#0}
[INFO] [stdout]    4:     0x6546a8b6f9b9 - std[617be2ca0a6fd877]::panicking::default_hook
[INFO] [stdout]    5:     0x6546a89bf610 - test[aada8e7e76ba119b]::test_main_inner::{closure#0}
[INFO] [stdout]    6:     0x6546a8b6fb72 - std[617be2ca0a6fd877]::panicking::panic_with_hook
[INFO] [stdout]    7:     0x6546a8b524e2 - std[617be2ca0a6fd877]::panicking::panic_handler::{closure#0}
[INFO] [stdout]    8:     0x6546a8b4aea9 - std[617be2ca0a6fd877]::sys::backtrace::__rust_end_short_backtrace::<std[617be2ca0a6fd877]::panicking::panic_handler::{closure#0}, !>
[INFO] [stdout]    9:     0x6546a8b530ed - __rustc[ea4f61d10b84890b]::rust_begin_unwind
[INFO] [stdout]   10:     0x6546a8b9092c - core[a373ad73a504971]::panicking::panic_fmt
[INFO] [stdout]   11:     0x6546a897c9fe - <fixtures[3cee470a9a0f34e4]::this_repository_generates_its_fifty_artifacts_and_accounts_for_the_rest::{closure#0} as core[a373ad73a504971]::ops::function::FnOnce<()>>::call_once
[INFO] [stdout]   12:     0x6546a89b2a5b - test[aada8e7e76ba119b]::__rust_begin_short_backtrace::<core[a373ad73a504971]::result::Result<(), alloc[2e1b2a31b91974c5]::string::String>, fn() -> core[a373ad73a504971]::result::Result<(), alloc[2e1b2a31b91974c5]::string::String>>
[INFO] [stdout]   13:     0x6546a89bfc35 - test[aada8e7e76ba119b]::run_test::{closure#0}
[INFO] [stdout]   14:     0x6546a89b9524 - std[617be2ca0a6fd877]::sys::backtrace::__rust_begin_short_backtrace::<test[aada8e7e76ba119b]::run_test::{closure#1}, ()>
[INFO] [stdout]   15:     0x6546a89c2cc2 - <std[617be2ca0a6fd877]::thread::lifecycle::spawn_unchecked<test[aada8e7e76ba119b]::run_test::{closure#1}, ()>::{closure#1} as core[a373ad73a504971]::ops::function::FnOnce<()>>::call_once::{shim:vtable#0}
[INFO] [stdout]   16:     0x6546a8b7841f - <std[617be2ca0a6fd877]::sys::thread::unix::Thread>::new::thread_start
[INFO] [stdout]   17:     0x7e4386287dfa - <unknown>
[INFO] [stdout]   18:     0x7e438631b3d4 - clone
[INFO] [stdout]   19:                0x0 - <unknown>
[INFO] [stdout] 
[INFO] [stdout] 
[INFO] [stdout] failures:
[INFO] [stdout]     no_label_a_generating_emitter_writes_is_identifier_shaped
[INFO] [stdout]     the_redirect_map_keeps_every_anchor_that_this_corpus_cites_into_it
[INFO] [stdout]     this_repository_generates_its_fifty_artifacts_and_accounts_for_the_rest
[INFO] [stdout] 
[INFO] [stdout] test result: FAILED. 23 passed; 3 failed; 0 ignored; 0 measured; 0 filtered out; finished in 0.01s
[INFO] [stdout] 
[INFO] running `Command { std: "docker" "inspect" "caa7163747b6065e41e5daf5385264e238191a7faf6942a3ab6fd499260ca387", kill_on_drop: false }`
[INFO] running `Command { std: "docker" "rm" "-f" "caa7163747b6065e41e5daf5385264e238191a7faf6942a3ab6fd499260ca387", kill_on_drop: false }`
[INFO] [stdout] caa7163747b6065e41e5daf5385264e238191a7faf6942a3ab6fd499260ca387
