[INFO] fetching crate headwater-conformance 0.5.0...
[INFO] testing headwater-conformance-0.5.0 against 1.99.0-beta.8+cargoflags=--release for beta-release-1.100-2
[INFO] extracting crate headwater-conformance 0.5.0 into /workspace/builds/worker-1-tc1/source
[INFO] started tweaking crates.io crate headwater-conformance 0.5.0
[INFO] removed 0 missing tests
[INFO] finished tweaking crates.io crate headwater-conformance 0.5.0
[INFO] tweaked toml for crates.io crate headwater-conformance 0.5.0 written to /workspace/builds/worker-1-tc1/source/Cargo.toml
[INFO] validating manifest of crates.io crate headwater-conformance 0.5.0 on toolchain 1.99.0-beta.8
[INFO] running `Command { std: CARGO_HOME="/workspace/cargo-home" RUSTUP_HOME="/workspace/rustup-home" "/workspace/cargo-home/bin/cargo" "+1.99.0-beta.8" "metadata" "--manifest-path" "Cargo.toml" "--no-deps", kill_on_drop: false }`
[INFO] crate crates.io crate headwater-conformance 0.5.0 already has a lockfile, it will not be regenerated
[INFO] running `Command { std: CARGO_HOME="/workspace/cargo-home" RUSTUP_HOME="/workspace/rustup-home" "/workspace/cargo-home/bin/cargo" "+1.99.0-beta.8" "fetch" "--manifest-path" "Cargo.toml", kill_on_drop: false }`
[INFO] [stderr]     Blocking waiting for file lock on package cache
[INFO] [stderr]     Updating crates.io index
[INFO] [stderr]     Blocking waiting for file lock on package cache
[INFO] [stderr]  Downloading crates ...
[INFO] [stderr]   Downloaded headwater-lock v0.5.0
[INFO] running `Command { std: "docker" "create" "-v" "/var/lib/crater-agent-workspace/builds/worker-1-tc1/source:/opt/rustwide/workdir:ro,Z" "-v" "/var/lib/crater-agent-workspace/builds/worker-1-tc1/target:/opt/rustwide/target:rw,Z" "-v" "/var/lib/crater-agent-workspace/cargo-home:/opt/rustwide/cargo-home:ro,Z" "-v" "/var/lib/crater-agent-workspace/rustup-home:/opt/rustwide/rustup-home:ro,Z" "-m" "1610612736" "--network" "none" "ghcr.io/rust-lang/crates-build-env/linux@sha256:77db811e55d90add9212f6832c23229e3de5f1c1f9905e8cb07319ea15df73ac" "sleep" "infinity", kill_on_drop: false }`
[INFO] [stdout] 7e9ca3aa82de49145fd048b3eb337b5b61167e79a5d33292d412707fd2eb086b
[INFO] running `Command { std: "docker" "start" "7e9ca3aa82de49145fd048b3eb337b5b61167e79a5d33292d412707fd2eb086b", kill_on_drop: false }`
[INFO] running `Command { std: "docker" "inspect" "7e9ca3aa82de49145fd048b3eb337b5b61167e79a5d33292d412707fd2eb086b", kill_on_drop: false }`
[INFO] running `Command { std: "docker" "exec" "-e" "SOURCE_DIR=/opt/rustwide/workdir" "-e" "CARGO_HOME=/opt/rustwide/cargo-home" "-e" "RUSTUP_HOME=/opt/rustwide/rustup-home" "-e" "CARGO_TARGET_DIR=/opt/rustwide/target" "-w" "/opt/rustwide/workdir" "--user" "0:0" "7e9ca3aa82de49145fd048b3eb337b5b61167e79a5d33292d412707fd2eb086b" "/opt/rustwide/cargo-home/bin/cargo" "+1.99.0-beta.8" "metadata" "--no-deps" "--format-version=1", kill_on_drop: false }`
[INFO] running `Command { std: "docker" "inspect" "7e9ca3aa82de49145fd048b3eb337b5b61167e79a5d33292d412707fd2eb086b", kill_on_drop: false }`
[INFO] running `Command { std: "docker" "exec" "-e" "SOURCE_DIR=/opt/rustwide/workdir" "-e" "CARGO_HOME=/opt/rustwide/cargo-home" "-e" "RUSTUP_HOME=/opt/rustwide/rustup-home" "-e" "CARGO_TARGET_DIR=/opt/rustwide/target" "-e" "CARGO_INCREMENTAL=0" "-e" "RUST_BACKTRACE=full" "-e" "RUSTFLAGS=--cap-lints=warn" "-e" "RUSTDOCFLAGS=--cap-lints=warn" "-w" "/opt/rustwide/workdir" "--user" "0:0" "7e9ca3aa82de49145fd048b3eb337b5b61167e79a5d33292d412707fd2eb086b" "/opt/rustwide/cargo-home/bin/cargo" "+1.99.0-beta.8" "build" "--frozen" "--message-format=json" "--release", kill_on_drop: false }`
[INFO] [stderr]    Compiling syn v3.0.3
[INFO] [stderr]    Compiling thiserror v2.0.20
[INFO] [stderr]    Compiling pulldown-cmark v0.13.4
[INFO] [stderr]    Compiling bitflags v2.13.1
[INFO] [stderr]    Compiling headwater-ref v0.5.0
[INFO] [stderr]    Compiling headwater-resolve v0.5.0
[INFO] [stderr]    Compiling headwater-paint v0.5.0
[INFO] [stderr]    Compiling headwater-hash v0.5.0
[INFO] [stderr]    Compiling headwater-vcs v0.5.0
[INFO] [stderr]    Compiling headwater-mark v0.5.0
[INFO] [stderr]    Compiling headwater-verbs v0.5.0
[INFO] [stderr]    Compiling thiserror-impl v2.0.20
[INFO] [stderr]    Compiling saphyr-parser v0.0.11
[INFO] [stderr]    Compiling headwater-yaml v0.5.0
[INFO] [stderr]    Compiling headwater-doc v0.5.0
[INFO] [stderr]    Compiling headwater-meta v0.5.0
[INFO] [stderr]    Compiling headwater-census v0.5.0
[INFO] [stderr]    Compiling headwater-graph v0.5.0
[INFO] [stderr]    Compiling headwater-lock v0.5.0
[INFO] [stderr]    Compiling headwater-check v0.5.0
[INFO] [stderr]    Compiling headwater-adapter v0.5.0
[INFO] [stderr]    Compiling headwater-scaffold v0.5.0
[INFO] [stderr]    Compiling headwater-probe v0.5.0
[INFO] [stderr]    Compiling headwater-query v0.5.0
[INFO] [stderr]    Compiling headwater-generate v0.5.0
[INFO] [stderr]    Compiling headwater-conformance v0.5.0 (/opt/rustwide/workdir)
[INFO] [stderr]     Finished `release` profile [optimized] target(s) in 58.24s
[INFO] running `Command { std: "docker" "inspect" "7e9ca3aa82de49145fd048b3eb337b5b61167e79a5d33292d412707fd2eb086b", kill_on_drop: false }`
[INFO] running `Command { std: "docker" "exec" "-e" "SOURCE_DIR=/opt/rustwide/workdir" "-e" "CARGO_HOME=/opt/rustwide/cargo-home" "-e" "RUSTUP_HOME=/opt/rustwide/rustup-home" "-e" "CARGO_TARGET_DIR=/opt/rustwide/target" "-e" "CARGO_INCREMENTAL=0" "-e" "RUST_BACKTRACE=full" "-e" "RUSTFLAGS=--cap-lints=warn" "-e" "RUSTDOCFLAGS=--cap-lints=warn" "-w" "/opt/rustwide/workdir" "--user" "0:0" "7e9ca3aa82de49145fd048b3eb337b5b61167e79a5d33292d412707fd2eb086b" "/opt/rustwide/cargo-home/bin/cargo" "+1.99.0-beta.8" "test" "--frozen" "--no-run" "--message-format=json" "--release", kill_on_drop: false }`
[INFO] [stderr]    Compiling headwater-conformance v0.5.0 (/opt/rustwide/workdir)
[INFO] [stderr]     Finished `release` profile [optimized] target(s) in 3.28s
[INFO] running `Command { std: "docker" "inspect" "7e9ca3aa82de49145fd048b3eb337b5b61167e79a5d33292d412707fd2eb086b", kill_on_drop: false }`
[INFO] running `Command { std: "docker" "exec" "-e" "SOURCE_DIR=/opt/rustwide/workdir" "-e" "CARGO_HOME=/opt/rustwide/cargo-home" "-e" "RUSTUP_HOME=/opt/rustwide/rustup-home" "-e" "CARGO_TARGET_DIR=/opt/rustwide/target" "-e" "CARGO_INCREMENTAL=0" "-e" "RUST_BACKTRACE=full" "-e" "RUSTFLAGS=--cap-lints=warn" "-e" "RUSTDOCFLAGS=--cap-lints=warn" "-w" "/opt/rustwide/workdir" "--user" "0:0" "7e9ca3aa82de49145fd048b3eb337b5b61167e79a5d33292d412707fd2eb086b" "/opt/rustwide/cargo-home/bin/cargo" "+1.99.0-beta.8" "test" "--frozen" "--release", kill_on_drop: false }`
[INFO] [stderr]     Finished `release` profile [optimized] target(s) in 0.03s
[INFO] [stderr]      Running unittests src/lib.rs (/opt/rustwide/target/release/deps/headwater_conformance-69f048ee97914316)
[INFO] [stdout] 
[INFO] [stdout] running 2 tests
[INFO] [stdout] test json::tests::a_live_waiver_passes_the_gate_and_moves_no_rung ... ok
[INFO] [stdout] test json::tests::an_expired_waiver_is_carried_rather_than_dropped ... ok
[INFO] [stdout] 
[INFO] [stdout] test result: ok. 2 passed; 0 failed; 0 ignored; 0 measured; 0 filtered out; finished in 0.02s
[INFO] [stdout] 
[INFO] [stderr]      Running tests/readings.rs (/opt/rustwide/target/release/deps/readings-fec5d0d5fa2f153a)
[INFO] [stdout] 
[INFO] [stdout] running 15 tests
[INFO] [stdout] test a_package_that_is_not_installed_at_all_is_a_gap ... ok
[INFO] [stdout] test a_pin_with_no_release_record_to_check_it_against_is_a_gap ... ok
[INFO] [stdout] test a_hand_edit_that_reopens_the_pin_leaves_the_resolver_reading_the_same_bytes ... ok
[INFO] [stdout] test a_member_that_carries_no_taxonomy_source_reopens_the_pin_when_hand_edited ... ok
[INFO] [stdout] test a_root_that_does_not_resolve_is_a_gap_and_not_a_met ... FAILED
[INFO] [stdout] test a_matching_version_with_a_stale_digest_is_a_gap ... ok
[INFO] [stdout] test the_reading_counts_a_file_with_no_kind_and_no_stated_reason_and_no_other ... ok
[INFO] [stdout] test the_remediation_of_pin_current_names_every_step_of_the_route_in_order ... FAILED
[INFO] [stdout] test a_package_with_no_release_record_and_no_pin_is_a_gap ... ok
[INFO] [stdout] test a_version_the_installed_package_does_not_declare_is_a_gap ... ok
[INFO] [stdout] test the_pin_is_current_when_the_version_and_the_digest_both_name_what_is_installed ... ok
[INFO] [stdout] test a_shelf_claimed_gap_names_the_shelf_and_kind_and_points_at_headwater_new ... ok
[INFO] [stdout] test a_published_artifact_that_nothing_pins_is_a_gap ... ok
[INFO] [stdout] test a_projection_that_is_not_what_the_plan_produces_is_a_gap ... ok
[INFO] [stdout] test the_route_the_remediation_names_is_the_route_that_reaches_the_met_arm ... ok
[INFO] [stdout] 
[INFO] [stdout] failures:
[INFO] [stdout] 
[INFO] [stdout] ---- a_root_that_does_not_resolve_is_a_gap_and_not_a_met stdout ----
[INFO] [stdout] 
[INFO] [stdout] thread 'a_root_that_does_not_resolve_is_a_gap_and_not_a_met' (937) panicked at tests/readings.rs:619:55:
[INFO] [stdout] this repository's lock reads: Absent("/.headwater/taxonomy.lock")
[INFO] [stdout] stack backtrace:
[INFO] [stdout]    0:     0x5c5c1af75df1 - <<std[70759c8f55707aa4]::sys::backtrace::BacktraceLock>::print::DisplayBacktrace as core[df12db4294e9bfd3]::fmt::Display>::fmt
[INFO] [stdout]    1:     0x5c5c1af8b52a - core[df12db4294e9bfd3]::fmt::write
[INFO] [stdout]    2:     0x5c5c1af7a57c - <alloc[2182bb758b4b3781]::vec::Vec<u8> as core[df12db4294e9bfd3]::io::write::Write>::write_fmt
[INFO] [stdout]    3:     0x5c5c1af4e5e6 - std[70759c8f55707aa4]::panicking::default_hook::{closure#0}
[INFO] [stdout]    4:     0x5c5c1af6c079 - std[70759c8f55707aa4]::panicking::default_hook
[INFO] [stdout]    5:     0x5c5c1ae01df0 - test[9d35eded1c95d3be]::test_main_inner::<test[9d35eded1c95d3be]::test_main_static::{closure#0}>::{closure#0}
[INFO] [stdout]    6:     0x5c5c1af6c232 - std[70759c8f55707aa4]::panicking::panic_with_hook
[INFO] [stdout]    7:     0x5c5c1af4e692 - std[70759c8f55707aa4]::panicking::panic_handler::{closure#0}
[INFO] [stdout]    8:     0x5c5c1af47069 - std[70759c8f55707aa4]::sys::backtrace::__rust_end_short_backtrace::<std[70759c8f55707aa4]::panicking::panic_handler::{closure#0}, !>
[INFO] [stdout]    9:     0x5c5c1af4f43d - __rustc[8fa7c3cbc660c2b3]::rust_begin_unwind
[INFO] [stdout]   10:     0x5c5c1af8bc5c - core[df12db4294e9bfd3]::panicking::panic_fmt
[INFO] [stdout]   11:     0x5c5c1af8ba32 - core[df12db4294e9bfd3]::result::unwrap_failed
[INFO] [stdout]   12:     0x5c5c1adebeca - <readings[7d07d77ddecca5d8]::a_root_that_does_not_resolve_is_a_gap_and_not_a_met::{closure#0} as core[df12db4294e9bfd3]::ops::function::FnOnce<()>>::call_once
[INFO] [stdout]   13:     0x5c5c1adf50db - test[9d35eded1c95d3be]::__rust_begin_short_backtrace::<core[df12db4294e9bfd3]::result::Result<(), alloc[2182bb758b4b3781]::string::String>, fn() -> core[df12db4294e9bfd3]::result::Result<(), alloc[2182bb758b4b3781]::string::String>>
[INFO] [stdout]   14:     0x5c5c1ae02745 - test[9d35eded1c95d3be]::run_test::{closure#0}
[INFO] [stdout]   15:     0x5c5c1adfc004 - std[70759c8f55707aa4]::sys::backtrace::__rust_begin_short_backtrace::<test[9d35eded1c95d3be]::run_test::{closure#1}, ()>
[INFO] [stdout]   16:     0x5c5c1ae058a2 - <std[70759c8f55707aa4]::thread::lifecycle::spawn_unchecked<test[9d35eded1c95d3be]::run_test::{closure#1}, ()>::{closure#1} as core[df12db4294e9bfd3]::ops::function::FnOnce<()>>::call_once::{shim:vtable#0}
[INFO] [stdout]   17:     0x5c5c1af74d89 - <std[70759c8f55707aa4]::sys::thread::unix::Thread>::new::thread_start
[INFO] [stdout]   18:     0x7c3d2becfdfa - <unknown>
[INFO] [stdout]   19:     0x7c3d2bf633d4 - clone
[INFO] [stdout]   20:                0x0 - <unknown>
[INFO] [stdout] 
[INFO] [stdout] ---- the_remediation_of_pin_current_names_every_step_of_the_route_in_order stdout ----
[INFO] [stdout] 
[INFO] [stdout] thread 'the_remediation_of_pin_current_names_every_step_of_the_route_in_order' (942) panicked at tests/readings.rs:540:6:
[INFO] [stdout] this repository's conformance rule set: Os { code: 2, kind: NotFound, message: "No such file or directory" }
[INFO] [stdout] stack backtrace:
[INFO] [stdout]    0:     0x5c5c1af75df1 - <<std[70759c8f55707aa4]::sys::backtrace::BacktraceLock>::print::DisplayBacktrace as core[df12db4294e9bfd3]::fmt::Display>::fmt
[INFO] [stdout]    1:     0x5c5c1af8b52a - core[df12db4294e9bfd3]::fmt::write
[INFO] [stdout]    2:     0x5c5c1af7a57c - <alloc[2182bb758b4b3781]::vec::Vec<u8> as core[df12db4294e9bfd3]::io::write::Write>::write_fmt
[INFO] [stdout]    3:     0x5c5c1af4e5e6 - std[70759c8f55707aa4]::panicking::default_hook::{closure#0}
[INFO] [stdout]    4:     0x5c5c1af6c079 - std[70759c8f55707aa4]::panicking::default_hook
[INFO] [stdout]    5:     0x5c5c1ae01df0 - test[9d35eded1c95d3be]::test_main_inner::<test[9d35eded1c95d3be]::test_main_static::{closure#0}>::{closure#0}
[INFO] [stdout]    6:     0x5c5c1af6c232 - std[70759c8f55707aa4]::panicking::panic_with_hook
[INFO] [stdout]    7:     0x5c5c1af4e692 - std[70759c8f55707aa4]::panicking::panic_handler::{closure#0}
[INFO] [stdout]    8:     0x5c5c1af47069 - std[70759c8f55707aa4]::sys::backtrace::__rust_end_short_backtrace::<std[70759c8f55707aa4]::panicking::panic_handler::{closure#0}, !>
[INFO] [stdout]    9:     0x5c5c1af4f43d - __rustc[8fa7c3cbc660c2b3]::rust_begin_unwind
[INFO] [stdout]   10:     0x5c5c1af8bc5c - core[df12db4294e9bfd3]::panicking::panic_fmt
[INFO] [stdout]   11:     0x5c5c1af8ba32 - core[df12db4294e9bfd3]::result::unwrap_failed
[INFO] [stdout]   12:     0x5c5c1aded400 - <readings[7d07d77ddecca5d8]::the_remediation_of_pin_current_names_every_step_of_the_route_in_order::{closure#0} as core[df12db4294e9bfd3]::ops::function::FnOnce<()>>::call_once
[INFO] [stdout]   13:     0x5c5c1adf50db - test[9d35eded1c95d3be]::__rust_begin_short_backtrace::<core[df12db4294e9bfd3]::result::Result<(), alloc[2182bb758b4b3781]::string::String>, fn() -> core[df12db4294e9bfd3]::result::Result<(), alloc[2182bb758b4b3781]::string::String>>
[INFO] [stdout]   14:     0x5c5c1ae02745 - test[9d35eded1c95d3be]::run_test::{closure#0}
[INFO] [stdout]   15:     0x5c5c1adfc004 - std[70759c8f55707aa4]::sys::backtrace::__rust_begin_short_backtrace::<test[9d35eded1c95d3be]::run_test::{closure#1}, ()>
[INFO] [stdout]   16:     0x5c5c1ae058a2 - <std[70759c8f55707aa4]::thread::lifecycle::spawn_unchecked<test[9d35eded1c95d3be]::run_test::{closure#1}, ()>::{closure#1} as core[df12db4294e9bfd3]::ops::function::FnOnce<()>>::call_once::{shim:vtable#0}
[INFO] [stdout]   17:     0x5c5c1af74d89 - <std[70759c8f55707aa4]::sys::thread::unix::Thread>::new::thread_start
[INFO] [stdout]   18:     0x7c3d2becfdfa - <unknown>
[INFO] [stdout]   19:     0x7c3d2bf633d4 - clone
[INFO] [stdout]   20:                0x0 - <unknown>
[INFO] [stdout] 
[INFO] [stdout] 
[INFO] [stdout] failures:
[INFO] [stdout]     a_root_that_does_not_resolve_is_a_gap_and_not_a_met
[INFO] [stdout]     the_remediation_of_pin_current_names_every_step_of_the_route_in_order
[INFO] [stdout] 
[INFO] [stdout] test result: FAILED. 13 passed; 2 failed; 0 ignored; 0 measured; 0 filtered out; finished in 0.02s
[INFO] [stdout] 
[INFO] [stderr] error: test failed, to rerun pass `--test readings`
[INFO] running `Command { std: "docker" "inspect" "7e9ca3aa82de49145fd048b3eb337b5b61167e79a5d33292d412707fd2eb086b", kill_on_drop: false }`
[INFO] running `Command { std: "docker" "rm" "-f" "7e9ca3aa82de49145fd048b3eb337b5b61167e79a5d33292d412707fd2eb086b", kill_on_drop: false }`
[INFO] [stdout] 7e9ca3aa82de49145fd048b3eb337b5b61167e79a5d33292d412707fd2eb086b
