[INFO] fetching crate headwater-adapter 0.5.0...
[INFO] testing headwater-adapter-0.5.0 against 1.99.0-beta.8+cargoflags=--release for beta-release-1.100-2
[INFO] extracting crate headwater-adapter 0.5.0 into /workspace/builds/worker-0-tc1/source
[INFO] started tweaking crates.io crate headwater-adapter 0.5.0
[INFO] removed 0 missing tests
[INFO] finished tweaking crates.io crate headwater-adapter 0.5.0
[INFO] tweaked toml for crates.io crate headwater-adapter 0.5.0 written to /workspace/builds/worker-0-tc1/source/Cargo.toml
[INFO] validating manifest of crates.io crate headwater-adapter 0.5.0 on toolchain 1.99.0-beta.8
[INFO] running `Command { std: CARGO_HOME="/workspace/cargo-home" RUSTUP_HOME="/workspace/rustup-home" "/workspace/cargo-home/bin/cargo" "+1.99.0-beta.8" "metadata" "--manifest-path" "Cargo.toml" "--no-deps", kill_on_drop: false }`
[INFO] crate crates.io crate headwater-adapter 0.5.0 already has a lockfile, it will not be regenerated
[INFO] running `Command { std: CARGO_HOME="/workspace/cargo-home" RUSTUP_HOME="/workspace/rustup-home" "/workspace/cargo-home/bin/cargo" "+1.99.0-beta.8" "fetch" "--manifest-path" "Cargo.toml", kill_on_drop: false }`
[INFO] [stderr]     Updating crates.io index
[INFO] [stderr]  Downloading crates ...
[INFO] [stderr]   Downloaded headwater-hash v0.5.0
[INFO] [stderr]   Downloaded headwater-yaml v0.5.0
[INFO] [stderr]   Downloaded headwater-graph v0.5.0
[INFO] [stderr]   Downloaded headwater-mark v0.5.0
[INFO] [stderr]   Downloaded headwater-vcs v0.5.0
[INFO] [stderr]   Downloaded headwater-paint v0.5.0
[INFO] [stderr]   Downloaded headwater-ref v0.5.0
[INFO] [stderr]   Downloaded headwater-meta v0.5.0
[INFO] [stderr]   Downloaded headwater-doc v0.5.0
[INFO] [stderr]   Downloaded headwater-census v0.5.0
[INFO] [stderr]   Downloaded headwater-resolve v0.5.0
[INFO] [stderr]   Downloaded headwater-check v0.5.0
[INFO] running `Command { std: "docker" "create" "-v" "/var/lib/crater-agent-workspace/builds/worker-0-tc1/source:/opt/rustwide/workdir:ro,Z" "-v" "/var/lib/crater-agent-workspace/builds/worker-0-tc1/target:/opt/rustwide/target:rw,Z" "-v" "/var/lib/crater-agent-workspace/cargo-home:/opt/rustwide/cargo-home:ro,Z" "-v" "/var/lib/crater-agent-workspace/rustup-home:/opt/rustwide/rustup-home:ro,Z" "-m" "1610612736" "--network" "none" "ghcr.io/rust-lang/crates-build-env/linux@sha256:77db811e55d90add9212f6832c23229e3de5f1c1f9905e8cb07319ea15df73ac" "sleep" "infinity", kill_on_drop: false }`
[INFO] [stdout] 581bc5a653b3174601108e3e9f133c5cc9687d1f419c216354b0f4751b18fafd
[INFO] running `Command { std: "docker" "start" "581bc5a653b3174601108e3e9f133c5cc9687d1f419c216354b0f4751b18fafd", kill_on_drop: false }`
[INFO] running `Command { std: "docker" "inspect" "581bc5a653b3174601108e3e9f133c5cc9687d1f419c216354b0f4751b18fafd", kill_on_drop: false }`
[INFO] running `Command { std: "docker" "exec" "-e" "SOURCE_DIR=/opt/rustwide/workdir" "-e" "CARGO_HOME=/opt/rustwide/cargo-home" "-e" "RUSTUP_HOME=/opt/rustwide/rustup-home" "-e" "CARGO_TARGET_DIR=/opt/rustwide/target" "-w" "/opt/rustwide/workdir" "--user" "0:0" "581bc5a653b3174601108e3e9f133c5cc9687d1f419c216354b0f4751b18fafd" "/opt/rustwide/cargo-home/bin/cargo" "+1.99.0-beta.8" "metadata" "--no-deps" "--format-version=1", kill_on_drop: false }`
[INFO] running `Command { std: "docker" "inspect" "581bc5a653b3174601108e3e9f133c5cc9687d1f419c216354b0f4751b18fafd", kill_on_drop: false }`
[INFO] running `Command { std: "docker" "exec" "-e" "SOURCE_DIR=/opt/rustwide/workdir" "-e" "CARGO_HOME=/opt/rustwide/cargo-home" "-e" "RUSTUP_HOME=/opt/rustwide/rustup-home" "-e" "CARGO_TARGET_DIR=/opt/rustwide/target" "-e" "CARGO_INCREMENTAL=0" "-e" "RUST_BACKTRACE=full" "-e" "RUSTFLAGS=--cap-lints=warn" "-e" "RUSTDOCFLAGS=--cap-lints=warn" "-w" "/opt/rustwide/workdir" "--user" "0:0" "581bc5a653b3174601108e3e9f133c5cc9687d1f419c216354b0f4751b18fafd" "/opt/rustwide/cargo-home/bin/cargo" "+1.99.0-beta.8" "build" "--frozen" "--message-format=json" "--release", kill_on_drop: false }`
[INFO] [stderr]    Compiling thiserror v2.0.20
[INFO] [stderr]    Compiling arraydeque v0.5.1
[INFO] [stderr]    Compiling pulldown-cmark v0.13.4
[INFO] [stderr]    Compiling headwater-ref v0.5.0
[INFO] [stderr]    Compiling headwater-hash v0.5.0
[INFO] [stderr]    Compiling headwater-paint v0.5.0
[INFO] [stderr]    Compiling headwater-resolve v0.5.0
[INFO] [stderr]    Compiling headwater-mark v0.5.0
[INFO] [stderr]    Compiling headwater-vcs v0.5.0
[INFO] [stderr]    Compiling saphyr-parser v0.0.11
[INFO] [stderr]    Compiling headwater-yaml v0.5.0
[INFO] [stderr]    Compiling headwater-meta v0.5.0
[INFO] [stderr]    Compiling headwater-doc v0.5.0
[INFO] [stderr]    Compiling headwater-census v0.5.0
[INFO] [stderr]    Compiling headwater-graph v0.5.0
[INFO] [stderr]    Compiling headwater-check v0.5.0
[INFO] [stderr]    Compiling headwater-adapter v0.5.0 (/opt/rustwide/workdir)
[INFO] [stderr]     Finished `release` profile [optimized] target(s) in 38.41s
[INFO] running `Command { std: "docker" "inspect" "581bc5a653b3174601108e3e9f133c5cc9687d1f419c216354b0f4751b18fafd", kill_on_drop: false }`
[INFO] running `Command { std: "docker" "exec" "-e" "SOURCE_DIR=/opt/rustwide/workdir" "-e" "CARGO_HOME=/opt/rustwide/cargo-home" "-e" "RUSTUP_HOME=/opt/rustwide/rustup-home" "-e" "CARGO_TARGET_DIR=/opt/rustwide/target" "-e" "CARGO_INCREMENTAL=0" "-e" "RUST_BACKTRACE=full" "-e" "RUSTFLAGS=--cap-lints=warn" "-e" "RUSTDOCFLAGS=--cap-lints=warn" "-w" "/opt/rustwide/workdir" "--user" "0:0" "581bc5a653b3174601108e3e9f133c5cc9687d1f419c216354b0f4751b18fafd" "/opt/rustwide/cargo-home/bin/cargo" "+1.99.0-beta.8" "test" "--frozen" "--no-run" "--message-format=json" "--release", kill_on_drop: false }`
[INFO] [stderr]    Compiling headwater-adapter v0.5.0 (/opt/rustwide/workdir)
[INFO] [stderr]     Finished `release` profile [optimized] target(s) in 6.34s
[INFO] running `Command { std: "docker" "inspect" "581bc5a653b3174601108e3e9f133c5cc9687d1f419c216354b0f4751b18fafd", kill_on_drop: false }`
[INFO] running `Command { std: "docker" "exec" "-e" "SOURCE_DIR=/opt/rustwide/workdir" "-e" "CARGO_HOME=/opt/rustwide/cargo-home" "-e" "RUSTUP_HOME=/opt/rustwide/rustup-home" "-e" "CARGO_TARGET_DIR=/opt/rustwide/target" "-e" "CARGO_INCREMENTAL=0" "-e" "RUST_BACKTRACE=full" "-e" "RUSTFLAGS=--cap-lints=warn" "-e" "RUSTDOCFLAGS=--cap-lints=warn" "-w" "/opt/rustwide/workdir" "--user" "0:0" "581bc5a653b3174601108e3e9f133c5cc9687d1f419c216354b0f4751b18fafd" "/opt/rustwide/cargo-home/bin/cargo" "+1.99.0-beta.8" "test" "--frozen" "--release", kill_on_drop: false }`
[INFO] [stderr]     Finished `release` profile [optimized] target(s) in 0.07s
[INFO] [stderr]      Running unittests src/lib.rs (/opt/rustwide/target/release/deps/headwater_adapter-80d5ecb56901eb02)
[INFO] [stdout] 
[INFO] [stdout] running 0 tests
[INFO] [stdout] 
[INFO] [stdout] test result: ok. 0 passed; 0 failed; 0 ignored; 0 measured; 0 filtered out; finished in 0.00s
[INFO] [stdout] 
[INFO] [stderr]      Running tests/fixtures.rs (/opt/rustwide/target/release/deps/fixtures-cc843bd69986f5d1)
[INFO] [stdout] 
[INFO] [stdout] running 53 tests
[INFO] [stdout] test a_scoped_run_renders_the_recorded_sarif ... FAILED
[INFO] [stdout] test a_member_present_where_the_run_has_no_value_is_adrift ... FAILED
[INFO] [stdout] test a_record_level_bag_named_with_none_of_its_members_is_adrift ... FAILED
[INFO] [stdout] test a_path_the_census_never_walked_is_named_and_not_counted ... FAILED
[INFO] [stdout] test a_suppressed_finding_is_marked_and_a_live_one_is_not ... FAILED
[INFO] [stdout] test each_format_gained_one_block_and_moved_nothing ... FAILED
[INFO] [stdout] test a_carrier_that_names_the_block_and_not_the_values_is_adrift ... FAILED
[INFO] [stdout] test an_artifact_emptied_of_its_records_carries_no_finding ... FAILED
[INFO] [stdout] test a_record_list_that_does_not_line_up_with_the_finding_set_is_adrift ... FAILED
[INFO] [stdout] test a_scoped_run_renders_the_recorded_markdown ... FAILED
[INFO] [stdout] test a_carrier_the_reader_cannot_reach_is_adrift_rather_than_unaudited ... FAILED
[INFO] [stdout] test a_scoped_run_checks_a_document_a_full_corpus_run_cannot ... FAILED
[INFO] [stdout] test a_change_that_named_nothing_is_not_a_full_corpus_run ... FAILED
[INFO] [stdout] test a_skip_routed_to_no_document_is_reported_as_routed_to_no_document ... FAILED
[INFO] [stdout] test a_run_that_skipped_nothing_is_not_a_run_that_reports_no_skips ... FAILED
[INFO] [stdout] test every_format_states_how_many_instances_reached_no_verdict ... FAILED
[INFO] [stdout] test every_carrier_renders_the_one_sentence_and_no_two_agree ... ok
[INFO] [stdout] test a_full_corpus_run_states_no_change_in_any_format ... FAILED
[INFO] [stdout] test every_field_of_a_per_document_coverage_row_is_emitted_or_declared_lost ... FAILED
[INFO] [stdout] test an_emitter_that_stops_grading_an_obligation_is_reported_adrift ... FAILED
[INFO] [stdout] test a_scoped_run_renders_the_recorded_json ... FAILED
[INFO] [stdout] test a_scoped_run_states_the_change_in_every_format ... FAILED
[INFO] [stdout] test every_entry_of_every_loss_set_is_accounted_for ... FAILED
[INFO] [stdout] test a_width_reaches_the_report_a_person_reads_and_no_other_format ... FAILED
[INFO] [stdout] test every_format_states_the_scoping_a_second_way ... FAILED
[INFO] [stdout] test no_rule_declares_a_default_configuration ... FAILED
[INFO] [stdout] test every_finding_reaches_every_format ... FAILED
[INFO] [stdout] test no_two_counts_of_the_coverage_block_are_equal ... FAILED
[INFO] [stdout] test a_carrier_that_is_wrong_is_adrift_and_one_that_is_right_is_held ... FAILED
[INFO] [stdout] test no_two_counts_of_the_scoped_fixture_are_equal ... FAILED
[INFO] [stdout] test one_dropped_record_is_one_unaccounted_finding ... FAILED
[INFO] [stdout] test the_audited_and_the_unaudited_are_counted_apart ... FAILED
[INFO] [stdout] test the_members_a_carrier_names_are_the_members_the_artifact_writes ... FAILED
[INFO] [stdout] test the_read_set_block_is_not_laid_out_at_any_width ... FAILED
[INFO] [stdout] test the_text_report_writes_a_record_for_an_escaped_finding ... FAILED
[INFO] [stdout] test the_change_rides_in_the_runs_property_bag ... FAILED
[INFO] [stdout] test the_fixture_tree_renders_the_recorded_json ... FAILED
[INFO] [stdout] test the_fixture_tree_renders_the_recorded_markdown ... FAILED
[INFO] [stdout] test the_colored_report_is_read_the_way_the_piped_one_is ... FAILED
[INFO] [stdout] test the_fixture_tree_renders_the_recorded_sarif ... FAILED
[INFO] [stdout] test the_stock_reader_finds_the_same_findings_the_run_did ... FAILED
[INFO] [stdout] test the_fixture_tree_renders_the_recorded_text ... FAILED
[INFO] [stdout] test the_two_escape_classes_reach_the_two_sarif_kinds ... FAILED
[INFO] [stdout] test the_promotion_count_reaches_every_format ... FAILED
[INFO] [stdout] test the_level_is_the_checks_severity_and_never_the_obligations ... FAILED
[INFO] [stdout] test the_run_carries_all_three_classes ... FAILED
[INFO] [stdout] test the_routings_of_a_class_and_its_unrouted_exceed_its_instances_by_the_extra_endpoints ... FAILED
[INFO] [stdout] test the_rule_list_is_the_registry_that_ran ... FAILED
[INFO] [stdout] test two_runs_that_skipped_over_different_documents_write_different_artifacts ... FAILED
[INFO] [stdout] test the_vendored_schema_is_the_published_copy ... ok
[INFO] [stdout] test the_width_a_caller_states_is_the_width_the_report_is_laid_out_at ... FAILED
[INFO] [stdout] test the_scoped_fixture_reaches_every_state_a_manifest_line_can ... FAILED
[INFO] [stdout] test two_runs_that_skipped_over_one_document_write_one_artifact ... FAILED
[INFO] [stdout] 
[INFO] [stdout] failures:
[INFO] [stdout] 
[INFO] [stdout] ---- a_scoped_run_renders_the_recorded_sarif stdout ----
[INFO] [stdout] 
[INFO] [stdout] thread 'a_scoped_run_renders_the_recorded_sarif' (652) panicked at tests/fixtures.rs:83:10:
[INFO] [stdout] the check crate's fixtures: Os { code: 2, kind: NotFound, message: "No such file or directory" }
[INFO] [stdout] stack backtrace:
[INFO] [stdout]    0:     0x60282b2bfcc1 - <<std[70759c8f55707aa4]::sys::backtrace::BacktraceLock>::print::DisplayBacktrace as core[df12db4294e9bfd3]::fmt::Display>::fmt
[INFO] [stdout]    1:     0x60282b2d5fba - core[df12db4294e9bfd3]::fmt::write
[INFO] [stdout]    2:     0x60282b2c444c - <alloc[2182bb758b4b3781]::vec::Vec<u8> as core[df12db4294e9bfd3]::io::write::Write>::write_fmt
[INFO] [stdout]    3:     0x60282b29a6d6 - std[70759c8f55707aa4]::panicking::default_hook::{closure#0}
[INFO] [stdout]    4:     0x60282b2b76d9 - std[70759c8f55707aa4]::panicking::default_hook
[INFO] [stdout]    5:     0x60282b0ecb40 - test[9d35eded1c95d3be]::test_main_inner::<test[9d35eded1c95d3be]::test_main_static::{closure#0}>::{closure#0}
[INFO] [stdout]    6:     0x60282b2b7892 - std[70759c8f55707aa4]::panicking::panic_with_hook
[INFO] [stdout]    7:     0x60282b29a782 - std[70759c8f55707aa4]::panicking::panic_handler::{closure#0}
[INFO] [stdout]    8:     0x60282b2931b9 - std[70759c8f55707aa4]::sys::backtrace::__rust_end_short_backtrace::<std[70759c8f55707aa4]::panicking::panic_handler::{closure#0}, !>
[INFO] [stdout]    9:     0x60282b29b37d - __rustc[8fa7c3cbc660c2b3]::rust_begin_unwind
[INFO] [stdout]   10:     0x60282b2d66ec - core[df12db4294e9bfd3]::panicking::panic_fmt
[INFO] [stdout]   11:     0x60282b2d64c2 - core[df12db4294e9bfd3]::result::unwrap_failed
[INFO] [stdout]   12:     0x60282b0a2b4c - fixtures[a4634d201160ed29]::check_fixtures
[INFO] [stdout]   13:     0x60282b0a4d73 - fixtures[a4634d201160ed29]::scoped_at
[INFO] [stdout]   14:     0x60282b0a2dae - fixtures[a4634d201160ed29]::ran
[INFO] [stdout]   15:     0x60282b0a9a57 - <fixtures[a4634d201160ed29]::a_scoped_run_renders_the_recorded_sarif::{closure#0} as core[df12db4294e9bfd3]::ops::function::FnOnce<()>>::call_once
[INFO] [stdout]   16:     0x60282b0dfe2b - test[9d35eded1c95d3be]::__rust_begin_short_backtrace::<core[df12db4294e9bfd3]::result::Result<(), alloc[2182bb758b4b3781]::string::String>, fn() -> core[df12db4294e9bfd3]::result::Result<(), alloc[2182bb758b4b3781]::string::String>>
[INFO] [stdout]   17:     0x60282b0ed495 - test[9d35eded1c95d3be]::run_test::{closure#0}
[INFO] [stdout]   18:     0x60282b0e6d54 - std[70759c8f55707aa4]::sys::backtrace::__rust_begin_short_backtrace::<test[9d35eded1c95d3be]::run_test::{closure#1}, ()>
[INFO] [stdout]   19:     0x60282b0f05f2 - <std[70759c8f55707aa4]::thread::lifecycle::spawn_unchecked<test[9d35eded1c95d3be]::run_test::{closure#1}, ()>::{closure#1} as core[df12db4294e9bfd3]::ops::function::FnOnce<()>>::call_once::{shim:vtable#0}
[INFO] [stdout]   20:     0x60282b2bed19 - <std[70759c8f55707aa4]::sys::thread::unix::Thread>::new::thread_start
[INFO] [stdout]   21:     0x7262c53e3dfa - <unknown>
[INFO] [stdout]   22:     0x7262c54773d4 - clone
[INFO] [stdout]   23:                0x0 - <unknown>
[INFO] [stdout] 
[INFO] [stdout] ---- a_member_present_where_the_run_has_no_value_is_adrift stdout ----
[INFO] [stdout] 
[INFO] [stdout] thread 'a_member_present_where_the_run_has_no_value_is_adrift' (644) panicked at tests/fixtures.rs:83:10:
[INFO] [stdout] the check crate's fixtures: Os { code: 2, kind: NotFound, message: "No such file or directory" }
[INFO] [stdout] stack backtrace:
[INFO] [stdout]    0:     0x60282b2bfcc1 - <<std[70759c8f55707aa4]::sys::backtrace::BacktraceLock>::print::DisplayBacktrace as core[df12db4294e9bfd3]::fmt::Display>::fmt
[INFO] [stdout]    1:     0x60282b2d5fba - core[df12db4294e9bfd3]::fmt::write
[INFO] [stdout]    2:     0x60282b2c444c - <alloc[2182bb758b4b3781]::vec::Vec<u8> as core[df12db4294e9bfd3]::io::write::Write>::write_fmt
[INFO] [stdout]    3:     0x60282b29a6d6 - std[70759c8f55707aa4]::panicking::default_hook::{closure#0}
[INFO] [stdout]    4:     0x60282b2b76d9 - std[70759c8f55707aa4]::panicking::default_hook
[INFO] [stdout]    5:     0x60282b0ecb40 - test[9d35eded1c95d3be]::test_main_inner::<test[9d35eded1c95d3be]::test_main_static::{closure#0}>::{closure#0}
[INFO] [stdout]    6:     0x60282b2b7892 - std[70759c8f55707aa4]::panicking::panic_with_hook
[INFO] [stdout]    7:     0x60282b29a782 - std[70759c8f55707aa4]::panicking::panic_handler::{closure#0}
[INFO] [stdout]    8:     0x60282b2931b9 - std[70759c8f55707aa4]::sys::backtrace::__rust_end_short_backtrace::<std[70759c8f55707aa4]::panicking::panic_handler::{closure#0}, !>
[INFO] [stdout]    9:     0x60282b29b37d - __rustc[8fa7c3cbc660c2b3]::rust_begin_unwind
[INFO] [stdout]   10:     0x60282b2d66ec - core[df12db4294e9bfd3]::panicking::panic_fmt
[INFO] [stdout]   11:     0x60282b2d64c2 - core[df12db4294e9bfd3]::result::unwrap_failed
[INFO] [stdout]   12:     0x60282b0a2b4c - fixtures[a4634d201160ed29]::check_fixtures
[INFO] [stdout]   13:     0x60282b0a4d73 - fixtures[a4634d201160ed29]::scoped_at
[INFO] [stdout]   14:     0x60282b0a2dae - fixtures[a4634d201160ed29]::ran
[INFO] [stdout]   15:     0x60282b0b6d33 - <fixtures[a4634d201160ed29]::a_member_present_where_the_run_has_no_value_is_adrift::{closure#0} as core[df12db4294e9bfd3]::ops::function::FnOnce<()>>::call_once
[INFO] [stdout]   16:     0x60282b0dfe2b - test[9d35eded1c95d3be]::__rust_begin_short_backtrace::<core[df12db4294e9bfd3]::result::Result<(), alloc[2182bb758b4b3781]::string::String>, fn() -> core[df12db4294e9bfd3]::result::Result<(), alloc[2182bb758b4b3781]::string::String>>
[INFO] [stdout]   17:     0x60282b0ed495 - test[9d35eded1c95d3be]::run_test::{closure#0}
[INFO] [stdout]   18:     0x60282b0e6d54 - std[70759c8f55707aa4]::sys::backtrace::__rust_begin_short_backtrace::<test[9d35eded1c95d3be]::run_test::{closure#1}, ()>
[INFO] [stdout]   19:     0x60282b0f05f2 - <std[70759c8f55707aa4]::thread::lifecycle::spawn_unchecked<test[9d35eded1c95d3be]::run_test::{closure#1}, ()>::{closure#1} as core[df12db4294e9bfd3]::ops::function::FnOnce<()>>::call_once::{shim:vtable#0}
[INFO] [stdout]   20:     0x60282b2bed19 - <std[70759c8f55707aa4]::sys::thread::unix::Thread>::new::thread_start
[INFO] [stdout]   21:     0x7262c53e3dfa - <unknown>
[INFO] [stdout]   22:     0x7262c54773d4 - clone
[INFO] [stdout]   23:                0x0 - <unknown>
[INFO] [stdout] 
[INFO] [stdout] ---- a_record_level_bag_named_with_none_of_its_members_is_adrift stdout ----
[INFO] [stdout] 
[INFO] [stdout] thread 'a_record_level_bag_named_with_none_of_its_members_is_adrift' (646) panicked at tests/fixtures.rs:83:10:
[INFO] [stdout] the check crate's fixtures: Os { code: 2, kind: NotFound, message: "No such file or directory" }
[INFO] [stdout] stack backtrace:
[INFO] [stdout]    0:     0x60282b2bfcc1 - <<std[70759c8f55707aa4]::sys::backtrace::BacktraceLock>::print::DisplayBacktrace as core[df12db4294e9bfd3]::fmt::Display>::fmt
[INFO] [stdout]    1:     0x60282b2d5fba - core[df12db4294e9bfd3]::fmt::write
[INFO] [stdout]    2:     0x60282b2c444c - <alloc[2182bb758b4b3781]::vec::Vec<u8> as core[df12db4294e9bfd3]::io::write::Write>::write_fmt
[INFO] [stdout]    3:     0x60282b29a6d6 - std[70759c8f55707aa4]::panicking::default_hook::{closure#0}
[INFO] [stdout]    4:     0x60282b2b76d9 - std[70759c8f55707aa4]::panicking::default_hook
[INFO] [stdout]    5:     0x60282b0ecb40 - test[9d35eded1c95d3be]::test_main_inner::<test[9d35eded1c95d3be]::test_main_static::{closure#0}>::{closure#0}
[INFO] [stdout]    6:     0x60282b2b7892 - std[70759c8f55707aa4]::panicking::panic_with_hook
[INFO] [stdout]    7:     0x60282b29a782 - std[70759c8f55707aa4]::panicking::panic_handler::{closure#0}
[INFO] [stdout]    8:     0x60282b2931b9 - std[70759c8f55707aa4]::sys::backtrace::__rust_end_short_backtrace::<std[70759c8f55707aa4]::panicking::panic_handler::{closure#0}, !>
[INFO] [stdout]    9:     0x60282b29b37d - __rustc[8fa7c3cbc660c2b3]::rust_begin_unwind
[INFO] [stdout]   10:     0x60282b2d66ec - core[df12db4294e9bfd3]::panicking::panic_fmt
[INFO] [stdout]   11:     0x60282b2d64c2 - core[df12db4294e9bfd3]::result::unwrap_failed
[INFO] [stdout]   12:     0x60282b0a2b4c - fixtures[a4634d201160ed29]::check_fixtures
[INFO] [stdout]   13:     0x60282b0a4d73 - fixtures[a4634d201160ed29]::scoped_at
[INFO] [stdout]   14:     0x60282b0a2dae - fixtures[a4634d201160ed29]::ran
[INFO] [stdout]   15:     0x60282b0bdf93 - <fixtures[a4634d201160ed29]::a_record_level_bag_named_with_none_of_its_members_is_adrift::{closure#0} as core[df12db4294e9bfd3]::ops::function::FnOnce<()>>::call_once
[INFO] [stdout]   16:     0x60282b0dfe2b - test[9d35eded1c95d3be]::__rust_begin_short_backtrace::<core[df12db4294e9bfd3]::result::Result<(), alloc[2182bb758b4b3781]::string::String>, fn() -> core[df12db4294e9bfd3]::result::Result<(), alloc[2182bb758b4b3781]::string::String>>
[INFO] [stdout]   17:     0x60282b0ed495 - test[9d35eded1c95d3be]::run_test::{closure#0}
[INFO] [stdout]   18:     0x60282b0e6d54 - std[70759c8f55707aa4]::sys::backtrace::__rust_begin_short_backtrace::<test[9d35eded1c95d3be]::run_test::{closure#1}, ()>
[INFO] [stdout]   19:     0x60282b0f05f2 - <std[70759c8f55707aa4]::thread::lifecycle::spawn_unchecked<test[9d35eded1c95d3be]::run_test::{closure#1}, ()>::{closure#1} as core[df12db4294e9bfd3]::ops::function::FnOnce<()>>::call_once::{shim:vtable#0}
[INFO] [stdout]   20:     0x60282b2bed19 - <std[70759c8f55707aa4]::sys::thread::unix::Thread>::new::thread_start
[INFO] [stdout]   21:     0x7262c53e3dfa - <unknown>
[INFO] [stdout]   22:     0x7262c54773d4 - clone
[INFO] [stdout]   23:                0x0 - <unknown>
[INFO] [stdout] 
[INFO] [stdout] ---- a_path_the_census_never_walked_is_named_and_not_counted stdout ----
[INFO] [stdout] 
[INFO] [stdout] thread 'a_path_the_census_never_walked_is_named_and_not_counted' (645) panicked at tests/fixtures.rs:83:10:
[INFO] [stdout] the check crate's fixtures: Os { code: 2, kind: NotFound, message: "No such file or directory" }
[INFO] [stdout] stack backtrace:
[INFO] [stdout]    0:     0x60282b2bfcc1 - <<std[70759c8f55707aa4]::sys::backtrace::BacktraceLock>::print::DisplayBacktrace as core[df12db4294e9bfd3]::fmt::Display>::fmt
[INFO] [stdout]    1:     0x60282b2d5fba - core[df12db4294e9bfd3]::fmt::write
[INFO] [stdout]    2:     0x60282b2c444c - <alloc[2182bb758b4b3781]::vec::Vec<u8> as core[df12db4294e9bfd3]::io::write::Write>::write_fmt
[INFO] [stdout]    3:     0x60282b29a6d6 - std[70759c8f55707aa4]::panicking::default_hook::{closure#0}
[INFO] [stdout]    4:     0x60282b2b76d9 - std[70759c8f55707aa4]::panicking::default_hook
[INFO] [stdout]    5:     0x60282b0ecb40 - test[9d35eded1c95d3be]::test_main_inner::<test[9d35eded1c95d3be]::test_main_static::{closure#0}>::{closure#0}
[INFO] [stdout]    6:     0x60282b2b7892 - std[70759c8f55707aa4]::panicking::panic_with_hook
[INFO] [stdout]    7:     0x60282b29a782 - std[70759c8f55707aa4]::panicking::panic_handler::{closure#0}
[INFO] [stdout]    8:     0x60282b2931b9 - std[70759c8f55707aa4]::sys::backtrace::__rust_end_short_backtrace::<std[70759c8f55707aa4]::panicking::panic_handler::{closure#0}, !>
[INFO] [stdout]    9:     0x60282b29b37d - __rustc[8fa7c3cbc660c2b3]::rust_begin_unwind
[INFO] [stdout]   10:     0x60282b2d66ec - core[df12db4294e9bfd3]::panicking::panic_fmt
[INFO] [stdout]   11:     0x60282b2d64c2 - core[df12db4294e9bfd3]::result::unwrap_failed
[INFO] [stdout]   12:     0x60282b0a2b4c - fixtures[a4634d201160ed29]::check_fixtures
[INFO] [stdout]   13:     0x60282b0a4d73 - fixtures[a4634d201160ed29]::scoped_at
[INFO] [stdout]   14:     0x60282b0a2dae - fixtures[a4634d201160ed29]::ran
[INFO] [stdout]   15:     0x60282b0b8b52 - <fixtures[a4634d201160ed29]::a_path_the_census_never_walked_is_named_and_not_counted::{closure#0} as core[df12db4294e9bfd3]::ops::function::FnOnce<()>>::call_once
[INFO] [stdout]   16:     0x60282b0dfe2b - test[9d35eded1c95d3be]::__rust_begin_short_backtrace::<core[df12db4294e9bfd3]::result::Result<(), alloc[2182bb758b4b3781]::string::String>, fn() -> core[df12db4294e9bfd3]::result::Result<(), alloc[2182bb758b4b3781]::string::String>>
[INFO] [stdout]   17:     0x60282b0ed495 - test[9d35eded1c95d3be]::run_test::{closure#0}
[INFO] [stdout]   18:     0x60282b0e6d54 - std[70759c8f55707aa4]::sys::backtrace::__rust_begin_short_backtrace::<test[9d35eded1c95d3be]::run_test::{closure#1}, ()>
[INFO] [stdout]   19:     0x60282b0f05f2 - <std[70759c8f55707aa4]::thread::lifecycle::spawn_unchecked<test[9d35eded1c95d3be]::run_test::{closure#1}, ()>::{closure#1} as core[df12db4294e9bfd3]::ops::function::FnOnce<()>>::call_once::{shim:vtable#0}
[INFO] [stdout]   20:     0x60282b2bed19 - <std[70759c8f55707aa4]::sys::thread::unix::Thread>::new::thread_start
[INFO] [stdout]   21:     0x7262c53e3dfa - <unknown>
[INFO] [stdout]   22:     0x7262c54773d4 - clone
[INFO] [stdout]   23:                0x0 - <unknown>
[INFO] [stdout] 
[INFO] [stdout] ---- a_suppressed_finding_is_marked_and_a_live_one_is_not stdout ----
[INFO] [stdout] 
[INFO] [stdout] thread 'a_suppressed_finding_is_marked_and_a_live_one_is_not' (655) panicked at tests/fixtures.rs:83:10:
[INFO] [stdout] the check crate's fixtures: Os { code: 2, kind: NotFound, message: "No such file or directory" }
[INFO] [stdout] stack backtrace:
[INFO] [stdout]    0:     0x60282b2bfcc1 - <<std[70759c8f55707aa4]::sys::backtrace::BacktraceLock>::print::DisplayBacktrace as core[df12db4294e9bfd3]::fmt::Display>::fmt
[INFO] [stdout]    1:     0x60282b2d5fba - core[df12db4294e9bfd3]::fmt::write
[INFO] [stdout]    2:     0x60282b2c444c - <alloc[2182bb758b4b3781]::vec::Vec<u8> as core[df12db4294e9bfd3]::io::write::Write>::write_fmt
[INFO] [stdout]    3:     0x60282b29a6d6 - std[70759c8f55707aa4]::panicking::default_hook::{closure#0}
[INFO] [stdout]    4:     0x60282b2b76d9 - std[70759c8f55707aa4]::panicking::default_hook
[INFO] [stdout]    5:     0x60282b0ecb40 - test[9d35eded1c95d3be]::test_main_inner::<test[9d35eded1c95d3be]::test_main_static::{closure#0}>::{closure#0}
[INFO] [stdout]    6:     0x60282b2b7892 - std[70759c8f55707aa4]::panicking::panic_with_hook
[INFO] [stdout]    7:     0x60282b29a782 - std[70759c8f55707aa4]::panicking::panic_handler::{closure#0}
[INFO] [stdout]    8:     0x60282b2931b9 - std[70759c8f55707aa4]::sys::backtrace::__rust_end_short_backtrace::<std[70759c8f55707aa4]::panicking::panic_handler::{closure#0}, !>
[INFO] [stdout]    9:     0x60282b29b37d - __rustc[8fa7c3cbc660c2b3]::rust_begin_unwind
[INFO] [stdout]   10:     0x60282b2d66ec - core[df12db4294e9bfd3]::panicking::panic_fmt
[INFO] [stdout]   11:     0x60282b2d64c2 - core[df12db4294e9bfd3]::result::unwrap_failed
[INFO] [stdout]   12:     0x60282b0a2b4c - fixtures[a4634d201160ed29]::check_fixtures
[INFO] [stdout]   13:     0x60282b0a4d73 - fixtures[a4634d201160ed29]::scoped_at
[INFO] [stdout]   14:     0x60282b0a2dae - fixtures[a4634d201160ed29]::ran
[INFO] [stdout]   15:     0x60282b0b43e5 - <fixtures[a4634d201160ed29]::a_suppressed_finding_is_marked_and_a_live_one_is_not::{closure#0} as core[df12db4294e9bfd3]::ops::function::FnOnce<()>>::call_once
[INFO] [stdout]   16:     0x60282b0dfe2b - test[9d35eded1c95d3be]::__rust_begin_short_backtrace::<core[df12db4294e9bfd3]::result::Result<(), alloc[2182bb758b4b3781]::string::String>, fn() -> core[df12db4294e9bfd3]::result::Result<(), alloc[2182bb758b4b3781]::string::String>>
[INFO] [stdout]   17:     0x60282b0ed495 - test[9d35eded1c95d3be]::run_test::{closure#0}
[INFO] [stdout]   18:     0x60282b0e6d54 - std[70759c8f55707aa4]::sys::backtrace::__rust_begin_short_backtrace::<test[9d35eded1c95d3be]::run_test::{closure#1}, ()>
[INFO] [stdout]   19:     0x60282b0f05f2 - <std[70759c8f55707aa4]::thread::lifecycle::spawn_unchecked<test[9d35eded1c95d3be]::run_test::{closure#1}, ()>::{closure#1} as core[df12db4294e9bfd3]::ops::function::FnOnce<()>>::call_once::{shim:vtable#0}
[INFO] [stdout]   20:     0x60282b2bed19 - <std[70759c8f55707aa4]::sys::thread::unix::Thread>::new::thread_start
[INFO] [stdout]   21:     0x7262c53e3dfa - <unknown>
[INFO] [stdout]   22:     0x7262c54773d4 - clone
[INFO] [stdout]   23:                0x0 - <unknown>
[INFO] [stdout] 
[INFO] [stdout] ---- each_format_gained_one_block_and_moved_nothing stdout ----
[INFO] [stdout] 
[INFO] [stdout] thread 'each_format_gained_one_block_and_moved_nothing' (659) panicked at tests/fixtures.rs:83:10:
[INFO] [stdout] the check crate's fixtures: Os { code: 2, kind: NotFound, message: "No such file or directory" }
[INFO] [stdout] stack backtrace:
[INFO] [stdout]    0:     0x60282b2bfcc1 - <<std[70759c8f55707aa4]::sys::backtrace::BacktraceLock>::print::DisplayBacktrace as core[df12db4294e9bfd3]::fmt::Display>::fmt
[INFO] [stdout]    1:     0x60282b2d5fba - core[df12db4294e9bfd3]::fmt::write
[INFO] [stdout]    2:     0x60282b2c444c - <alloc[2182bb758b4b3781]::vec::Vec<u8> as core[df12db4294e9bfd3]::io::write::Write>::write_fmt
[INFO] [stdout]    3:     0x60282b29a6d6 - std[70759c8f55707aa4]::panicking::default_hook::{closure#0}
[INFO] [stdout]    4:     0x60282b2b76d9 - std[70759c8f55707aa4]::panicking::default_hook
[INFO] [stdout]    5:     0x60282b0ecb40 - test[9d35eded1c95d3be]::test_main_inner::<test[9d35eded1c95d3be]::test_main_static::{closure#0}>::{closure#0}
[INFO] [stdout]    6:     0x60282b2b7892 - std[70759c8f55707aa4]::panicking::panic_with_hook
[INFO] [stdout]    7:     0x60282b29a782 - std[70759c8f55707aa4]::panicking::panic_handler::{closure#0}
[INFO] [stdout]    8:     0x60282b2931b9 - std[70759c8f55707aa4]::sys::backtrace::__rust_end_short_backtrace::<std[70759c8f55707aa4]::panicking::panic_handler::{closure#0}, !>
[INFO] [stdout]    9:     0x60282b29b37d - __rustc[8fa7c3cbc660c2b3]::rust_begin_unwind
[INFO] [stdout]   10:     0x60282b2d66ec - core[df12db4294e9bfd3]::panicking::panic_fmt
[INFO] [stdout]   11:     0x60282b2d64c2 - core[df12db4294e9bfd3]::result::unwrap_failed
[INFO] [stdout]   12:     0x60282b0a2b4c - fixtures[a4634d201160ed29]::check_fixtures
[INFO] [stdout]   13:     0x60282b0a4d73 - fixtures[a4634d201160ed29]::scoped_at
[INFO] [stdout]   14:     0x60282b0a2dae - fixtures[a4634d201160ed29]::ran
[INFO] [stdout]   15:     0x60282b0af0f9 - <fixtures[a4634d201160ed29]::each_format_gained_one_block_and_moved_nothing::{closure#0} as core[df12db4294e9bfd3]::ops::function::FnOnce<()>>::call_once
[INFO] [stdout]   16:     0x60282b0dfe2b - test[9d35eded1c95d3be]::__rust_begin_short_backtrace::<core[df12db4294e9bfd3]::result::Result<(), alloc[2182bb758b4b3781]::string::String>, fn() -> core[df12db4294e9bfd3]::result::Result<(), alloc[2182bb758b4b3781]::string::String>>
[INFO] [stdout]   17:     0x60282b0ed495 - test[9d35eded1c95d3be]::run_test::{closure#0}
[INFO] [stdout]   18:     0x60282b0e6d54 - std[70759c8f55707aa4]::sys::backtrace::__rust_begin_short_backtrace::<test[9d35eded1c95d3be]::run_test::{closure#1}, ()>
[INFO] [stdout]   19:     0x60282b0f05f2 - <std[70759c8f55707aa4]::thread::lifecycle::spawn_unchecked<test[9d35eded1c95d3be]::run_test::{closure#1}, ()>::{closure#1} as core[df12db4294e9bfd3]::ops::function::FnOnce<()>>::call_once::{shim:vtable#0}
[INFO] [stdout]   20:     0x60282b2bed19 - <std[70759c8f55707aa4]::sys::thread::unix::Thread>::new::thread_start
[INFO] [stdout]   21:     0x7262c53e3dfa - <unknown>
[INFO] [stdout]   22:     0x7262c54773d4 - clone
[INFO] [stdout]   23:                0x0 - <unknown>
[INFO] [stdout] 
[INFO] [stdout] ---- a_carrier_that_names_the_block_and_not_the_values_is_adrift stdout ----
[INFO] [stdout] 
[INFO] [stdout] thread 'a_carrier_that_names_the_block_and_not_the_values_is_adrift' (640) panicked at tests/fixtures.rs:83:10:
[INFO] [stdout] the check crate's fixtures: Os { code: 2, kind: NotFound, message: "No such file or directory" }
[INFO] [stdout] stack backtrace:
[INFO] [stdout]    0:     0x60282b2bfcc1 - <<std[70759c8f55707aa4]::sys::backtrace::BacktraceLock>::print::DisplayBacktrace as core[df12db4294e9bfd3]::fmt::Display>::fmt
[INFO] [stdout]    1:     0x60282b2d5fba - core[df12db4294e9bfd3]::fmt::write
[INFO] [stdout]    2:     0x60282b2c444c - <alloc[2182bb758b4b3781]::vec::Vec<u8> as core[df12db4294e9bfd3]::io::write::Write>::write_fmt
[INFO] [stdout]    3:     0x60282b29a6d6 - std[70759c8f55707aa4]::panicking::default_hook::{closure#0}
[INFO] [stdout]    4:     0x60282b2b76d9 - std[70759c8f55707aa4]::panicking::default_hook
[INFO] [stdout]    5:     0x60282b0ecb40 - test[9d35eded1c95d3be]::test_main_inner::<test[9d35eded1c95d3be]::test_main_static::{closure#0}>::{closure#0}
[INFO] [stdout]    6:     0x60282b2b7892 - std[70759c8f55707aa4]::panicking::panic_with_hook
[INFO] [stdout]    7:     0x60282b29a782 - std[70759c8f55707aa4]::panicking::panic_handler::{closure#0}
[INFO] [stdout]    8:     0x60282b2931b9 - std[70759c8f55707aa4]::sys::backtrace::__rust_end_short_backtrace::<std[70759c8f55707aa4]::panicking::panic_handler::{closure#0}, !>
[INFO] [stdout]    9:     0x60282b29b37d - __rustc[8fa7c3cbc660c2b3]::rust_begin_unwind
[INFO] [stdout]   10:     0x60282b2d66ec - core[df12db4294e9bfd3]::panicking::panic_fmt
[INFO] [stdout]   11:     0x60282b2d64c2 - core[df12db4294e9bfd3]::result::unwrap_failed
[INFO] [stdout]   12:     0x60282b0a2b4c - fixtures[a4634d201160ed29]::check_fixtures
[INFO] [stdout]   13:     0x60282b0a4d73 - fixtures[a4634d201160ed29]::scoped_at
[INFO] [stdout]   14:     0x60282b0a2dae - fixtures[a4634d201160ed29]::ran
[INFO] [stdout]   15:     0x60282b0bd963 - <fixtures[a4634d201160ed29]::a_carrier_that_names_the_block_and_not_the_values_is_adrift::{closure#0} as core[df12db4294e9bfd3]::ops::function::FnOnce<()>>::call_once
[INFO] [stdout]   16:     0x60282b0dfe2b - test[9d35eded1c95d3be]::__rust_begin_short_backtrace::<core[df12db4294e9bfd3]::result::Result<(), alloc[2182bb758b4b3781]::string::String>, fn() -> core[df12db4294e9bfd3]::result::Result<(), alloc[2182bb758b4b3781]::string::String>>
[INFO] [stdout]   17:     0x60282b0ed495 - test[9d35eded1c95d3be]::run_test::{closure#0}
[INFO] [stdout]   18:     0x60282b0e6d54 - std[70759c8f55707aa4]::sys::backtrace::__rust_begin_short_backtrace::<test[9d35eded1c95d3be]::run_test::{closure#1}, ()>
[INFO] [stdout]   19:     0x60282b0f05f2 - <std[70759c8f55707aa4]::thread::lifecycle::spawn_unchecked<test[9d35eded1c95d3be]::run_test::{closure#1}, ()>::{closure#1} as core[df12db4294e9bfd3]::ops::function::FnOnce<()>>::call_once::{shim:vtable#0}
[INFO] [stdout]   20:     0x60282b2bed19 - <std[70759c8f55707aa4]::sys::thread::unix::Thread>::new::thread_start
[INFO] [stdout]   21:     0x7262c53e3dfa - <unknown>
[INFO] [stdout]   22:     0x7262c54773d4 - clone
[INFO] [stdout]   23:                0x0 - <unknown>
[INFO] [stdout] 
[INFO] [stdout] ---- an_artifact_emptied_of_its_records_carries_no_finding stdout ----
[INFO] [stdout] 
[INFO] [stdout] thread 'an_artifact_emptied_of_its_records_carries_no_finding' (657) panicked at tests/fixtures.rs:83:10:
[INFO] [stdout] the check crate's fixtures: Os { code: 2, kind: NotFound, message: "No such file or directory" }
[INFO] [stdout] stack backtrace:
[INFO] [stdout]    0:     0x60282b2bfcc1 - <<std[70759c8f55707aa4]::sys::backtrace::BacktraceLock>::print::DisplayBacktrace as core[df12db4294e9bfd3]::fmt::Display>::fmt
[INFO] [stdout]    1:     0x60282b2d5fba - core[df12db4294e9bfd3]::fmt::write
[INFO] [stdout]    2:     0x60282b2c444c - <alloc[2182bb758b4b3781]::vec::Vec<u8> as core[df12db4294e9bfd3]::io::write::Write>::write_fmt
[INFO] [stdout]    3:     0x60282b29a6d6 - std[70759c8f55707aa4]::panicking::default_hook::{closure#0}
[INFO] [stdout]    4:     0x60282b2b76d9 - std[70759c8f55707aa4]::panicking::default_hook
[INFO] [stdout]    5:     0x60282b0ecb40 - test[9d35eded1c95d3be]::test_main_inner::<test[9d35eded1c95d3be]::test_main_static::{closure#0}>::{closure#0}
[INFO] [stdout]    6:     0x60282b2b7892 - std[70759c8f55707aa4]::panicking::panic_with_hook
[INFO] [stdout]    7:     0x60282b29a782 - std[70759c8f55707aa4]::panicking::panic_handler::{closure#0}
[INFO] [stdout]    8:     0x60282b2931b9 - std[70759c8f55707aa4]::sys::backtrace::__rust_end_short_backtrace::<std[70759c8f55707aa4]::panicking::panic_handler::{closure#0}, !>
[INFO] [stdout]    9:     0x60282b29b37d - __rustc[8fa7c3cbc660c2b3]::rust_begin_unwind
[INFO] [stdout]   10:     0x60282b2d66ec - core[df12db4294e9bfd3]::panicking::panic_fmt
[INFO] [stdout]   11:     0x60282b2d64c2 - core[df12db4294e9bfd3]::result::unwrap_failed
[INFO] [stdout]   12:     0x60282b0a2b4c - fixtures[a4634d201160ed29]::check_fixtures
[INFO] [stdout]   13:     0x60282b0a4d73 - fixtures[a4634d201160ed29]::scoped_at
[INFO] [stdout]   14:     0x60282b0a2dae - fixtures[a4634d201160ed29]::ran
[INFO] [stdout]   15:     0x60282b0b7482 - <fixtures[a4634d201160ed29]::an_artifact_emptied_of_its_records_carries_no_finding::{closure#0} as core[df12db4294e9bfd3]::ops::function::FnOnce<()>>::call_once
[INFO] [stdout]   16:     0x60282b0dfe2b - test[9d35eded1c95d3be]::__rust_begin_short_backtrace::<core[df12db4294e9bfd3]::result::Result<(), alloc[2182bb758b4b3781]::string::String>, fn() -> core[df12db4294e9bfd3]::result::Result<(), alloc[2182bb758b4b3781]::string::String>>
[INFO] [stdout]   17:     0x60282b0ed495 - test[9d35eded1c95d3be]::run_test::{closure#0}
[INFO] [stdout]   18:     0x60282b0e6d54 - std[70759c8f55707aa4]::sys::backtrace::__rust_begin_short_backtrace::<test[9d35eded1c95d3be]::run_test::{closure#1}, ()>
[INFO] [stdout]   19:     0x60282b0f05f2 - <std[70759c8f55707aa4]::thread::lifecycle::spawn_unchecked<test[9d35eded1c95d3be]::run_test::{closure#1}, ()>::{closure#1} as core[df12db4294e9bfd3]::ops::function::FnOnce<()>>::call_once::{shim:vtable#0}
[INFO] [stdout]   20:     0x60282b2bed19 - <std[70759c8f55707aa4]::sys::thread::unix::Thread>::new::thread_start
[INFO] [stdout]   21:     0x7262c53e3dfa - <unknown>
[INFO] [stdout]   22:     0x7262c54773d4 - clone
[INFO] [stdout]   23:                0x0 - <unknown>
[INFO] [stdout] 
[INFO] [stdout] ---- a_record_list_that_does_not_line_up_with_the_finding_set_is_adrift stdout ----
[INFO] [stdout] 
[INFO] [stdout] thread 'a_record_list_that_does_not_line_up_with_the_finding_set_is_adrift' (647) panicked at tests/fixtures.rs:83:10:
[INFO] [stdout] the check crate's fixtures: Os { code: 2, kind: NotFound, message: "No such file or directory" }
[INFO] [stdout] stack backtrace:
[INFO] [stdout]    0:     0x60282b2bfcc1 - <<std[70759c8f55707aa4]::sys::backtrace::BacktraceLock>::print::DisplayBacktrace as core[df12db4294e9bfd3]::fmt::Display>::fmt
[INFO] [stdout]    1:     0x60282b2d5fba - core[df12db4294e9bfd3]::fmt::write
[INFO] [stdout]    2:     0x60282b2c444c - <alloc[2182bb758b4b3781]::vec::Vec<u8> as core[df12db4294e9bfd3]::io::write::Write>::write_fmt
[INFO] [stdout]    3:     0x60282b29a6d6 - std[70759c8f55707aa4]::panicking::default_hook::{closure#0}
[INFO] [stdout]    4:     0x60282b2b76d9 - std[70759c8f55707aa4]::panicking::default_hook
[INFO] [stdout]    5:     0x60282b0ecb40 - test[9d35eded1c95d3be]::test_main_inner::<test[9d35eded1c95d3be]::test_main_static::{closure#0}>::{closure#0}
[INFO] [stdout]    6:     0x60282b2b7892 - std[70759c8f55707aa4]::panicking::panic_with_hook
[INFO] [stdout]    7:     0x60282b29a782 - std[70759c8f55707aa4]::panicking::panic_handler::{closure#0}
[INFO] [stdout]    8:     0x60282b2931b9 - std[70759c8f55707aa4]::sys::backtrace::__rust_end_short_backtrace::<std[70759c8f55707aa4]::panicking::panic_handler::{closure#0}, !>
[INFO] [stdout]    9:     0x60282b29b37d - __rustc[8fa7c3cbc660c2b3]::rust_begin_unwind
[INFO] [stdout]   10:     0x60282b2d66ec - core[df12db4294e9bfd3]::panicking::panic_fmt
[INFO] [stdout]   11:     0x60282b2d64c2 - core[df12db4294e9bfd3]::result::unwrap_failed
[INFO] [stdout]   12:     0x60282b0a2b4c - fixtures[a4634d201160ed29]::check_fixtures
[INFO] [stdout]   13:     0x60282b0a4d73 - fixtures[a4634d201160ed29]::scoped_at
[INFO] [stdout]   14:     0x60282b0a2dae - fixtures[a4634d201160ed29]::ran
[INFO] [stdout]   15:     0x60282b0c24da - <fixtures[a4634d201160ed29]::a_record_list_that_does_not_line_up_with_the_finding_set_is_adrift::{closure#0} as core[df12db4294e9bfd3]::ops::function::FnOnce<()>>::call_once
[INFO] [stdout]   16:     0x60282b0dfe2b - test[9d35eded1c95d3be]::__rust_begin_short_backtrace::<core[df12db4294e9bfd3]::result::Result<(), alloc[2182bb758b4b3781]::string::String>, fn() -> core[df12db4294e9bfd3]::result::Result<(), alloc[2182bb758b4b3781]::string::String>>
[INFO] [stdout]   17:     0x60282b0ed495 - test[9d35eded1c95d3be]::run_test::{closure#0}
[INFO] [stdout]   18:     0x60282b0e6d54 - std[70759c8f55707aa4]::sys::backtrace::__rust_begin_short_backtrace::<test[9d35eded1c95d3be]::run_test::{closure#1}, ()>
[INFO] [stdout]   19:     0x60282b0f05f2 - <std[70759c8f55707aa4]::thread::lifecycle::spawn_unchecked<test[9d35eded1c95d3be]::run_test::{closure#1}, ()>::{closure#1} as core[df12db4294e9bfd3]::ops::function::FnOnce<()>>::call_once::{shim:vtable#0}
[INFO] [stdout]   20:     0x60282b2bed19 - <std[70759c8f55707aa4]::sys::thread::unix::Thread>::new::thread_start
[INFO] [stdout]   21:     0x7262c53e3dfa - <unknown>
[INFO] [stdout]   22:     0x7262c54773d4 - clone
[INFO] [stdout]   23:                0x0 - <unknown>
[INFO] [stdout] 
[INFO] [stdout] ---- a_scoped_run_renders_the_recorded_markdown stdout ----
[INFO] [stdout] 
[INFO] [stdout] thread 'a_scoped_run_renders_the_recorded_markdown' (651) panicked at tests/fixtures.rs:83:10:
[INFO] [stdout] the check crate's fixtures: Os { code: 2, kind: NotFound, message: "No such file or directory" }
[INFO] [stdout] stack backtrace:
[INFO] [stdout]    0:     0x60282b2bfcc1 - <<std[70759c8f55707aa4]::sys::backtrace::BacktraceLock>::print::DisplayBacktrace as core[df12db4294e9bfd3]::fmt::Display>::fmt
[INFO] [stdout]    1:     0x60282b2d5fba - core[df12db4294e9bfd3]::fmt::write
[INFO] [stdout]    2:     0x60282b2c444c - <alloc[2182bb758b4b3781]::vec::Vec<u8> as core[df12db4294e9bfd3]::io::write::Write>::write_fmt
[INFO] [stdout]    3:     0x60282b29a6d6 - std[70759c8f55707aa4]::panicking::default_hook::{closure#0}
[INFO] [stdout]    4:     0x60282b2b76d9 - std[70759c8f55707aa4]::panicking::default_hook
[INFO] [stdout]    5:     0x60282b0ecb40 - test[9d35eded1c95d3be]::test_main_inner::<test[9d35eded1c95d3be]::test_main_static::{closure#0}>::{closure#0}
[INFO] [stdout]    6:     0x60282b2b7892 - std[70759c8f55707aa4]::panicking::panic_with_hook
[INFO] [stdout]    7:     0x60282b29a782 - std[70759c8f55707aa4]::panicking::panic_handler::{closure#0}
[INFO] [stdout]    8:     0x60282b2931b9 - std[70759c8f55707aa4]::sys::backtrace::__rust_end_short_backtrace::<std[70759c8f55707aa4]::panicking::panic_handler::{closure#0}, !>
[INFO] [stdout]    9:     0x60282b29b37d - __rustc[8fa7c3cbc660c2b3]::rust_begin_unwind
[INFO] [stdout]   10:     0x60282b2d66ec - core[df12db4294e9bfd3]::panicking::panic_fmt
[INFO] [stdout]   11:     0x60282b2d64c2 - core[df12db4294e9bfd3]::result::unwrap_failed
[INFO] [stdout]   12:     0x60282b0a2b4c - fixtures[a4634d201160ed29]::check_fixtures
[INFO] [stdout]   13:     0x60282b0a4d73 - fixtures[a4634d201160ed29]::scoped_at
[INFO] [stdout]   14:     0x60282b0a2dae - fixtures[a4634d201160ed29]::ran
[INFO] [stdout]   15:     0x60282b0abe27 - <fixtures[a4634d201160ed29]::a_scoped_run_renders_the_recorded_markdown::{closure#0} as core[df12db4294e9bfd3]::ops::function::FnOnce<()>>::call_once
[INFO] [stdout]   16:     0x60282b0dfe2b - test[9d35eded1c95d3be]::__rust_begin_short_backtrace::<core[df12db4294e9bfd3]::result::Result<(), alloc[2182bb758b4b3781]::string::String>, fn() -> core[df12db4294e9bfd3]::result::Result<(), alloc[2182bb758b4b3781]::string::String>>
[INFO] [stdout]   17:     0x60282b0ed495 - test[9d35eded1c95d3be]::run_test::{closure#0}
[INFO] [stdout]   18:     0x60282b0e6d54 - std[70759c8f55707aa4]::sys::backtrace::__rust_begin_short_backtrace::<test[9d35eded1c95d3be]::run_test::{closure#1}, ()>
[INFO] [stdout]   19:     0x60282b0f05f2 - <std[70759c8f55707aa4]::thread::lifecycle::spawn_unchecked<test[9d35eded1c95d3be]::run_test::{closure#1}, ()>::{closure#1} as core[df12db4294e9bfd3]::ops::function::FnOnce<()>>::call_once::{shim:vtable#0}
[INFO] [stdout]   20:     0x60282b2bed19 - <std[70759c8f55707aa4]::sys::thread::unix::Thread>::new::thread_start
[INFO] [stdout]   21:     0x7262c53e3dfa - <unknown>
[INFO] [stdout]   22:     0x7262c54773d4 - clone
[INFO] [stdout]   23:                0x0 - <unknown>
[INFO] [stdout] 
[INFO] [stdout] ---- a_carrier_the_reader_cannot_reach_is_adrift_rather_than_unaudited stdout ----
[INFO] [stdout] 
[INFO] [stdout] thread 'a_carrier_the_reader_cannot_reach_is_adrift_rather_than_unaudited' (641) panicked at tests/fixtures.rs:83:10:
[INFO] [stdout] the check crate's fixtures: Os { code: 2, kind: NotFound, message: "No such file or directory" }
[INFO] [stdout] stack backtrace:
[INFO] [stdout]    0:     0x60282b2bfcc1 - <<std[70759c8f55707aa4]::sys::backtrace::BacktraceLock>::print::DisplayBacktrace as core[df12db4294e9bfd3]::fmt::Display>::fmt
[INFO] [stdout]    1:     0x60282b2d5fba - core[df12db4294e9bfd3]::fmt::write
[INFO] [stdout]    2:     0x60282b2c444c - <alloc[2182bb758b4b3781]::vec::Vec<u8> as core[df12db4294e9bfd3]::io::write::Write>::write_fmt
[INFO] [stdout]    3:     0x60282b29a6d6 - std[70759c8f55707aa4]::panicking::default_hook::{closure#0}
[INFO] [stdout]    4:     0x60282b2b76d9 - std[70759c8f55707aa4]::panicking::default_hook
[INFO] [stdout]    5:     0x60282b0ecb40 - test[9d35eded1c95d3be]::test_main_inner::<test[9d35eded1c95d3be]::test_main_static::{closure#0}>::{closure#0}
[INFO] [stdout]    6:     0x60282b2b7892 - std[70759c8f55707aa4]::panicking::panic_with_hook
[INFO] [stdout]    7:     0x60282b29a782 - std[70759c8f55707aa4]::panicking::panic_handler::{closure#0}
[INFO] [stdout]    8:     0x60282b2931b9 - std[70759c8f55707aa4]::sys::backtrace::__rust_end_short_backtrace::<std[70759c8f55707aa4]::panicking::panic_handler::{closure#0}, !>
[INFO] [stdout]    9:     0x60282b29b37d - __rustc[8fa7c3cbc660c2b3]::rust_begin_unwind
[INFO] [stdout]   10:     0x60282b2d66ec - core[df12db4294e9bfd3]::panicking::panic_fmt
[INFO] [stdout]   11:     0x60282b2d64c2 - core[df12db4294e9bfd3]::result::unwrap_failed
[INFO] [stdout]   12:     0x60282b0a2b4c - fixtures[a4634d201160ed29]::check_fixtures
[INFO] [stdout]   13:     0x60282b0a4d73 - fixtures[a4634d201160ed29]::scoped_at
[INFO] [stdout]   14:     0x60282b0a2dae - fixtures[a4634d201160ed29]::ran
[INFO] [stdout]   15:     0x60282b0c12f3 - <fixtures[a4634d201160ed29]::a_carrier_the_reader_cannot_reach_is_adrift_rather_than_unaudited::{closure#0} as core[df12db4294e9bfd3]::ops::function::FnOnce<()>>::call_once
[INFO] [stdout]   16:     0x60282b0dfe2b - test[9d35eded1c95d3be]::__rust_begin_short_backtrace::<core[df12db4294e9bfd3]::result::Result<(), alloc[2182bb758b4b3781]::string::String>, fn() -> core[df12db4294e9bfd3]::result::Result<(), alloc[2182bb758b4b3781]::string::String>>
[INFO] [stdout]   17:     0x60282b0ed495 - test[9d35eded1c95d3be]::run_test::{closure#0}
[INFO] [stdout]   18:     0x60282b0e6d54 - std[70759c8f55707aa4]::sys::backtrace::__rust_begin_short_backtrace::<test[9d35eded1c95d3be]::run_test::{closure#1}, ()>
[INFO] [stdout]   19:     0x60282b0f05f2 - <std[70759c8f55707aa4]::thread::lifecycle::spawn_unchecked<test[9d35eded1c95d3be]::run_test::{closure#1}, ()>::{closure#1} as core[df12db4294e9bfd3]::ops::function::FnOnce<()>>::call_once::{shim:vtable#0}
[INFO] [stdout]   20:     0x60282b2bed19 - <std[70759c8f55707aa4]::sys::thread::unix::Thread>::new::thread_start
[INFO] [stdout]   21:     0x7262c53e3dfa - <unknown>
[INFO] [stdout]   22:     0x7262c54773d4 - clone
[INFO] [stdout]   23:                0x0 - <unknown>
[INFO] [stdout] 
[INFO] [stdout] ---- a_scoped_run_checks_a_document_a_full_corpus_run_cannot stdout ----
[INFO] [stdout] 
[INFO] [stdout] thread 'a_scoped_run_checks_a_document_a_full_corpus_run_cannot' (649) panicked at tests/fixtures.rs:83:10:
[INFO] [stdout] the check crate's fixtures: Os { code: 2, kind: NotFound, message: "No such file or directory" }
[INFO] [stdout] stack backtrace:
[INFO] [stdout]    0:     0x60282b2bfcc1 - <<std[70759c8f55707aa4]::sys::backtrace::BacktraceLock>::print::DisplayBacktrace as core[df12db4294e9bfd3]::fmt::Display>::fmt
[INFO] [stdout]    1:     0x60282b2d5fba - core[df12db4294e9bfd3]::fmt::write
[INFO] [stdout]    2:     0x60282b2c444c - <alloc[2182bb758b4b3781]::vec::Vec<u8> as core[df12db4294e9bfd3]::io::write::Write>::write_fmt
[INFO] [stdout]    3:     0x60282b29a6d6 - std[70759c8f55707aa4]::panicking::default_hook::{closure#0}
[INFO] [stdout]    4:     0x60282b2b76d9 - std[70759c8f55707aa4]::panicking::default_hook
[INFO] [stdout]    5:     0x60282b0ecb40 - test[9d35eded1c95d3be]::test_main_inner::<test[9d35eded1c95d3be]::test_main_static::{closure#0}>::{closure#0}
[INFO] [stdout]    6:     0x60282b2b7892 - std[70759c8f55707aa4]::panicking::panic_with_hook
[INFO] [stdout]    7:     0x60282b29a782 - std[70759c8f55707aa4]::panicking::panic_handler::{closure#0}
[INFO] [stdout]    8:     0x60282b2931b9 - std[70759c8f55707aa4]::sys::backtrace::__rust_end_short_backtrace::<std[70759c8f55707aa4]::panicking::panic_handler::{closure#0}, !>
[INFO] [stdout]    9:     0x60282b29b37d - __rustc[8fa7c3cbc660c2b3]::rust_begin_unwind
[INFO] [stdout]   10:     0x60282b2d66ec - core[df12db4294e9bfd3]::panicking::panic_fmt
[INFO] [stdout]   11:     0x60282b2d64c2 - core[df12db4294e9bfd3]::result::unwrap_failed
[INFO] [stdout]   12:     0x60282b0a2b4c - fixtures[a4634d201160ed29]::check_fixtures
[INFO] [stdout]   13:     0x60282b0a4d73 - fixtures[a4634d201160ed29]::scoped_at
[INFO] [stdout]   14:     0x60282b0a2dae - fixtures[a4634d201160ed29]::ran
[INFO] [stdout]   15:     0x60282b0b94d0 - <fixtures[a4634d201160ed29]::a_scoped_run_checks_a_document_a_full_corpus_run_cannot::{closure#0} as core[df12db4294e9bfd3]::ops::function::FnOnce<()>>::call_once
[INFO] [stdout]   16:     0x60282b0dfe2b - test[9d35eded1c95d3be]::__rust_begin_short_backtrace::<core[df12db4294e9bfd3]::result::Result<(), alloc[2182bb758b4b3781]::string::String>, fn() -> core[df12db4294e9bfd3]::result::Result<(), alloc[2182bb758b4b3781]::string::String>>
[INFO] [stdout]   17:     0x60282b0ed495 - test[9d35eded1c95d3be]::run_test::{closure#0}
[INFO] [stdout]   18:     0x60282b0e6d54 - std[70759c8f55707aa4]::sys::backtrace::__rust_begin_short_backtrace::<test[9d35eded1c95d3be]::run_test::{closure#1}, ()>
[INFO] [stdout]   19:     0x60282b0f05f2 - <std[70759c8f55707aa4]::thread::lifecycle::spawn_unchecked<test[9d35eded1c95d3be]::run_test::{closure#1}, ()>::{closure#1} as core[df12db4294e9bfd3]::ops::function::FnOnce<()>>::call_once::{shim:vtable#0}
[INFO] [stdout]   20:     0x60282b2bed19 - <std[70759c8f55707aa4]::sys::thread::unix::Thread>::new::thread_start
[INFO] [stdout]   21:     0x7262c53e3dfa - <unknown>
[INFO] [stdout]   22:     0x7262c54773d4 - clone
[INFO] [stdout]   23:                0x0 - <unknown>
[INFO] [stdout] 
[INFO] [stdout] ---- a_change_that_named_nothing_is_not_a_full_corpus_run stdout ----
[INFO] [stdout] 
[INFO] [stdout] thread 'a_change_that_named_nothing_is_not_a_full_corpus_run' (642) panicked at tests/fixtures.rs:83:10:
[INFO] [stdout] the check crate's fixtures: Os { code: 2, kind: NotFound, message: "No such file or directory" }
[INFO] [stdout] stack backtrace:
[INFO] [stdout]    0:     0x60282b2bfcc1 - <<std[70759c8f55707aa4]::sys::backtrace::BacktraceLock>::print::DisplayBacktrace as core[df12db4294e9bfd3]::fmt::Display>::fmt
[INFO] [stdout]    1:     0x60282b2d5fba - core[df12db4294e9bfd3]::fmt::write
[INFO] [stdout]    2:     0x60282b2c444c - <alloc[2182bb758b4b3781]::vec::Vec<u8> as core[df12db4294e9bfd3]::io::write::Write>::write_fmt
[INFO] [stdout]    3:     0x60282b29a6d6 - std[70759c8f55707aa4]::panicking::default_hook::{closure#0}
[INFO] [stdout]    4:     0x60282b2b76d9 - std[70759c8f55707aa4]::panicking::default_hook
[INFO] [stdout]    5:     0x60282b0ecb40 - test[9d35eded1c95d3be]::test_main_inner::<test[9d35eded1c95d3be]::test_main_static::{closure#0}>::{closure#0}
[INFO] [stdout]    6:     0x60282b2b7892 - std[70759c8f55707aa4]::panicking::panic_with_hook
[INFO] [stdout]    7:     0x60282b29a782 - std[70759c8f55707aa4]::panicking::panic_handler::{closure#0}
[INFO] [stdout]    8:     0x60282b2931b9 - std[70759c8f55707aa4]::sys::backtrace::__rust_end_short_backtrace::<std[70759c8f55707aa4]::panicking::panic_handler::{closure#0}, !>
[INFO] [stdout]    9:     0x60282b29b37d - __rustc[8fa7c3cbc660c2b3]::rust_begin_unwind
[INFO] [stdout]   10:     0x60282b2d66ec - core[df12db4294e9bfd3]::panicking::panic_fmt
[INFO] [stdout]   11:     0x60282b2d64c2 - core[df12db4294e9bfd3]::result::unwrap_failed
[INFO] [stdout]   12:     0x60282b0a2b4c - fixtures[a4634d201160ed29]::check_fixtures
[INFO] [stdout]   13:     0x60282b0a4d73 - fixtures[a4634d201160ed29]::scoped_at
[INFO] [stdout]   14:     0x60282b0a2dae - fixtures[a4634d201160ed29]::ran
[INFO] [stdout]   15:     0x60282b0b3ac6 - <fixtures[a4634d201160ed29]::a_change_that_named_nothing_is_not_a_full_corpus_run::{closure#0} as core[df12db4294e9bfd3]::ops::function::FnOnce<()>>::call_once
[INFO] [stdout]   16:     0x60282b0dfe2b - test[9d35eded1c95d3be]::__rust_begin_short_backtrace::<core[df12db4294e9bfd3]::result::Result<(), alloc[2182bb758b4b3781]::string::String>, fn() -> core[df12db4294e9bfd3]::result::Result<(), alloc[2182bb758b4b3781]::string::String>>
[INFO] [stdout]   17:     0x60282b0ed495 - test[9d35eded1c95d3be]::run_test::{closure#0}
[INFO] [stdout]   18:     0x60282b0e6d54 - std[70759c8f55707aa4]::sys::backtrace::__rust_begin_short_backtrace::<test[9d35eded1c95d3be]::run_test::{closure#1}, ()>
[INFO] [stdout]   19:     0x60282b0f05f2 - <std[70759c8f55707aa4]::thread::lifecycle::spawn_unchecked<test[9d35eded1c95d3be]::run_test::{closure#1}, ()>::{closure#1} as core[df12db4294e9bfd3]::ops::function::FnOnce<()>>::call_once::{shim:vtable#0}
[INFO] [stdout]   20:     0x60282b2bed19 - <std[70759c8f55707aa4]::sys::thread::unix::Thread>::new::thread_start
[INFO] [stdout]   21:     0x7262c53e3dfa - <unknown>
[INFO] [stdout]   22:     0x7262c54773d4 - clone
[INFO] [stdout]   23:                0x0 - <unknown>
[INFO] [stdout] 
[INFO] [stdout] ---- a_skip_routed_to_no_document_is_reported_as_routed_to_no_document stdout ----
[INFO] [stdout] 
[INFO] [stdout] thread 'a_skip_routed_to_no_document_is_reported_as_routed_to_no_document' (654) panicked at tests/fixtures.rs:83:10:
[INFO] [stdout] the check crate's fixtures: Os { code: 2, kind: NotFound, message: "No such file or directory" }
[INFO] [stdout] stack backtrace:
[INFO] [stdout]    0:     0x60282b2bfcc1 - <<std[70759c8f55707aa4]::sys::backtrace::BacktraceLock>::print::DisplayBacktrace as core[df12db4294e9bfd3]::fmt::Display>::fmt
[INFO] [stdout]    1:     0x60282b2d5fba - core[df12db4294e9bfd3]::fmt::write
[INFO] [stdout]    2:     0x60282b2c444c - <alloc[2182bb758b4b3781]::vec::Vec<u8> as core[df12db4294e9bfd3]::io::write::Write>::write_fmt
[INFO] [stdout]    3:     0x60282b29a6d6 - std[70759c8f55707aa4]::panicking::default_hook::{closure#0}
[INFO] [stdout]    4:     0x60282b2b76d9 - std[70759c8f55707aa4]::panicking::default_hook
[INFO] [stdout]    5:     0x60282b0ecb40 - test[9d35eded1c95d3be]::test_main_inner::<test[9d35eded1c95d3be]::test_main_static::{closure#0}>::{closure#0}
[INFO] [stdout]    6:     0x60282b2b7892 - std[70759c8f55707aa4]::panicking::panic_with_hook
[INFO] [stdout]    7:     0x60282b29a782 - std[70759c8f55707aa4]::panicking::panic_handler::{closure#0}
[INFO] [stdout]    8:     0x60282b2931b9 - std[70759c8f55707aa4]::sys::backtrace::__rust_end_short_backtrace::<std[70759c8f55707aa4]::panicking::panic_handler::{closure#0}, !>
[INFO] [stdout]    9:     0x60282b29b37d - __rustc[8fa7c3cbc660c2b3]::rust_begin_unwind
[INFO] [stdout]   10:     0x60282b2d66ec - core[df12db4294e9bfd3]::panicking::panic_fmt
[INFO] [stdout]   11:     0x60282b2d64c2 - core[df12db4294e9bfd3]::result::unwrap_failed
[INFO] [stdout]   12:     0x60282b0a2b4c - fixtures[a4634d201160ed29]::check_fixtures
[INFO] [stdout]   13:     0x60282b0a4d73 - fixtures[a4634d201160ed29]::scoped_at
[INFO] [stdout]   14:     0x60282b0a2dae - fixtures[a4634d201160ed29]::ran
[INFO] [stdout]   15:     0x60282b0c1ce3 - <fixtures[a4634d201160ed29]::a_skip_routed_to_no_document_is_reported_as_routed_to_no_document::{closure#0} as core[df12db4294e9bfd3]::ops::function::FnOnce<()>>::call_once
[INFO] [stdout]   16:     0x60282b0dfe2b - test[9d35eded1c95d3be]::__rust_begin_short_backtrace::<core[df12db4294e9bfd3]::result::Result<(), alloc[2182bb758b4b3781]::string::String>, fn() -> core[df12db4294e9bfd3]::result::Result<(), alloc[2182bb758b4b3781]::string::String>>
[INFO] [stdout]   17:     0x60282b0ed495 - test[9d35eded1c95d3be]::run_test::{closure#0}
[INFO] [stdout]   18:     0x60282b0e6d54 - std[70759c8f55707aa4]::sys::backtrace::__rust_begin_short_backtrace::<test[9d35eded1c95d3be]::run_test::{closure#1}, ()>
[INFO] [stdout]   19:     0x60282b0f05f2 - <std[70759c8f55707aa4]::thread::lifecycle::spawn_unchecked<test[9d35eded1c95d3be]::run_test::{closure#1}, ()>::{closure#1} as core[df12db4294e9bfd3]::ops::function::FnOnce<()>>::call_once::{shim:vtable#0}
[INFO] [stdout]   20:     0x60282b2bed19 - <std[70759c8f55707aa4]::sys::thread::unix::Thread>::new::thread_start
[INFO] [stdout]   21:     0x7262c53e3dfa - <unknown>
[INFO] [stdout]   22:     0x7262c54773d4 - clone
[INFO] [stdout]   23:                0x0 - <unknown>
[INFO] [stdout] 
[INFO] [stdout] ---- a_run_that_skipped_nothing_is_not_a_run_that_reports_no_skips stdout ----
[INFO] [stdout] 
[INFO] [stdout] thread 'a_run_that_skipped_nothing_is_not_a_run_that_reports_no_skips' (648) panicked at tests/fixtures.rs:83:10:
[INFO] [stdout] the check crate's fixtures: Os { code: 2, kind: NotFound, message: "No such file or directory" }
[INFO] [stdout] stack backtrace:
[INFO] [stdout]    0:     0x60282b2bfcc1 - <<std[70759c8f55707aa4]::sys::backtrace::BacktraceLock>::print::DisplayBacktrace as core[df12db4294e9bfd3]::fmt::Display>::fmt
[INFO] [stdout]    1:     0x60282b2d5fba - core[df12db4294e9bfd3]::fmt::write
[INFO] [stdout]    2:     0x60282b2c444c - <alloc[2182bb758b4b3781]::vec::Vec<u8> as core[df12db4294e9bfd3]::io::write::Write>::write_fmt
[INFO] [stdout]    3:     0x60282b29a6d6 - std[70759c8f55707aa4]::panicking::default_hook::{closure#0}
[INFO] [stdout]    4:     0x60282b2b76d9 - std[70759c8f55707aa4]::panicking::default_hook
[INFO] [stdout]    5:     0x60282b0ecb40 - test[9d35eded1c95d3be]::test_main_inner::<test[9d35eded1c95d3be]::test_main_static::{closure#0}>::{closure#0}
[INFO] [stdout]    6:     0x60282b2b7892 - std[70759c8f55707aa4]::panicking::panic_with_hook
[INFO] [stdout]    7:     0x60282b29a782 - std[70759c8f55707aa4]::panicking::panic_handler::{closure#0}
[INFO] [stdout]    8:     0x60282b2931b9 - std[70759c8f55707aa4]::sys::backtrace::__rust_end_short_backtrace::<std[70759c8f55707aa4]::panicking::panic_handler::{closure#0}, !>
[INFO] [stdout]    9:     0x60282b29b37d - __rustc[8fa7c3cbc660c2b3]::rust_begin_unwind
[INFO] [stdout]   10:     0x60282b2d66ec - core[df12db4294e9bfd3]::panicking::panic_fmt
[INFO] [stdout]   11:     0x60282b2d64c2 - core[df12db4294e9bfd3]::result::unwrap_failed
[INFO] [stdout]   12:     0x60282b0a2b4c - fixtures[a4634d201160ed29]::check_fixtures
[INFO] [stdout]   13:     0x60282b0a4d73 - fixtures[a4634d201160ed29]::scoped_at
[INFO] [stdout]   14:     0x60282b0a2dae - fixtures[a4634d201160ed29]::ran
[INFO] [stdout]   15:     0x60282b0be46e - <fixtures[a4634d201160ed29]::a_run_that_skipped_nothing_is_not_a_run_that_reports_no_skips::{closure#0} as core[df12db4294e9bfd3]::ops::function::FnOnce<()>>::call_once
[INFO] [stdout]   16:     0x60282b0dfe2b - test[9d35eded1c95d3be]::__rust_begin_short_backtrace::<core[df12db4294e9bfd3]::result::Result<(), alloc[2182bb758b4b3781]::string::String>, fn() -> core[df12db4294e9bfd3]::result::Result<(), alloc[2182bb758b4b3781]::string::String>>
[INFO] [stdout]   17:     0x60282b0ed495 - test[9d35eded1c95d3be]::run_test::{closure#0}
[INFO] [stdout]   18:     0x60282b0e6d54 - std[70759c8f55707aa4]::sys::backtrace::__rust_begin_short_backtrace::<test[9d35eded1c95d3be]::run_test::{closure#1}, ()>
[INFO] [stdout]   19:     0x60282b0f05f2 - <std[70759c8f55707aa4]::thread::lifecycle::spawn_unchecked<test[9d35eded1c95d3be]::run_test::{closure#1}, ()>::{closure#1} as core[df12db4294e9bfd3]::ops::function::FnOnce<()>>::call_once::{shim:vtable#0}
[INFO] [stdout]   20:     0x60282b2bed19 - <std[70759c8f55707aa4]::sys::thread::unix::Thread>::new::thread_start
[INFO] [stdout]   21:     0x7262c53e3dfa - <unknown>
[INFO] [stdout]   22:     0x7262c54773d4 - clone
[INFO] [stdout]   23:                0x0 - <unknown>
[INFO] [stdout] 
[INFO] [stdout] ---- every_format_states_how_many_instances_reached_no_verdict stdout ----
[INFO] [stdout] 
[INFO] [stdout] thread 'every_format_states_how_many_instances_reached_no_verdict' (664) panicked at tests/fixtures.rs:83:10:
[INFO] [stdout] the check crate's fixtures: Os { code: 2, kind: NotFound, message: "No such file or directory" }
[INFO] [stdout] stack backtrace:
[INFO] [stdout]    0:     0x60282b2bfcc1 - <<std[70759c8f55707aa4]::sys::backtrace::BacktraceLock>::print::DisplayBacktrace as core[df12db4294e9bfd3]::fmt::Display>::fmt
[INFO] [stdout]    1:     0x60282b2d5fba - core[df12db4294e9bfd3]::fmt::write
[INFO] [stdout]    2:     0x60282b2c444c - <alloc[2182bb758b4b3781]::vec::Vec<u8> as core[df12db4294e9bfd3]::io::write::Write>::write_fmt
[INFO] [stdout]    3:     0x60282b29a6d6 - std[70759c8f55707aa4]::panicking::default_hook::{closure#0}
[INFO] [stdout]    4:     0x60282b2b76d9 - std[70759c8f55707aa4]::panicking::default_hook
[INFO] [stdout]    5:     0x60282b0ecb40 - test[9d35eded1c95d3be]::test_main_inner::<test[9d35eded1c95d3be]::test_main_static::{closure#0}>::{closure#0}
[INFO] [stdout]    6:     0x60282b2b7892 - std[70759c8f55707aa4]::panicking::panic_with_hook
[INFO] [stdout]    7:     0x60282b29a782 - std[70759c8f55707aa4]::panicking::panic_handler::{closure#0}
[INFO] [stdout]    8:     0x60282b2931b9 - std[70759c8f55707aa4]::sys::backtrace::__rust_end_short_backtrace::<std[70759c8f55707aa4]::panicking::panic_handler::{closure#0}, !>
[INFO] [stdout]    9:     0x60282b29b37d - __rustc[8fa7c3cbc660c2b3]::rust_begin_unwind
[INFO] [stdout]   10:     0x60282b2d66ec - core[df12db4294e9bfd3]::panicking::panic_fmt
[INFO] [stdout]   11:     0x60282b2d64c2 - core[df12db4294e9bfd3]::result::unwrap_failed
[INFO] [stdout]   12:     0x60282b0a2b4c - fixtures[a4634d201160ed29]::check_fixtures
[INFO] [stdout]   13:     0x60282b0a4d73 - fixtures[a4634d201160ed29]::scoped_at
[INFO] [stdout]   14:     0x60282b0a2dae - fixtures[a4634d201160ed29]::ran
[INFO] [stdout]   15:     0x60282b0b9fe8 - <fixtures[a4634d201160ed29]::every_format_states_how_many_instances_reached_no_verdict::{closure#0} as core[df12db4294e9bfd3]::ops::function::FnOnce<()>>::call_once
[INFO] [stdout]   16:     0x60282b0dfe2b - test[9d35eded1c95d3be]::__rust_begin_short_backtrace::<core[df12db4294e9bfd3]::result::Result<(), alloc[2182bb758b4b3781]::string::String>, fn() -> core[df12db4294e9bfd3]::result::Result<(), alloc[2182bb758b4b3781]::string::String>>
[INFO] [stdout]   17:     0x60282b0ed495 - test[9d35eded1c95d3be]::run_test::{closure#0}
[INFO] [stdout]   18:     0x60282b0e6d54 - std[70759c8f55707aa4]::sys::backtrace::__rust_begin_short_backtrace::<test[9d35eded1c95d3be]::run_test::{closure#1}, ()>
[INFO] [stdout]   19:     0x60282b0f05f2 - <std[70759c8f55707aa4]::thread::lifecycle::spawn_unchecked<test[9d35eded1c95d3be]::run_test::{closure#1}, ()>::{closure#1} as core[df12db4294e9bfd3]::ops::function::FnOnce<()>>::call_once::{shim:vtable#0}
[INFO] [stdout]   20:     0x60282b2bed19 - <std[70759c8f55707aa4]::sys::thread::unix::Thread>::new::thread_start
[INFO] [stdout]   21:     0x7262c53e3dfa - <unknown>
[INFO] [stdout]   22:     0x7262c54773d4 - clone
[INFO] [stdout]   23:                0x0 - <unknown>
[INFO] [stdout] 
[INFO] [stdout] ---- a_full_corpus_run_states_no_change_in_any_format stdout ----
[INFO] [stdout] 
[INFO] [stdout] thread 'a_full_corpus_run_states_no_change_in_any_format' (643) panicked at tests/fixtures.rs:83:10:
[INFO] [stdout] the check crate's fixtures: Os { code: 2, kind: NotFound, message: "No such file or directory" }
[INFO] [stdout] stack backtrace:
[INFO] [stdout]    0:     0x60282b2bfcc1 - <<std[70759c8f55707aa4]::sys::backtrace::BacktraceLock>::print::DisplayBacktrace as core[df12db4294e9bfd3]::fmt::Display>::fmt
[INFO] [stdout]    1:     0x60282b2d5fba - core[df12db4294e9bfd3]::fmt::write
[INFO] [stdout]    2:     0x60282b2c444c - <alloc[2182bb758b4b3781]::vec::Vec<u8> as core[df12db4294e9bfd3]::io::write::Write>::write_fmt
[INFO] [stdout]    3:     0x60282b29a6d6 - std[70759c8f55707aa4]::panicking::default_hook::{closure#0}
[INFO] [stdout]    4:     0x60282b2b76d9 - std[70759c8f55707aa4]::panicking::default_hook
[INFO] [stdout]    5:     0x60282b0ecb40 - test[9d35eded1c95d3be]::test_main_inner::<test[9d35eded1c95d3be]::test_main_static::{closure#0}>::{closure#0}
[INFO] [stdout]    6:     0x60282b2b7892 - std[70759c8f55707aa4]::panicking::panic_with_hook
[INFO] [stdout]    7:     0x60282b29a782 - std[70759c8f55707aa4]::panicking::panic_handler::{closure#0}
[INFO] [stdout]    8:     0x60282b2931b9 - std[70759c8f55707aa4]::sys::backtrace::__rust_end_short_backtrace::<std[70759c8f55707aa4]::panicking::panic_handler::{closure#0}, !>
[INFO] [stdout]    9:     0x60282b29b37d - __rustc[8fa7c3cbc660c2b3]::rust_begin_unwind
[INFO] [stdout]   10:     0x60282b2d66ec - core[df12db4294e9bfd3]::panicking::panic_fmt
[INFO] [stdout]   11:     0x60282b2d64c2 - core[df12db4294e9bfd3]::result::unwrap_failed
[INFO] [stdout]   12:     0x60282b0a2b4c - fixtures[a4634d201160ed29]::check_fixtures
[INFO] [stdout]   13:     0x60282b0a4d73 - fixtures[a4634d201160ed29]::scoped_at
[INFO] [stdout]   14:     0x60282b0a2dae - fixtures[a4634d201160ed29]::ran
[INFO] [stdout]   15:     0x60282b0b1c90 - <fixtures[a4634d201160ed29]::a_full_corpus_run_states_no_change_in_any_format::{closure#0} as core[df12db4294e9bfd3]::ops::function::FnOnce<()>>::call_once
[INFO] [stdout]   16:     0x60282b0dfe2b - test[9d35eded1c95d3be]::__rust_begin_short_backtrace::<core[df12db4294e9bfd3]::result::Result<(), alloc[2182bb758b4b3781]::string::String>, fn() -> core[df12db4294e9bfd3]::result::Result<(), alloc[2182bb758b4b3781]::string::String>>
[INFO] [stdout]   17:     0x60282b0ed495 - test[9d35eded1c95d3be]::run_test::{closure#0}
[INFO] [stdout]   18:     0x60282b0e6d54 - std[70759c8f55707aa4]::sys::backtrace::__rust_begin_short_backtrace::<test[9d35eded1c95d3be]::run_test::{closure#1}, ()>
[INFO] [stdout]   19:     0x60282b0f05f2 - <std[70759c8f55707aa4]::thread::lifecycle::spawn_unchecked<test[9d35eded1c95d3be]::run_test::{closure#1}, ()>::{closure#1} as core[df12db4294e9bfd3]::ops::function::FnOnce<()>>::call_once::{shim:vtable#0}
[INFO] [stdout]   20:     0x60282b2bed19 - <std[70759c8f55707aa4]::sys::thread::unix::Thread>::new::thread_start
[INFO] [stdout]   21:     0x7262c53e3dfa - <unknown>
[INFO] [stdout]   22:     0x7262c54773d4 - clone
[INFO] [stdout]   23:                0x0 - <unknown>
[INFO] [stdout] 
[INFO] [stdout] ---- every_field_of_a_per_document_coverage_row_is_emitted_or_declared_lost stdout ----
[INFO] [stdout] 
[INFO] [stdout] thread 'every_field_of_a_per_document_coverage_row_is_emitted_or_declared_lost' (662) panicked at tests/fixtures.rs:83:10:
[INFO] [stdout] the check crate's fixtures: Os { code: 2, kind: NotFound, message: "No such file or directory" }
[INFO] [stdout] stack backtrace:
[INFO] [stdout]    0:     0x60282b2bfcc1 - <<std[70759c8f55707aa4]::sys::backtrace::BacktraceLock>::print::DisplayBacktrace as core[df12db4294e9bfd3]::fmt::Display>::fmt
[INFO] [stdout]    1:     0x60282b2d5fba - core[df12db4294e9bfd3]::fmt::write
[INFO] [stdout]    2:     0x60282b2c444c - <alloc[2182bb758b4b3781]::vec::Vec<u8> as core[df12db4294e9bfd3]::io::write::Write>::write_fmt
[INFO] [stdout]    3:     0x60282b29a6d6 - std[70759c8f55707aa4]::panicking::default_hook::{closure#0}
[INFO] [stdout]    4:     0x60282b2b76d9 - std[70759c8f55707aa4]::panicking::default_hook
[INFO] [stdout]    5:     0x60282b0ecb40 - test[9d35eded1c95d3be]::test_main_inner::<test[9d35eded1c95d3be]::test_main_static::{closure#0}>::{closure#0}
[INFO] [stdout]    6:     0x60282b2b7892 - std[70759c8f55707aa4]::panicking::panic_with_hook
[INFO] [stdout]    7:     0x60282b29a782 - std[70759c8f55707aa4]::panicking::panic_handler::{closure#0}
[INFO] [stdout]    8:     0x60282b2931b9 - std[70759c8f55707aa4]::sys::backtrace::__rust_end_short_backtrace::<std[70759c8f55707aa4]::panicking::panic_handler::{closure#0}, !>
[INFO] [stdout]    9:     0x60282b29b37d - __rustc[8fa7c3cbc660c2b3]::rust_begin_unwind
[INFO] [stdout]   10:     0x60282b2d66ec - core[df12db4294e9bfd3]::panicking::panic_fmt
[INFO] [stdout]   11:     0x60282b2d64c2 - core[df12db4294e9bfd3]::result::unwrap_failed
[INFO] [stdout]   12:     0x60282b0a2b4c - fixtures[a4634d201160ed29]::check_fixtures
[INFO] [stdout]   13:     0x60282b0a4d73 - fixtures[a4634d201160ed29]::scoped_at
[INFO] [stdout]   14:     0x60282b0a2dae - fixtures[a4634d201160ed29]::ran
[INFO] [stdout]   15:     0x60282b0c2683 - <fixtures[a4634d201160ed29]::every_field_of_a_per_document_coverage_row_is_emitted_or_declared_lost::{closure#0} as core[df12db4294e9bfd3]::ops::function::FnOnce<()>>::call_once
[INFO] [stdout]   16:     0x60282b0dfe2b - test[9d35eded1c95d3be]::__rust_begin_short_backtrace::<core[df12db4294e9bfd3]::result::Result<(), alloc[2182bb758b4b3781]::string::String>, fn() -> core[df12db4294e9bfd3]::result::Result<(), alloc[2182bb758b4b3781]::string::String>>
[INFO] [stdout]   17:     0x60282b0ed495 - test[9d35eded1c95d3be]::run_test::{closure#0}
[INFO] [stdout]   18:     0x60282b0e6d54 - std[70759c8f55707aa4]::sys::backtrace::__rust_begin_short_backtrace::<test[9d35eded1c95d3be]::run_test::{closure#1}, ()>
[INFO] [stdout]   19:     0x60282b0f05f2 - <std[70759c8f55707aa4]::thread::lifecycle::spawn_unchecked<test[9d35eded1c95d3be]::run_test::{closure#1}, ()>::{closure#1} as core[df12db4294e9bfd3]::ops::function::FnOnce<()>>::call_once::{shim:vtable#0}
[INFO] [stdout]   20:     0x60282b2bed19 - <std[70759c8f55707aa4]::sys::thread::unix::Thread>::new::thread_start
[INFO] [stdout]   21:     0x7262c53e3dfa - <unknown>
[INFO] [stdout]   22:     0x7262c54773d4 - clone
[INFO] [stdout]   23:                0x0 - <unknown>
[INFO] [stdout] 
[INFO] [stdout] ---- an_emitter_that_stops_grading_an_obligation_is_reported_adrift stdout ----
[INFO] [stdout] 
[INFO] [stdout] thread 'an_emitter_that_stops_grading_an_obligation_is_reported_adrift' (658) panicked at tests/fixtures.rs:83:10:
[INFO] [stdout] the check crate's fixtures: Os { code: 2, kind: NotFound, message: "No such file or directory" }
[INFO] [stdout] stack backtrace:
[INFO] [stdout]    0:     0x60282b2bfcc1 - <<std[70759c8f55707aa4]::sys::backtrace::BacktraceLock>::print::DisplayBacktrace as core[df12db4294e9bfd3]::fmt::Display>::fmt
[INFO] [stdout]    1:     0x60282b2d5fba - core[df12db4294e9bfd3]::fmt::write
[INFO] [stdout]    2:     0x60282b2c444c - <alloc[2182bb758b4b3781]::vec::Vec<u8> as core[df12db4294e9bfd3]::io::write::Write>::write_fmt
[INFO] [stdout]    3:     0x60282b29a6d6 - std[70759c8f55707aa4]::panicking::default_hook::{closure#0}
[INFO] [stdout]    4:     0x60282b2b76d9 - std[70759c8f55707aa4]::panicking::default_hook
[INFO] [stdout]    5:     0x60282b0ecb40 - test[9d35eded1c95d3be]::test_main_inner::<test[9d35eded1c95d3be]::test_main_static::{closure#0}>::{closure#0}
[INFO] [stdout]    6:     0x60282b2b7892 - std[70759c8f55707aa4]::panicking::panic_with_hook
[INFO] [stdout]    7:     0x60282b29a782 - std[70759c8f55707aa4]::panicking::panic_handler::{closure#0}
[INFO] [stdout]    8:     0x60282b2931b9 - std[70759c8f55707aa4]::sys::backtrace::__rust_end_short_backtrace::<std[70759c8f55707aa4]::panicking::panic_handler::{closure#0}, !>
[INFO] [stdout]    9:     0x60282b29b37d - __rustc[8fa7c3cbc660c2b3]::rust_begin_unwind
[INFO] [stdout]   10:     0x60282b2d66ec - core[df12db4294e9bfd3]::panicking::panic_fmt
[INFO] [stdout]   11:     0x60282b2d64c2 - core[df12db4294e9bfd3]::result::unwrap_failed
[INFO] [stdout]   12:     0x60282b0a2b4c - fixtures[a4634d201160ed29]::check_fixtures
[INFO] [stdout]   13:     0x60282b0a4d73 - fixtures[a4634d201160ed29]::scoped_at
[INFO] [stdout]   14:     0x60282b0a2dae - fixtures[a4634d201160ed29]::ran
[INFO] [stdout]   15:     0x60282b0bf163 - <fixtures[a4634d201160ed29]::an_emitter_that_stops_grading_an_obligation_is_reported_adrift::{closure#0} as core[df12db4294e9bfd3]::ops::function::FnOnce<()>>::call_once
[INFO] [stdout]   16:     0x60282b0dfe2b - test[9d35eded1c95d3be]::__rust_begin_short_backtrace::<core[df12db4294e9bfd3]::result::Result<(), alloc[2182bb758b4b3781]::string::String>, fn() -> core[df12db4294e9bfd3]::result::Result<(), alloc[2182bb758b4b3781]::string::String>>
[INFO] [stdout]   17:     0x60282b0ed495 - test[9d35eded1c95d3be]::run_test::{closure#0}
[INFO] [stdout]   18:     0x60282b0e6d54 - std[70759c8f55707aa4]::sys::backtrace::__rust_begin_short_backtrace::<test[9d35eded1c95d3be]::run_test::{closure#1}, ()>
[INFO] [stdout]   19:     0x60282b0f05f2 - <std[70759c8f55707aa4]::thread::lifecycle::spawn_unchecked<test[9d35eded1c95d3be]::run_test::{closure#1}, ()>::{closure#1} as core[df12db4294e9bfd3]::ops::function::FnOnce<()>>::call_once::{shim:vtable#0}
[INFO] [stdout]   20:     0x60282b2bed19 - <std[70759c8f55707aa4]::sys::thread::unix::Thread>::new::thread_start
[INFO] [stdout]   21:     0x7262c53e3dfa - <unknown>
[INFO] [stdout]   22:     0x7262c54773d4 - clone
[INFO] [stdout]   23:                0x0 - <unknown>
[INFO] [stdout] 
[INFO] [stdout] ---- a_scoped_run_renders_the_recorded_json stdout ----
[INFO] [stdout] 
[INFO] [stdout] thread 'a_scoped_run_renders_the_recorded_json' (650) panicked at tests/fixtures.rs:83:10:
[INFO] [stdout] the check crate's fixtures: Os { code: 2, kind: NotFound, message: "No such file or directory" }
[INFO] [stdout] stack backtrace:
[INFO] [stdout]    0:     0x60282b2bfcc1 - <<std[70759c8f55707aa4]::sys::backtrace::BacktraceLock>::print::DisplayBacktrace as core[df12db4294e9bfd3]::fmt::Display>::fmt
[INFO] [stdout]    1:     0x60282b2d5fba - core[df12db4294e9bfd3]::fmt::write
[INFO] [stdout]    2:     0x60282b2c444c - <alloc[2182bb758b4b3781]::vec::Vec<u8> as core[df12db4294e9bfd3]::io::write::Write>::write_fmt
[INFO] [stdout]    3:     0x60282b29a6d6 - std[70759c8f55707aa4]::panicking::default_hook::{closure#0}
[INFO] [stdout]    4:     0x60282b2b76d9 - std[70759c8f55707aa4]::panicking::default_hook
[INFO] [stdout]    5:     0x60282b0ecb40 - test[9d35eded1c95d3be]::test_main_inner::<test[9d35eded1c95d3be]::test_main_static::{closure#0}>::{closure#0}
[INFO] [stdout]    6:     0x60282b2b7892 - std[70759c8f55707aa4]::panicking::panic_with_hook
[INFO] [stdout]    7:     0x60282b29a782 - std[70759c8f55707aa4]::panicking::panic_handler::{closure#0}
[INFO] [stdout]    8:     0x60282b2931b9 - std[70759c8f55707aa4]::sys::backtrace::__rust_end_short_backtrace::<std[70759c8f55707aa4]::panicking::panic_handler::{closure#0}, !>
[INFO] [stdout]    9:     0x60282b29b37d - __rustc[8fa7c3cbc660c2b3]::rust_begin_unwind
[INFO] [stdout]   10:     0x60282b2d66ec - core[df12db4294e9bfd3]::panicking::panic_fmt
[INFO] [stdout]   11:     0x60282b2d64c2 - core[df12db4294e9bfd3]::result::unwrap_failed
[INFO] [stdout]   12:     0x60282b0a2b4c - fixtures[a4634d201160ed29]::check_fixtures
[INFO] [stdout]   13:     0x60282b0a4d73 - fixtures[a4634d201160ed29]::scoped_at
[INFO] [stdout]   14:     0x60282b0a2dae - fixtures[a4634d201160ed29]::ran
[INFO] [stdout]   15:     0x60282b0a8ff7 - <fixtures[a4634d201160ed29]::a_scoped_run_renders_the_recorded_json::{closure#0} as core[df12db4294e9bfd3]::ops::function::FnOnce<()>>::call_once
[INFO] [stdout]   16:     0x60282b0dfe2b - test[9d35eded1c95d3be]::__rust_begin_short_backtrace::<core[df12db4294e9bfd3]::result::Result<(), alloc[2182bb758b4b3781]::string::String>, fn() -> core[df12db4294e9bfd3]::result::Result<(), alloc[2182bb758b4b3781]::string::String>>
[INFO] [stdout]   17:     0x60282b0ed495 - test[9d35eded1c95d3be]::run_test::{closure#0}
[INFO] [stdout]   18:     0x60282b0e6d54 - std[70759c8f55707aa4]::sys::backtrace::__rust_begin_short_backtrace::<test[9d35eded1c95d3be]::run_test::{closure#1}, ()>
[INFO] [stdout]   19:     0x60282b0f05f2 - <std[70759c8f55707aa4]::thread::lifecycle::spawn_unchecked<test[9d35eded1c95d3be]::run_test::{closure#1}, ()>::{closure#1} as core[df12db4294e9bfd3]::ops::function::FnOnce<()>>::call_once::{shim:vtable#0}
[INFO] [stdout]   20:     0x60282b2bed19 - <std[70759c8f55707aa4]::sys::thread::unix::Thread>::new::thread_start
[INFO] [stdout]   21:     0x7262c53e3dfa - <unknown>
[INFO] [stdout]   22:     0x7262c54773d4 - clone
[INFO] [stdout]   23:                0x0 - <unknown>
[INFO] [stdout] 
[INFO] [stdout] ---- a_scoped_run_states_the_change_in_every_format stdout ----
[INFO] [stdout] 
[INFO] [stdout] thread 'a_scoped_run_states_the_change_in_every_format' (653) panicked at tests/fixtures.rs:83:10:
[INFO] [stdout] the check crate's fixtures: Os { code: 2, kind: NotFound, message: "No such file or directory" }
[INFO] [stdout] stack backtrace:
[INFO] [stdout]    0:     0x60282b2bfcc1 - <<std[70759c8f55707aa4]::sys::backtrace::BacktraceLock>::print::DisplayBacktrace as core[df12db4294e9bfd3]::fmt::Display>::fmt
[INFO] [stdout]    1:     0x60282b2d5fba - core[df12db4294e9bfd3]::fmt::write
[INFO] [stdout]    2:     0x60282b2c444c - <alloc[2182bb758b4b3781]::vec::Vec<u8> as core[df12db4294e9bfd3]::io::write::Write>::write_fmt
[INFO] [stdout]    3:     0x60282b29a6d6 - std[70759c8f55707aa4]::panicking::default_hook::{closure#0}
[INFO] [stdout]    4:     0x60282b2b76d9 - std[70759c8f55707aa4]::panicking::default_hook
[INFO] [stdout]    5:     0x60282b0ecb40 - test[9d35eded1c95d3be]::test_main_inner::<test[9d35eded1c95d3be]::test_main_static::{closure#0}>::{closure#0}
[INFO] [stdout]    6:     0x60282b2b7892 - std[70759c8f55707aa4]::panicking::panic_with_hook
[INFO] [stdout]    7:     0x60282b29a782 - std[70759c8f55707aa4]::panicking::panic_handler::{closure#0}
[INFO] [stdout]    8:     0x60282b2931b9 - std[70759c8f55707aa4]::sys::backtrace::__rust_end_short_backtrace::<std[70759c8f55707aa4]::panicking::panic_handler::{closure#0}, !>
[INFO] [stdout]    9:     0x60282b29b37d - __rustc[8fa7c3cbc660c2b3]::rust_begin_unwind
[INFO] [stdout]   10:     0x60282b2d66ec - core[df12db4294e9bfd3]::panicking::panic_fmt
[INFO] [stdout]   11:     0x60282b2d64c2 - core[df12db4294e9bfd3]::result::unwrap_failed
[INFO] [stdout]   12:     0x60282b0a2b4c - fixtures[a4634d201160ed29]::check_fixtures
[INFO] [stdout]   13:     0x60282b0a4d73 - fixtures[a4634d201160ed29]::scoped_at
[INFO] [stdout]   14:     0x60282b0a2dae - fixtures[a4634d201160ed29]::ran
[INFO] [stdout]   15:     0x60282b0aece5 - <fixtures[a4634d201160ed29]::a_scoped_run_states_the_change_in_every_format::{closure#0} as core[df12db4294e9bfd3]::ops::function::FnOnce<()>>::call_once
[INFO] [stdout]   16:     0x60282b0dfe2b - test[9d35eded1c95d3be]::__rust_begin_short_backtrace::<core[df12db4294e9bfd3]::result::Result<(), alloc[2182bb758b4b3781]::string::String>, fn() -> core[df12db4294e9bfd3]::result::Result<(), alloc[2182bb758b4b3781]::string::String>>
[INFO] [stdout]   17:     0x60282b0ed495 - test[9d35eded1c95d3be]::run_test::{closure#0}
[INFO] [stdout]   18:     0x60282b0e6d54 - std[70759c8f55707aa4]::sys::backtrace::__rust_begin_short_backtrace::<test[9d35eded1c95d3be]::run_test::{closure#1}, ()>
[INFO] [stdout]   19:     0x60282b0f05f2 - <std[70759c8f55707aa4]::thread::lifecycle::spawn_unchecked<test[9d35eded1c95d3be]::run_test::{closure#1}, ()>::{closure#1} as core[df12db4294e9bfd3]::ops::function::FnOnce<()>>::call_once::{shim:vtable#0}
[INFO] [stdout]   20:     0x60282b2bed19 - <std[70759c8f55707aa4]::sys::thread::unix::Thread>::new::thread_start
[INFO] [stdout]   21:     0x7262c53e3dfa - <unknown>
[INFO] [stdout]   22:     0x7262c54773d4 - clone
[INFO] [stdout]   23:                0x0 - <unknown>
[INFO] [stdout] 
[INFO] [stdout] ---- every_entry_of_every_loss_set_is_accounted_for stdout ----
[INFO] [stdout] 
[INFO] [stdout] thread 'every_entry_of_every_loss_set_is_accounted_for' (661) panicked at tests/fixtures.rs:83:10:
[INFO] [stdout] the check crate's fixtures: Os { code: 2, kind: NotFound, message: "No such file or directory" }
[INFO] [stdout] stack backtrace:
[INFO] [stdout]    0:     0x60282b2bfcc1 - <<std[70759c8f55707aa4]::sys::backtrace::BacktraceLock>::print::DisplayBacktrace as core[df12db4294e9bfd3]::fmt::Display>::fmt
[INFO] [stdout]    1:     0x60282b2d5fba - core[df12db4294e9bfd3]::fmt::write
[INFO] [stdout]    2:     0x60282b2c444c - <alloc[2182bb758b4b3781]::vec::Vec<u8> as core[df12db4294e9bfd3]::io::write::Write>::write_fmt
[INFO] [stdout]    3:     0x60282b29a6d6 - std[70759c8f55707aa4]::panicking::default_hook::{closure#0}
[INFO] [stdout]    4:     0x60282b2b76d9 - std[70759c8f55707aa4]::panicking::default_hook
[INFO] [stdout]    5:     0x60282b0ecb40 - test[9d35eded1c95d3be]::test_main_inner::<test[9d35eded1c95d3be]::test_main_static::{closure#0}>::{closure#0}
[INFO] [stdout]    6:     0x60282b2b7892 - std[70759c8f55707aa4]::panicking::panic_with_hook
[INFO] [stdout]    7:     0x60282b29a782 - std[70759c8f55707aa4]::panicking::panic_handler::{closure#0}
[INFO] [stdout]    8:     0x60282b2931b9 - std[70759c8f55707aa4]::sys::backtrace::__rust_end_short_backtrace::<std[70759c8f55707aa4]::panicking::panic_handler::{closure#0}, !>
[INFO] [stdout]    9:     0x60282b29b37d - __rustc[8fa7c3cbc660c2b3]::rust_begin_unwind
[INFO] [stdout]   10:     0x60282b2d66ec - core[df12db4294e9bfd3]::panicking::panic_fmt
[INFO] [stdout]   11:     0x60282b2d64c2 - core[df12db4294e9bfd3]::result::unwrap_failed
[INFO] [stdout]   12:     0x60282b0a2b4c - fixtures[a4634d201160ed29]::check_fixtures
[INFO] [stdout]   13:     0x60282b0a4d73 - fixtures[a4634d201160ed29]::scoped_at
[INFO] [stdout]   14:     0x60282b0a2dae - fixtures[a4634d201160ed29]::ran
[INFO] [stdout]   15:     0x60282b0afd72 - <fixtures[a4634d201160ed29]::every_entry_of_every_loss_set_is_accounted_for::{closure#0} as core[df12db4294e9bfd3]::ops::function::FnOnce<()>>::call_once
[INFO] [stdout]   16:     0x60282b0dfe2b - test[9d35eded1c95d3be]::__rust_begin_short_backtrace::<core[df12db4294e9bfd3]::result::Result<(), alloc[2182bb758b4b3781]::string::String>, fn() -> core[df12db4294e9bfd3]::result::Result<(), alloc[2182bb758b4b3781]::string::String>>
[INFO] [stdout]   17:     0x60282b0ed495 - test[9d35eded1c95d3be]::run_test::{closure#0}
[INFO] [stdout]   18:     0x60282b0e6d54 - std[70759c8f55707aa4]::sys::backtrace::__rust_begin_short_backtrace::<test[9d35eded1c95d3be]::run_test::{closure#1}, ()>
[INFO] [stdout]   19:     0x60282b0f05f2 - <std[70759c8f55707aa4]::thread::lifecycle::spawn_unchecked<test[9d35eded1c95d3be]::run_test::{closure#1}, ()>::{closure#1} as core[df12db4294e9bfd3]::ops::function::FnOnce<()>>::call_once::{shim:vtable#0}
[INFO] [stdout]   20:     0x60282b2bed19 - <std[70759c8f55707aa4]::sys::thread::unix::Thread>::new::thread_start
[INFO] [stdout]   21:     0x7262c53e3dfa - <unknown>
[INFO] [stdout]   22:     0x7262c54773d4 - clone
[INFO] [stdout]   23:                0x0 - <unknown>
[INFO] [stdout] 
[INFO] [stdout] ---- a_width_reaches_the_report_a_person_reads_and_no_other_format stdout ----
[INFO] [stdout] 
[INFO] [stdout] thread 'a_width_reaches_the_report_a_person_reads_and_no_other_format' (656) panicked at tests/fixtures.rs:83:10:
[INFO] [stdout] the check crate's fixtures: Os { code: 2, kind: NotFound, message: "No such file or directory" }
[INFO] [stdout] stack backtrace:
[INFO] [stdout]    0:     0x60282b2bfcc1 - <<std[70759c8f55707aa4]::sys::backtrace::BacktraceLock>::print::DisplayBacktrace as core[df12db4294e9bfd3]::fmt::Display>::fmt
[INFO] [stdout]    1:     0x60282b2d5fba - core[df12db4294e9bfd3]::fmt::write
[INFO] [stdout]    2:     0x60282b2c444c - <alloc[2182bb758b4b3781]::vec::Vec<u8> as core[df12db4294e9bfd3]::io::write::Write>::write_fmt
[INFO] [stdout]    3:     0x60282b29a6d6 - std[70759c8f55707aa4]::panicking::default_hook::{closure#0}
[INFO] [stdout]    4:     0x60282b2b76d9 - std[70759c8f55707aa4]::panicking::default_hook
[INFO] [stdout]    5:     0x60282b0ecb40 - test[9d35eded1c95d3be]::test_main_inner::<test[9d35eded1c95d3be]::test_main_static::{closure#0}>::{closure#0}
[INFO] [stdout]    6:     0x60282b2b7892 - std[70759c8f55707aa4]::panicking::panic_with_hook
[INFO] [stdout]    7:     0x60282b29a782 - std[70759c8f55707aa4]::panicking::panic_handler::{closure#0}
[INFO] [stdout]    8:     0x60282b2931b9 - std[70759c8f55707aa4]::sys::backtrace::__rust_end_short_backtrace::<std[70759c8f55707aa4]::panicking::panic_handler::{closure#0}, !>
[INFO] [stdout]    9:     0x60282b29b37d - __rustc[8fa7c3cbc660c2b3]::rust_begin_unwind
[INFO] [stdout]   10:     0x60282b2d66ec - core[df12db4294e9bfd3]::panicking::panic_fmt
[INFO] [stdout]   11:     0x60282b2d64c2 - core[df12db4294e9bfd3]::result::unwrap_failed
[INFO] [stdout]   12:     0x60282b0a2b4c - fixtures[a4634d201160ed29]::check_fixtures
[INFO] [stdout]   13:     0x60282b0a4d73 - fixtures[a4634d201160ed29]::scoped_at
[INFO] [stdout]   14:     0x60282b0a2dae - fixtures[a4634d201160ed29]::ran
[INFO] [stdout]   15:     0x60282b0beb08 - <fixtures[a4634d201160ed29]::a_width_reaches_the_report_a_person_reads_and_no_other_format::{closure#0} as core[df12db4294e9bfd3]::ops::function::FnOnce<()>>::call_once
[INFO] [stdout]   16:     0x60282b0dfe2b - test[9d35eded1c95d3be]::__rust_begin_short_backtrace::<core[df12db4294e9bfd3]::result::Result<(), alloc[2182bb758b4b3781]::string::String>, fn() -> core[df12db4294e9bfd3]::result::Result<(), alloc[2182bb758b4b3781]::string::String>>
[INFO] [stdout]   17:     0x60282b0ed495 - test[9d35eded1c95d3be]::run_test::{closure#0}
[INFO] [stdout]   18:     0x60282b0e6d54 - std[70759c8f55707aa4]::sys::backtrace::__rust_begin_short_backtrace::<test[9d35eded1c95d3be]::run_test::{closure#1}, ()>
[INFO] [stdout]   19:     0x60282b0f05f2 - <std[70759c8f55707aa4]::thread::lifecycle::spawn_unchecked<test[9d35eded1c95d3be]::run_test::{closure#1}, ()>::{closure#1} as core[df12db4294e9bfd3]::ops::function::FnOnce<()>>::call_once::{shim:vtable#0}
[INFO] [stdout]   20:     0x60282b2bed19 - <std[70759c8f55707aa4]::sys::thread::unix::Thread>::new::thread_start
[INFO] [stdout]   21:     0x7262c53e3dfa - <unknown>
[INFO] [stdout]   22:     0x7262c54773d4 - clone
[INFO] [stdout]   23:                0x0 - <unknown>
[INFO] [stdout] 
[INFO] [stdout] ---- every_format_states_the_scoping_a_second_way stdout ----
[INFO] [stdout] 
[INFO] [stdout] thread 'every_format_states_the_scoping_a_second_way' (665) panicked at tests/fixtures.rs:83:10:
[INFO] [stdout] the check crate's fixtures: Os { code: 2, kind: NotFound, message: "No such file or directory" }
[INFO] [stdout] stack backtrace:
[INFO] [stdout]    0:     0x60282b2bfcc1 - <<std[70759c8f55707aa4]::sys::backtrace::BacktraceLock>::print::DisplayBacktrace as core[df12db4294e9bfd3]::fmt::Display>::fmt
[INFO] [stdout]    1:     0x60282b2d5fba - core[df12db4294e9bfd3]::fmt::write
[INFO] [stdout]    2:     0x60282b2c444c - <alloc[2182bb758b4b3781]::vec::Vec<u8> as core[df12db4294e9bfd3]::io::write::Write>::write_fmt
[INFO] [stdout]    3:     0x60282b29a6d6 - std[70759c8f55707aa4]::panicking::default_hook::{closure#0}
[INFO] [stdout]    4:     0x60282b2b76d9 - std[70759c8f55707aa4]::panicking::default_hook
[INFO] [stdout]    5:     0x60282b0ecb40 - test[9d35eded1c95d3be]::test_main_inner::<test[9d35eded1c95d3be]::test_main_static::{closure#0}>::{closure#0}
[INFO] [stdout]    6:     0x60282b2b7892 - std[70759c8f55707aa4]::panicking::panic_with_hook
[INFO] [stdout]    7:     0x60282b29a782 - std[70759c8f55707aa4]::panicking::panic_handler::{closure#0}
[INFO] [stdout]    8:     0x60282b2931b9 - std[70759c8f55707aa4]::sys::backtrace::__rust_end_short_backtrace::<std[70759c8f55707aa4]::panicking::panic_handler::{closure#0}, !>
[INFO] [stdout]    9:     0x60282b29b37d - __rustc[8fa7c3cbc660c2b3]::rust_begin_unwind
[INFO] [stdout]   10:     0x60282b2d66ec - core[df12db4294e9bfd3]::panicking::panic_fmt
[INFO] [stdout]   11:     0x60282b2d64c2 - core[df12db4294e9bfd3]::result::unwrap_failed
[INFO] [stdout]   12:     0x60282b0a2b4c - fixtures[a4634d201160ed29]::check_fixtures
[INFO] [stdout]   13:     0x60282b0a4d73 - fixtures[a4634d201160ed29]::scoped_at
[INFO] [stdout]   14:     0x60282b0a2dae - fixtures[a4634d201160ed29]::ran
[INFO] [stdout]   15:     0x60282b0ac6c8 - <fixtures[a4634d201160ed29]::every_format_states_the_scoping_a_second_way::{closure#0} as core[df12db4294e9bfd3]::ops::function::FnOnce<()>>::call_once
[INFO] [stdout]   16:     0x60282b0dfe2b - test[9d35eded1c95d3be]::__rust_begin_short_backtrace::<core[df12db4294e9bfd3]::result::Result<(), alloc[2182bb758b4b3781]::string::String>, fn() -> core[df12db4294e9bfd3]::result::Result<(), alloc[2182bb758b4b3781]::string::String>>
[INFO] [stdout]   17:     0x60282b0ed495 - test[9d35eded1c95d3be]::run_test::{closure#0}
[INFO] [stdout]   18:     0x60282b0e6d54 - std[70759c8f55707aa4]::sys::backtrace::__rust_begin_short_backtrace::<test[9d35eded1c95d3be]::run_test::{closure#1}, ()>
[INFO] [stdout]   19:     0x60282b0f05f2 - <std[70759c8f55707aa4]::thread::lifecycle::spawn_unchecked<test[9d35eded1c95d3be]::run_test::{closure#1}, ()>::{closure#1} as core[df12db4294e9bfd3]::ops::function::FnOnce<()>>::call_once::{shim:vtable#0}
[INFO] [stdout]   20:     0x60282b2bed19 - <std[70759c8f55707aa4]::sys::thread::unix::Thread>::new::thread_start
[INFO] [stdout]   21:     0x7262c53e3dfa - <unknown>
[INFO] [stdout]   22:     0x7262c54773d4 - clone
[INFO] [stdout]   23:                0x0 - <unknown>
[INFO] [stdout] 
[INFO] [stdout] ---- no_rule_declares_a_default_configuration stdout ----
[INFO] [stdout] 
[INFO] [stdout] thread 'no_rule_declares_a_default_configuration' (666) panicked at tests/fixtures.rs:83:10:
[INFO] [stdout] the check crate's fixtures: Os { code: 2, kind: NotFound, message: "No such file or directory" }
[INFO] [stdout] stack backtrace:
[INFO] [stdout]    0:     0x60282b2bfcc1 - <<std[70759c8f55707aa4]::sys::backtrace::BacktraceLock>::print::DisplayBacktrace as core[df12db4294e9bfd3]::fmt::Display>::fmt
[INFO] [stdout]    1:     0x60282b2d5fba - core[df12db4294e9bfd3]::fmt::write
[INFO] [stdout]    2:     0x60282b2c444c - <alloc[2182bb758b4b3781]::vec::Vec<u8> as core[df12db4294e9bfd3]::io::write::Write>::write_fmt
[INFO] [stdout]    3:     0x60282b29a6d6 - std[70759c8f55707aa4]::panicking::default_hook::{closure#0}
[INFO] [stdout]    4:     0x60282b2b76d9 - std[70759c8f55707aa4]::panicking::default_hook
[INFO] [stdout]    5:     0x60282b0ecb40 - test[9d35eded1c95d3be]::test_main_inner::<test[9d35eded1c95d3be]::test_main_static::{closure#0}>::{closure#0}
[INFO] [stdout]    6:     0x60282b2b7892 - std[70759c8f55707aa4]::panicking::panic_with_hook
[INFO] [stdout]    7:     0x60282b29a782 - std[70759c8f55707aa4]::panicking::panic_handler::{closure#0}
[INFO] [stdout]    8:     0x60282b2931b9 - std[70759c8f55707aa4]::sys::backtrace::__rust_end_short_backtrace::<std[70759c8f55707aa4]::panicking::panic_handler::{closure#0}, !>
[INFO] [stdout]    9:     0x60282b29b37d - __rustc[8fa7c3cbc660c2b3]::rust_begin_unwind
[INFO] [stdout]   10:     0x60282b2d66ec - core[df12db4294e9bfd3]::panicking::panic_fmt
[INFO] [stdout]   11:     0x60282b2d64c2 - core[df12db4294e9bfd3]::result::unwrap_failed
[INFO] [stdout]   12:     0x60282b0a2b4c - fixtures[a4634d201160ed29]::check_fixtures
[INFO] [stdout]   13:     0x60282b0a4d73 - fixtures[a4634d201160ed29]::scoped_at
[INFO] [stdout]   14:     0x60282b0a2dae - fixtures[a4634d201160ed29]::ran
[INFO] [stdout]   15:     0x60282b0a9c33 - <fixtures[a4634d201160ed29]::no_rule_declares_a_default_configuration::{closure#0} as core[df12db4294e9bfd3]::ops::function::FnOnce<()>>::call_once
[INFO] [stdout]   16:     0x60282b0dfe2b - test[9d35eded1c95d3be]::__rust_begin_short_backtrace::<core[df12db4294e9bfd3]::result::Result<(), alloc[2182bb758b4b3781]::string::String>, fn() -> core[df12db4294e9bfd3]::result::Result<(), alloc[2182bb758b4b3781]::string::String>>
[INFO] [stdout]   17:     0x60282b0ed495 - test[9d35eded1c95d3be]::run_test::{closure#0}
[INFO] [stdout]   18:     0x60282b0e6d54 - std[70759c8f55707aa4]::sys::backtrace::__rust_begin_short_backtrace::<test[9d35eded1c95d3be]::run_test::{closure#1}, ()>
[INFO] [stdout]   19:     0x60282b0f05f2 - <std[70759c8f55707aa4]::thread::lifecycle::spawn_unchecked<test[9d35eded1c95d3be]::run_test::{closure#1}, ()>::{closure#1} as core[df12db4294e9bfd3]::ops::function::FnOnce<()>>::call_once::{shim:vtable#0}
[INFO] [stdout]   20:     0x60282b2bed19 - <std[70759c8f55707aa4]::sys::thread::unix::Thread>::new::thread_start
[INFO] [stdout]   21:     0x7262c53e3dfa - <unknown>
[INFO] [stdout]   22:     0x7262c54773d4 - clone
[INFO] [stdout]   23:                0x0 - <unknown>
[INFO] [stdout] 
[INFO] [stdout] ---- every_finding_reaches_every_format stdout ----
[INFO] [stdout] 
[INFO] [stdout] thread 'every_finding_reaches_every_format' (663) panicked at tests/fixtures.rs:83:10:
[INFO] [stdout] the check crate's fixtures: Os { code: 2, kind: NotFound, message: "No such file or directory" }
[INFO] [stdout] stack backtrace:
[INFO] [stdout]    0:     0x60282b2bfcc1 - <<std[70759c8f55707aa4]::sys::backtrace::BacktraceLock>::print::DisplayBacktrace as core[df12db4294e9bfd3]::fmt::Display>::fmt
[INFO] [stdout]    1:     0x60282b2d5fba - core[df12db4294e9bfd3]::fmt::write
[INFO] [stdout]    2:     0x60282b2c444c - <alloc[2182bb758b4b3781]::vec::Vec<u8> as core[df12db4294e9bfd3]::io::write::Write>::write_fmt
[INFO] [stdout]    3:     0x60282b29a6d6 - std[70759c8f55707aa4]::panicking::default_hook::{closure#0}
[INFO] [stdout]    4:     0x60282b2b76d9 - std[70759c8f55707aa4]::panicking::default_hook
[INFO] [stdout]    5:     0x60282b0ecb40 - test[9d35eded1c95d3be]::test_main_inner::<test[9d35eded1c95d3be]::test_main_static::{closure#0}>::{closure#0}
[INFO] [stdout]    6:     0x60282b2b7892 - std[70759c8f55707aa4]::panicking::panic_with_hook
[INFO] [stdout]    7:     0x60282b29a782 - std[70759c8f55707aa4]::panicking::panic_handler::{closure#0}
[INFO] [stdout]    8:     0x60282b2931b9 - std[70759c8f55707aa4]::sys::backtrace::__rust_end_short_backtrace::<std[70759c8f55707aa4]::panicking::panic_handler::{closure#0}, !>
[INFO] [stdout]    9:     0x60282b29b37d - __rustc[8fa7c3cbc660c2b3]::rust_begin_unwind
[INFO] [stdout]   10:     0x60282b2d66ec - core[df12db4294e9bfd3]::panicking::panic_fmt
[INFO] [stdout]   11:     0x60282b2d64c2 - core[df12db4294e9bfd3]::result::unwrap_failed
[INFO] [stdout]   12:     0x60282b0a2b4c - fixtures[a4634d201160ed29]::check_fixtures
[INFO] [stdout]   13:     0x60282b0a4d73 - fixtures[a4634d201160ed29]::scoped_at
[INFO] [stdout]   14:     0x60282b0a2dae - fixtures[a4634d201160ed29]::ran
[INFO] [stdout]   15:     0x60282b0a85cf - <fixtures[a4634d201160ed29]::every_finding_reaches_every_format::{closure#0} as core[df12db4294e9bfd3]::ops::function::FnOnce<()>>::call_once
[INFO] [stdout]   16:     0x60282b0dfe2b - test[9d35eded1c95d3be]::__rust_begin_short_backtrace::<core[df12db4294e9bfd3]::result::Result<(), alloc[2182bb758b4b3781]::string::String>, fn() -> core[df12db4294e9bfd3]::result::Result<(), alloc[2182bb758b4b3781]::string::String>>
[INFO] [stdout]   17:     0x60282b0ed495 - test[9d35eded1c95d3be]::run_test::{closure#0}
[INFO] [stdout]   18:     0x60282b0e6d54 - std[70759c8f55707aa4]::sys::backtrace::__rust_begin_short_backtrace::<test[9d35eded1c95d3be]::run_test::{closure#1}, ()>
[INFO] [stdout]   19:     0x60282b0f05f2 - <std[70759c8f55707aa4]::thread::lifecycle::spawn_unchecked<test[9d35eded1c95d3be]::run_test::{closure#1}, ()>::{closure#1} as core[df12db4294e9bfd3]::ops::function::FnOnce<()>>::call_once::{shim:vtable#0}
[INFO] [stdout]   20:     0x60282b2bed19 - <std[70759c8f55707aa4]::sys::thread::unix::Thread>::new::thread_start
[INFO] [stdout]   21:     0x7262c53e3dfa - <unknown>
[INFO] [stdout]   22:     0x7262c54773d4 - clone
[INFO] [stdout]   23:                0x0 - <unknown>
[INFO] [stdout] 
[INFO] [stdout] ---- no_two_counts_of_the_coverage_block_are_equal stdout ----
[INFO] [stdout] 
[INFO] [stdout] thread 'no_two_counts_of_the_coverage_block_are_equal' (667) panicked at tests/fixtures.rs:83:10:
[INFO] [stdout] the check crate's fixtures: Os { code: 2, kind: NotFound, message: "No such file or directory" }
[INFO] [stdout] stack backtrace:
[INFO] [stdout]    0:     0x60282b2bfcc1 - <<std[70759c8f55707aa4]::sys::backtrace::BacktraceLock>::print::DisplayBacktrace as core[df12db4294e9bfd3]::fmt::Display>::fmt
[INFO] [stdout]    1:     0x60282b2d5fba - core[df12db4294e9bfd3]::fmt::write
[INFO] [stdout]    2:     0x60282b2c444c - <alloc[2182bb758b4b3781]::vec::Vec<u8> as core[df12db4294e9bfd3]::io::write::Write>::write_fmt
[INFO] [stdout]    3:     0x60282b29a6d6 - std[70759c8f55707aa4]::panicking::default_hook::{closure#0}
[INFO] [stdout]    4:     0x60282b2b76d9 - std[70759c8f55707aa4]::panicking::default_hook
[INFO] [stdout]    5:     0x60282b0ecb40 - test[9d35eded1c95d3be]::test_main_inner::<test[9d35eded1c95d3be]::test_main_static::{closure#0}>::{closure#0}
[INFO] [stdout]    6:     0x60282b2b7892 - std[70759c8f55707aa4]::panicking::panic_with_hook
[INFO] [stdout]    7:     0x60282b29a782 - std[70759c8f55707aa4]::panicking::panic_handler::{closure#0}
[INFO] [stdout]    8:     0x60282b2931b9 - std[70759c8f55707aa4]::sys::backtrace::__rust_end_short_backtrace::<std[70759c8f55707aa4]::panicking::panic_handler::{closure#0}, !>
[INFO] [stdout]    9:     0x60282b29b37d - __rustc[8fa7c3cbc660c2b3]::rust_begin_unwind
[INFO] [stdout]   10:     0x60282b2d66ec - core[df12db4294e9bfd3]::panicking::panic_fmt
[INFO] [stdout]   11:     0x60282b2d64c2 - core[df12db4294e9bfd3]::result::unwrap_failed
[INFO] [stdout]   12:     0x60282b0a2b4c - fixtures[a4634d201160ed29]::check_fixtures
[INFO] [stdout]   13:     0x60282b0a4d73 - fixtures[a4634d201160ed29]::scoped_at
[INFO] [stdout]   14:     0x60282b0a2dae - fixtures[a4634d201160ed29]::ran
[INFO] [stdout]   15:     0x60282b0ad046 - <fixtures[a4634d201160ed29]::no_two_counts_of_the_coverage_block_are_equal::{closure#0} as core[df12db4294e9bfd3]::ops::function::FnOnce<()>>::call_once
[INFO] [stdout]   16:     0x60282b0dfe2b - test[9d35eded1c95d3be]::__rust_begin_short_backtrace::<core[df12db4294e9bfd3]::result::Result<(), alloc[2182bb758b4b3781]::string::String>, fn() -> core[df12db4294e9bfd3]::result::Result<(), alloc[2182bb758b4b3781]::string::String>>
[INFO] [stderr] error: test failed, to rerun pass `--test fixtures`
[INFO] [stdout]   17:     0x60282b0ed495 - test[9d35eded1c95d3be]::run_test::{closure#0}
[INFO] [stdout]   18:     0x60282b0e6d54 - std[70759c8f55707aa4]::sys::backtrace::__rust_begin_short_backtrace::<test[9d35eded1c95d3be]::run_test::{closure#1}, ()>
[INFO] [stdout]   19:     0x60282b0f05f2 - <std[70759c8f55707aa4]::thread::lifecycle::spawn_unchecked<test[9d35eded1c95d3be]::run_test::{closure#1}, ()>::{closure#1} as core[df12db4294e9bfd3]::ops::function::FnOnce<()>>::call_once::{shim:vtable#0}
[INFO] [stdout]   20:     0x60282b2bed19 - <std[70759c8f55707aa4]::sys::thread::unix::Thread>::new::thread_start
[INFO] [stdout]   21:     0x7262c53e3dfa - <unknown>
[INFO] [stdout]   22:     0x7262c54773d4 - clone
[INFO] [stdout]   23:                0x0 - <unknown>
[INFO] [stdout] 
[INFO] [stdout] ---- a_carrier_that_is_wrong_is_adrift_and_one_that_is_right_is_held stdout ----
[INFO] [stdout] 
[INFO] [stdout] thread 'a_carrier_that_is_wrong_is_adrift_and_one_that_is_right_is_held' (639) panicked at tests/fixtures.rs:83:10:
[INFO] [stdout] the check crate's fixtures: Os { code: 2, kind: NotFound, message: "No such file or directory" }
[INFO] [stdout] stack backtrace:
[INFO] [stdout]    0:     0x60282b2bfcc1 - <<std[70759c8f55707aa4]::sys::backtrace::BacktraceLock>::print::DisplayBacktrace as core[df12db4294e9bfd3]::fmt::Display>::fmt
[INFO] [stdout]    1:     0x60282b2d5fba - core[df12db4294e9bfd3]::fmt::write
[INFO] [stdout]    2:     0x60282b2c444c - <alloc[2182bb758b4b3781]::vec::Vec<u8> as core[df12db4294e9bfd3]::io::write::Write>::write_fmt
[INFO] [stdout]    3:     0x60282b29a6d6 - std[70759c8f55707aa4]::panicking::default_hook::{closure#0}
[INFO] [stdout]    4:     0x60282b2b76d9 - std[70759c8f55707aa4]::panicking::default_hook
[INFO] [stdout]    5:     0x60282b0ecb40 - test[9d35eded1c95d3be]::test_main_inner::<test[9d35eded1c95d3be]::test_main_static::{closure#0}>::{closure#0}
[INFO] [stdout]    6:     0x60282b2b7892 - std[70759c8f55707aa4]::panicking::panic_with_hook
[INFO] [stdout]    7:     0x60282b29a782 - std[70759c8f55707aa4]::panicking::panic_handler::{closure#0}
[INFO] [stdout]    8:     0x60282b2931b9 - std[70759c8f55707aa4]::sys::backtrace::__rust_end_short_backtrace::<std[70759c8f55707aa4]::panicking::panic_handler::{closure#0}, !>
[INFO] [stdout]    9:     0x60282b29b37d - __rustc[8fa7c3cbc660c2b3]::rust_begin_unwind
[INFO] [stdout]   10:     0x60282b2d66ec - core[df12db4294e9bfd3]::panicking::panic_fmt
[INFO] [stdout]   11:     0x60282b2d64c2 - core[df12db4294e9bfd3]::result::unwrap_failed
[INFO] [stdout]   12:     0x60282b0a2b4c - fixtures[a4634d201160ed29]::check_fixtures
[INFO] [stdout]   13:     0x60282b0a4d73 - fixtures[a4634d201160ed29]::scoped_at
[INFO] [stdout]   14:     0x60282b0a2dae - fixtures[a4634d201160ed29]::ran
[INFO] [stdout]   15:     0x60282b0bf733 - <fixtures[a4634d201160ed29]::a_carrier_that_is_wrong_is_adrift_and_one_that_is_right_is_held::{closure#0} as core[df12db4294e9bfd3]::ops::function::FnOnce<()>>::call_once
[INFO] [stdout]   16:     0x60282b0dfe2b - test[9d35eded1c95d3be]::__rust_begin_short_backtrace::<core[df12db4294e9bfd3]::result::Result<(), alloc[2182bb758b4b3781]::string::String>, fn() -> core[df12db4294e9bfd3]::result::Result<(), alloc[2182bb758b4b3781]::string::String>>
[INFO] [stdout]   17:     0x60282b0ed495 - test[9d35eded1c95d3be]::run_test::{closure#0}
[INFO] [stdout]   18:     0x60282b0e6d54 - std[70759c8f55707aa4]::sys::backtrace::__rust_begin_short_backtrace::<test[9d35eded1c95d3be]::run_test::{closure#1}, ()>
[INFO] [stdout]   19:     0x60282b0f05f2 - <std[70759c8f55707aa4]::thread::lifecycle::spawn_unchecked<test[9d35eded1c95d3be]::run_test::{closure#1}, ()>::{closure#1} as core[df12db4294e9bfd3]::ops::function::FnOnce<()>>::call_once::{shim:vtable#0}
[INFO] [stdout]   20:     0x60282b2bed19 - <std[70759c8f55707aa4]::sys::thread::unix::Thread>::new::thread_start
[INFO] [stdout]   21:     0x7262c53e3dfa - <unknown>
[INFO] [stdout]   22:     0x7262c54773d4 - clone
[INFO] [stdout]   23:                0x0 - <unknown>
[INFO] [stdout] 
[INFO] [stdout] ---- no_two_counts_of_the_scoped_fixture_are_equal stdout ----
[INFO] [stdout] 
[INFO] [stdout] thread 'no_two_counts_of_the_scoped_fixture_are_equal' (668) panicked at tests/fixtures.rs:83:10:
[INFO] [stdout] the check crate's fixtures: Os { code: 2, kind: NotFound, message: "No such file or directory" }
[INFO] [stdout] stack backtrace:
[INFO] [stdout]    0:     0x60282b2bfcc1 - <<std[70759c8f55707aa4]::sys::backtrace::BacktraceLock>::print::DisplayBacktrace as core[df12db4294e9bfd3]::fmt::Display>::fmt
[INFO] [stdout]    1:     0x60282b2d5fba - core[df12db4294e9bfd3]::fmt::write
[INFO] [stdout]    2:     0x60282b2c444c - <alloc[2182bb758b4b3781]::vec::Vec<u8> as core[df12db4294e9bfd3]::io::write::Write>::write_fmt
[INFO] [stdout]    3:     0x60282b29a6d6 - std[70759c8f55707aa4]::panicking::default_hook::{closure#0}
[INFO] [stdout]    4:     0x60282b2b76d9 - std[70759c8f55707aa4]::panicking::default_hook
[INFO] [stdout]    5:     0x60282b0ecb40 - test[9d35eded1c95d3be]::test_main_inner::<test[9d35eded1c95d3be]::test_main_static::{closure#0}>::{closure#0}
[INFO] [stdout]    6:     0x60282b2b7892 - std[70759c8f55707aa4]::panicking::panic_with_hook
[INFO] [stdout]    7:     0x60282b29a782 - std[70759c8f55707aa4]::panicking::panic_handler::{closure#0}
[INFO] [stdout]    8:     0x60282b2931b9 - std[70759c8f55707aa4]::sys::backtrace::__rust_end_short_backtrace::<std[70759c8f55707aa4]::panicking::panic_handler::{closure#0}, !>
[INFO] [stdout]    9:     0x60282b29b37d - __rustc[8fa7c3cbc660c2b3]::rust_begin_unwind
[INFO] [stdout]   10:     0x60282b2d66ec - core[df12db4294e9bfd3]::panicking::panic_fmt
[INFO] [stdout]   11:     0x60282b2d64c2 - core[df12db4294e9bfd3]::result::unwrap_failed
[INFO] [stdout]   12:     0x60282b0a2b4c - fixtures[a4634d201160ed29]::check_fixtures
[INFO] [stdout]   13:     0x60282b0a4d73 - fixtures[a4634d201160ed29]::scoped_at
[INFO] [stdout]   14:     0x60282b0a2dae - fixtures[a4634d201160ed29]::ran
[INFO] [stdout]   15:     0x60282b0ada49 - <fixtures[a4634d201160ed29]::no_two_counts_of_the_scoped_fixture_are_equal::{closure#0} as core[df12db4294e9bfd3]::ops::function::FnOnce<()>>::call_once
[INFO] [stdout]   16:     0x60282b0dfe2b - test[9d35eded1c95d3be]::__rust_begin_short_backtrace::<core[df12db4294e9bfd3]::result::Result<(), alloc[2182bb758b4b3781]::string::String>, fn() -> core[df12db4294e9bfd3]::result::Result<(), alloc[2182bb758b4b3781]::string::String>>
[INFO] [stdout]   17:     0x60282b0ed495 - test[9d35eded1c95d3be]::run_test::{closure#0}
[INFO] [stdout]   18:     0x60282b0e6d54 - std[70759c8f55707aa4]::sys::backtrace::__rust_begin_short_backtrace::<test[9d35eded1c95d3be]::run_test::{closure#1}, ()>
[INFO] [stdout]   19:     0x60282b0f05f2 - <std[70759c8f55707aa4]::thread::lifecycle::spawn_unchecked<test[9d35eded1c95d3be]::run_test::{closure#1}, ()>::{closure#1} as core[df12db4294e9bfd3]::ops::function::FnOnce<()>>::call_once::{shim:vtable#0}
[INFO] [stdout]   20:     0x60282b2bed19 - <std[70759c8f55707aa4]::sys::thread::unix::Thread>::new::thread_start
[INFO] [stdout]   21:     0x7262c53e3dfa - <unknown>
[INFO] [stdout]   22:     0x7262c54773d4 - clone
[INFO] [stdout]   23:                0x0 - <unknown>
[INFO] [stdout] 
[INFO] [stdout] ---- one_dropped_record_is_one_unaccounted_finding stdout ----
[INFO] [stdout] 
[INFO] [stdout] thread 'one_dropped_record_is_one_unaccounted_finding' (669) panicked at tests/fixtures.rs:83:10:
[INFO] [stdout] the check crate's fixtures: Os { code: 2, kind: NotFound, message: "No such file or directory" }
[INFO] [stdout] stack backtrace:
[INFO] [stdout]    0:     0x60282b2bfcc1 - <<std[70759c8f55707aa4]::sys::backtrace::BacktraceLock>::print::DisplayBacktrace as core[df12db4294e9bfd3]::fmt::Display>::fmt
[INFO] [stdout]    1:     0x60282b2d5fba - core[df12db4294e9bfd3]::fmt::write
[INFO] [stdout]    2:     0x60282b2c444c - <alloc[2182bb758b4b3781]::vec::Vec<u8> as core[df12db4294e9bfd3]::io::write::Write>::write_fmt
[INFO] [stdout]    3:     0x60282b29a6d6 - std[70759c8f55707aa4]::panicking::default_hook::{closure#0}
[INFO] [stdout]    4:     0x60282b2b76d9 - std[70759c8f55707aa4]::panicking::default_hook
[INFO] [stdout]    5:     0x60282b0ecb40 - test[9d35eded1c95d3be]::test_main_inner::<test[9d35eded1c95d3be]::test_main_static::{closure#0}>::{closure#0}
[INFO] [stdout]    6:     0x60282b2b7892 - std[70759c8f55707aa4]::panicking::panic_with_hook
[INFO] [stdout]    7:     0x60282b29a782 - std[70759c8f55707aa4]::panicking::panic_handler::{closure#0}
[INFO] [stdout]    8:     0x60282b2931b9 - std[70759c8f55707aa4]::sys::backtrace::__rust_end_short_backtrace::<std[70759c8f55707aa4]::panicking::panic_handler::{closure#0}, !>
[INFO] [stdout]    9:     0x60282b29b37d - __rustc[8fa7c3cbc660c2b3]::rust_begin_unwind
[INFO] [stdout]   10:     0x60282b2d66ec - core[df12db4294e9bfd3]::panicking::panic_fmt
[INFO] [stdout]   11:     0x60282b2d64c2 - core[df12db4294e9bfd3]::result::unwrap_failed
[INFO] [stdout]   12:     0x60282b0a2b4c - fixtures[a4634d201160ed29]::check_fixtures
[INFO] [stdout]   13:     0x60282b0a4d73 - fixtures[a4634d201160ed29]::scoped_at
[INFO] [stdout]   14:     0x60282b0a2dae - fixtures[a4634d201160ed29]::ran
[INFO] [stdout]   15:     0x60282b0ae5fb - <fixtures[a4634d201160ed29]::one_dropped_record_is_one_unaccounted_finding::{closure#0} as core[df12db4294e9bfd3]::ops::function::FnOnce<()>>::call_once
[INFO] [stdout]   16:     0x60282b0dfe2b - test[9d35eded1c95d3be]::__rust_begin_short_backtrace::<core[df12db4294e9bfd3]::result::Result<(), alloc[2182bb758b4b3781]::string::String>, fn() -> core[df12db4294e9bfd3]::result::Result<(), alloc[2182bb758b4b3781]::string::String>>
[INFO] [stdout]   17:     0x60282b0ed495 - test[9d35eded1c95d3be]::run_test::{closure#0}
[INFO] [stdout]   18:     0x60282b0e6d54 - std[70759c8f55707aa4]::sys::backtrace::__rust_begin_short_backtrace::<test[9d35eded1c95d3be]::run_test::{closure#1}, ()>
[INFO] [stdout]   19:     0x60282b0f05f2 - <std[70759c8f55707aa4]::thread::lifecycle::spawn_unchecked<test[9d35eded1c95d3be]::run_test::{closure#1}, ()>::{closure#1} as core[df12db4294e9bfd3]::ops::function::FnOnce<()>>::call_once::{shim:vtable#0}
[INFO] [stdout]   20:     0x60282b2bed19 - <std[70759c8f55707aa4]::sys::thread::unix::Thread>::new::thread_start
[INFO] [stdout]   21:     0x7262c53e3dfa - <unknown>
[INFO] [stdout]   22:     0x7262c54773d4 - clone
[INFO] [stdout]   23:                0x0 - <unknown>
[INFO] [stdout] 
[INFO] [stdout] ---- the_audited_and_the_unaudited_are_counted_apart stdout ----
[INFO] [stdout] 
[INFO] [stdout] thread 'the_audited_and_the_unaudited_are_counted_apart' (670) panicked at tests/fixtures.rs:83:10:
[INFO] [stdout] the check crate's fixtures: Os { code: 2, kind: NotFound, message: "No such file or directory" }
[INFO] [stdout] stack backtrace:
[INFO] [stdout]    0:     0x60282b2bfcc1 - <<std[70759c8f55707aa4]::sys::backtrace::BacktraceLock>::print::DisplayBacktrace as core[df12db4294e9bfd3]::fmt::Display>::fmt
[INFO] [stdout]    1:     0x60282b2d5fba - core[df12db4294e9bfd3]::fmt::write
[INFO] [stdout]    2:     0x60282b2c444c - <alloc[2182bb758b4b3781]::vec::Vec<u8> as core[df12db4294e9bfd3]::io::write::Write>::write_fmt
[INFO] [stdout]    3:     0x60282b29a6d6 - std[70759c8f55707aa4]::panicking::default_hook::{closure#0}
[INFO] [stdout]    4:     0x60282b2b76d9 - std[70759c8f55707aa4]::panicking::default_hook
[INFO] [stdout]    5:     0x60282b0ecb40 - test[9d35eded1c95d3be]::test_main_inner::<test[9d35eded1c95d3be]::test_main_static::{closure#0}>::{closure#0}
[INFO] [stdout]    6:     0x60282b2b7892 - std[70759c8f55707aa4]::panicking::panic_with_hook
[INFO] [stdout]    7:     0x60282b29a782 - std[70759c8f55707aa4]::panicking::panic_handler::{closure#0}
[INFO] [stdout]    8:     0x60282b2931b9 - std[70759c8f55707aa4]::sys::backtrace::__rust_end_short_backtrace::<std[70759c8f55707aa4]::panicking::panic_handler::{closure#0}, !>
[INFO] [stdout]    9:     0x60282b29b37d - __rustc[8fa7c3cbc660c2b3]::rust_begin_unwind
[INFO] [stdout]   10:     0x60282b2d66ec - core[df12db4294e9bfd3]::panicking::panic_fmt
[INFO] [stdout]   11:     0x60282b2d64c2 - core[df12db4294e9bfd3]::result::unwrap_failed
[INFO] [stdout]   12:     0x60282b0a2b4c - fixtures[a4634d201160ed29]::check_fixtures
[INFO] [stdout]   13:     0x60282b0a4d73 - fixtures[a4634d201160ed29]::scoped_at
[INFO] [stdout]   14:     0x60282b0a2dae - fixtures[a4634d201160ed29]::ran
[INFO] [stdout]   15:     0x60282b0b0bcf - <fixtures[a4634d201160ed29]::the_audited_and_the_unaudited_are_counted_apart::{closure#0} as core[df12db4294e9bfd3]::ops::function::FnOnce<()>>::call_once
[INFO] [stdout]   16:     0x60282b0dfe2b - test[9d35eded1c95d3be]::__rust_begin_short_backtrace::<core[df12db4294e9bfd3]::result::Result<(), alloc[2182bb758b4b3781]::string::String>, fn() -> core[df12db4294e9bfd3]::result::Result<(), alloc[2182bb758b4b3781]::string::String>>
[INFO] [stdout]   17:     0x60282b0ed495 - test[9d35eded1c95d3be]::run_test::{closure#0}
[INFO] [stdout]   18:     0x60282b0e6d54 - std[70759c8f55707aa4]::sys::backtrace::__rust_begin_short_backtrace::<test[9d35eded1c95d3be]::run_test::{closure#1}, ()>
[INFO] [stdout]   19:     0x60282b0f05f2 - <std[70759c8f55707aa4]::thread::lifecycle::spawn_unchecked<test[9d35eded1c95d3be]::run_test::{closure#1}, ()>::{closure#1} as core[df12db4294e9bfd3]::ops::function::FnOnce<()>>::call_once::{shim:vtable#0}
[INFO] [stdout]   20:     0x60282b2bed19 - <std[70759c8f55707aa4]::sys::thread::unix::Thread>::new::thread_start
[INFO] [stdout]   21:     0x7262c53e3dfa - <unknown>
[INFO] [stdout]   22:     0x7262c54773d4 - clone
[INFO] [stdout]   23:                0x0 - <unknown>
[INFO] [stdout] 
[INFO] [stdout] ---- the_members_a_carrier_names_are_the_members_the_artifact_writes stdout ----
[INFO] [stdout] 
[INFO] [stdout] thread 'the_members_a_carrier_names_are_the_members_the_artifact_writes' (678) panicked at tests/fixtures.rs:83:10:
[INFO] [stdout] the check crate's fixtures: Os { code: 2, kind: NotFound, message: "No such file or directory" }
[INFO] [stdout] stack backtrace:
[INFO] [stdout]    0:     0x60282b2bfcc1 - <<std[70759c8f55707aa4]::sys::backtrace::BacktraceLock>::print::DisplayBacktrace as core[df12db4294e9bfd3]::fmt::Display>::fmt
[INFO] [stdout]    1:     0x60282b2d5fba - core[df12db4294e9bfd3]::fmt::write
[INFO] [stdout]    2:     0x60282b2c444c - <alloc[2182bb758b4b3781]::vec::Vec<u8> as core[df12db4294e9bfd3]::io::write::Write>::write_fmt
[INFO] [stdout]    3:     0x60282b29a6d6 - std[70759c8f55707aa4]::panicking::default_hook::{closure#0}
[INFO] [stdout]    4:     0x60282b2b76d9 - std[70759c8f55707aa4]::panicking::default_hook
[INFO] [stdout]    5:     0x60282b0ecb40 - test[9d35eded1c95d3be]::test_main_inner::<test[9d35eded1c95d3be]::test_main_static::{closure#0}>::{closure#0}
[INFO] [stdout]    6:     0x60282b2b7892 - std[70759c8f55707aa4]::panicking::panic_with_hook
[INFO] [stdout]    7:     0x60282b29a782 - std[70759c8f55707aa4]::panicking::panic_handler::{closure#0}
[INFO] [stdout]    8:     0x60282b2931b9 - std[70759c8f55707aa4]::sys::backtrace::__rust_end_short_backtrace::<std[70759c8f55707aa4]::panicking::panic_handler::{closure#0}, !>
[INFO] [stdout]    9:     0x60282b29b37d - __rustc[8fa7c3cbc660c2b3]::rust_begin_unwind
[INFO] [stdout]   10:     0x60282b2d66ec - core[df12db4294e9bfd3]::panicking::panic_fmt
[INFO] [stdout]   11:     0x60282b2d64c2 - core[df12db4294e9bfd3]::result::unwrap_failed
[INFO] [stdout]   12:     0x60282b0a2b4c - fixtures[a4634d201160ed29]::check_fixtures
[INFO] [stdout]   13:     0x60282b0a4d73 - fixtures[a4634d201160ed29]::scoped_at
[INFO] [stdout]   14:     0x60282b0a2dae - fixtures[a4634d201160ed29]::ran
[INFO] [stdout]   15:     0x60282b0bffff - <fixtures[a4634d201160ed29]::the_members_a_carrier_names_are_the_members_the_artifact_writes::{closure#0} as core[df12db4294e9bfd3]::ops::function::FnOnce<()>>::call_once
[INFO] [stdout]   16:     0x60282b0dfe2b - test[9d35eded1c95d3be]::__rust_begin_short_backtrace::<core[df12db4294e9bfd3]::result::Result<(), alloc[2182bb758b4b3781]::string::String>, fn() -> core[df12db4294e9bfd3]::result::Result<(), alloc[2182bb758b4b3781]::string::String>>
[INFO] [stdout]   17:     0x60282b0ed495 - test[9d35eded1c95d3be]::run_test::{closure#0}
[INFO] [stdout]   18:     0x60282b0e6d54 - std[70759c8f55707aa4]::sys::backtrace::__rust_begin_short_backtrace::<test[9d35eded1c95d3be]::run_test::{closure#1}, ()>
[INFO] [stdout]   19:     0x60282b0f05f2 - <std[70759c8f55707aa4]::thread::lifecycle::spawn_unchecked<test[9d35eded1c95d3be]::run_test::{closure#1}, ()>::{closure#1} as core[df12db4294e9bfd3]::ops::function::FnOnce<()>>::call_once::{shim:vtable#0}
[INFO] [stdout]   20:     0x60282b2bed19 - <std[70759c8f55707aa4]::sys::thread::unix::Thread>::new::thread_start
[INFO] [stdout]   21:     0x7262c53e3dfa - <unknown>
[INFO] [stdout]   22:     0x7262c54773d4 - clone
[INFO] [stdout]   23:                0x0 - <unknown>
[INFO] [stdout] 
[INFO] [stdout] ---- the_read_set_block_is_not_laid_out_at_any_width stdout ----
[INFO] [stdout] 
[INFO] [stdout] thread 'the_read_set_block_is_not_laid_out_at_any_width' (680) panicked at tests/fixtures.rs:83:10:
[INFO] [stdout] the check crate's fixtures: Os { code: 2, kind: NotFound, message: "No such file or directory" }
[INFO] [stdout] stack backtrace:
[INFO] [stdout]    0:     0x60282b2bfcc1 - <<std[70759c8f55707aa4]::sys::backtrace::BacktraceLock>::print::DisplayBacktrace as core[df12db4294e9bfd3]::fmt::Display>::fmt
[INFO] [stdout]    1:     0x60282b2d5fba - core[df12db4294e9bfd3]::fmt::write
[INFO] [stdout]    2:     0x60282b2c444c - <alloc[2182bb758b4b3781]::vec::Vec<u8> as core[df12db4294e9bfd3]::io::write::Write>::write_fmt
[INFO] [stdout]    3:     0x60282b29a6d6 - std[70759c8f55707aa4]::panicking::default_hook::{closure#0}
[INFO] [stdout]    4:     0x60282b2b76d9 - std[70759c8f55707aa4]::panicking::default_hook
[INFO] [stdout]    5:     0x60282b0ecb40 - test[9d35eded1c95d3be]::test_main_inner::<test[9d35eded1c95d3be]::test_main_static::{closure#0}>::{closure#0}
[INFO] [stdout]    6:     0x60282b2b7892 - std[70759c8f55707aa4]::panicking::panic_with_hook
[INFO] [stdout]    7:     0x60282b29a782 - std[70759c8f55707aa4]::panicking::panic_handler::{closure#0}
[INFO] [stdout]    8:     0x60282b2931b9 - std[70759c8f55707aa4]::sys::backtrace::__rust_end_short_backtrace::<std[70759c8f55707aa4]::panicking::panic_handler::{closure#0}, !>
[INFO] [stdout]    9:     0x60282b29b37d - __rustc[8fa7c3cbc660c2b3]::rust_begin_unwind
[INFO] [stdout]   10:     0x60282b2d66ec - core[df12db4294e9bfd3]::panicking::panic_fmt
[INFO] [stdout]   11:     0x60282b2d64c2 - core[df12db4294e9bfd3]::result::unwrap_failed
[INFO] [stdout]   12:     0x60282b0a2b4c - fixtures[a4634d201160ed29]::check_fixtures
[INFO] [stdout]   13:     0x60282b0a4d73 - fixtures[a4634d201160ed29]::scoped_at
[INFO] [stdout]   14:     0x60282b0a2dae - fixtures[a4634d201160ed29]::ran
[INFO] [stdout]   15:     0x60282b0b1743 - <fixtures[a4634d201160ed29]::the_read_set_block_is_not_laid_out_at_any_width::{closure#0} as core[df12db4294e9bfd3]::ops::function::FnOnce<()>>::call_once
[INFO] [stdout]   16:     0x60282b0dfe2b - test[9d35eded1c95d3be]::__rust_begin_short_backtrace::<core[df12db4294e9bfd3]::result::Result<(), alloc[2182bb758b4b3781]::string::String>, fn() -> core[df12db4294e9bfd3]::result::Result<(), alloc[2182bb758b4b3781]::string::String>>
[INFO] [stdout]   17:     0x60282b0ed495 - test[9d35eded1c95d3be]::run_test::{closure#0}
[INFO] [stdout]   18:     0x60282b0e6d54 - std[70759c8f55707aa4]::sys::backtrace::__rust_begin_short_backtrace::<test[9d35eded1c95d3be]::run_test::{closure#1}, ()>
[INFO] [stdout]   19:     0x60282b0f05f2 - <std[70759c8f55707aa4]::thread::lifecycle::spawn_unchecked<test[9d35eded1c95d3be]::run_test::{closure#1}, ()>::{closure#1} as core[df12db4294e9bfd3]::ops::function::FnOnce<()>>::call_once::{shim:vtable#0}
[INFO] [stdout]   20:     0x60282b2bed19 - <std[70759c8f55707aa4]::sys::thread::unix::Thread>::new::thread_start
[INFO] [stdout]   21:     0x7262c53e3dfa - <unknown>
[INFO] [stdout]   22:     0x7262c54773d4 - clone
[INFO] [stdout]   23:                0x0 - <unknown>
[INFO] [stdout] 
[INFO] [stdout] ---- the_text_report_writes_a_record_for_an_escaped_finding stdout ----
[INFO] [stdout] 
[INFO] [stdout] thread 'the_text_report_writes_a_record_for_an_escaped_finding' (686) panicked at tests/fixtures.rs:83:10:
[INFO] [stdout] the check crate's fixtures: Os { code: 2, kind: NotFound, message: "No such file or directory" }
[INFO] [stdout] stack backtrace:
[INFO] [stdout]    0:     0x60282b2bfcc1 - <<std[70759c8f55707aa4]::sys::backtrace::BacktraceLock>::print::DisplayBacktrace as core[df12db4294e9bfd3]::fmt::Display>::fmt
[INFO] [stdout]    1:     0x60282b2d5fba - core[df12db4294e9bfd3]::fmt::write
[INFO] [stdout]    2:     0x60282b2c444c - <alloc[2182bb758b4b3781]::vec::Vec<u8> as core[df12db4294e9bfd3]::io::write::Write>::write_fmt
[INFO] [stdout]    3:     0x60282b29a6d6 - std[70759c8f55707aa4]::panicking::default_hook::{closure#0}
[INFO] [stdout]    4:     0x60282b2b76d9 - std[70759c8f55707aa4]::panicking::default_hook
[INFO] [stdout]    5:     0x60282b0ecb40 - test[9d35eded1c95d3be]::test_main_inner::<test[9d35eded1c95d3be]::test_main_static::{closure#0}>::{closure#0}
[INFO] [stdout]    6:     0x60282b2b7892 - std[70759c8f55707aa4]::panicking::panic_with_hook
[INFO] [stdout]    7:     0x60282b29a782 - std[70759c8f55707aa4]::panicking::panic_handler::{closure#0}
[INFO] [stdout]    8:     0x60282b2931b9 - std[70759c8f55707aa4]::sys::backtrace::__rust_end_short_backtrace::<std[70759c8f55707aa4]::panicking::panic_handler::{closure#0}, !>
[INFO] [stdout]    9:     0x60282b29b37d - __rustc[8fa7c3cbc660c2b3]::rust_begin_unwind
[INFO] [stdout]   10:     0x60282b2d66ec - core[df12db4294e9bfd3]::panicking::panic_fmt
[INFO] [stdout]   11:     0x60282b2d64c2 - core[df12db4294e9bfd3]::result::unwrap_failed
[INFO] [stdout]   12:     0x60282b0a2b4c - fixtures[a4634d201160ed29]::check_fixtures
[INFO] [stdout]   13:     0x60282b0a4d73 - fixtures[a4634d201160ed29]::scoped_at
[INFO] [stdout]   14:     0x60282b0a2dae - fixtures[a4634d201160ed29]::ran
[INFO] [stdout]   15:     0x60282b0b7dd3 - <fixtures[a4634d201160ed29]::the_text_report_writes_a_record_for_an_escaped_finding::{closure#0} as core[df12db4294e9bfd3]::ops::function::FnOnce<()>>::call_once
[INFO] [stdout]   16:     0x60282b0dfe2b - test[9d35eded1c95d3be]::__rust_begin_short_backtrace::<core[df12db4294e9bfd3]::result::Result<(), alloc[2182bb758b4b3781]::string::String>, fn() -> core[df12db4294e9bfd3]::result::Result<(), alloc[2182bb758b4b3781]::string::String>>
[INFO] [stdout]   17:     0x60282b0ed495 - test[9d35eded1c95d3be]::run_test::{closure#0}
[INFO] [stdout]   18:     0x60282b0e6d54 - std[70759c8f55707aa4]::sys::backtrace::__rust_begin_short_backtrace::<test[9d35eded1c95d3be]::run_test::{closure#1}, ()>
[INFO] [stdout]   19:     0x60282b0f05f2 - <std[70759c8f55707aa4]::thread::lifecycle::spawn_unchecked<test[9d35eded1c95d3be]::run_test::{closure#1}, ()>::{closure#1} as core[df12db4294e9bfd3]::ops::function::FnOnce<()>>::call_once::{shim:vtable#0}
[INFO] [stdout]   20:     0x60282b2bed19 - <std[70759c8f55707aa4]::sys::thread::unix::Thread>::new::thread_start
[INFO] [stdout]   21:     0x7262c53e3dfa - <unknown>
[INFO] [stdout]   22:     0x7262c54773d4 - clone
[INFO] [stdout]   23:                0x0 - <unknown>
[INFO] [stdout] 
[INFO] [stdout] ---- the_change_rides_in_the_runs_property_bag stdout ----
[INFO] [stdout] 
[INFO] [stdout] thread 'the_change_rides_in_the_runs_property_bag' (671) panicked at tests/fixtures.rs:83:10:
[INFO] [stdout] the check crate's fixtures: Os { code: 2, kind: NotFound, message: "No such file or directory" }
[INFO] [stdout] stack backtrace:
[INFO] [stdout]    0:     0x60282b2bfcc1 - <<std[70759c8f55707aa4]::sys::backtrace::BacktraceLock>::print::DisplayBacktrace as core[df12db4294e9bfd3]::fmt::Display>::fmt
[INFO] [stdout]    1:     0x60282b2d5fba - core[df12db4294e9bfd3]::fmt::write
[INFO] [stdout]    2:     0x60282b2c444c - <alloc[2182bb758b4b3781]::vec::Vec<u8> as core[df12db4294e9bfd3]::io::write::Write>::write_fmt
[INFO] [stdout]    3:     0x60282b29a6d6 - std[70759c8f55707aa4]::panicking::default_hook::{closure#0}
[INFO] [stdout]    4:     0x60282b2b76d9 - std[70759c8f55707aa4]::panicking::default_hook
[INFO] [stdout]    5:     0x60282b0ecb40 - test[9d35eded1c95d3be]::test_main_inner::<test[9d35eded1c95d3be]::test_main_static::{closure#0}>::{closure#0}
[INFO] [stdout]    6:     0x60282b2b7892 - std[70759c8f55707aa4]::panicking::panic_with_hook
[INFO] [stdout]    7:     0x60282b29a782 - std[70759c8f55707aa4]::panicking::panic_handler::{closure#0}
[INFO] [stdout]    8:     0x60282b2931b9 - std[70759c8f55707aa4]::sys::backtrace::__rust_end_short_backtrace::<std[70759c8f55707aa4]::panicking::panic_handler::{closure#0}, !>
[INFO] [stdout]    9:     0x60282b29b37d - __rustc[8fa7c3cbc660c2b3]::rust_begin_unwind
[INFO] [stdout]   10:     0x60282b2d66ec - core[df12db4294e9bfd3]::panicking::panic_fmt
[INFO] [stdout]   11:     0x60282b2d64c2 - core[df12db4294e9bfd3]::result::unwrap_failed
[INFO] [stdout]   12:     0x60282b0a2b4c - fixtures[a4634d201160ed29]::check_fixtures
[INFO] [stdout]   13:     0x60282b0a4d73 - fixtures[a4634d201160ed29]::scoped_at
[INFO] [stdout]   14:     0x60282b0a2dae - fixtures[a4634d201160ed29]::ran
[INFO] [stdout]   15:     0x60282b0aae66 - <fixtures[a4634d201160ed29]::the_change_rides_in_the_runs_property_bag::{closure#0} as core[df12db4294e9bfd3]::ops::function::FnOnce<()>>::call_once
[INFO] [stdout]   16:     0x60282b0dfe2b - test[9d35eded1c95d3be]::__rust_begin_short_backtrace::<core[df12db4294e9bfd3]::result::Result<(), alloc[2182bb758b4b3781]::string::String>, fn() -> core[df12db4294e9bfd3]::result::Result<(), alloc[2182bb758b4b3781]::string::String>>
[INFO] [stdout]   17:     0x60282b0ed495 - test[9d35eded1c95d3be]::run_test::{closure#0}
[INFO] [stdout]   18:     0x60282b0e6d54 - std[70759c8f55707aa4]::sys::backtrace::__rust_begin_short_backtrace::<test[9d35eded1c95d3be]::run_test::{closure#1}, ()>
[INFO] [stdout]   19:     0x60282b0f05f2 - <std[70759c8f55707aa4]::thread::lifecycle::spawn_unchecked<test[9d35eded1c95d3be]::run_test::{closure#1}, ()>::{closure#1} as core[df12db4294e9bfd3]::ops::function::FnOnce<()>>::call_once::{shim:vtable#0}
[INFO] [stdout]   20:     0x60282b2bed19 - <std[70759c8f55707aa4]::sys::thread::unix::Thread>::new::thread_start
[INFO] [stdout]   21:     0x7262c53e3dfa - <unknown>
[INFO] [stdout]   22:     0x7262c54773d4 - clone
[INFO] [stdout]   23:                0x0 - <unknown>
[INFO] [stdout] 
[INFO] [stdout] ---- the_fixture_tree_renders_the_recorded_json stdout ----
[INFO] [stdout] 
[INFO] [stdout] thread 'the_fixture_tree_renders_the_recorded_json' (673) panicked at tests/fixtures.rs:83:10:
[INFO] [stdout] the check crate's fixtures: Os { code: 2, kind: NotFound, message: "No such file or directory" }
[INFO] [stdout] stack backtrace:
[INFO] [stdout]    0:     0x60282b2bfcc1 - <<std[70759c8f55707aa4]::sys::backtrace::BacktraceLock>::print::DisplayBacktrace as core[df12db4294e9bfd3]::fmt::Display>::fmt
[INFO] [stdout]    1:     0x60282b2d5fba - core[df12db4294e9bfd3]::fmt::write
[INFO] [stdout]    2:     0x60282b2c444c - <alloc[2182bb758b4b3781]::vec::Vec<u8> as core[df12db4294e9bfd3]::io::write::Write>::write_fmt
[INFO] [stdout]    3:     0x60282b29a6d6 - std[70759c8f55707aa4]::panicking::default_hook::{closure#0}
[INFO] [stdout]    4:     0x60282b2b76d9 - std[70759c8f55707aa4]::panicking::default_hook
[INFO] [stdout]    5:     0x60282b0ecb40 - test[9d35eded1c95d3be]::test_main_inner::<test[9d35eded1c95d3be]::test_main_static::{closure#0}>::{closure#0}
[INFO] [stdout]    6:     0x60282b2b7892 - std[70759c8f55707aa4]::panicking::panic_with_hook
[INFO] [stdout]    7:     0x60282b29a782 - std[70759c8f55707aa4]::panicking::panic_handler::{closure#0}
[INFO] [stdout]    8:     0x60282b2931b9 - std[70759c8f55707aa4]::sys::backtrace::__rust_end_short_backtrace::<std[70759c8f55707aa4]::panicking::panic_handler::{closure#0}, !>
[INFO] [stdout]    9:     0x60282b29b37d - __rustc[8fa7c3cbc660c2b3]::rust_begin_unwind
[INFO] [stdout]   10:     0x60282b2d66ec - core[df12db4294e9bfd3]::panicking::panic_fmt
[INFO] [stdout]   11:     0x60282b2d64c2 - core[df12db4294e9bfd3]::result::unwrap_failed
[INFO] [stdout]   12:     0x60282b0a2b4c - fixtures[a4634d201160ed29]::check_fixtures
[INFO] [stdout]   13:     0x60282b0a4d73 - fixtures[a4634d201160ed29]::scoped_at
[INFO] [stdout]   14:     0x60282b0a2dae - fixtures[a4634d201160ed29]::ran
[INFO] [stdout]   15:     0x60282b0ac054 - <fixtures[a4634d201160ed29]::the_fixture_tree_renders_the_recorded_json::{closure#0} as core[df12db4294e9bfd3]::ops::function::FnOnce<()>>::call_once
[INFO] [stdout]   16:     0x60282b0dfe2b - test[9d35eded1c95d3be]::__rust_begin_short_backtrace::<core[df12db4294e9bfd3]::result::Result<(), alloc[2182bb758b4b3781]::string::String>, fn() -> core[df12db4294e9bfd3]::result::Result<(), alloc[2182bb758b4b3781]::string::String>>
[INFO] [stdout]   17:     0x60282b0ed495 - test[9d35eded1c95d3be]::run_test::{closure#0}
[INFO] [stdout]   18:     0x60282b0e6d54 - std[70759c8f55707aa4]::sys::backtrace::__rust_begin_short_backtrace::<test[9d35eded1c95d3be]::run_test::{closure#1}, ()>
[INFO] [stdout]   19:     0x60282b0f05f2 - <std[70759c8f55707aa4]::thread::lifecycle::spawn_unchecked<test[9d35eded1c95d3be]::run_test::{closure#1}, ()>::{closure#1} as core[df12db4294e9bfd3]::ops::function::FnOnce<()>>::call_once::{shim:vtable#0}
[INFO] [stdout]   20:     0x60282b2bed19 - <std[70759c8f55707aa4]::sys::thread::unix::Thread>::new::thread_start
[INFO] [stdout]   21:     0x7262c53e3dfa - <unknown>
[INFO] [stdout]   22:     0x7262c54773d4 - clone
[INFO] [stdout]   23:                0x0 - <unknown>
[INFO] [stdout] 
[INFO] [stdout] ---- the_fixture_tree_renders_the_recorded_markdown stdout ----
[INFO] [stdout] 
[INFO] [stdout] thread 'the_fixture_tree_renders_the_recorded_markdown' (674) panicked at tests/fixtures.rs:83:10:
[INFO] [stdout] the check crate's fixtures: Os { code: 2, kind: NotFound, message: "No such file or directory" }
[INFO] [stdout] stack backtrace:
[INFO] [stdout]    0:     0x60282b2bfcc1 - <<std[70759c8f55707aa4]::sys::backtrace::BacktraceLock>::print::DisplayBacktrace as core[df12db4294e9bfd3]::fmt::Display>::fmt
[INFO] [stdout]    1:     0x60282b2d5fba - core[df12db4294e9bfd3]::fmt::write
[INFO] [stdout]    2:     0x60282b2c444c - <alloc[2182bb758b4b3781]::vec::Vec<u8> as core[df12db4294e9bfd3]::io::write::Write>::write_fmt
[INFO] [stdout]    3:     0x60282b29a6d6 - std[70759c8f55707aa4]::panicking::default_hook::{closure#0}
[INFO] [stdout]    4:     0x60282b2b76d9 - std[70759c8f55707aa4]::panicking::default_hook
[INFO] [stdout]    5:     0x60282b0ecb40 - test[9d35eded1c95d3be]::test_main_inner::<test[9d35eded1c95d3be]::test_main_static::{closure#0}>::{closure#0}
[INFO] [stdout]    6:     0x60282b2b7892 - std[70759c8f55707aa4]::panicking::panic_with_hook
[INFO] [stdout]    7:     0x60282b29a782 - std[70759c8f55707aa4]::panicking::panic_handler::{closure#0}
[INFO] [stdout]    8:     0x60282b2931b9 - std[70759c8f55707aa4]::sys::backtrace::__rust_end_short_backtrace::<std[70759c8f55707aa4]::panicking::panic_handler::{closure#0}, !>
[INFO] [stdout]    9:     0x60282b29b37d - __rustc[8fa7c3cbc660c2b3]::rust_begin_unwind
[INFO] [stdout]   10:     0x60282b2d66ec - core[df12db4294e9bfd3]::panicking::panic_fmt
[INFO] [stdout]   11:     0x60282b2d64c2 - core[df12db4294e9bfd3]::result::unwrap_failed
[INFO] [stdout]   12:     0x60282b0a2b4c - fixtures[a4634d201160ed29]::check_fixtures
[INFO] [stdout]   13:     0x60282b0a4d73 - fixtures[a4634d201160ed29]::scoped_at
[INFO] [stdout]   14:     0x60282b0a2dae - fixtures[a4634d201160ed29]::ran
[INFO] [stdout]   15:     0x60282b0b09d4 - <fixtures[a4634d201160ed29]::the_fixture_tree_renders_the_recorded_markdown::{closure#0} as core[df12db4294e9bfd3]::ops::function::FnOnce<()>>::call_once
[INFO] [stdout]   16:     0x60282b0dfe2b - test[9d35eded1c95d3be]::__rust_begin_short_backtrace::<core[df12db4294e9bfd3]::result::Result<(), alloc[2182bb758b4b3781]::string::String>, fn() -> core[df12db4294e9bfd3]::result::Result<(), alloc[2182bb758b4b3781]::string::String>>
[INFO] [stdout]   17:     0x60282b0ed495 - test[9d35eded1c95d3be]::run_test::{closure#0}
[INFO] [stdout]   18:     0x60282b0e6d54 - std[70759c8f55707aa4]::sys::backtrace::__rust_begin_short_backtrace::<test[9d35eded1c95d3be]::run_test::{closure#1}, ()>
[INFO] [stdout]   19:     0x60282b0f05f2 - <std[70759c8f55707aa4]::thread::lifecycle::spawn_unchecked<test[9d35eded1c95d3be]::run_test::{closure#1}, ()>::{closure#1} as core[df12db4294e9bfd3]::ops::function::FnOnce<()>>::call_once::{shim:vtable#0}
[INFO] [stdout]   20:     0x60282b2bed19 - <std[70759c8f55707aa4]::sys::thread::unix::Thread>::new::thread_start
[INFO] [stdout]   21:     0x7262c53e3dfa - <unknown>
[INFO] [stdout]   22:     0x7262c54773d4 - clone
[INFO] [stdout]   23:                0x0 - <unknown>
[INFO] [stdout] 
[INFO] [stdout] ---- the_colored_report_is_read_the_way_the_piped_one_is stdout ----
[INFO] [stdout] 
[INFO] [stdout] thread 'the_colored_report_is_read_the_way_the_piped_one_is' (672) panicked at tests/fixtures.rs:83:10:
[INFO] [stdout] the check crate's fixtures: Os { code: 2, kind: NotFound, message: "No such file or directory" }
[INFO] [stdout] stack backtrace:
[INFO] [stdout]    0:     0x60282b2bfcc1 - <<std[70759c8f55707aa4]::sys::backtrace::BacktraceLock>::print::DisplayBacktrace as core[df12db4294e9bfd3]::fmt::Display>::fmt
[INFO] [stdout]    1:     0x60282b2d5fba - core[df12db4294e9bfd3]::fmt::write
[INFO] [stdout]    2:     0x60282b2c444c - <alloc[2182bb758b4b3781]::vec::Vec<u8> as core[df12db4294e9bfd3]::io::write::Write>::write_fmt
[INFO] [stdout]    3:     0x60282b29a6d6 - std[70759c8f55707aa4]::panicking::default_hook::{closure#0}
[INFO] [stdout]    4:     0x60282b2b76d9 - std[70759c8f55707aa4]::panicking::default_hook
[INFO] [stdout]    5:     0x60282b0ecb40 - test[9d35eded1c95d3be]::test_main_inner::<test[9d35eded1c95d3be]::test_main_static::{closure#0}>::{closure#0}
[INFO] [stdout]    6:     0x60282b2b7892 - std[70759c8f55707aa4]::panicking::panic_with_hook
[INFO] [stdout]    7:     0x60282b29a782 - std[70759c8f55707aa4]::panicking::panic_handler::{closure#0}
[INFO] [stdout]    8:     0x60282b2931b9 - std[70759c8f55707aa4]::sys::backtrace::__rust_end_short_backtrace::<std[70759c8f55707aa4]::panicking::panic_handler::{closure#0}, !>
[INFO] [stdout]    9:     0x60282b29b37d - __rustc[8fa7c3cbc660c2b3]::rust_begin_unwind
[INFO] [stdout]   10:     0x60282b2d66ec - core[df12db4294e9bfd3]::panicking::panic_fmt
[INFO] [stdout]   11:     0x60282b2d64c2 - core[df12db4294e9bfd3]::result::unwrap_failed
[INFO] [stdout]   12:     0x60282b0a2b4c - fixtures[a4634d201160ed29]::check_fixtures
[INFO] [stdout]   13:     0x60282b0a4d73 - fixtures[a4634d201160ed29]::scoped_at
[INFO] [stdout]   14:     0x60282b0a2dae - fixtures[a4634d201160ed29]::ran
[INFO] [stdout]   15:     0x60282b0b2e52 - <fixtures[a4634d201160ed29]::the_colored_report_is_read_the_way_the_piped_one_is::{closure#0} as core[df12db4294e9bfd3]::ops::function::FnOnce<()>>::call_once
[INFO] [stdout]   16:     0x60282b0dfe2b - test[9d35eded1c95d3be]::__rust_begin_short_backtrace::<core[df12db4294e9bfd3]::result::Result<(), alloc[2182bb758b4b3781]::string::String>, fn() -> core[df12db4294e9bfd3]::result::Result<(), alloc[2182bb758b4b3781]::string::String>>
[INFO] [stdout]   17:     0x60282b0ed495 - test[9d35eded1c95d3be]::run_test::{closure#0}
[INFO] [stdout]   18:     0x60282b0e6d54 - std[70759c8f55707aa4]::sys::backtrace::__rust_begin_short_backtrace::<test[9d35eded1c95d3be]::run_test::{closure#1}, ()>
[INFO] [stdout]   19:     0x60282b0f05f2 - <std[70759c8f55707aa4]::thread::lifecycle::spawn_unchecked<test[9d35eded1c95d3be]::run_test::{closure#1}, ()>::{closure#1} as core[df12db4294e9bfd3]::ops::function::FnOnce<()>>::call_once::{shim:vtable#0}
[INFO] [stdout]   20:     0x60282b2bed19 - <std[70759c8f55707aa4]::sys::thread::unix::Thread>::new::thread_start
[INFO] [stdout]   21:     0x7262c53e3dfa - <unknown>
[INFO] [stdout]   22:     0x7262c54773d4 - clone
[INFO] [stdout]   23:                0x0 - <unknown>
[INFO] [stdout] 
[INFO] [stdout] ---- the_fixture_tree_renders_the_recorded_sarif stdout ----
[INFO] [stdout] 
[INFO] [stdout] thread 'the_fixture_tree_renders_the_recorded_sarif' (675) panicked at tests/fixtures.rs:83:10:
[INFO] [stdout] the check crate's fixtures: Os { code: 2, kind: NotFound, message: "No such file or directory" }
[INFO] [stdout] stack backtrace:
[INFO] [stdout]    0:     0x60282b2bfcc1 - <<std[70759c8f55707aa4]::sys::backtrace::BacktraceLock>::print::DisplayBacktrace as core[df12db4294e9bfd3]::fmt::Display>::fmt
[INFO] [stdout]    1:     0x60282b2d5fba - core[df12db4294e9bfd3]::fmt::write
[INFO] [stdout]    2:     0x60282b2c444c - <alloc[2182bb758b4b3781]::vec::Vec<u8> as core[df12db4294e9bfd3]::io::write::Write>::write_fmt
[INFO] [stdout]    3:     0x60282b29a6d6 - std[70759c8f55707aa4]::panicking::default_hook::{closure#0}
[INFO] [stdout]    4:     0x60282b2b76d9 - std[70759c8f55707aa4]::panicking::default_hook
[INFO] [stdout]    5:     0x60282b0ecb40 - test[9d35eded1c95d3be]::test_main_inner::<test[9d35eded1c95d3be]::test_main_static::{closure#0}>::{closure#0}
[INFO] [stdout]    6:     0x60282b2b7892 - std[70759c8f55707aa4]::panicking::panic_with_hook
[INFO] [stdout]    7:     0x60282b29a782 - std[70759c8f55707aa4]::panicking::panic_handler::{closure#0}
[INFO] [stdout]    8:     0x60282b2931b9 - std[70759c8f55707aa4]::sys::backtrace::__rust_end_short_backtrace::<std[70759c8f55707aa4]::panicking::panic_handler::{closure#0}, !>
[INFO] [stdout]    9:     0x60282b29b37d - __rustc[8fa7c3cbc660c2b3]::rust_begin_unwind
[INFO] [stdout]   10:     0x60282b2d66ec - core[df12db4294e9bfd3]::panicking::panic_fmt
[INFO] [stdout]   11:     0x60282b2d64c2 - core[df12db4294e9bfd3]::result::unwrap_failed
[INFO] [stdout]   12:     0x60282b0a2b4c - fixtures[a4634d201160ed29]::check_fixtures
[INFO] [stdout]   13:     0x60282b0a4d73 - fixtures[a4634d201160ed29]::scoped_at
[INFO] [stdout]   14:     0x60282b0a2dae - fixtures[a4634d201160ed29]::ran
[INFO] [stdout]   15:     0x60282b0ac4d4 - <fixtures[a4634d201160ed29]::the_fixture_tree_renders_the_recorded_sarif::{closure#0} as core[df12db4294e9bfd3]::ops::function::FnOnce<()>>::call_once
[INFO] [stdout]   16:     0x60282b0dfe2b - test[9d35eded1c95d3be]::__rust_begin_short_backtrace::<core[df12db4294e9bfd3]::result::Result<(), alloc[2182bb758b4b3781]::string::String>, fn() -> core[df12db4294e9bfd3]::result::Result<(), alloc[2182bb758b4b3781]::string::String>>
[INFO] [stdout]   17:     0x60282b0ed495 - test[9d35eded1c95d3be]::run_test::{closure#0}
[INFO] [stdout]   18:     0x60282b0e6d54 - std[70759c8f55707aa4]::sys::backtrace::__rust_begin_short_backtrace::<test[9d35eded1c95d3be]::run_test::{closure#1}, ()>
[INFO] [stdout]   19:     0x60282b0f05f2 - <std[70759c8f55707aa4]::thread::lifecycle::spawn_unchecked<test[9d35eded1c95d3be]::run_test::{closure#1}, ()>::{closure#1} as core[df12db4294e9bfd3]::ops::function::FnOnce<()>>::call_once::{shim:vtable#0}
[INFO] [stdout]   20:     0x60282b2bed19 - <std[70759c8f55707aa4]::sys::thread::unix::Thread>::new::thread_start
[INFO] [stdout]   21:     0x7262c53e3dfa - <unknown>
[INFO] [stdout]   22:     0x7262c54773d4 - clone
[INFO] [stdout]   23:                0x0 - <unknown>
[INFO] [stdout] 
[INFO] [stdout] ---- the_stock_reader_finds_the_same_findings_the_run_did stdout ----
[INFO] [stdout] 
[INFO] [stdout] thread 'the_stock_reader_finds_the_same_findings_the_run_did' (685) panicked at tests/fixtures.rs:83:10:
[INFO] [stdout] the check crate's fixtures: Os { code: 2, kind: NotFound, message: "No such file or directory" }
[INFO] [stdout] stack backtrace:
[INFO] [stdout]    0:     0x60282b2bfcc1 - <<std[70759c8f55707aa4]::sys::backtrace::BacktraceLock>::print::DisplayBacktrace as core[df12db4294e9bfd3]::fmt::Display>::fmt
[INFO] [stdout]    1:     0x60282b2d5fba - core[df12db4294e9bfd3]::fmt::write
[INFO] [stdout]    2:     0x60282b2c444c - <alloc[2182bb758b4b3781]::vec::Vec<u8> as core[df12db4294e9bfd3]::io::write::Write>::write_fmt
[INFO] [stdout]    3:     0x60282b29a6d6 - std[70759c8f55707aa4]::panicking::default_hook::{closure#0}
[INFO] [stdout]    4:     0x60282b2b76d9 - std[70759c8f55707aa4]::panicking::default_hook
[INFO] [stdout]    5:     0x60282b0ecb40 - test[9d35eded1c95d3be]::test_main_inner::<test[9d35eded1c95d3be]::test_main_static::{closure#0}>::{closure#0}
[INFO] [stdout]    6:     0x60282b2b7892 - std[70759c8f55707aa4]::panicking::panic_with_hook
[INFO] [stdout]    7:     0x60282b29a782 - std[70759c8f55707aa4]::panicking::panic_handler::{closure#0}
[INFO] [stdout]    8:     0x60282b2931b9 - std[70759c8f55707aa4]::sys::backtrace::__rust_end_short_backtrace::<std[70759c8f55707aa4]::panicking::panic_handler::{closure#0}, !>
[INFO] [stdout]    9:     0x60282b29b37d - __rustc[8fa7c3cbc660c2b3]::rust_begin_unwind
[INFO] [stdout]   10:     0x60282b2d66ec - core[df12db4294e9bfd3]::panicking::panic_fmt
[INFO] [stdout]   11:     0x60282b2d64c2 - core[df12db4294e9bfd3]::result::unwrap_failed
[INFO] [stdout]   12:     0x60282b0a2b4c - fixtures[a4634d201160ed29]::check_fixtures
[INFO] [stdout]   13:     0x60282b0a4d73 - fixtures[a4634d201160ed29]::scoped_at
[INFO] [stdout]   14:     0x60282b0a2dae - fixtures[a4634d201160ed29]::ran
[INFO] [stdout]   15:     0x60282b0b4e82 - <fixtures[a4634d201160ed29]::the_stock_reader_finds_the_same_findings_the_run_did::{closure#0} as core[df12db4294e9bfd3]::ops::function::FnOnce<()>>::call_once
[INFO] [stdout]   16:     0x60282b0dfe2b - test[9d35eded1c95d3be]::__rust_begin_short_backtrace::<core[df12db4294e9bfd3]::result::Result<(), alloc[2182bb758b4b3781]::string::String>, fn() -> core[df12db4294e9bfd3]::result::Result<(), alloc[2182bb758b4b3781]::string::String>>
[INFO] [stdout]   17:     0x60282b0ed495 - test[9d35eded1c95d3be]::run_test::{closure#0}
[INFO] [stdout]   18:     0x60282b0e6d54 - std[70759c8f55707aa4]::sys::backtrace::__rust_begin_short_backtrace::<test[9d35eded1c95d3be]::run_test::{closure#1}, ()>
[INFO] [stdout]   19:     0x60282b0f05f2 - <std[70759c8f55707aa4]::thread::lifecycle::spawn_unchecked<test[9d35eded1c95d3be]::run_test::{closure#1}, ()>::{closure#1} as core[df12db4294e9bfd3]::ops::function::FnOnce<()>>::call_once::{shim:vtable#0}
[INFO] [stdout]   20:     0x60282b2bed19 - <std[70759c8f55707aa4]::sys::thread::unix::Thread>::new::thread_start
[INFO] [stdout]   21:     0x7262c53e3dfa - <unknown>
[INFO] [stdout]   22:     0x7262c54773d4 - clone
[INFO] [stdout]   23:                0x0 - <unknown>
[INFO] [stdout] 
[INFO] [stdout] ---- the_fixture_tree_renders_the_recorded_text stdout ----
[INFO] [stdout] 
[INFO] [stdout] thread 'the_fixture_tree_renders_the_recorded_text' (676) panicked at tests/fixtures.rs:83:10:
[INFO] [stdout] the check crate's fixtures: Os { code: 2, kind: NotFound, message: "No such file or directory" }
[INFO] [stdout] stack backtrace:
[INFO] [stdout]    0:     0x60282b2bfcc1 - <<std[70759c8f55707aa4]::sys::backtrace::BacktraceLock>::print::DisplayBacktrace as core[df12db4294e9bfd3]::fmt::Display>::fmt
[INFO] [stdout]    1:     0x60282b2d5fba - core[df12db4294e9bfd3]::fmt::write
[INFO] [stdout]    2:     0x60282b2c444c - <alloc[2182bb758b4b3781]::vec::Vec<u8> as core[df12db4294e9bfd3]::io::write::Write>::write_fmt
[INFO] [stdout]    3:     0x60282b29a6d6 - std[70759c8f55707aa4]::panicking::default_hook::{closure#0}
[INFO] [stdout]    4:     0x60282b2b76d9 - std[70759c8f55707aa4]::panicking::default_hook
[INFO] [stdout]    5:     0x60282b0ecb40 - test[9d35eded1c95d3be]::test_main_inner::<test[9d35eded1c95d3be]::test_main_static::{closure#0}>::{closure#0}
[INFO] [stdout]    6:     0x60282b2b7892 - std[70759c8f55707aa4]::panicking::panic_with_hook
[INFO] [stdout]    7:     0x60282b29a782 - std[70759c8f55707aa4]::panicking::panic_handler::{closure#0}
[INFO] [stdout]    8:     0x60282b2931b9 - std[70759c8f55707aa4]::sys::backtrace::__rust_end_short_backtrace::<std[70759c8f55707aa4]::panicking::panic_handler::{closure#0}, !>
[INFO] [stdout]    9:     0x60282b29b37d - __rustc[8fa7c3cbc660c2b3]::rust_begin_unwind
[INFO] [stdout]   10:     0x60282b2d66ec - core[df12db4294e9bfd3]::panicking::panic_fmt
[INFO] [stdout]   11:     0x60282b2d64c2 - core[df12db4294e9bfd3]::result::unwrap_failed
[INFO] [stdout]   12:     0x60282b0a2b4c - fixtures[a4634d201160ed29]::check_fixtures
[INFO] [stdout]   13:     0x60282b0a4d73 - fixtures[a4634d201160ed29]::scoped_at
[INFO] [stdout]   14:     0x60282b0a2dae - fixtures[a4634d201160ed29]::ran
[INFO] [stdout]   15:     0x60282b0ac294 - <fixtures[a4634d201160ed29]::the_fixture_tree_renders_the_recorded_text::{closure#0} as core[df12db4294e9bfd3]::ops::function::FnOnce<()>>::call_once
[INFO] [stdout]   16:     0x60282b0dfe2b - test[9d35eded1c95d3be]::__rust_begin_short_backtrace::<core[df12db4294e9bfd3]::result::Result<(), alloc[2182bb758b4b3781]::string::String>, fn() -> core[df12db4294e9bfd3]::result::Result<(), alloc[2182bb758b4b3781]::string::String>>
[INFO] [stdout]   17:     0x60282b0ed495 - test[9d35eded1c95d3be]::run_test::{closure#0}
[INFO] [stdout]   18:     0x60282b0e6d54 - std[70759c8f55707aa4]::sys::backtrace::__rust_begin_short_backtrace::<test[9d35eded1c95d3be]::run_test::{closure#1}, ()>
[INFO] [stdout]   19:     0x60282b0f05f2 - <std[70759c8f55707aa4]::thread::lifecycle::spawn_unchecked<test[9d35eded1c95d3be]::run_test::{closure#1}, ()>::{closure#1} as core[df12db4294e9bfd3]::ops::function::FnOnce<()>>::call_once::{shim:vtable#0}
[INFO] [stdout]   20:     0x60282b2bed19 - <std[70759c8f55707aa4]::sys::thread::unix::Thread>::new::thread_start
[INFO] [stdout]   21:     0x7262c53e3dfa - <unknown>
[INFO] [stdout]   22:     0x7262c54773d4 - clone
[INFO] [stdout]   23:                0x0 - <unknown>
[INFO] [stdout] 
[INFO] [stdout] ---- the_two_escape_classes_reach_the_two_sarif_kinds stdout ----
[INFO] [stdout] 
[INFO] [stdout] thread 'the_two_escape_classes_reach_the_two_sarif_kinds' (687) panicked at tests/fixtures.rs:83:10:
[INFO] [stdout] the check crate's fixtures: Os { code: 2, kind: NotFound, message: "No such file or directory" }
[INFO] [stdout] stack backtrace:
[INFO] [stdout]    0:     0x60282b2bfcc1 - <<std[70759c8f55707aa4]::sys::backtrace::BacktraceLock>::print::DisplayBacktrace as core[df12db4294e9bfd3]::fmt::Display>::fmt
[INFO] [stdout]    1:     0x60282b2d5fba - core[df12db4294e9bfd3]::fmt::write
[INFO] [stdout]    2:     0x60282b2c444c - <alloc[2182bb758b4b3781]::vec::Vec<u8> as core[df12db4294e9bfd3]::io::write::Write>::write_fmt
[INFO] [stdout]    3:     0x60282b29a6d6 - std[70759c8f55707aa4]::panicking::default_hook::{closure#0}
[INFO] [stdout]    4:     0x60282b2b76d9 - std[70759c8f55707aa4]::panicking::default_hook
[INFO] [stdout]    5:     0x60282b0ecb40 - test[9d35eded1c95d3be]::test_main_inner::<test[9d35eded1c95d3be]::test_main_static::{closure#0}>::{closure#0}
[INFO] [stdout]    6:     0x60282b2b7892 - std[70759c8f55707aa4]::panicking::panic_with_hook
[INFO] [stdout]    7:     0x60282b29a782 - std[70759c8f55707aa4]::panicking::panic_handler::{closure#0}
[INFO] [stdout]    8:     0x60282b2931b9 - std[70759c8f55707aa4]::sys::backtrace::__rust_end_short_backtrace::<std[70759c8f55707aa4]::panicking::panic_handler::{closure#0}, !>
[INFO] [stdout]    9:     0x60282b29b37d - __rustc[8fa7c3cbc660c2b3]::rust_begin_unwind
[INFO] [stdout]   10:     0x60282b2d66ec - core[df12db4294e9bfd3]::panicking::panic_fmt
[INFO] [stdout]   11:     0x60282b2d64c2 - core[df12db4294e9bfd3]::result::unwrap_failed
[INFO] [stdout]   12:     0x60282b0a2b4c - fixtures[a4634d201160ed29]::check_fixtures
[INFO] [stdout]   13:     0x60282b0a4d73 - fixtures[a4634d201160ed29]::scoped_at
[INFO] [stdout]   14:     0x60282b0a2dae - fixtures[a4634d201160ed29]::ran
[INFO] [stdout]   15:     0x60282b0b20d3 - <fixtures[a4634d201160ed29]::the_two_escape_classes_reach_the_two_sarif_kinds::{closure#0} as core[df12db4294e9bfd3]::ops::function::FnOnce<()>>::call_once
[INFO] [stdout]   16:     0x60282b0dfe2b - test[9d35eded1c95d3be]::__rust_begin_short_backtrace::<core[df12db4294e9bfd3]::result::Result<(), alloc[2182bb758b4b3781]::string::String>, fn() -> core[df12db4294e9bfd3]::result::Result<(), alloc[2182bb758b4b3781]::string::String>>
[INFO] [stdout]   17:     0x60282b0ed495 - test[9d35eded1c95d3be]::run_test::{closure#0}
[INFO] [stdout]   18:     0x60282b0e6d54 - std[70759c8f55707aa4]::sys::backtrace::__rust_begin_short_backtrace::<test[9d35eded1c95d3be]::run_test::{closure#1}, ()>
[INFO] [stdout]   19:     0x60282b0f05f2 - <std[70759c8f55707aa4]::thread::lifecycle::spawn_unchecked<test[9d35eded1c95d3be]::run_test::{closure#1}, ()>::{closure#1} as core[df12db4294e9bfd3]::ops::function::FnOnce<()>>::call_once::{shim:vtable#0}
[INFO] [stdout]   20:     0x60282b2bed19 - <std[70759c8f55707aa4]::sys::thread::unix::Thread>::new::thread_start
[INFO] [stdout]   21:     0x7262c53e3dfa - <unknown>
[INFO] [stdout]   22:     0x7262c54773d4 - clone
[INFO] [stdout]   23:                0x0 - <unknown>
[INFO] [stdout] 
[INFO] [stdout] ---- the_promotion_count_reaches_every_format stdout ----
[INFO] [stdout] 
[INFO] [stdout] thread 'the_promotion_count_reaches_every_format' (679) panicked at tests/fixtures.rs:83:10:
[INFO] [stdout] the check crate's fixtures: Os { code: 2, kind: NotFound, message: "No such file or directory" }
[INFO] [stdout] stack backtrace:
[INFO] [stdout]    0:     0x60282b2bfcc1 - <<std[70759c8f55707aa4]::sys::backtrace::BacktraceLock>::print::DisplayBacktrace as core[df12db4294e9bfd3]::fmt::Display>::fmt
[INFO] [stdout]    1:     0x60282b2d5fba - core[df12db4294e9bfd3]::fmt::write
[INFO] [stdout]    2:     0x60282b2c444c - <alloc[2182bb758b4b3781]::vec::Vec<u8> as core[df12db4294e9bfd3]::io::write::Write>::write_fmt
[INFO] [stdout]    3:     0x60282b29a6d6 - std[70759c8f55707aa4]::panicking::default_hook::{closure#0}
[INFO] [stdout]    4:     0x60282b2b76d9 - std[70759c8f55707aa4]::panicking::default_hook
[INFO] [stdout]    5:     0x60282b0ecb40 - test[9d35eded1c95d3be]::test_main_inner::<test[9d35eded1c95d3be]::test_main_static::{closure#0}>::{closure#0}
[INFO] [stdout]    6:     0x60282b2b7892 - std[70759c8f55707aa4]::panicking::panic_with_hook
[INFO] [stdout]    7:     0x60282b29a782 - std[70759c8f55707aa4]::panicking::panic_handler::{closure#0}
[INFO] [stdout]    8:     0x60282b2931b9 - std[70759c8f55707aa4]::sys::backtrace::__rust_end_short_backtrace::<std[70759c8f55707aa4]::panicking::panic_handler::{closure#0}, !>
[INFO] [stdout]    9:     0x60282b29b37d - __rustc[8fa7c3cbc660c2b3]::rust_begin_unwind
[INFO] [stdout]   10:     0x60282b2d66ec - core[df12db4294e9bfd3]::panicking::panic_fmt
[INFO] [stdout]   11:     0x60282b2d64c2 - core[df12db4294e9bfd3]::result::unwrap_failed
[INFO] [stdout]   12:     0x60282b0a2b4c - fixtures[a4634d201160ed29]::check_fixtures
[INFO] [stdout]   13:     0x60282b0a4d73 - fixtures[a4634d201160ed29]::scoped_at
[INFO] [stdout]   14:     0x60282b0a2dae - fixtures[a4634d201160ed29]::ran
[INFO] [stdout]   15:     0x60282b0aa126 - <fixtures[a4634d201160ed29]::the_promotion_count_reaches_every_format::{closure#0} as core[df12db4294e9bfd3]::ops::function::FnOnce<()>>::call_once
[INFO] [stdout]   16:     0x60282b0dfe2b - test[9d35eded1c95d3be]::__rust_begin_short_backtrace::<core[df12db4294e9bfd3]::result::Result<(), alloc[2182bb758b4b3781]::string::String>, fn() -> core[df12db4294e9bfd3]::result::Result<(), alloc[2182bb758b4b3781]::string::String>>
[INFO] [stdout]   17:     0x60282b0ed495 - test[9d35eded1c95d3be]::run_test::{closure#0}
[INFO] [stdout]   18:     0x60282b0e6d54 - std[70759c8f55707aa4]::sys::backtrace::__rust_begin_short_backtrace::<test[9d35eded1c95d3be]::run_test::{closure#1}, ()>
[INFO] [stdout]   19:     0x60282b0f05f2 - <std[70759c8f55707aa4]::thread::lifecycle::spawn_unchecked<test[9d35eded1c95d3be]::run_test::{closure#1}, ()>::{closure#1} as core[df12db4294e9bfd3]::ops::function::FnOnce<()>>::call_once::{shim:vtable#0}
[INFO] [stdout]   20:     0x60282b2bed19 - <std[70759c8f55707aa4]::sys::thread::unix::Thread>::new::thread_start
[INFO] [stdout]   21:     0x7262c53e3dfa - <unknown>
[INFO] [stdout]   22:     0x7262c54773d4 - clone
[INFO] [stdout]   23:                0x0 - <unknown>
[INFO] [stdout] 
[INFO] [stdout] ---- the_level_is_the_checks_severity_and_never_the_obligations stdout ----
[INFO] [stdout] 
[INFO] [stdout] thread 'the_level_is_the_checks_severity_and_never_the_obligations' (677) panicked at tests/fixtures.rs:83:10:
[INFO] [stdout] the check crate's fixtures: Os { code: 2, kind: NotFound, message: "No such file or directory" }
[INFO] [stdout] stack backtrace:
[INFO] [stdout]    0:     0x60282b2bfcc1 - <<std[70759c8f55707aa4]::sys::backtrace::BacktraceLock>::print::DisplayBacktrace as core[df12db4294e9bfd3]::fmt::Display>::fmt
[INFO] [stdout]    1:     0x60282b2d5fba - core[df12db4294e9bfd3]::fmt::write
[INFO] [stdout]    2:     0x60282b2c444c - <alloc[2182bb758b4b3781]::vec::Vec<u8> as core[df12db4294e9bfd3]::io::write::Write>::write_fmt
[INFO] [stdout]    3:     0x60282b29a6d6 - std[70759c8f55707aa4]::panicking::default_hook::{closure#0}
[INFO] [stdout]    4:     0x60282b2b76d9 - std[70759c8f55707aa4]::panicking::default_hook
[INFO] [stdout]    5:     0x60282b0ecb40 - test[9d35eded1c95d3be]::test_main_inner::<test[9d35eded1c95d3be]::test_main_static::{closure#0}>::{closure#0}
[INFO] [stdout]    6:     0x60282b2b7892 - std[70759c8f55707aa4]::panicking::panic_with_hook
[INFO] [stdout]    7:     0x60282b29a782 - std[70759c8f55707aa4]::panicking::panic_handler::{closure#0}
[INFO] [stdout]    8:     0x60282b2931b9 - std[70759c8f55707aa4]::sys::backtrace::__rust_end_short_backtrace::<std[70759c8f55707aa4]::panicking::panic_handler::{closure#0}, !>
[INFO] [stdout]    9:     0x60282b29b37d - __rustc[8fa7c3cbc660c2b3]::rust_begin_unwind
[INFO] [stdout]   10:     0x60282b2d66ec - core[df12db4294e9bfd3]::panicking::panic_fmt
[INFO] [stdout]   11:     0x60282b2d64c2 - core[df12db4294e9bfd3]::result::unwrap_failed
[INFO] [stdout]   12:     0x60282b0a2b4c - fixtures[a4634d201160ed29]::check_fixtures
[INFO] [stdout]   13:     0x60282b0a4d73 - fixtures[a4634d201160ed29]::scoped_at
[INFO] [stdout]   14:     0x60282b0a2dae - fixtures[a4634d201160ed29]::ran
[INFO] [stdout]   15:     0x60282b0bbb23 - <fixtures[a4634d201160ed29]::the_level_is_the_checks_severity_and_never_the_obligations::{closure#0} as core[df12db4294e9bfd3]::ops::function::FnOnce<()>>::call_once
[INFO] [stdout]   16:     0x60282b0dfe2b - test[9d35eded1c95d3be]::__rust_begin_short_backtrace::<core[df12db4294e9bfd3]::result::Result<(), alloc[2182bb758b4b3781]::string::String>, fn() -> core[df12db4294e9bfd3]::result::Result<(), alloc[2182bb758b4b3781]::string::String>>
[INFO] [stdout]   17:     0x60282b0ed495 - test[9d35eded1c95d3be]::run_test::{closure#0}
[INFO] [stdout]   18:     0x60282b0e6d54 - std[70759c8f55707aa4]::sys::backtrace::__rust_begin_short_backtrace::<test[9d35eded1c95d3be]::run_test::{closure#1}, ()>
[INFO] [stdout]   19:     0x60282b0f05f2 - <std[70759c8f55707aa4]::thread::lifecycle::spawn_unchecked<test[9d35eded1c95d3be]::run_test::{closure#1}, ()>::{closure#1} as core[df12db4294e9bfd3]::ops::function::FnOnce<()>>::call_once::{shim:vtable#0}
[INFO] [stdout]   20:     0x60282b2bed19 - <std[70759c8f55707aa4]::sys::thread::unix::Thread>::new::thread_start
[INFO] [stdout]   21:     0x7262c53e3dfa - <unknown>
[INFO] [stdout]   22:     0x7262c54773d4 - clone
[INFO] [stdout]   23:                0x0 - <unknown>
[INFO] [stdout] 
[INFO] [stdout] ---- the_run_carries_all_three_classes stdout ----
[INFO] [stdout] 
[INFO] [stdout] thread 'the_run_carries_all_three_classes' (683) panicked at tests/fixtures.rs:83:10:
[INFO] [stdout] the check crate's fixtures: Os { code: 2, kind: NotFound, message: "No such file or directory" }
[INFO] [stdout] stack backtrace:
[INFO] [stdout]    0:     0x60282b2bfcc1 - <<std[70759c8f55707aa4]::sys::backtrace::BacktraceLock>::print::DisplayBacktrace as core[df12db4294e9bfd3]::fmt::Display>::fmt
[INFO] [stdout]    1:     0x60282b2d5fba - core[df12db4294e9bfd3]::fmt::write
[INFO] [stdout]    2:     0x60282b2c444c - <alloc[2182bb758b4b3781]::vec::Vec<u8> as core[df12db4294e9bfd3]::io::write::Write>::write_fmt
[INFO] [stdout]    3:     0x60282b29a6d6 - std[70759c8f55707aa4]::panicking::default_hook::{closure#0}
[INFO] [stdout]    4:     0x60282b2b76d9 - std[70759c8f55707aa4]::panicking::default_hook
[INFO] [stdout]    5:     0x60282b0ecb40 - test[9d35eded1c95d3be]::test_main_inner::<test[9d35eded1c95d3be]::test_main_static::{closure#0}>::{closure#0}
[INFO] [stdout]    6:     0x60282b2b7892 - std[70759c8f55707aa4]::panicking::panic_with_hook
[INFO] [stdout]    7:     0x60282b29a782 - std[70759c8f55707aa4]::panicking::panic_handler::{closure#0}
[INFO] [stdout]    8:     0x60282b2931b9 - std[70759c8f55707aa4]::sys::backtrace::__rust_end_short_backtrace::<std[70759c8f55707aa4]::panicking::panic_handler::{closure#0}, !>
[INFO] [stdout]    9:     0x60282b29b37d - __rustc[8fa7c3cbc660c2b3]::rust_begin_unwind
[INFO] [stdout]   10:     0x60282b2d66ec - core[df12db4294e9bfd3]::panicking::panic_fmt
[INFO] [stdout]   11:     0x60282b2d64c2 - core[df12db4294e9bfd3]::result::unwrap_failed
[INFO] [stdout]   12:     0x60282b0a2b4c - fixtures[a4634d201160ed29]::check_fixtures
[INFO] [stdout]   13:     0x60282b0a4d73 - fixtures[a4634d201160ed29]::scoped_at
[INFO] [stdout]   14:     0x60282b0a2dae - fixtures[a4634d201160ed29]::ran
[INFO] [stdout]   15:     0x60282b0a8051 - <fixtures[a4634d201160ed29]::the_run_carries_all_three_classes::{closure#0} as core[df12db4294e9bfd3]::ops::function::FnOnce<()>>::call_once
[INFO] [stdout]   16:     0x60282b0dfe2b - test[9d35eded1c95d3be]::__rust_begin_short_backtrace::<core[df12db4294e9bfd3]::result::Result<(), alloc[2182bb758b4b3781]::string::String>, fn() -> core[df12db4294e9bfd3]::result::Result<(), alloc[2182bb758b4b3781]::string::String>>
[INFO] [stdout]   17:     0x60282b0ed495 - test[9d35eded1c95d3be]::run_test::{closure#0}
[INFO] [stdout]   18:     0x60282b0e6d54 - std[70759c8f55707aa4]::sys::backtrace::__rust_begin_short_backtrace::<test[9d35eded1c95d3be]::run_test::{closure#1}, ()>
[INFO] [stdout]   19:     0x60282b0f05f2 - <std[70759c8f55707aa4]::thread::lifecycle::spawn_unchecked<test[9d35eded1c95d3be]::run_test::{closure#1}, ()>::{closure#1} as core[df12db4294e9bfd3]::ops::function::FnOnce<()>>::call_once::{shim:vtable#0}
[INFO] [stdout]   20:     0x60282b2bed19 - <std[70759c8f55707aa4]::sys::thread::unix::Thread>::new::thread_start
[INFO] [stdout]   21:     0x7262c53e3dfa - <unknown>
[INFO] [stdout]   22:     0x7262c54773d4 - clone
[INFO] [stdout]   23:                0x0 - <unknown>
[INFO] [stdout] 
[INFO] [stdout] ---- the_routings_of_a_class_and_its_unrouted_exceed_its_instances_by_the_extra_endpoints stdout ----
[INFO] [stdout] 
[INFO] [stdout] thread 'the_routings_of_a_class_and_its_unrouted_exceed_its_instances_by_the_extra_endpoints' (681) panicked at tests/fixtures.rs:83:10:
[INFO] [stdout] the check crate's fixtures: Os { code: 2, kind: NotFound, message: "No such file or directory" }
[INFO] [stdout] stack backtrace:
[INFO] [stdout]    0:     0x60282b2bfcc1 - <<std[70759c8f55707aa4]::sys::backtrace::BacktraceLock>::print::DisplayBacktrace as core[df12db4294e9bfd3]::fmt::Display>::fmt
[INFO] [stdout]    1:     0x60282b2d5fba - core[df12db4294e9bfd3]::fmt::write
[INFO] [stdout]    2:     0x60282b2c444c - <alloc[2182bb758b4b3781]::vec::Vec<u8> as core[df12db4294e9bfd3]::io::write::Write>::write_fmt
[INFO] [stdout]    3:     0x60282b29a6d6 - std[70759c8f55707aa4]::panicking::default_hook::{closure#0}
[INFO] [stdout]    4:     0x60282b2b76d9 - std[70759c8f55707aa4]::panicking::default_hook
[INFO] [stdout]    5:     0x60282b0ecb40 - test[9d35eded1c95d3be]::test_main_inner::<test[9d35eded1c95d3be]::test_main_static::{closure#0}>::{closure#0}
[INFO] [stdout]    6:     0x60282b2b7892 - std[70759c8f55707aa4]::panicking::panic_with_hook
[INFO] [stdout]    7:     0x60282b29a782 - std[70759c8f55707aa4]::panicking::panic_handler::{closure#0}
[INFO] [stdout]    8:     0x60282b2931b9 - std[70759c8f55707aa4]::sys::backtrace::__rust_end_short_backtrace::<std[70759c8f55707aa4]::panicking::panic_handler::{closure#0}, !>
[INFO] [stdout]    9:     0x60282b29b37d - __rustc[8fa7c3cbc660c2b3]::rust_begin_unwind
[INFO] [stdout]   10:     0x60282b2d66ec - core[df12db4294e9bfd3]::panicking::panic_fmt
[INFO] [stdout]   11:     0x60282b2d64c2 - core[df12db4294e9bfd3]::result::unwrap_failed
[INFO] [stdout]   12:     0x60282b0a2b4c - fixtures[a4634d201160ed29]::check_fixtures
[INFO] [stdout]   13:     0x60282b0a4d73 - fixtures[a4634d201160ed29]::scoped_at
[INFO] [stdout]   14:     0x60282b0a2dae - fixtures[a4634d201160ed29]::ran
[INFO] [stdout]   15:     0x60282b0c3f31 - <fixtures[a4634d201160ed29]::the_routings_of_a_class_and_its_unrouted_exceed_its_instances_by_the_extra_endpoints::{closure#0} as core[df12db4294e9bfd3]::ops::function::FnOnce<()>>::call_once
[INFO] [stdout]   16:     0x60282b0dfe2b - test[9d35eded1c95d3be]::__rust_begin_short_backtrace::<core[df12db4294e9bfd3]::result::Result<(), alloc[2182bb758b4b3781]::string::String>, fn() -> core[df12db4294e9bfd3]::result::Result<(), alloc[2182bb758b4b3781]::string::String>>
[INFO] [stdout]   17:     0x60282b0ed495 - test[9d35eded1c95d3be]::run_test::{closure#0}
[INFO] [stdout]   18:     0x60282b0e6d54 - std[70759c8f55707aa4]::sys::backtrace::__rust_begin_short_backtrace::<test[9d35eded1c95d3be]::run_test::{closure#1}, ()>
[INFO] [stdout]   19:     0x60282b0f05f2 - <std[70759c8f55707aa4]::thread::lifecycle::spawn_unchecked<test[9d35eded1c95d3be]::run_test::{closure#1}, ()>::{closure#1} as core[df12db4294e9bfd3]::ops::function::FnOnce<()>>::call_once::{shim:vtable#0}
[INFO] [stdout]   20:     0x60282b2bed19 - <std[70759c8f55707aa4]::sys::thread::unix::Thread>::new::thread_start
[INFO] [stdout]   21:     0x7262c53e3dfa - <unknown>
[INFO] [stdout]   22:     0x7262c54773d4 - clone
[INFO] [stdout]   23:                0x0 - <unknown>
[INFO] [stdout] 
[INFO] [stdout] ---- the_rule_list_is_the_registry_that_ran stdout ----
[INFO] [stdout] 
[INFO] [stdout] thread 'the_rule_list_is_the_registry_that_ran' (682) panicked at tests/fixtures.rs:83:10:
[INFO] [stdout] the check crate's fixtures: Os { code: 2, kind: NotFound, message: "No such file or directory" }
[INFO] [stdout] stack backtrace:
[INFO] [stdout]    0:     0x60282b2bfcc1 - <<std[70759c8f55707aa4]::sys::backtrace::BacktraceLock>::print::DisplayBacktrace as core[df12db4294e9bfd3]::fmt::Display>::fmt
[INFO] [stdout]    1:     0x60282b2d5fba - core[df12db4294e9bfd3]::fmt::write
[INFO] [stdout]    2:     0x60282b2c444c - <alloc[2182bb758b4b3781]::vec::Vec<u8> as core[df12db4294e9bfd3]::io::write::Write>::write_fmt
[INFO] [stdout]    3:     0x60282b29a6d6 - std[70759c8f55707aa4]::panicking::default_hook::{closure#0}
[INFO] [stdout]    4:     0x60282b2b76d9 - std[70759c8f55707aa4]::panicking::default_hook
[INFO] [stdout]    5:     0x60282b0ecb40 - test[9d35eded1c95d3be]::test_main_inner::<test[9d35eded1c95d3be]::test_main_static::{closure#0}>::{closure#0}
[INFO] [stdout]    6:     0x60282b2b7892 - std[70759c8f55707aa4]::panicking::panic_with_hook
[INFO] [stdout]    7:     0x60282b29a782 - std[70759c8f55707aa4]::panicking::panic_handler::{closure#0}
[INFO] [stdout]    8:     0x60282b2931b9 - std[70759c8f55707aa4]::sys::backtrace::__rust_end_short_backtrace::<std[70759c8f55707aa4]::panicking::panic_handler::{closure#0}, !>
[INFO] [stdout]    9:     0x60282b29b37d - __rustc[8fa7c3cbc660c2b3]::rust_begin_unwind
[INFO] [stdout]   10:     0x60282b2d66ec - core[df12db4294e9bfd3]::panicking::panic_fmt
[INFO] [stdout]   11:     0x60282b2d64c2 - core[df12db4294e9bfd3]::result::unwrap_failed
[INFO] [stdout]   12:     0x60282b0a2b4c - fixtures[a4634d201160ed29]::check_fixtures
[INFO] [stdout]   13:     0x60282b0a4d73 - fixtures[a4634d201160ed29]::scoped_at
[INFO] [stdout]   14:     0x60282b0a2dae - fixtures[a4634d201160ed29]::ran
[INFO] [stdout]   15:     0x60282b0a91d3 - <fixtures[a4634d201160ed29]::the_rule_list_is_the_registry_that_ran::{closure#0} as core[df12db4294e9bfd3]::ops::function::FnOnce<()>>::call_once
[INFO] [stdout]   16:     0x60282b0dfe2b - test[9d35eded1c95d3be]::__rust_begin_short_backtrace::<core[df12db4294e9bfd3]::result::Result<(), alloc[2182bb758b4b3781]::string::String>, fn() -> core[df12db4294e9bfd3]::result::Result<(), alloc[2182bb758b4b3781]::string::String>>
[INFO] [stdout]   17:     0x60282b0ed495 - test[9d35eded1c95d3be]::run_test::{closure#0}
[INFO] [stdout]   18:     0x60282b0e6d54 - std[70759c8f55707aa4]::sys::backtrace::__rust_begin_short_backtrace::<test[9d35eded1c95d3be]::run_test::{closure#1}, ()>
[INFO] [stdout]   19:     0x60282b0f05f2 - <std[70759c8f55707aa4]::thread::lifecycle::spawn_unchecked<test[9d35eded1c95d3be]::run_test::{closure#1}, ()>::{closure#1} as core[df12db4294e9bfd3]::ops::function::FnOnce<()>>::call_once::{shim:vtable#0}
[INFO] [stdout]   20:     0x60282b2bed19 - <std[70759c8f55707aa4]::sys::thread::unix::Thread>::new::thread_start
[INFO] [stdout]   21:     0x7262c53e3dfa - <unknown>
[INFO] [stdout]   22:     0x7262c54773d4 - clone
[INFO] [stdout]   23:                0x0 - <unknown>
[INFO] [stdout] 
[INFO] [stdout] ---- two_runs_that_skipped_over_different_documents_write_different_artifacts stdout ----
[INFO] [stdout] 
[INFO] [stdout] thread 'two_runs_that_skipped_over_different_documents_write_different_artifacts' (690) panicked at tests/fixtures.rs:83:10:
[INFO] [stdout] the check crate's fixtures: Os { code: 2, kind: NotFound, message: "No such file or directory" }
[INFO] [stdout] stack backtrace:
[INFO] [stdout]    0:     0x60282b2bfcc1 - <<std[70759c8f55707aa4]::sys::backtrace::BacktraceLock>::print::DisplayBacktrace as core[df12db4294e9bfd3]::fmt::Display>::fmt
[INFO] [stdout]    1:     0x60282b2d5fba - core[df12db4294e9bfd3]::fmt::write
[INFO] [stdout]    2:     0x60282b2c444c - <alloc[2182bb758b4b3781]::vec::Vec<u8> as core[df12db4294e9bfd3]::io::write::Write>::write_fmt
[INFO] [stdout]    3:     0x60282b29a6d6 - std[70759c8f55707aa4]::panicking::default_hook::{closure#0}
[INFO] [stdout]    4:     0x60282b2b76d9 - std[70759c8f55707aa4]::panicking::default_hook
[INFO] [stdout]    5:     0x60282b0ecb40 - test[9d35eded1c95d3be]::test_main_inner::<test[9d35eded1c95d3be]::test_main_static::{closure#0}>::{closure#0}
[INFO] [stdout]    6:     0x60282b2b7892 - std[70759c8f55707aa4]::panicking::panic_with_hook
[INFO] [stdout]    7:     0x60282b29a782 - std[70759c8f55707aa4]::panicking::panic_handler::{closure#0}
[INFO] [stdout]    8:     0x60282b2931b9 - std[70759c8f55707aa4]::sys::backtrace::__rust_end_short_backtrace::<std[70759c8f55707aa4]::panicking::panic_handler::{closure#0}, !>
[INFO] [stdout]    9:     0x60282b29b37d - __rustc[8fa7c3cbc660c2b3]::rust_begin_unwind
[INFO] [stdout]   10:     0x60282b2d66ec - core[df12db4294e9bfd3]::panicking::panic_fmt
[INFO] [stdout]   11:     0x60282b2d64c2 - core[df12db4294e9bfd3]::result::unwrap_failed
[INFO] [stdout]   12:     0x60282b0a2b4c - fixtures[a4634d201160ed29]::check_fixtures
[INFO] [stdout]   13:     0x60282b0a4d73 - fixtures[a4634d201160ed29]::scoped_at
[INFO] [stdout]   14:     0x60282b0a2dae - fixtures[a4634d201160ed29]::ran
[INFO] [stdout]   15:     0x60282b0c2ff3 - <fixtures[a4634d201160ed29]::two_runs_that_skipped_over_different_documents_write_different_artifacts::{closure#0} as core[df12db4294e9bfd3]::ops::function::FnOnce<()>>::call_once
[INFO] [stdout]   16:     0x60282b0dfe2b - test[9d35eded1c95d3be]::__rust_begin_short_backtrace::<core[df12db4294e9bfd3]::result::Result<(), alloc[2182bb758b4b3781]::string::String>, fn() -> core[df12db4294e9bfd3]::result::Result<(), alloc[2182bb758b4b3781]::string::String>>
[INFO] [stdout]   17:     0x60282b0ed495 - test[9d35eded1c95d3be]::run_test::{closure#0}
[INFO] [stdout]   18:     0x60282b0e6d54 - std[70759c8f55707aa4]::sys::backtrace::__rust_begin_short_backtrace::<test[9d35eded1c95d3be]::run_test::{closure#1}, ()>
[INFO] [stdout]   19:     0x60282b0f05f2 - <std[70759c8f55707aa4]::thread::lifecycle::spawn_unchecked<test[9d35eded1c95d3be]::run_test::{closure#1}, ()>::{closure#1} as core[df12db4294e9bfd3]::ops::function::FnOnce<()>>::call_once::{shim:vtable#0}
[INFO] [stdout]   20:     0x60282b2bed19 - <std[70759c8f55707aa4]::sys::thread::unix::Thread>::new::thread_start
[INFO] [stdout]   21:     0x7262c53e3dfa - <unknown>
[INFO] [stdout]   22:     0x7262c54773d4 - clone
[INFO] [stdout]   23:                0x0 - <unknown>
[INFO] [stdout] 
[INFO] [stdout] ---- the_width_a_caller_states_is_the_width_the_report_is_laid_out_at stdout ----
[INFO] [stdout] 
[INFO] [stdout] thread 'the_width_a_caller_states_is_the_width_the_report_is_laid_out_at' (689) panicked at tests/fixtures.rs:83:10:
[INFO] [stdout] the check crate's fixtures: Os { code: 2, kind: NotFound, message: "No such file or directory" }
[INFO] [stdout] stack backtrace:
[INFO] [stdout]    0:     0x60282b2bfcc1 - <<std[70759c8f55707aa4]::sys::backtrace::BacktraceLock>::print::DisplayBacktrace as core[df12db4294e9bfd3]::fmt::Display>::fmt
[INFO] [stdout]    1:     0x60282b2d5fba - core[df12db4294e9bfd3]::fmt::write
[INFO] [stdout]    2:     0x60282b2c444c - <alloc[2182bb758b4b3781]::vec::Vec<u8> as core[df12db4294e9bfd3]::io::write::Write>::write_fmt
[INFO] [stdout]    3:     0x60282b29a6d6 - std[70759c8f55707aa4]::panicking::default_hook::{closure#0}
[INFO] [stdout]    4:     0x60282b2b76d9 - std[70759c8f55707aa4]::panicking::default_hook
[INFO] [stdout]    5:     0x60282b0ecb40 - test[9d35eded1c95d3be]::test_main_inner::<test[9d35eded1c95d3be]::test_main_static::{closure#0}>::{closure#0}
[INFO] [stdout]    6:     0x60282b2b7892 - std[70759c8f55707aa4]::panicking::panic_with_hook
[INFO] [stdout]    7:     0x60282b29a782 - std[70759c8f55707aa4]::panicking::panic_handler::{closure#0}
[INFO] [stdout]    8:     0x60282b2931b9 - std[70759c8f55707aa4]::sys::backtrace::__rust_end_short_backtrace::<std[70759c8f55707aa4]::panicking::panic_handler::{closure#0}, !>
[INFO] [stdout]    9:     0x60282b29b37d - __rustc[8fa7c3cbc660c2b3]::rust_begin_unwind
[INFO] [stdout]   10:     0x60282b2d66ec - core[df12db4294e9bfd3]::panicking::panic_fmt
[INFO] [stdout]   11:     0x60282b2d64c2 - core[df12db4294e9bfd3]::result::unwrap_failed
[INFO] [stdout]   12:     0x60282b0a2b4c - fixtures[a4634d201160ed29]::check_fixtures
[INFO] [stdout]   13:     0x60282b0a4d73 - fixtures[a4634d201160ed29]::scoped_at
[INFO] [stdout]   14:     0x60282b0a2dae - fixtures[a4634d201160ed29]::ran
[INFO] [stdout]   15:     0x60282b0c0a08 - <fixtures[a4634d201160ed29]::the_width_a_caller_states_is_the_width_the_report_is_laid_out_at::{closure#0} as core[df12db4294e9bfd3]::ops::function::FnOnce<()>>::call_once
[INFO] [stdout]   16:     0x60282b0dfe2b - test[9d35eded1c95d3be]::__rust_begin_short_backtrace::<core[df12db4294e9bfd3]::result::Result<(), alloc[2182bb758b4b3781]::string::String>, fn() -> core[df12db4294e9bfd3]::result::Result<(), alloc[2182bb758b4b3781]::string::String>>
[INFO] [stdout]   17:     0x60282b0ed495 - test[9d35eded1c95d3be]::run_test::{closure#0}
[INFO] [stdout]   18:     0x60282b0e6d54 - std[70759c8f55707aa4]::sys::backtrace::__rust_begin_short_backtrace::<test[9d35eded1c95d3be]::run_test::{closure#1}, ()>
[INFO] [stdout]   19:     0x60282b0f05f2 - <std[70759c8f55707aa4]::thread::lifecycle::spawn_unchecked<test[9d35eded1c95d3be]::run_test::{closure#1}, ()>::{closure#1} as core[df12db4294e9bfd3]::ops::function::FnOnce<()>>::call_once::{shim:vtable#0}
[INFO] [stdout]   20:     0x60282b2bed19 - <std[70759c8f55707aa4]::sys::thread::unix::Thread>::new::thread_start
[INFO] [stdout]   21:     0x7262c53e3dfa - <unknown>
[INFO] [stdout]   22:     0x7262c54773d4 - clone
[INFO] [stdout]   23:                0x0 - <unknown>
[INFO] [stdout] 
[INFO] [stdout] ---- the_scoped_fixture_reaches_every_state_a_manifest_line_can stdout ----
[INFO] [stdout] 
[INFO] [stdout] thread 'the_scoped_fixture_reaches_every_state_a_manifest_line_can' (684) panicked at tests/fixtures.rs:83:10:
[INFO] [stdout] the check crate's fixtures: Os { code: 2, kind: NotFound, message: "No such file or directory" }
[INFO] [stdout] stack backtrace:
[INFO] [stdout]    0:     0x60282b2bfcc1 - <<std[70759c8f55707aa4]::sys::backtrace::BacktraceLock>::print::DisplayBacktrace as core[df12db4294e9bfd3]::fmt::Display>::fmt
[INFO] [stdout]    1:     0x60282b2d5fba - core[df12db4294e9bfd3]::fmt::write
[INFO] [stdout]    2:     0x60282b2c444c - <alloc[2182bb758b4b3781]::vec::Vec<u8> as core[df12db4294e9bfd3]::io::write::Write>::write_fmt
[INFO] [stdout]    3:     0x60282b29a6d6 - std[70759c8f55707aa4]::panicking::default_hook::{closure#0}
[INFO] [stdout]    4:     0x60282b2b76d9 - std[70759c8f55707aa4]::panicking::default_hook
[INFO] [stdout]    5:     0x60282b0ecb40 - test[9d35eded1c95d3be]::test_main_inner::<test[9d35eded1c95d3be]::test_main_static::{closure#0}>::{closure#0}
[INFO] [stdout]    6:     0x60282b2b7892 - std[70759c8f55707aa4]::panicking::panic_with_hook
[INFO] [stdout]    7:     0x60282b29a782 - std[70759c8f55707aa4]::panicking::panic_handler::{closure#0}
[INFO] [stdout]    8:     0x60282b2931b9 - std[70759c8f55707aa4]::sys::backtrace::__rust_end_short_backtrace::<std[70759c8f55707aa4]::panicking::panic_handler::{closure#0}, !>
[INFO] [stdout]    9:     0x60282b29b37d - __rustc[8fa7c3cbc660c2b3]::rust_begin_unwind
[INFO] [stdout]   10:     0x60282b2d66ec - core[df12db4294e9bfd3]::panicking::panic_fmt
[INFO] [stdout]   11:     0x60282b2d64c2 - core[df12db4294e9bfd3]::result::unwrap_failed
[INFO] [stdout]   12:     0x60282b0a2b4c - fixtures[a4634d201160ed29]::check_fixtures
[INFO] [stdout]   13:     0x60282b0a4d73 - fixtures[a4634d201160ed29]::scoped_at
[INFO] [stdout]   14:     0x60282b0a2dae - fixtures[a4634d201160ed29]::ran
[INFO] [stdout]   15:     0x60282b0bc877 - <fixtures[a4634d201160ed29]::the_scoped_fixture_reaches_every_state_a_manifest_line_can::{closure#0} as core[df12db4294e9bfd3]::ops::function::FnOnce<()>>::call_once
[INFO] [stdout]   16:     0x60282b0dfe2b - test[9d35eded1c95d3be]::__rust_begin_short_backtrace::<core[df12db4294e9bfd3]::result::Result<(), alloc[2182bb758b4b3781]::string::String>, fn() -> core[df12db4294e9bfd3]::result::Result<(), alloc[2182bb758b4b3781]::string::String>>
[INFO] [stdout]   17:     0x60282b0ed495 - test[9d35eded1c95d3be]::run_test::{closure#0}
[INFO] [stdout]   18:     0x60282b0e6d54 - std[70759c8f55707aa4]::sys::backtrace::__rust_begin_short_backtrace::<test[9d35eded1c95d3be]::run_test::{closure#1}, ()>
[INFO] [stdout]   19:     0x60282b0f05f2 - <std[70759c8f55707aa4]::thread::lifecycle::spawn_unchecked<test[9d35eded1c95d3be]::run_test::{closure#1}, ()>::{closure#1} as core[df12db4294e9bfd3]::ops::function::FnOnce<()>>::call_once::{shim:vtable#0}
[INFO] [stdout]   20:     0x60282b2bed19 - <std[70759c8f55707aa4]::sys::thread::unix::Thread>::new::thread_start
[INFO] [stdout]   21:     0x7262c53e3dfa - <unknown>
[INFO] [stdout]   22:     0x7262c54773d4 - clone
[INFO] [stdout]   23:                0x0 - <unknown>
[INFO] [stdout] 
[INFO] [stdout] ---- two_runs_that_skipped_over_one_document_write_one_artifact stdout ----
[INFO] [stdout] 
[INFO] [stdout] thread 'two_runs_that_skipped_over_one_document_write_one_artifact' (691) panicked at tests/fixtures.rs:83:10:
[INFO] [stdout] the check crate's fixtures: Os { code: 2, kind: NotFound, message: "No such file or directory" }
[INFO] [stdout] stack backtrace:
[INFO] [stdout]    0:     0x60282b2bfcc1 - <<std[70759c8f55707aa4]::sys::backtrace::BacktraceLock>::print::DisplayBacktrace as core[df12db4294e9bfd3]::fmt::Display>::fmt
[INFO] [stdout]    1:     0x60282b2d5fba - core[df12db4294e9bfd3]::fmt::write
[INFO] [stdout]    2:     0x60282b2c444c - <alloc[2182bb758b4b3781]::vec::Vec<u8> as core[df12db4294e9bfd3]::io::write::Write>::write_fmt
[INFO] [stdout]    3:     0x60282b29a6d6 - std[70759c8f55707aa4]::panicking::default_hook::{closure#0}
[INFO] [stdout]    4:     0x60282b2b76d9 - std[70759c8f55707aa4]::panicking::default_hook
[INFO] [stdout]    5:     0x60282b0ecb40 - test[9d35eded1c95d3be]::test_main_inner::<test[9d35eded1c95d3be]::test_main_static::{closure#0}>::{closure#0}
[INFO] [stdout]    6:     0x60282b2b7892 - std[70759c8f55707aa4]::panicking::panic_with_hook
[INFO] [stdout]    7:     0x60282b29a782 - std[70759c8f55707aa4]::panicking::panic_handler::{closure#0}
[INFO] [stdout]    8:     0x60282b2931b9 - std[70759c8f55707aa4]::sys::backtrace::__rust_end_short_backtrace::<std[70759c8f55707aa4]::panicking::panic_handler::{closure#0}, !>
[INFO] [stdout]    9:     0x60282b29b37d - __rustc[8fa7c3cbc660c2b3]::rust_begin_unwind
[INFO] [stdout]   10:     0x60282b2d66ec - core[df12db4294e9bfd3]::panicking::panic_fmt
[INFO] [stdout]   11:     0x60282b2d64c2 - core[df12db4294e9bfd3]::result::unwrap_failed
[INFO] [stdout]   12:     0x60282b0a2b4c - fixtures[a4634d201160ed29]::check_fixtures
[INFO] [stdout]   13:     0x60282b0a4d73 - fixtures[a4634d201160ed29]::scoped_at
[INFO] [stdout]   14:     0x60282b0a2dae - fixtures[a4634d201160ed29]::ran
[INFO] [stdout]   15:     0x60282b0bcfb3 - <fixtures[a4634d201160ed29]::two_runs_that_skipped_over_one_document_write_one_artifact::{closure#0} as core[df12db4294e9bfd3]::ops::function::FnOnce<()>>::call_once
[INFO] [stdout]   16:     0x60282b0dfe2b - test[9d35eded1c95d3be]::__rust_begin_short_backtrace::<core[df12db4294e9bfd3]::result::Result<(), alloc[2182bb758b4b3781]::string::String>, fn() -> core[df12db4294e9bfd3]::result::Result<(), alloc[2182bb758b4b3781]::string::String>>
[INFO] [stdout]   17:     0x60282b0ed495 - test[9d35eded1c95d3be]::run_test::{closure#0}
[INFO] [stdout]   18:     0x60282b0e6d54 - std[70759c8f55707aa4]::sys::backtrace::__rust_begin_short_backtrace::<test[9d35eded1c95d3be]::run_test::{closure#1}, ()>
[INFO] [stdout]   19:     0x60282b0f05f2 - <std[70759c8f55707aa4]::thread::lifecycle::spawn_unchecked<test[9d35eded1c95d3be]::run_test::{closure#1}, ()>::{closure#1} as core[df12db4294e9bfd3]::ops::function::FnOnce<()>>::call_once::{shim:vtable#0}
[INFO] [stdout]   20:     0x60282b2bed19 - <std[70759c8f55707aa4]::sys::thread::unix::Thread>::new::thread_start
[INFO] [stdout]   21:     0x7262c53e3dfa - <unknown>
[INFO] [stdout]   22:     0x7262c54773d4 - clone
[INFO] [stdout]   23:                0x0 - <unknown>
[INFO] [stdout] 
[INFO] [stdout] 
[INFO] [stdout] failures:
[INFO] [stdout]     a_carrier_that_is_wrong_is_adrift_and_one_that_is_right_is_held
[INFO] [stdout]     a_carrier_that_names_the_block_and_not_the_values_is_adrift
[INFO] [stdout]     a_carrier_the_reader_cannot_reach_is_adrift_rather_than_unaudited
[INFO] [stdout]     a_change_that_named_nothing_is_not_a_full_corpus_run
[INFO] [stdout]     a_full_corpus_run_states_no_change_in_any_format
[INFO] [stdout]     a_member_present_where_the_run_has_no_value_is_adrift
[INFO] [stdout]     a_path_the_census_never_walked_is_named_and_not_counted
[INFO] [stdout]     a_record_level_bag_named_with_none_of_its_members_is_adrift
[INFO] [stdout]     a_record_list_that_does_not_line_up_with_the_finding_set_is_adrift
[INFO] [stdout]     a_run_that_skipped_nothing_is_not_a_run_that_reports_no_skips
[INFO] [stdout]     a_scoped_run_checks_a_document_a_full_corpus_run_cannot
[INFO] [stdout]     a_scoped_run_renders_the_recorded_json
[INFO] [stdout]     a_scoped_run_renders_the_recorded_markdown
[INFO] [stdout]     a_scoped_run_renders_the_recorded_sarif
[INFO] [stdout]     a_scoped_run_states_the_change_in_every_format
[INFO] [stdout]     a_skip_routed_to_no_document_is_reported_as_routed_to_no_document
[INFO] [stdout]     a_suppressed_finding_is_marked_and_a_live_one_is_not
[INFO] [stdout]     a_width_reaches_the_report_a_person_reads_and_no_other_format
[INFO] [stdout]     an_artifact_emptied_of_its_records_carries_no_finding
[INFO] [stdout]     an_emitter_that_stops_grading_an_obligation_is_reported_adrift
[INFO] [stdout]     each_format_gained_one_block_and_moved_nothing
[INFO] [stdout]     every_entry_of_every_loss_set_is_accounted_for
[INFO] [stdout]     every_field_of_a_per_document_coverage_row_is_emitted_or_declared_lost
[INFO] [stdout]     every_finding_reaches_every_format
[INFO] [stdout]     every_format_states_how_many_instances_reached_no_verdict
[INFO] [stdout]     every_format_states_the_scoping_a_second_way
[INFO] [stdout]     no_rule_declares_a_default_configuration
[INFO] [stdout]     no_two_counts_of_the_coverage_block_are_equal
[INFO] [stdout]     no_two_counts_of_the_scoped_fixture_are_equal
[INFO] [stdout]     one_dropped_record_is_one_unaccounted_finding
[INFO] [stdout]     the_audited_and_the_unaudited_are_counted_apart
[INFO] [stdout]     the_change_rides_in_the_runs_property_bag
[INFO] [stdout]     the_colored_report_is_read_the_way_the_piped_one_is
[INFO] [stdout]     the_fixture_tree_renders_the_recorded_json
[INFO] [stdout]     the_fixture_tree_renders_the_recorded_markdown
[INFO] [stdout]     the_fixture_tree_renders_the_recorded_sarif
[INFO] [stdout]     the_fixture_tree_renders_the_recorded_text
[INFO] [stdout]     the_level_is_the_checks_severity_and_never_the_obligations
[INFO] [stdout]     the_members_a_carrier_names_are_the_members_the_artifact_writes
[INFO] [stdout]     the_promotion_count_reaches_every_format
[INFO] [stdout]     the_read_set_block_is_not_laid_out_at_any_width
[INFO] [stdout]     the_routings_of_a_class_and_its_unrouted_exceed_its_instances_by_the_extra_endpoints
[INFO] [stdout]     the_rule_list_is_the_registry_that_ran
[INFO] [stdout]     the_run_carries_all_three_classes
[INFO] [stdout]     the_scoped_fixture_reaches_every_state_a_manifest_line_can
[INFO] [stdout]     the_stock_reader_finds_the_same_findings_the_run_did
[INFO] [stdout]     the_text_report_writes_a_record_for_an_escaped_finding
[INFO] [stdout]     the_two_escape_classes_reach_the_two_sarif_kinds
[INFO] [stdout]     the_width_a_caller_states_is_the_width_the_report_is_laid_out_at
[INFO] [stdout]     two_runs_that_skipped_over_different_documents_write_different_artifacts
[INFO] [stdout]     two_runs_that_skipped_over_one_document_write_one_artifact
[INFO] [stdout] 
[INFO] [stdout] test result: FAILED. 2 passed; 51 failed; 0 ignored; 0 measured; 0 filtered out; finished in 0.04s
[INFO] [stdout] 
[INFO] running `Command { std: "docker" "inspect" "581bc5a653b3174601108e3e9f133c5cc9687d1f419c216354b0f4751b18fafd", kill_on_drop: false }`
[INFO] running `Command { std: "docker" "rm" "-f" "581bc5a653b3174601108e3e9f133c5cc9687d1f419c216354b0f4751b18fafd", kill_on_drop: false }`
[INFO] [stdout] 581bc5a653b3174601108e3e9f133c5cc9687d1f419c216354b0f4751b18fafd
