[INFO] fetching crate hds_tokio-console 0.1.14...
[INFO] testing hds_tokio-console-0.1.14 against 1.99.0-beta.8+cargoflags=--release for beta-release-1.100-2
[INFO] extracting crate hds_tokio-console 0.1.14 into /workspace/builds/worker-7-tc1/source
[INFO] started tweaking crates.io crate hds_tokio-console 0.1.14
[INFO] finished tweaking crates.io crate hds_tokio-console 0.1.14
[INFO] tweaked toml for crates.io crate hds_tokio-console 0.1.14 written to /workspace/builds/worker-7-tc1/source/Cargo.toml
[INFO] validating manifest of crates.io crate hds_tokio-console 0.1.14 on toolchain 1.99.0-beta.8
[INFO] running `Command { std: CARGO_HOME="/workspace/cargo-home" RUSTUP_HOME="/workspace/rustup-home" "/workspace/cargo-home/bin/cargo" "+1.99.0-beta.8" "metadata" "--manifest-path" "Cargo.toml" "--no-deps", kill_on_drop: false }`
[INFO] crate crates.io crate hds_tokio-console 0.1.14 already has a lockfile, it will not be regenerated
[INFO] running `Command { std: CARGO_HOME="/workspace/cargo-home" RUSTUP_HOME="/workspace/rustup-home" "/workspace/cargo-home/bin/cargo" "+1.99.0-beta.8" "fetch" "--manifest-path" "Cargo.toml", kill_on_drop: false }`
[INFO] [stderr]     Updating crates.io index
[INFO] [stderr]  Downloading crates ...
[INFO] [stderr]   Downloaded toml_edit v0.14.4
[INFO] [stderr]   Downloaded indexmap v1.8.1
[INFO] [stderr]   Downloaded tracing-journald v0.2.4
[INFO] [stderr]   Downloaded slab v0.4.6
[INFO] [stderr]   Downloaded tokio-io-timeout v1.2.0
[INFO] [stderr]   Downloaded sync_wrapper v0.1.1
[INFO] [stderr]   Downloaded concolor v0.0.8
[INFO] [stderr]   Downloaded concolor-query v0.0.5
[INFO] [stderr]   Downloaded trycmd v0.13.6
[INFO] [stderr]   Downloaded snapbox-macros v0.3.0
[INFO] [stderr]   Downloaded filetime v0.2.22
[INFO] [stderr]   Downloaded os_pipe v1.1.4
[INFO] [stderr]   Downloaded snapbox v0.3.3
[INFO] [stderr]   Downloaded getrandom v0.2.6
[INFO] [stderr]   Downloaded tokio-stream v0.1.8
[INFO] [stderr]   Downloaded prost v0.12.0
[INFO] [stderr]   Downloaded prost-derive v0.12.0
[INFO] [stderr]   Downloaded parking_lot_core v0.9.2
[INFO] [stderr]   Downloaded prost-types v0.12.0
[INFO] [stderr]   Downloaded hds_console-api v0.7.0
[INFO] [stderr]   Downloaded similar v2.3.0
[INFO] [stderr]   Downloaded tonic v0.10.0
[INFO] [stderr]   Downloaded tokio-util v0.7.1
[INFO] [stderr]   Downloaded clap_derive v4.1.14
[INFO] [stderr]   Downloaded eyre v0.6.7
[INFO] [stderr]   Downloaded clap_complete v4.1.6
[INFO] [stderr]   Downloaded clap v4.1.14
[INFO] [stderr]   Downloaded axum v0.6.18
[INFO] [stderr]   Downloaded ratatui v0.20.1
[INFO] [stderr]   Downloaded h2 v0.3.24
[INFO] [stderr]   Downloaded hyper v0.14.26
[INFO] [stderr]   Downloaded aho-corasick v1.0.5
[INFO] [stderr]   Downloaded syn v2.0.33
[INFO] [stderr]   Downloaded color-spantrace v0.2.0
[INFO] [stderr]   Downloaded clap_builder v4.1.14
[INFO] [stderr]   Downloaded hdrhistogram v7.5.0
[INFO] [stderr]   Downloaded rustix v0.37.25
[INFO] [stderr]   Downloaded windows-sys v0.34.0
[INFO] running `Command { std: "docker" "create" "-v" "/var/lib/crater-agent-workspace/builds/worker-7-tc1/source:/opt/rustwide/workdir:ro,Z" "-v" "/var/lib/crater-agent-workspace/builds/worker-7-tc1/target:/opt/rustwide/target:rw,Z" "-v" "/var/lib/crater-agent-workspace/cargo-home:/opt/rustwide/cargo-home:ro,Z" "-v" "/var/lib/crater-agent-workspace/rustup-home:/opt/rustwide/rustup-home:ro,Z" "-m" "1610612736" "--network" "none" "ghcr.io/rust-lang/crates-build-env/linux@sha256:77db811e55d90add9212f6832c23229e3de5f1c1f9905e8cb07319ea15df73ac" "sleep" "infinity", kill_on_drop: false }`
[INFO] [stdout] 7c5215eca6aa1ab035bdeae023cfaed44ea9f8241ef954b3b91892d2c540468e
[INFO] running `Command { std: "docker" "start" "7c5215eca6aa1ab035bdeae023cfaed44ea9f8241ef954b3b91892d2c540468e", kill_on_drop: false }`
[INFO] running `Command { std: "docker" "inspect" "7c5215eca6aa1ab035bdeae023cfaed44ea9f8241ef954b3b91892d2c540468e", kill_on_drop: false }`
[INFO] running `Command { std: "docker" "exec" "-e" "SOURCE_DIR=/opt/rustwide/workdir" "-e" "CARGO_HOME=/opt/rustwide/cargo-home" "-e" "RUSTUP_HOME=/opt/rustwide/rustup-home" "-e" "CARGO_TARGET_DIR=/opt/rustwide/target" "-w" "/opt/rustwide/workdir" "--user" "0:0" "7c5215eca6aa1ab035bdeae023cfaed44ea9f8241ef954b3b91892d2c540468e" "/opt/rustwide/cargo-home/bin/cargo" "+1.99.0-beta.8" "metadata" "--no-deps" "--format-version=1", kill_on_drop: false }`
[INFO] running `Command { std: "docker" "inspect" "7c5215eca6aa1ab035bdeae023cfaed44ea9f8241ef954b3b91892d2c540468e", kill_on_drop: false }`
[INFO] running `Command { std: "docker" "exec" "-e" "SOURCE_DIR=/opt/rustwide/workdir" "-e" "CARGO_HOME=/opt/rustwide/cargo-home" "-e" "RUSTUP_HOME=/opt/rustwide/rustup-home" "-e" "CARGO_TARGET_DIR=/opt/rustwide/target" "-e" "CARGO_INCREMENTAL=0" "-e" "RUST_BACKTRACE=full" "-e" "RUSTFLAGS=--cap-lints=warn" "-e" "RUSTDOCFLAGS=--cap-lints=warn" "-w" "/opt/rustwide/workdir" "--user" "0:0" "7c5215eca6aa1ab035bdeae023cfaed44ea9f8241ef954b3b91892d2c540468e" "/opt/rustwide/cargo-home/bin/cargo" "+1.99.0-beta.8" "build" "--frozen" "--message-format=json" "--release", kill_on_drop: false }`
[INFO] [stderr]    Compiling proc-macro2 v1.0.67
[INFO] [stderr]    Compiling libc v0.2.153
[INFO] [stderr]    Compiling log v0.4.20
[INFO] [stderr]    Compiling smallvec v1.11.0
[INFO] [stderr]    Compiling memchr v2.6.3
[INFO] [stderr]    Compiling syn v1.0.90
[INFO] [stderr]    Compiling parking_lot_core v0.9.2
[INFO] [stderr]    Compiling tracing-core v0.1.31
[INFO] [stderr]    Compiling futures-channel v0.3.21
[INFO] [stderr]    Compiling tokio v1.28.2
[INFO] [stderr]    Compiling slab v0.4.6
[INFO] [stderr]    Compiling rustversion v1.0.12
[INFO] [stderr]    Compiling anyhow v1.0.56
[INFO] [stderr]    Compiling equivalent v1.0.1
[INFO] [stderr]    Compiling http v0.2.9
[INFO] [stderr]    Compiling io-lifetimes v1.0.11
[INFO] [stderr]    Compiling hashbrown v0.14.3
[INFO] [stderr]    Compiling indexmap v1.8.1
[INFO] [stderr]    Compiling miniz_oxide v0.4.4
[INFO] [stderr]    Compiling serde v1.0.188
[INFO] [stderr]    Compiling async-trait v0.1.68
[INFO] [stderr]    Compiling either v1.6.1
[INFO] [stderr]    Compiling ppv-lite86 v0.2.16
[INFO] [stderr]    Compiling rustix v0.37.25
[INFO] [stderr]    Compiling rustix v0.38.15
[INFO] [stderr]    Compiling want v0.3.0
[INFO] [stderr]    Compiling itertools v0.11.0
[INFO] [stderr]    Compiling tower-layer v0.3.2
[INFO] [stderr]    Compiling linux-raw-sys v0.3.8
[INFO] [stderr]    Compiling adler v1.0.2
[INFO] [stderr]    Compiling linux-raw-sys v0.4.8
[INFO] [stderr]    Compiling bitflags v2.4.0
[INFO] [stderr]    Compiling signal-hook v0.3.17
[INFO] [stderr]    Compiling tracing-log v0.1.3
[INFO] [stderr]    Compiling quote v1.0.33
[INFO] [stderr]    Compiling tinyvec v1.5.1
[INFO] [stderr]    Compiling axum-core v0.3.4
[INFO] [stderr]    Compiling syn v2.0.33
[INFO] [stderr]    Compiling axum v0.6.18
[INFO] [stderr]    Compiling sharded-slab v0.1.4
[INFO] [stderr]    Compiling http-body v0.4.5
[INFO] [stderr]    Compiling indexmap v2.1.0
[INFO] [stderr]    Compiling thread_local v1.1.4
[INFO] [stderr]    Compiling crc32fast v1.3.2
[INFO] [stderr]    Compiling cc v1.0.73
[INFO] [stderr]    Compiling num-traits v0.2.14
[INFO] [stderr]    Compiling sync_wrapper v0.1.1
[INFO] [stderr]    Compiling heck v0.4.1
[INFO] [stderr]    Compiling gimli v0.26.1
[INFO] [stderr]    Compiling unicode-bidi v0.3.7
[INFO] [stderr]    Compiling clap_lex v0.4.1
[INFO] [stderr]    Compiling eyre v0.6.7
[INFO] [stderr]    Compiling matchit v0.7.0
[INFO] [stderr]    Compiling termcolor v1.3.0
[INFO] [stderr]    Compiling object v0.27.1
[INFO] [stderr]    Compiling unicode-normalization v0.1.19
[INFO] [stderr]    Compiling tracing-subscriber v0.3.17
[INFO] [stderr]    Compiling is-terminal v0.4.9
[INFO] [stderr]    Compiling aho-corasick v1.0.5
[INFO] [stderr]    Compiling indenter v0.3.3
[INFO] [stderr]    Compiling backtrace v0.3.64
[INFO] [stderr]    Compiling owo-colors v3.5.0
[INFO] [stderr]    Compiling regex-syntax v0.7.5
[INFO] [stderr]    Compiling signal-hook-registry v1.4.0
[INFO] [stderr]    Compiling mio v0.8.11
[INFO] [stderr]    Compiling parking_lot v0.12.1
[INFO] [stderr]    Compiling socket2 v0.4.9
[INFO] [stderr]    Compiling num_cpus v1.13.1
[INFO] [stderr]    Compiling getrandom v0.2.6
[INFO] [stderr]    Compiling rand_core v0.6.3
[INFO] [stderr]    Compiling rustc-demangle v0.1.21
[INFO] [stderr]    Compiling rand_chacha v0.3.1
[INFO] [stderr]    Compiling idna v0.2.3
[INFO] [stderr]    Compiling signal-hook-mio v0.2.3
[INFO] [stderr]    Compiling rand v0.8.5
[INFO] [stderr]    Compiling nom v7.1.1
[INFO] [stderr]    Compiling crossterm v0.26.1
[INFO] [stderr]    Compiling dirs-sys v0.4.1
[INFO] [stderr]    Compiling url v2.2.2
[INFO] [stderr]    Compiling flate2 v1.0.22
[INFO] [stderr]    Compiling terminal_size v0.2.6
[INFO] [stderr]    Compiling clap_builder v4.1.14
[INFO] [stderr]    Compiling base64 v0.13.0
[INFO] [stderr]    Compiling unicode-segmentation v1.10.1
[INFO] [stderr]    Compiling dirs v5.0.1
[INFO] [stderr]    Compiling regex-automata v0.3.8
[INFO] [stderr]    Compiling addr2line v0.17.0
[INFO] [stderr]    Compiling ratatui v0.20.1
[INFO] [stderr]    Compiling hdrhistogram v7.5.0
[INFO] [stderr]    Compiling futures-macro v0.3.21
[INFO] [stderr]    Compiling pin-project-internal v1.0.12
[INFO] [stderr]    Compiling futures-util v0.3.21
[INFO] [stderr]    Compiling tracing-attributes v0.1.26
[INFO] [stderr]    Compiling tokio-macros v2.1.0
[INFO] [stderr]    Compiling serde_derive v1.0.188
[INFO] [stderr]    Compiling prost-derive v0.12.0
[INFO] [stderr]    Compiling async-stream-impl v0.3.5
[INFO] [stderr]    Compiling clap_derive v4.1.14
[INFO] [stderr]    Compiling pin-project v1.0.12
[INFO] [stderr]    Compiling async-stream v0.3.5
[INFO] [stderr]    Compiling tracing v0.1.37
[INFO] [stderr]    Compiling regex v1.9.5
[INFO] [stderr]    Compiling prost v0.12.0
[INFO] [stderr]    Compiling clap v4.1.14
[INFO] [stderr]    Compiling clap_complete v4.1.6
[INFO] [stderr]    Compiling tracing-error v0.2.0
[INFO] [stderr]    Compiling color-spantrace v0.2.0
[INFO] [stderr]    Compiling prost-types v0.12.0
[INFO] [stderr]    Compiling color-eyre v0.6.2
[INFO] [stderr]    Compiling futures-executor v0.3.21
[INFO] [stderr]    Compiling futures v0.3.21
[INFO] [stderr]    Compiling toml v0.5.8
[INFO] [stderr]    Compiling tokio-util v0.7.1
[INFO] [stderr]    Compiling tokio-io-timeout v1.2.0
[INFO] [stderr]    Compiling tokio-stream v0.1.8
[INFO] [stderr]    Compiling h2 v0.3.24
[INFO] [stderr]    Compiling tower v0.4.13
[INFO] [stderr]    Compiling hyper v0.14.26
[INFO] [stderr]    Compiling hyper-timeout v0.4.1
[INFO] [stderr]    Compiling tonic v0.10.0
[INFO] [stderr]    Compiling hds_console-api v0.7.0
[INFO] [stderr]    Compiling hds_tokio-console v0.1.14 (/opt/rustwide/workdir)
[INFO] [stdout] warning: trailing semicolon in macro used in expression position
[INFO] [stdout]    --> src/config.rs:917:9
[INFO] [stdout]     |
[INFO] [stdout] 917 | /         color_eyre::eyre::bail!(
[INFO] [stdout] 918 | |             "Automatically installing completion scripts is not currently supported on {}",
[INFO] [stdout] 919 | |             shell
[INFO] [stdout] 920 | |         )
[INFO] [stdout]     | |_________^
[INFO] [stdout]     |
[INFO] [stdout]     = note: macro invocations at the end of a block are treated as expressions
[INFO] [stdout]     = note: to ignore the value produced by the macro, add a semicolon after the invocation of `bail`
[INFO] [stdout]     = warning: this was previously accepted by the compiler but is being phased out; it will become a hard error in a future release!
[INFO] [stdout]     = note: for more information, see issue #79813 <https://github.com/rust-lang/rust/issues/79813>
[INFO] [stdout]     = note: `#[warn(semicolon_in_expressions_from_non_local_macros)]` (part of `#[warn(future_incompatible)]`) on by default
[INFO] [stdout]     = note: this warning originates in the macro `color_eyre::eyre::bail` (in Nightly builds, run with -Z macro-backtrace for more info)
[INFO] [stdout] 
[INFO] [stdout] 
[INFO] [stdout] warning: hiding a lifetime that's elided elsewhere is confusing
[INFO] [stdout]    --> src/conn.rs:186:19
[INFO] [stdout]     |
[INFO] [stdout] 186 |     pub fn render(&self, styles: &crate::view::Styles) -> ratatui::text::Spans {
[INFO] [stdout]     |                   ^^^^^ the lifetime is elided here       ^^^^^^^^^^^^^^^^^^^^ the same lifetime is hidden here
[INFO] [stdout]     |
[INFO] [stdout]     = help: the same lifetime is referred to in inconsistent ways, making the signature confusing
[INFO] [stdout]     = note: `#[warn(mismatched_lifetime_syntaxes)]` on by default
[INFO] [stdout] help: use `'_` for type paths
[INFO] [stdout]     |
[INFO] [stdout] 186 |     pub fn render(&self, styles: &crate::view::Styles) -> ratatui::text::Spans<'_> {
[INFO] [stdout]     |                                                                               ++++
[INFO] [stdout] 
[INFO] [stdout] 
[INFO] [stderr]     Finished `release` profile [optimized] target(s) in 2m 10s
[INFO] running `Command { std: "docker" "inspect" "7c5215eca6aa1ab035bdeae023cfaed44ea9f8241ef954b3b91892d2c540468e", kill_on_drop: false }`
[INFO] running `Command { std: "docker" "exec" "-e" "SOURCE_DIR=/opt/rustwide/workdir" "-e" "CARGO_HOME=/opt/rustwide/cargo-home" "-e" "RUSTUP_HOME=/opt/rustwide/rustup-home" "-e" "CARGO_TARGET_DIR=/opt/rustwide/target" "-e" "CARGO_INCREMENTAL=0" "-e" "RUST_BACKTRACE=full" "-e" "RUSTFLAGS=--cap-lints=warn" "-e" "RUSTDOCFLAGS=--cap-lints=warn" "-w" "/opt/rustwide/workdir" "--user" "0:0" "7c5215eca6aa1ab035bdeae023cfaed44ea9f8241ef954b3b91892d2c540468e" "/opt/rustwide/cargo-home/bin/cargo" "+1.99.0-beta.8" "test" "--frozen" "--no-run" "--message-format=json" "--release", kill_on_drop: false }`
[INFO] [stderr]    Compiling memoffset v0.9.0
[INFO] [stderr]    Compiling crossbeam-utils v0.8.8
[INFO] [stderr]    Compiling crossbeam-epoch v0.9.15
[INFO] [stderr]    Compiling rayon-core v1.12.0
[INFO] [stderr]    Compiling either v1.6.1
[INFO] [stderr]    Compiling atty v0.2.14
[INFO] [stderr]    Compiling fastrand v1.7.0
[INFO] [stderr]    Compiling concolor-query v0.0.5
[INFO] [stderr]    Compiling walkdir v2.4.0
[INFO] [stderr]    Compiling content_inspector v0.2.4
[INFO] [stderr]    Compiling filetime v0.2.22
[INFO] [stderr]    Compiling combine v4.6.6
[INFO] [stderr]    Compiling wait-timeout v0.2.0
[INFO] [stderr]    Compiling os_pipe v1.1.4
[INFO] [stderr]    Compiling yansi v0.5.1
[INFO] [stderr]    Compiling dunce v1.0.4
[INFO] [stderr]    Compiling normalize-line-endings v0.3.0
[INFO] [stderr]    Compiling snapbox-macros v0.3.0
[INFO] [stderr]    Compiling itertools v0.10.3
[INFO] [stderr]    Compiling concolor v0.0.8
[INFO] [stderr]    Compiling similar v2.3.0
[INFO] [stderr]    Compiling humantime-serde v1.1.1
[INFO] [stderr]    Compiling glob v0.3.1
[INFO] [stderr]    Compiling shlex v1.3.0
[INFO] [stdout] warning: trailing semicolon in macro used in expression position
[INFO] [stdout]    --> src/config.rs:917:9
[INFO] [stdout]     |
[INFO] [stdout] 917 | /         color_eyre::eyre::bail!(
[INFO] [stdout] 918 | |             "Automatically installing completion scripts is not currently supported on {}",
[INFO] [stdout] 919 | |             shell
[INFO] [stdout] 920 | |         )
[INFO] [stdout]     | |_________^
[INFO] [stdout]     |
[INFO] [stdout]     = note: macro invocations at the end of a block are treated as expressions
[INFO] [stdout]     = note: to ignore the value produced by the macro, add a semicolon after the invocation of `bail`
[INFO] [stdout]     = warning: this was previously accepted by the compiler but is being phased out; it will become a hard error in a future release!
[INFO] [stdout]     = note: for more information, see issue #79813 <https://github.com/rust-lang/rust/issues/79813>
[INFO] [stdout]     = note: `#[warn(semicolon_in_expressions_from_non_local_macros)]` (part of `#[warn(future_incompatible)]`) on by default
[INFO] [stdout]     = note: this warning originates in the macro `color_eyre::eyre::bail` (in Nightly builds, run with -Z macro-backtrace for more info)
[INFO] [stdout] 
[INFO] [stdout] 
[INFO] [stdout] warning: hiding a lifetime that's elided elsewhere is confusing
[INFO] [stdout]    --> src/conn.rs:186:19
[INFO] [stdout]     |
[INFO] [stdout] 186 |     pub fn render(&self, styles: &crate::view::Styles) -> ratatui::text::Spans {
[INFO] [stdout]     |                   ^^^^^ the lifetime is elided here       ^^^^^^^^^^^^^^^^^^^^ the same lifetime is hidden here
[INFO] [stdout]     |
[INFO] [stdout]     = help: the same lifetime is referred to in inconsistent ways, making the signature confusing
[INFO] [stdout]     = note: `#[warn(mismatched_lifetime_syntaxes)]` on by default
[INFO] [stdout] help: use `'_` for type paths
[INFO] [stdout]     |
[INFO] [stdout] 186 |     pub fn render(&self, styles: &crate::view::Styles) -> ratatui::text::Spans<'_> {
[INFO] [stdout]     |                                                                               ++++
[INFO] [stdout] 
[INFO] [stdout] 
[INFO] [stderr]    Compiling tempfile v3.3.0
[INFO] [stderr]    Compiling snapbox v0.3.3
[INFO] [stderr]    Compiling crossbeam-deque v0.8.3
[INFO] [stderr]    Compiling rayon v1.8.0
[INFO] [stderr]    Compiling toml_edit v0.14.4
[INFO] [stderr]    Compiling trycmd v0.13.6
[INFO] [stderr]    Compiling hds_tokio-console v0.1.14 (/opt/rustwide/workdir)
[INFO] [stdout] warning: trailing semicolon in macro used in expression position
[INFO] [stdout]    --> src/config.rs:917:9
[INFO] [stdout]     |
[INFO] [stdout] 917 | /         color_eyre::eyre::bail!(
[INFO] [stdout] 918 | |             "Automatically installing completion scripts is not currently supported on {}",
[INFO] [stdout] 919 | |             shell
[INFO] [stdout] 920 | |         )
[INFO] [stdout]     | |_________^
[INFO] [stdout]     |
[INFO] [stdout]     = note: macro invocations at the end of a block are treated as expressions
[INFO] [stdout]     = note: to ignore the value produced by the macro, add a semicolon after the invocation of `bail`
[INFO] [stdout]     = warning: this was previously accepted by the compiler but is being phased out; it will become a hard error in a future release!
[INFO] [stdout]     = note: for more information, see issue #79813 <https://github.com/rust-lang/rust/issues/79813>
[INFO] [stdout]     = note: `#[warn(semicolon_in_expressions_from_non_local_macros)]` (part of `#[warn(future_incompatible)]`) on by default
[INFO] [stdout]     = note: this warning originates in the macro `color_eyre::eyre::bail` (in Nightly builds, run with -Z macro-backtrace for more info)
[INFO] [stdout] 
[INFO] [stdout] 
[INFO] [stdout] warning: hiding a lifetime that's elided elsewhere is confusing
[INFO] [stdout]    --> src/conn.rs:186:19
[INFO] [stdout]     |
[INFO] [stdout] 186 |     pub fn render(&self, styles: &crate::view::Styles) -> ratatui::text::Spans {
[INFO] [stdout]     |                   ^^^^^ the lifetime is elided here       ^^^^^^^^^^^^^^^^^^^^ the same lifetime is hidden here
[INFO] [stdout]     |
[INFO] [stdout]     = help: the same lifetime is referred to in inconsistent ways, making the signature confusing
[INFO] [stdout]     = note: `#[warn(mismatched_lifetime_syntaxes)]` on by default
[INFO] [stdout] help: use `'_` for type paths
[INFO] [stdout]     |
[INFO] [stdout] 186 |     pub fn render(&self, styles: &crate::view::Styles) -> ratatui::text::Spans<'_> {
[INFO] [stdout]     |                                                                               ++++
[INFO] [stdout] 
[INFO] [stdout] 
[INFO] [stderr]     Finished `release` profile [optimized] target(s) in 36.08s
[INFO] running `Command { std: "docker" "inspect" "7c5215eca6aa1ab035bdeae023cfaed44ea9f8241ef954b3b91892d2c540468e", kill_on_drop: false }`
[INFO] running `Command { std: "docker" "exec" "-e" "SOURCE_DIR=/opt/rustwide/workdir" "-e" "CARGO_HOME=/opt/rustwide/cargo-home" "-e" "RUSTUP_HOME=/opt/rustwide/rustup-home" "-e" "CARGO_TARGET_DIR=/opt/rustwide/target" "-e" "CARGO_INCREMENTAL=0" "-e" "RUST_BACKTRACE=full" "-e" "RUSTFLAGS=--cap-lints=warn" "-e" "RUSTDOCFLAGS=--cap-lints=warn" "-w" "/opt/rustwide/workdir" "--user" "0:0" "7c5215eca6aa1ab035bdeae023cfaed44ea9f8241ef954b3b91892d2c540468e" "/opt/rustwide/cargo-home/bin/cargo" "+1.99.0-beta.8" "test" "--frozen" "--release", kill_on_drop: false }`
[INFO] [stderr] warning: trailing semicolon in macro used in expression position
[INFO] [stderr]    --> src/config.rs:917:9
[INFO] [stderr]     |
[INFO] [stderr] 917 | /         color_eyre::eyre::bail!(
[INFO] [stderr] 918 | |             "Automatically installing completion scripts is not currently supported on {}",
[INFO] [stderr] 919 | |             shell
[INFO] [stderr] 920 | |         )
[INFO] [stderr]     | |_________^
[INFO] [stderr]     |
[INFO] [stderr]     = note: macro invocations at the end of a block are treated as expressions
[INFO] [stderr]     = note: to ignore the value produced by the macro, add a semicolon after the invocation of `bail`
[INFO] [stderr]     = warning: this was previously accepted by the compiler but is being phased out; it will become a hard error in a future release!
[INFO] [stderr]     = note: for more information, see issue #79813 <https://github.com/rust-lang/rust/issues/79813>
[INFO] [stderr]     = note: `#[warn(semicolon_in_expressions_from_non_local_macros)]` (part of `#[warn(future_incompatible)]`) on by default
[INFO] [stderr]     = note: this warning originates in the macro `color_eyre::eyre::bail` (in Nightly builds, run with -Z macro-backtrace for more info)
[INFO] [stderr] 
[INFO] [stderr] warning: hiding a lifetime that's elided elsewhere is confusing
[INFO] [stderr]    --> src/conn.rs:186:19
[INFO] [stderr]     |
[INFO] [stderr] 186 |     pub fn render(&self, styles: &crate::view::Styles) -> ratatui::text::Spans {
[INFO] [stderr]     |                   ^^^^^ the lifetime is elided here       ^^^^^^^^^^^^^^^^^^^^ the same lifetime is hidden here
[INFO] [stderr]     |
[INFO] [stderr]     = help: the same lifetime is referred to in inconsistent ways, making the signature confusing
[INFO] [stderr]     = note: `#[warn(mismatched_lifetime_syntaxes)]` on by default
[INFO] [stderr] help: use `'_` for type paths
[INFO] [stderr]     |
[INFO] [stderr] 186 |     pub fn render(&self, styles: &crate::view::Styles) -> ratatui::text::Spans<'_> {
[INFO] [stderr]     |                                                                               ++++
[INFO] [stderr] 
[INFO] [stderr] warning: `hds_tokio-console` (bin "hds_tokio-console") generated 2 warnings (run `cargo fix --bin "hds_tokio-console" -p hds_tokio-console` to apply 1 suggestion)
[INFO] [stderr] warning: `hds_tokio-console` (bin "hds_tokio-console" test) generated 2 warnings (2 duplicates)
[INFO] [stderr]     Finished `release` profile [optimized] target(s) in 0.19s
[INFO] [stderr]      Running unittests src/lib.rs (/opt/rustwide/target/release/deps/hds_tokio_console-1a50342f2dc52dc7)
[INFO] [stdout] 
[INFO] [stdout] running 0 tests
[INFO] [stdout] 
[INFO] [stdout] test result: ok. 0 passed; 0 failed; 0 ignored; 0 measured; 0 filtered out; finished in 0.00s
[INFO] [stdout] 
[INFO] [stderr]      Running unittests src/main.rs (/opt/rustwide/target/release/deps/hds_tokio_console-466c145054adf752)
[INFO] [stdout] 
[INFO] [stdout] running 2 tests
[INFO] [stdout] test config::tests::verify_cli ... ok
[INFO] [stdout] test config::tests::toml_example_changed ... FAILED
[INFO] [stdout] 
[INFO] [stdout] failures:
[INFO] [stdout] 
[INFO] [stdout] ---- config::tests::toml_example_changed stdout ----
[INFO] [stdout] 
[INFO] [stdout] thread 'config::tests::toml_example_changed' (3385) panicked at src/config.rs:961:14:
[INFO] [stdout] failed to open file: Os { code: 30, kind: ReadOnlyFilesystem, message: "Read-only file system" }
[INFO] [stdout] stack backtrace:
[INFO] [stdout]    0:     0x650e1a7586d1 - <<std[70759c8f55707aa4]::sys::backtrace::BacktraceLock>::print::DisplayBacktrace as core[df12db4294e9bfd3]::fmt::Display>::fmt
[INFO] [stdout]    1:     0x650e1a76d70a - core[df12db4294e9bfd3]::fmt::write
[INFO] [stdout]    2:     0x650e1a75cc3c - <alloc[2182bb758b4b3781]::vec::Vec<u8> as core[df12db4294e9bfd3]::io::write::Write>::write_fmt
[INFO] [stdout]    3:     0x650e1a734686 - std[70759c8f55707aa4]::panicking::default_hook::{closure#0}
[INFO] [stdout]    4:     0x650e1a750ba9 - std[70759c8f55707aa4]::panicking::default_hook
[INFO] [stdout]    5:     0x650e1a696870 - test[9d35eded1c95d3be]::test_main_inner::<test[9d35eded1c95d3be]::test_main_static::{closure#0}>::{closure#0}
[INFO] [stdout]    6:     0x650e1a750d62 - std[70759c8f55707aa4]::panicking::panic_with_hook
[INFO] [stdout]    7:     0x650e1a734732 - std[70759c8f55707aa4]::panicking::panic_handler::{closure#0}
[INFO] [stdout]    8:     0x650e1a72d249 - std[70759c8f55707aa4]::sys::backtrace::__rust_end_short_backtrace::<std[70759c8f55707aa4]::panicking::panic_handler::{closure#0}, !>
[INFO] [stdout]    9:     0x650e1a7353cd - __rustc[8fa7c3cbc660c2b3]::rust_begin_unwind
[INFO] [stdout]   10:     0x650e1a76de3c - core[df12db4294e9bfd3]::panicking::panic_fmt
[INFO] [stdout]   11:     0x650e1a76dc12 - core[df12db4294e9bfd3]::result::unwrap_failed
[INFO] [stdout]   12:     0x650e1a67ad03 - hds_tokio_console[554ef8afd2cb4367]::config::tests::toml_example_changed
[INFO] [stdout]   13:     0x650e1a6852b9 - <hds_tokio_console[554ef8afd2cb4367]::config::tests::toml_example_changed::{closure#0} as core[df12db4294e9bfd3]::ops::function::FnOnce<()>>::call_once
[INFO] [stdout]   14:     0x650e1a689b5b - test[9d35eded1c95d3be]::__rust_begin_short_backtrace::<core[df12db4294e9bfd3]::result::Result<(), alloc[2182bb758b4b3781]::string::String>, fn() -> core[df12db4294e9bfd3]::result::Result<(), alloc[2182bb758b4b3781]::string::String>>
[INFO] [stdout]   15:     0x650e1a6971c5 - test[9d35eded1c95d3be]::run_test::{closure#0}
[INFO] [stdout]   16:     0x650e1a690a84 - std[70759c8f55707aa4]::sys::backtrace::__rust_begin_short_backtrace::<test[9d35eded1c95d3be]::run_test::{closure#1}, ()>
[INFO] [stdout]   17:     0x650e1a69a322 - <std[70759c8f55707aa4]::thread::lifecycle::spawn_unchecked<test[9d35eded1c95d3be]::run_test::{closure#1}, ()>::{closure#1} as core[df12db4294e9bfd3]::ops::function::FnOnce<()>>::call_once::{shim:vtable#0}
[INFO] [stdout]   18:     0x650e1a757f79 - <std[70759c8f55707aa4]::sys::thread::unix::Thread>::new::thread_start
[INFO] [stdout]   19:     0x78d047440dfa - <unknown>
[INFO] [stdout]   20:     0x78d0474d43d4 - clone
[INFO] [stdout]   21:                0x0 - <unknown>
[INFO] [stdout] 
[INFO] [stdout] 
[INFO] [stdout] failures:
[INFO] [stdout]     config::tests::toml_example_changed
[INFO] [stdout] 
[INFO] [stdout] test result: FAILED. 1 passed; 1 failed; 0 ignored; 0 measured; 0 filtered out; finished in 0.00s
[INFO] [stdout] 
[INFO] [stderr] error: test failed, to rerun pass `--bin hds_tokio-console`
[INFO] running `Command { std: "docker" "inspect" "7c5215eca6aa1ab035bdeae023cfaed44ea9f8241ef954b3b91892d2c540468e", kill_on_drop: false }`
[INFO] running `Command { std: "docker" "rm" "-f" "7c5215eca6aa1ab035bdeae023cfaed44ea9f8241ef954b3b91892d2c540468e", kill_on_drop: false }`
[INFO] [stdout] 7c5215eca6aa1ab035bdeae023cfaed44ea9f8241ef954b3b91892d2c540468e
