[INFO] fetching crate hclient-mock 0.1.5...
[INFO] testing hclient-mock-0.1.5 against 1.99.0-beta.8+cargoflags=--release for beta-release-1.100-2
[INFO] extracting crate hclient-mock 0.1.5 into /workspace/builds/worker-1-tc1/source
[INFO] started tweaking crates.io crate hclient-mock 0.1.5
[INFO] removed 0 missing tests
[INFO] finished tweaking crates.io crate hclient-mock 0.1.5
[INFO] tweaked toml for crates.io crate hclient-mock 0.1.5 written to /workspace/builds/worker-1-tc1/source/Cargo.toml
[INFO] validating manifest of crates.io crate hclient-mock 0.1.5 on toolchain 1.99.0-beta.8
[INFO] running `Command { std: CARGO_HOME="/workspace/cargo-home" RUSTUP_HOME="/workspace/rustup-home" "/workspace/cargo-home/bin/cargo" "+1.99.0-beta.8" "metadata" "--manifest-path" "Cargo.toml" "--no-deps", kill_on_drop: false }`
[INFO] crate crates.io crate hclient-mock 0.1.5 already has a lockfile, it will not be regenerated
[INFO] running `Command { std: CARGO_HOME="/workspace/cargo-home" RUSTUP_HOME="/workspace/rustup-home" "/workspace/cargo-home/bin/cargo" "+1.99.0-beta.8" "fetch" "--manifest-path" "Cargo.toml", kill_on_drop: false }`
[INFO] [stderr]     Updating crates.io index
[INFO] [stderr]  Downloading crates ...
[INFO] [stderr]   Downloaded hclient-core v0.2.5
[INFO] running `Command { std: "docker" "create" "-v" "/var/lib/crater-agent-workspace/builds/worker-1-tc1/source:/opt/rustwide/workdir:ro,Z" "-v" "/var/lib/crater-agent-workspace/builds/worker-1-tc1/target:/opt/rustwide/target:rw,Z" "-v" "/var/lib/crater-agent-workspace/cargo-home:/opt/rustwide/cargo-home:ro,Z" "-v" "/var/lib/crater-agent-workspace/rustup-home:/opt/rustwide/rustup-home:ro,Z" "-m" "1610612736" "--network" "none" "ghcr.io/rust-lang/crates-build-env/linux@sha256:77db811e55d90add9212f6832c23229e3de5f1c1f9905e8cb07319ea15df73ac" "sleep" "infinity", kill_on_drop: false }`
[INFO] [stdout] ceaf906f6bb9ae5e6a1a6cca1409db38b86885b402f40f81879badbe84f90998
[INFO] running `Command { std: "docker" "start" "ceaf906f6bb9ae5e6a1a6cca1409db38b86885b402f40f81879badbe84f90998", kill_on_drop: false }`
[INFO] running `Command { std: "docker" "inspect" "ceaf906f6bb9ae5e6a1a6cca1409db38b86885b402f40f81879badbe84f90998", kill_on_drop: false }`
[INFO] running `Command { std: "docker" "exec" "-e" "SOURCE_DIR=/opt/rustwide/workdir" "-e" "CARGO_HOME=/opt/rustwide/cargo-home" "-e" "RUSTUP_HOME=/opt/rustwide/rustup-home" "-e" "CARGO_TARGET_DIR=/opt/rustwide/target" "-w" "/opt/rustwide/workdir" "--user" "0:0" "ceaf906f6bb9ae5e6a1a6cca1409db38b86885b402f40f81879badbe84f90998" "/opt/rustwide/cargo-home/bin/cargo" "+1.99.0-beta.8" "metadata" "--no-deps" "--format-version=1", kill_on_drop: false }`
[INFO] running `Command { std: "docker" "inspect" "ceaf906f6bb9ae5e6a1a6cca1409db38b86885b402f40f81879badbe84f90998", kill_on_drop: false }`
[INFO] running `Command { std: "docker" "exec" "-e" "SOURCE_DIR=/opt/rustwide/workdir" "-e" "CARGO_HOME=/opt/rustwide/cargo-home" "-e" "RUSTUP_HOME=/opt/rustwide/rustup-home" "-e" "CARGO_TARGET_DIR=/opt/rustwide/target" "-e" "CARGO_INCREMENTAL=0" "-e" "RUST_BACKTRACE=full" "-e" "RUSTFLAGS=--cap-lints=warn" "-e" "RUSTDOCFLAGS=--cap-lints=warn" "-w" "/opt/rustwide/workdir" "--user" "0:0" "ceaf906f6bb9ae5e6a1a6cca1409db38b86885b402f40f81879badbe84f90998" "/opt/rustwide/cargo-home/bin/cargo" "+1.99.0-beta.8" "build" "--frozen" "--message-format=json" "--release", kill_on_drop: false }`
[INFO] [stderr]    Compiling futures-core v0.3.34
[INFO] [stderr]    Compiling futures-sink v0.3.34
[INFO] [stderr]    Compiling syn v3.0.9
[INFO] [stderr]    Compiling thiserror-impl v2.0.21
[INFO] [stderr]    Compiling thiserror v2.0.21
[INFO] [stderr]    Compiling hclient-core v0.2.5
[INFO] [stderr]    Compiling hclient-mock v0.1.5 (/opt/rustwide/workdir)
[INFO] [stderr]     Finished `release` profile [optimized] target(s) in 5.12s
[INFO] running `Command { std: "docker" "inspect" "ceaf906f6bb9ae5e6a1a6cca1409db38b86885b402f40f81879badbe84f90998", kill_on_drop: false }`
[INFO] running `Command { std: "docker" "exec" "-e" "SOURCE_DIR=/opt/rustwide/workdir" "-e" "CARGO_HOME=/opt/rustwide/cargo-home" "-e" "RUSTUP_HOME=/opt/rustwide/rustup-home" "-e" "CARGO_TARGET_DIR=/opt/rustwide/target" "-e" "CARGO_INCREMENTAL=0" "-e" "RUST_BACKTRACE=full" "-e" "RUSTFLAGS=--cap-lints=warn" "-e" "RUSTDOCFLAGS=--cap-lints=warn" "-w" "/opt/rustwide/workdir" "--user" "0:0" "ceaf906f6bb9ae5e6a1a6cca1409db38b86885b402f40f81879badbe84f90998" "/opt/rustwide/cargo-home/bin/cargo" "+1.99.0-beta.8" "test" "--frozen" "--no-run" "--message-format=json" "--release", kill_on_drop: false }`
[INFO] [stderr]    Compiling serde_core v1.0.229
[INFO] [stderr]    Compiling futures-util v0.3.34
[INFO] [stderr]    Compiling http-body-util v0.1.5
[INFO] [stderr]    Compiling hclient-core v0.2.5
[INFO] [stderr]    Compiling hclient-mock v0.1.5 (/opt/rustwide/workdir)
[INFO] [stderr]    Compiling futures-executor v0.3.34
[INFO] [stderr]    Compiling serde_json v1.0.154
[INFO] [stderr]     Finished `release` profile [optimized] target(s) in 8.39s
[INFO] running `Command { std: "docker" "inspect" "ceaf906f6bb9ae5e6a1a6cca1409db38b86885b402f40f81879badbe84f90998", kill_on_drop: false }`
[INFO] running `Command { std: "docker" "exec" "-e" "SOURCE_DIR=/opt/rustwide/workdir" "-e" "CARGO_HOME=/opt/rustwide/cargo-home" "-e" "RUSTUP_HOME=/opt/rustwide/rustup-home" "-e" "CARGO_TARGET_DIR=/opt/rustwide/target" "-e" "CARGO_INCREMENTAL=0" "-e" "RUST_BACKTRACE=full" "-e" "RUSTFLAGS=--cap-lints=warn" "-e" "RUSTDOCFLAGS=--cap-lints=warn" "-w" "/opt/rustwide/workdir" "--user" "0:0" "ceaf906f6bb9ae5e6a1a6cca1409db38b86885b402f40f81879badbe84f90998" "/opt/rustwide/cargo-home/bin/cargo" "+1.99.0-beta.8" "test" "--frozen" "--release", kill_on_drop: false }`
[INFO] [stderr]     Finished `release` profile [optimized] target(s) in 0.04s
[INFO] [stderr]      Running unittests src/lib.rs (/opt/rustwide/target/release/deps/hclient_mock-3608befe0351277e)
[INFO] [stdout] 
[INFO] [stdout] running 12 tests
[INFO] [stdout] test tests::errors_when_the_queue_is_empty ... ok
[INFO] [stdout] test tests::records_headers_that_differ_from_defaults_too ... ok
[INFO] [stdout] test tests::body_size_hint_distinguishes_empty_from_populated ... ok
[INFO] [stdout] test tests::test_timer_now_and_elapsed_since_track_the_virtual_clock ... ok
[INFO] [stdout] test tests::test_timer_sleep_resolves_immediately_without_real_waiting ... ok
[INFO] [stdout] test tests::with_capabilities_overrides_the_default_none ... ok
[INFO] [stdout] test tests::test_timer_records_every_sleep_call_in_order ... ok
[INFO] [stdout] test tests::multi_frame_response_yields_frames_separately_not_concatenated ... ok
[INFO] [stderr]      Running tests/recording.rs (/opt/rustwide/target/release/deps/recording-3736e4389f1dcacd)
[INFO] [stdout] test tests::extensions_round_trip_through_the_recording_so_timeouts_survive ... ok
[INFO] [stdout] test tests::records_requests_and_replays_queued_responses ... ok
[INFO] [stdout] test tests::responses_replay_in_fifo_order ... ok
[INFO] [stdout] test tests::test_timer_clones_share_the_same_recording ... ok
[INFO] [stdout] 
[INFO] [stdout] test result: ok. 12 passed; 0 failed; 0 ignored; 0 measured; 0 filtered out; finished in 0.00s
[INFO] [stdout] 
[INFO] [stdout] 
[INFO] [stdout] running 8 tests
[INFO] [stdout] test a_full_body_is_recorded_and_an_empty_one_is_distinguishable_from_it ... ok
[INFO] [stdout] test a_response_body_can_be_built_at_run_time ... ok
[INFO] [stdout] test clone_shares_the_queue_and_the_log ... ok
[INFO] [stdout] test queued_counts_what_is_left_rather_than_what_was_used ... ok
[INFO] [stdout] test recording_a_rewindable_body_does_not_call_its_factory ... ok
[INFO] [stdout] test a_streaming_body_is_refused_rather_than_recorded_as_empty ... ok
[INFO] [stdout] test a_rewindable_body_is_equal_to_nothing_including_itself ... ok
[INFO] [stdout] test a_rewindable_body_answers_none_to_the_accessors_that_promise_not_to_call ... ok
[INFO] [stdout] 
[INFO] [stdout] test result: ok. 8 passed; 0 failed; 0 ignored; 0 measured; 0 filtered out; finished in 0.00s
[INFO] [stdout] 
[INFO] [stderr]    Doc-tests hclient_mock
[INFO] [stdout] 
[INFO] [stdout] running 4 tests
[INFO] [stdout] test src/lib.rs - (line 12) ... FAILED
[INFO] [stdout] test src/lib.rs - MockTransport (line 388) ... ok
[INFO] [stdout] test src/lib.rs - RecordedRequest (line 125) ... ok
[INFO] [stdout] test src/lib.rs - TestTimer (line 817) ... ok
[INFO] [stdout] 
[INFO] [stdout] failures:
[INFO] [stdout] 
[INFO] [stdout] ---- src/lib.rs - (line 12) stdout ----
[INFO] [stdout] error[E0433]: cannot find module or crate `hclient` in this scope
[INFO] [stdout]   --> src/lib.rs:22:14
[INFO] [stdout]    |
[INFO] [stdout] 22 | let client = hclient::Client::builder(mock.clone()).build()?;
[INFO] [stdout]    |              ^^^^^^^ use of unresolved module or unlinked crate `hclient`
[INFO] [stdout]    |
[INFO] [stdout]    = help: if you wanted to use a crate named `hclient`, use `cargo add hclient` to add it to your `Cargo.toml`
[INFO] [stdout] 
[INFO] [stdout] warning: method call on a diverging inference variable
[INFO] [stdout]   --> src/lib.rs:28:6
[INFO] [stdout]    |
[INFO] [stdout] 28 |     .collect().await?;
[INFO] [stdout]    |      ^^^^^^^
[INFO] [stdout]    |
[INFO] [stdout]    = help: consider providing a type annotation
[INFO] [stdout]    = warning: this was previously accepted by the compiler but is being phased out; it will become a hard error in a future release!
[INFO] [stdout]    = note: for more information, see issue #156047 <https://github.com/rust-lang/rust/issues/156047>
[INFO] [stdout]    = note: `#[warn(method_call_on_diverging_infer_var)]` (part of `#[warn(future_incompatible)]`) on by default
[INFO] [stdout] 
[INFO] [stdout] error[E0277]: `!` is not an iterator
[INFO] [stdout]   --> src/lib.rs:28:6
[INFO] [stdout]    |
[INFO] [stdout] 28 |     .collect().await?;
[INFO] [stdout]    |      ^^^^^^^ `!` is not an iterator
[INFO] [stdout]    |
[INFO] [stdout]    = help: the trait `Iterator` is not implemented for `!`
[INFO] [stdout] 
[INFO] [stdout] error[E0277]: `!` is not an iterator
[INFO] [stdout]   --> src/lib.rs:25:12
[INFO] [stdout]    |
[INFO] [stdout] 25 |   let body = client.post("https://api.test/users")
[INFO] [stdout]    |  ____________^
[INFO] [stdout] 26 | |     .json(&serde_json::json!({ "name": "alice" }))
[INFO] [stdout] 27 | |     .send().await?
[INFO] [stdout] 28 | |     .collect().await?;
[INFO] [stdout]    | |______________^ `!` is not an iterator
[INFO] [stdout]    |
[INFO] [stdout]    = help: the trait `Iterator` is not implemented for `!`
[INFO] [stdout] 
[INFO] [stdout] warning: method call on a diverging inference variable
[INFO] [stdout]   --> src/lib.rs:29:17
[INFO] [stdout]    |
[INFO] [stdout] 29 | assert_eq!(body.status(), 200);
[INFO] [stdout]    |                 ^^^^^^
[INFO] [stdout]    |
[INFO] [stdout]    = help: consider providing a type annotation
[INFO] [stdout]    = warning: this was previously accepted by the compiler but is being phased out; it will become a hard error in a future release!
[INFO] [stdout]    = note: for more information, see issue #156047 <https://github.com/rust-lang/rust/issues/156047>
[INFO] [stdout] 
[INFO] [stdout] error[E0599]: no method named `status` found for type `!` in the current scope
[INFO] [stdout]   --> src/lib.rs:29:17
[INFO] [stdout]    |
[INFO] [stdout] 29 | assert_eq!(body.status(), 200);
[INFO] [stdout]    |                 ^^^^^^ method not found in `!`
[INFO] [stdout] 
[INFO] [stdout] error: aborting due to 4 previous errors; 2 warnings emitted
[INFO] [stdout] 
[INFO] [stdout] Some errors have detailed explanations: E0277, E0433, E0599.
[INFO] [stdout] For more information about an error, try `rustc --explain E0277`.
[INFO] [stdout] Couldn't compile the test.
[INFO] [stdout] 
[INFO] [stdout] failures:
[INFO] [stdout]     src/lib.rs - (line 12)
[INFO] [stdout] 
[INFO] [stdout] test result: FAILED. 3 passed; 1 failed; 0 ignored; 0 measured; 0 filtered out; finished in 0.48s
[INFO] [stdout] 
[INFO] [stdout] all doctests ran in 0.68s; merged doctests compilation took 0.19s
[INFO] [stderr] error: doctest failed, to rerun pass `--doc`
[INFO] running `Command { std: "docker" "inspect" "ceaf906f6bb9ae5e6a1a6cca1409db38b86885b402f40f81879badbe84f90998", kill_on_drop: false }`
[INFO] running `Command { std: "docker" "rm" "-f" "ceaf906f6bb9ae5e6a1a6cca1409db38b86885b402f40f81879badbe84f90998", kill_on_drop: false }`
[INFO] [stdout] ceaf906f6bb9ae5e6a1a6cca1409db38b86885b402f40f81879badbe84f90998
