[INFO] fetching crate hclient-fetch 0.1.0-alpha.17...
[INFO] testing hclient-fetch-0.1.0-alpha.17 against 1.100.0-beta.1+cargoflags=--release for beta-release-1.100-2
[INFO] extracting crate hclient-fetch 0.1.0-alpha.17 into /workspace/builds/worker-6-tc2/source
[INFO] started tweaking crates.io crate hclient-fetch 0.1.0-alpha.17
[INFO] removed 0 missing tests
[INFO] finished tweaking crates.io crate hclient-fetch 0.1.0-alpha.17
[INFO] tweaked toml for crates.io crate hclient-fetch 0.1.0-alpha.17 written to /workspace/builds/worker-6-tc2/source/Cargo.toml
[INFO] validating manifest of crates.io crate hclient-fetch 0.1.0-alpha.17 on toolchain 1.100.0-beta.1
[INFO] running `Command { std: CARGO_HOME="/workspace/cargo-home" RUSTUP_HOME="/workspace/rustup-home" "/workspace/cargo-home/bin/cargo" "+1.100.0-beta.1" "metadata" "--manifest-path" "Cargo.toml" "--no-deps", kill_on_drop: false }`
[INFO] crate crates.io crate hclient-fetch 0.1.0-alpha.17 already has a lockfile, it will not be regenerated
[INFO] running `Command { std: CARGO_HOME="/workspace/cargo-home" RUSTUP_HOME="/workspace/rustup-home" "/workspace/cargo-home/bin/cargo" "+1.100.0-beta.1" "fetch" "--manifest-path" "Cargo.toml", kill_on_drop: false }`
[INFO] running `Command { std: "docker" "create" "-v" "/var/lib/crater-agent-workspace/builds/worker-6-tc2/source:/opt/rustwide/workdir:ro,Z" "-v" "/var/lib/crater-agent-workspace/builds/worker-6-tc2/target:/opt/rustwide/target:rw,Z" "-v" "/var/lib/crater-agent-workspace/cargo-home:/opt/rustwide/cargo-home:ro,Z" "-v" "/var/lib/crater-agent-workspace/rustup-home:/opt/rustwide/rustup-home:ro,Z" "-m" "1610612736" "--network" "none" "ghcr.io/rust-lang/crates-build-env/linux@sha256:77db811e55d90add9212f6832c23229e3de5f1c1f9905e8cb07319ea15df73ac" "sleep" "infinity", kill_on_drop: false }`
[INFO] [stdout] cdae973ff6524c67b21e2bf6b1d39f7928222dc488cdb57b7a03619ec12357b6
[INFO] running `Command { std: "docker" "start" "cdae973ff6524c67b21e2bf6b1d39f7928222dc488cdb57b7a03619ec12357b6", kill_on_drop: false }`
[INFO] running `Command { std: "docker" "inspect" "cdae973ff6524c67b21e2bf6b1d39f7928222dc488cdb57b7a03619ec12357b6", kill_on_drop: false }`
[INFO] running `Command { std: "docker" "exec" "-e" "SOURCE_DIR=/opt/rustwide/workdir" "-e" "CARGO_HOME=/opt/rustwide/cargo-home" "-e" "RUSTUP_HOME=/opt/rustwide/rustup-home" "-e" "CARGO_TARGET_DIR=/opt/rustwide/target" "-w" "/opt/rustwide/workdir" "--user" "0:0" "cdae973ff6524c67b21e2bf6b1d39f7928222dc488cdb57b7a03619ec12357b6" "/opt/rustwide/cargo-home/bin/cargo" "+1.100.0-beta.1" "metadata" "--no-deps" "--format-version=1", kill_on_drop: false }`
[INFO] running `Command { std: "docker" "inspect" "cdae973ff6524c67b21e2bf6b1d39f7928222dc488cdb57b7a03619ec12357b6", kill_on_drop: false }`
[INFO] running `Command { std: "docker" "exec" "-e" "SOURCE_DIR=/opt/rustwide/workdir" "-e" "CARGO_HOME=/opt/rustwide/cargo-home" "-e" "RUSTUP_HOME=/opt/rustwide/rustup-home" "-e" "CARGO_TARGET_DIR=/opt/rustwide/target" "-e" "CARGO_INCREMENTAL=0" "-e" "RUST_BACKTRACE=full" "-e" "RUSTFLAGS=--cap-lints=warn" "-e" "RUSTDOCFLAGS=--cap-lints=warn" "-w" "/opt/rustwide/workdir" "--user" "0:0" "cdae973ff6524c67b21e2bf6b1d39f7928222dc488cdb57b7a03619ec12357b6" "/opt/rustwide/cargo-home/bin/cargo" "+1.100.0-beta.1" "build" "--frozen" "--message-format=json" "--release", kill_on_drop: false }`
[INFO] [stderr]    Compiling futures-core v0.3.34
[INFO] [stderr]    Compiling once_cell v1.21.4
[INFO] [stderr]    Compiling syn v3.0.9
[INFO] [stderr]    Compiling futures-channel v0.3.34
[INFO] [stderr]    Compiling wasm-bindgen-macro-support v0.2.129
[INFO] [stderr]    Compiling futures-macro v0.3.34
[INFO] [stderr]    Compiling thiserror-impl v2.0.21
[INFO] [stderr]    Compiling futures-util v0.3.34
[INFO] [stderr]    Compiling thiserror v2.0.21
[INFO] [stderr]    Compiling hclient-core v0.2.5
[INFO] [stderr]    Compiling wasm-bindgen-macro v0.2.129
[INFO] [stderr]    Compiling wasm-bindgen v0.2.129
[INFO] [stderr]    Compiling js-sys v0.3.106
[INFO] [stderr]    Compiling wasm-bindgen-futures v0.4.79
[INFO] [stderr]    Compiling web-sys v0.3.106
[INFO] [stderr]    Compiling wasm-streams v0.7.0
[INFO] [stderr]    Compiling hclient-fetch v0.1.0-alpha.17 (/opt/rustwide/workdir)
[INFO] [stderr]     Finished `release` profile [optimized] target(s) in 28.21s
[INFO] running `Command { std: "docker" "inspect" "cdae973ff6524c67b21e2bf6b1d39f7928222dc488cdb57b7a03619ec12357b6", kill_on_drop: false }`
[INFO] running `Command { std: "docker" "exec" "-e" "SOURCE_DIR=/opt/rustwide/workdir" "-e" "CARGO_HOME=/opt/rustwide/cargo-home" "-e" "RUSTUP_HOME=/opt/rustwide/rustup-home" "-e" "CARGO_TARGET_DIR=/opt/rustwide/target" "-e" "CARGO_INCREMENTAL=0" "-e" "RUST_BACKTRACE=full" "-e" "RUSTFLAGS=--cap-lints=warn" "-e" "RUSTDOCFLAGS=--cap-lints=warn" "-w" "/opt/rustwide/workdir" "--user" "0:0" "cdae973ff6524c67b21e2bf6b1d39f7928222dc488cdb57b7a03619ec12357b6" "/opt/rustwide/cargo-home/bin/cargo" "+1.100.0-beta.1" "test" "--frozen" "--no-run" "--message-format=json" "--release", kill_on_drop: false }`
[INFO] [stderr]    Compiling serde_core v1.0.229
[INFO] [stderr]    Compiling serde_json v1.0.154
[INFO] [stderr]    Compiling serde v1.0.229
[INFO] [stderr]    Compiling num-traits v0.2.19
[INFO] [stderr]    Compiling wasm-bindgen-test-shared v0.2.129
[INFO] [stderr]    Compiling serde_derive v1.0.229
[INFO] [stderr]    Compiling wasm-bindgen-test-macro v0.3.79
[INFO] [stderr]    Compiling async-trait v0.1.92
[INFO] [stderr]    Compiling web-sys v0.3.106
[INFO] [stderr]    Compiling wasm-streams v0.7.0
[INFO] [stderr]    Compiling wasm-bindgen-test v0.3.79
[INFO] [stderr]    Compiling hclient-fetch v0.1.0-alpha.17 (/opt/rustwide/workdir)
[INFO] [stderr]     Finished `release` profile [optimized] target(s) in 15.97s
[INFO] running `Command { std: "docker" "inspect" "cdae973ff6524c67b21e2bf6b1d39f7928222dc488cdb57b7a03619ec12357b6", kill_on_drop: false }`
[INFO] running `Command { std: "docker" "exec" "-e" "SOURCE_DIR=/opt/rustwide/workdir" "-e" "CARGO_HOME=/opt/rustwide/cargo-home" "-e" "RUSTUP_HOME=/opt/rustwide/rustup-home" "-e" "CARGO_TARGET_DIR=/opt/rustwide/target" "-e" "CARGO_INCREMENTAL=0" "-e" "RUST_BACKTRACE=full" "-e" "RUSTFLAGS=--cap-lints=warn" "-e" "RUSTDOCFLAGS=--cap-lints=warn" "-w" "/opt/rustwide/workdir" "--user" "0:0" "cdae973ff6524c67b21e2bf6b1d39f7928222dc488cdb57b7a03619ec12357b6" "/opt/rustwide/cargo-home/bin/cargo" "+1.100.0-beta.1" "test" "--frozen" "--release", kill_on_drop: false }`
[INFO] [stderr]     Finished `release` profile [optimized] target(s) in 0.11s
[INFO] [stderr]      Running unittests src/lib.rs (/opt/rustwide/target/release/build/hclient-fetch/e7306a17d0cc510e/out/hclient_fetch-e7306a17d0cc510e)
[INFO] [stdout] 
[INFO] [stdout] running 5 tests
[INFO] [stdout] test body::tests::an_error_is_delivered_and_is_terminal ... ok
[INFO] [stdout] test body::tests::dropping_a_producing_body_stops_the_pump ... ok
[INFO] [stdout] test body::tests::dropping_a_body_whose_read_will_never_answer_still_cancels ... ok
[INFO] [stdout] test body::tests::frames_arrive_in_order_and_then_the_body_ends ... ok
[INFO] [stdout] test body::tests::an_empty_body_needs_no_pump_at_all ... ok
[INFO] [stderr]      Running tests/body.rs (/opt/rustwide/target/release/build/hclient-fetch/670b2da6ebe8a0a2/out/body-670b2da6ebe8a0a2)
[INFO] [stdout] 
[INFO] [stdout] test result: ok. 5 passed; 0 failed; 0 ignored; 0 measured; 0 filtered out; finished in 0.00s
[INFO] [stdout] 
[INFO] [stdout] 
[INFO] [stderr]      Running tests/caps.rs (/opt/rustwide/target/release/build/hclient-fetch/f959655db8a22e1d/out/caps-f959655db8a22e1d)
[INFO] [stdout] running 0 tests
[INFO] [stdout] 
[INFO] [stdout] test result: ok. 0 passed; 0 failed; 0 ignored; 0 measured; 0 filtered out; finished in 0.00s
[INFO] [stdout] 
[INFO] [stderr]      Running tests/convert.rs (/opt/rustwide/target/release/build/hclient-fetch/c1d26a2483e10dd7/out/convert-c1d26a2483e10dd7)
[INFO] [stdout] 
[INFO] [stdout] running 0 tests
[INFO] [stdout] 
[INFO] [stdout] test result: ok. 0 passed; 0 failed; 0 ignored; 0 measured; 0 filtered out; finished in 0.00s
[INFO] [stdout] 
[INFO] [stdout] 
[INFO] [stderr]      Running tests/deliver.rs (/opt/rustwide/target/release/build/hclient-fetch/042d778fb98793d6/out/deliver-042d778fb98793d6)
[INFO] [stdout] running 0 tests
[INFO] [stdout] 
[INFO] [stdout] test result: ok. 0 passed; 0 failed; 0 ignored; 0 measured; 0 filtered out; finished in 0.00s
[INFO] [stdout] 
[INFO] [stdout] 
[INFO] [stdout] running 0 tests
[INFO] [stdout] 
[INFO] [stdout] test result: ok. 0 passed; 0 failed; 0 ignored; 0 measured; 0 filtered out; finished in 0.00s
[INFO] [stdout] 
[INFO] [stderr]      Running tests/hooks.rs (/opt/rustwide/target/release/build/hclient-fetch/9dd8220b86ec911b/out/hooks-9dd8220b86ec911b)
[INFO] [stderr]      Running tests/hooks_cost.rs (/opt/rustwide/target/release/build/hclient-fetch/8dfe24fa3fa4ef81/out/hooks_cost-8dfe24fa3fa4ef81)
[INFO] [stdout] 
[INFO] [stdout] running 0 tests
[INFO] [stdout] 
[INFO] [stdout] test result: ok. 0 passed; 0 failed; 0 ignored; 0 measured; 0 filtered out; finished in 0.00s
[INFO] [stdout] 
[INFO] [stdout] 
[INFO] [stdout] running 0 tests
[INFO] [stdout] 
[INFO] [stdout] test result: ok. 0 passed; 0 failed; 0 ignored; 0 measured; 0 filtered out; finished in 0.00s
[INFO] [stdout] 
[INFO] [stderr]      Running tests/hooks_timing.rs (/opt/rustwide/target/release/build/hclient-fetch/ba5c38200b8af020/out/hooks_timing-ba5c38200b8af020)
[INFO] [stdout] 
[INFO] [stdout] running 0 tests
[INFO] [stdout] 
[INFO] [stdout] test result: ok. 0 passed; 0 failed; 0 ignored; 0 measured; 0 filtered out; finished in 0.00s
[INFO] [stdout] 
[INFO] [stderr]      Running tests/opts.rs (/opt/rustwide/target/release/build/hclient-fetch/d65c4531d4dc5ed2/out/opts-d65c4531d4dc5ed2)
[INFO] [stdout] 
[INFO] [stdout] running 0 tests
[INFO] [stdout] 
[INFO] [stdout] test result: ok. 0 passed; 0 failed; 0 ignored; 0 measured; 0 filtered out; finished in 0.00s
[INFO] [stdout] 
[INFO] [stderr]      Running tests/promise.rs (/opt/rustwide/target/release/build/hclient-fetch/fc030460a56762dc/out/promise-fc030460a56762dc)
[INFO] [stdout] 
[INFO] [stdout] running 0 tests
[INFO] [stdout] 
[INFO] [stdout] test result: ok. 0 passed; 0 failed; 0 ignored; 0 measured; 0 filtered out; finished in 0.00s
[INFO] [stdout] 
[INFO] [stderr]      Running tests/timer.rs (/opt/rustwide/target/release/build/hclient-fetch/deef619d51ae5302/out/timer-deef619d51ae5302)
[INFO] [stdout] 
[INFO] [stdout] running 0 tests
[INFO] [stdout] 
[INFO] [stdout] test result: ok. 0 passed; 0 failed; 0 ignored; 0 measured; 0 filtered out; finished in 0.00s
[INFO] [stdout] 
[INFO] [stderr]      Running tests/transport.rs (/opt/rustwide/target/release/build/hclient-fetch/67322ed4d006ee81/out/transport-67322ed4d006ee81)
[INFO] [stdout] 
[INFO] [stdout] running 0 tests
[INFO] [stdout] 
[INFO] [stderr]      Running tests/websocket.rs (/opt/rustwide/target/release/build/hclient-fetch/45b2a5a85b4fa741/out/websocket-45b2a5a85b4fa741)
[INFO] [stdout] test result: ok. 0 passed; 0 failed; 0 ignored; 0 measured; 0 filtered out; finished in 0.00s
[INFO] [stdout] 
[INFO] [stderr]    Doc-tests hclient_fetch
[INFO] [stdout] 
[INFO] [stdout] running 0 tests
[INFO] [stdout] 
[INFO] [stdout] test result: ok. 0 passed; 0 failed; 0 ignored; 0 measured; 0 filtered out; finished in 0.00s
[INFO] [stdout] 
[INFO] [stdout] 
[INFO] [stdout] running 5 tests
[INFO] [stdout] test src/lib.rs - (line 10) - compile ... FAILED
[INFO] [stdout] test src/lib.rs - Fetch<H>::opts (line 222) - compile ... ok
[INFO] [stdout] test src/timer.rs - timer::BrowserClock (line 64) - compile ... ok
[INFO] [stdout] test src/websocket.rs - websocket::FetchWebSocket (line 477) - compile ... ok
[INFO] [stdout] test src/body.rs - body::Body (line 134) ... ok
[INFO] [stdout] 
[INFO] [stdout] failures:
[INFO] [stdout] 
[INFO] [stdout] ---- src/lib.rs - (line 10) stdout ----
[INFO] [stdout] error[E0433]: cannot find module or crate `hclient` in this scope
[INFO] [stdout]   --> src/lib.rs:15:14
[INFO] [stdout]    |
[INFO] [stdout] 15 | let client = hclient::Client::builder(Fetch::new()).build()?;
[INFO] [stdout]    |              ^^^^^^^ use of unresolved module or unlinked crate `hclient`
[INFO] [stdout]    |
[INFO] [stdout]    = help: if you wanted to use a crate named `hclient`, use `cargo add hclient` to add it to your `Cargo.toml`
[INFO] [stdout] 
[INFO] [stdout] error: aborting due to 1 previous error
[INFO] [stdout] 
[INFO] [stdout] For more information about this error, try `rustc --explain E0433`.
[INFO] [stdout] Couldn't compile the test.
[INFO] [stdout] 
[INFO] [stdout] failures:
[INFO] [stdout]     src/lib.rs - (line 10)
[INFO] [stdout] 
[INFO] [stdout] test result: FAILED. 4 passed; 1 failed; 0 ignored; 0 measured; 0 filtered out; finished in 0.42s
[INFO] [stdout] 
[INFO] [stdout] all doctests ran in 0.57s; merged doctests compilation took 0.15s
[INFO] [stderr] error: doctest failed, to rerun pass `--doc`
[INFO] running `Command { std: "docker" "inspect" "cdae973ff6524c67b21e2bf6b1d39f7928222dc488cdb57b7a03619ec12357b6", kill_on_drop: false }`
[INFO] running `Command { std: "docker" "rm" "-f" "cdae973ff6524c67b21e2bf6b1d39f7928222dc488cdb57b7a03619ec12357b6", kill_on_drop: false }`
[INFO] [stdout] cdae973ff6524c67b21e2bf6b1d39f7928222dc488cdb57b7a03619ec12357b6
