[INFO] fetching crate hce-ffi 0.1.2...
[INFO] testing hce-ffi-0.1.2 against 1.99.0-beta.8+cargoflags=--release for beta-release-1.100-2
[INFO] extracting crate hce-ffi 0.1.2 into /workspace/builds/worker-7-tc1/source
[INFO] started tweaking crates.io crate hce-ffi 0.1.2
[INFO] removed 0 missing tests
[INFO] finished tweaking crates.io crate hce-ffi 0.1.2
[INFO] tweaked toml for crates.io crate hce-ffi 0.1.2 written to /workspace/builds/worker-7-tc1/source/Cargo.toml
[INFO] validating manifest of crates.io crate hce-ffi 0.1.2 on toolchain 1.99.0-beta.8
[INFO] running `Command { std: CARGO_HOME="/workspace/cargo-home" RUSTUP_HOME="/workspace/rustup-home" "/workspace/cargo-home/bin/cargo" "+1.99.0-beta.8" "metadata" "--manifest-path" "Cargo.toml" "--no-deps", kill_on_drop: false }`
[INFO] crate crates.io crate hce-ffi 0.1.2 already has a lockfile, it will not be regenerated
[INFO] running `Command { std: CARGO_HOME="/workspace/cargo-home" RUSTUP_HOME="/workspace/rustup-home" "/workspace/cargo-home/bin/cargo" "+1.99.0-beta.8" "fetch" "--manifest-path" "Cargo.toml", kill_on_drop: false }`
[INFO] [stderr]     Updating crates.io index
[INFO] [stderr]  Downloading crates ...
[INFO] [stderr]   Downloaded hce-adapters v0.1.2
[INFO] [stderr]   Downloaded hce-fpe v0.1.2
[INFO] [stderr]   Downloaded hce-core v0.1.2
[INFO] running `Command { std: "docker" "create" "-v" "/var/lib/crater-agent-workspace/builds/worker-7-tc1/source:/opt/rustwide/workdir:ro,Z" "-v" "/var/lib/crater-agent-workspace/builds/worker-7-tc1/target:/opt/rustwide/target:rw,Z" "-v" "/var/lib/crater-agent-workspace/cargo-home:/opt/rustwide/cargo-home:ro,Z" "-v" "/var/lib/crater-agent-workspace/rustup-home:/opt/rustwide/rustup-home:ro,Z" "-m" "1610612736" "--network" "none" "ghcr.io/rust-lang/crates-build-env/linux@sha256:77db811e55d90add9212f6832c23229e3de5f1c1f9905e8cb07319ea15df73ac" "sleep" "infinity", kill_on_drop: false }`
[INFO] [stdout] 2edd9dfad482b835c1eec85eba1c3efd4691dff7075c813e0c7ab77bd9e82198
[INFO] running `Command { std: "docker" "start" "2edd9dfad482b835c1eec85eba1c3efd4691dff7075c813e0c7ab77bd9e82198", kill_on_drop: false }`
[INFO] running `Command { std: "docker" "inspect" "2edd9dfad482b835c1eec85eba1c3efd4691dff7075c813e0c7ab77bd9e82198", kill_on_drop: false }`
[INFO] running `Command { std: "docker" "exec" "-e" "SOURCE_DIR=/opt/rustwide/workdir" "-e" "CARGO_HOME=/opt/rustwide/cargo-home" "-e" "RUSTUP_HOME=/opt/rustwide/rustup-home" "-e" "CARGO_TARGET_DIR=/opt/rustwide/target" "-w" "/opt/rustwide/workdir" "--user" "0:0" "2edd9dfad482b835c1eec85eba1c3efd4691dff7075c813e0c7ab77bd9e82198" "/opt/rustwide/cargo-home/bin/cargo" "+1.99.0-beta.8" "metadata" "--no-deps" "--format-version=1", kill_on_drop: false }`
[INFO] running `Command { std: "docker" "inspect" "2edd9dfad482b835c1eec85eba1c3efd4691dff7075c813e0c7ab77bd9e82198", kill_on_drop: false }`
[INFO] running `Command { std: "docker" "exec" "-e" "SOURCE_DIR=/opt/rustwide/workdir" "-e" "CARGO_HOME=/opt/rustwide/cargo-home" "-e" "RUSTUP_HOME=/opt/rustwide/rustup-home" "-e" "CARGO_TARGET_DIR=/opt/rustwide/target" "-e" "CARGO_INCREMENTAL=0" "-e" "RUST_BACKTRACE=full" "-e" "RUSTFLAGS=--cap-lints=warn" "-e" "RUSTDOCFLAGS=--cap-lints=warn" "-w" "/opt/rustwide/workdir" "--user" "0:0" "2edd9dfad482b835c1eec85eba1c3efd4691dff7075c813e0c7ab77bd9e82198" "/opt/rustwide/cargo-home/bin/cargo" "+1.99.0-beta.8" "build" "--frozen" "--message-format=json" "--release", kill_on_drop: false }`
[INFO] [stderr]    Compiling proc-macro2 v1.0.106
[INFO] [stderr]    Compiling quote v1.0.45
[INFO] [stderr]    Compiling zmij v1.0.21
[INFO] [stderr]    Compiling memchr v2.8.2
[INFO] [stderr]    Compiling hybrid-array v0.4.12
[INFO] [stderr]    Compiling serde_core v1.0.228
[INFO] [stderr]    Compiling ctutils v0.4.2
[INFO] [stderr]    Compiling serde_json v1.0.150
[INFO] [stderr]    Compiling chacha20 v0.10.0
[INFO] [stderr]    Compiling zeroize v1.9.0
[INFO] [stderr]    Compiling rand v0.10.1
[INFO] [stderr]    Compiling block-buffer v0.12.1
[INFO] [stderr]    Compiling crypto-common v0.2.2
[INFO] [stderr]    Compiling syn v2.0.118
[INFO] [stderr]    Compiling digest v0.11.3
[INFO] [stderr]    Compiling hmac v0.13.0
[INFO] [stderr]    Compiling sha2 v0.11.0
[INFO] [stderr]    Compiling serde_derive v1.0.228
[INFO] [stderr]    Compiling hce-core v0.1.2
[INFO] [stderr]    Compiling serde v1.0.228
[INFO] [stderr]    Compiling hce-adapters v0.1.2
[INFO] [stderr]    Compiling hce-fpe v0.1.2
[INFO] [stderr]    Compiling hce-ffi v0.1.2 (/opt/rustwide/workdir)
[INFO] [stderr]     Finished `release` profile [optimized] target(s) in 14.45s
[INFO] running `Command { std: "docker" "inspect" "2edd9dfad482b835c1eec85eba1c3efd4691dff7075c813e0c7ab77bd9e82198", kill_on_drop: false }`
[INFO] running `Command { std: "docker" "exec" "-e" "SOURCE_DIR=/opt/rustwide/workdir" "-e" "CARGO_HOME=/opt/rustwide/cargo-home" "-e" "RUSTUP_HOME=/opt/rustwide/rustup-home" "-e" "CARGO_TARGET_DIR=/opt/rustwide/target" "-e" "CARGO_INCREMENTAL=0" "-e" "RUST_BACKTRACE=full" "-e" "RUSTFLAGS=--cap-lints=warn" "-e" "RUSTDOCFLAGS=--cap-lints=warn" "-w" "/opt/rustwide/workdir" "--user" "0:0" "2edd9dfad482b835c1eec85eba1c3efd4691dff7075c813e0c7ab77bd9e82198" "/opt/rustwide/cargo-home/bin/cargo" "+1.99.0-beta.8" "test" "--frozen" "--no-run" "--message-format=json" "--release", kill_on_drop: false }`
[INFO] [stderr]    Compiling hce-ffi v0.1.2 (/opt/rustwide/workdir)
[INFO] [stderr]     Finished `release` profile [optimized] target(s) in 1.90s
[INFO] running `Command { std: "docker" "inspect" "2edd9dfad482b835c1eec85eba1c3efd4691dff7075c813e0c7ab77bd9e82198", kill_on_drop: false }`
[INFO] running `Command { std: "docker" "exec" "-e" "SOURCE_DIR=/opt/rustwide/workdir" "-e" "CARGO_HOME=/opt/rustwide/cargo-home" "-e" "RUSTUP_HOME=/opt/rustwide/rustup-home" "-e" "CARGO_TARGET_DIR=/opt/rustwide/target" "-e" "CARGO_INCREMENTAL=0" "-e" "RUST_BACKTRACE=full" "-e" "RUSTFLAGS=--cap-lints=warn" "-e" "RUSTDOCFLAGS=--cap-lints=warn" "-w" "/opt/rustwide/workdir" "--user" "0:0" "2edd9dfad482b835c1eec85eba1c3efd4691dff7075c813e0c7ab77bd9e82198" "/opt/rustwide/cargo-home/bin/cargo" "+1.99.0-beta.8" "test" "--frozen" "--release", kill_on_drop: false }`
[INFO] [stderr]     Finished `release` profile [optimized] target(s) in 0.05s
[INFO] [stderr]      Running unittests src/lib.rs (/opt/rustwide/target/release/deps/hce_ffi-ad3c5fb6f88b0777)
[INFO] [stdout] 
[INFO] [stdout] running 19 tests
[INFO] [stdout] test tests::builtin_cipher_kind_roundtrip ... ok
[INFO] [stdout] test tests::bit_width_64 ... ok
[INFO] [stdout] test tests::chunk_fixed_roundtrip ... ok
[INFO] [stdout] test tests::custom_cipher_roundtrip ... ok
[INFO] [stdout] test tests::new_destroy ... ok
[INFO] [stdout] test tests::plain_roundtrip ... ok
[INFO] [stdout] test tests::custom_cipher_produces_different_output ... ok
[INFO] [stdout] test tests::recover_corrected ... ok
[INFO] [stdout] test tests::error_strings_return_valid ... ok
[INFO] [stdout] test tests::lower_case_output ... ok
[INFO] [stdout] test tests::custom_cipher_128bit ... ok
[INFO] [stdout] test tests::custom_cipher_null_vtable ... ok
[INFO] [stdout] test tests::null_params_return_errors ... ok
[INFO] [stdout] test tests::none_chunk_no_hyphens ... ok
[INFO] [stdout] test tests::timestamp_config_changes_output ... ok
[INFO] [stdout] test tests::clone_works ... ok
[INFO] [stdout] test tests::chunk_pattern_roundtrip ... ok
[INFO] [stdout] test tests::encode_decode_roundtrip ... ok
[INFO] [stdout] test tests::kat_all_levels ... FAILED
[INFO] [stdout] 
[INFO] [stdout] failures:
[INFO] [stdout] 
[INFO] [stdout] ---- tests::kat_all_levels stdout ----
[INFO] [stderr] error: test failed, to rerun pass `--lib`
[INFO] [stdout] 
[INFO] [stdout] thread 'tests::kat_all_levels' (602) panicked at src/lib.rs:606:37:
[INFO] [stdout] KAT file not found: /opt/rustwide/workdir/../../shared/kat/universal.json
[INFO] [stdout] stack backtrace:
[INFO] [stdout]    0:     0x5f3290db9721 - <<std[70759c8f55707aa4]::sys::backtrace::BacktraceLock>::print::DisplayBacktrace as core[df12db4294e9bfd3]::fmt::Display>::fmt
[INFO] [stdout]    1:     0x5f3290dce09a - core[df12db4294e9bfd3]::fmt::write
[INFO] [stdout]    2:     0x5f3290dbdbbc - <alloc[2182bb758b4b3781]::vec::Vec<u8> as core[df12db4294e9bfd3]::io::write::Write>::write_fmt
[INFO] [stdout]    3:     0x5f3290d959a6 - std[70759c8f55707aa4]::panicking::default_hook::{closure#0}
[INFO] [stdout]    4:     0x5f3290db1b19 - std[70759c8f55707aa4]::panicking::default_hook
[INFO] [stdout]    5:     0x5f3290d41100 - test[9d35eded1c95d3be]::test_main_inner::<test[9d35eded1c95d3be]::test_main_static::{closure#0}>::{closure#0}
[INFO] [stdout]    6:     0x5f3290db1cd2 - std[70759c8f55707aa4]::panicking::panic_with_hook
[INFO] [stdout]    7:     0x5f3290d95a52 - std[70759c8f55707aa4]::panicking::panic_handler::{closure#0}
[INFO] [stdout]    8:     0x5f3290d8e649 - std[70759c8f55707aa4]::sys::backtrace::__rust_end_short_backtrace::<std[70759c8f55707aa4]::panicking::panic_handler::{closure#0}, !>
[INFO] [stdout]    9:     0x5f3290d9664d - __rustc[8fa7c3cbc660c2b3]::rust_begin_unwind
[INFO] [stdout]   10:     0x5f3290dce7cc - core[df12db4294e9bfd3]::panicking::panic_fmt
[INFO] [stdout]   11:     0x5f3290d2945f - hce_ffi[b052e9a5f9d19d0f]::tests::kat_all_levels::{closure#0}
[INFO] [stdout]   12:     0x5f3290d2a0f3 - hce_ffi[b052e9a5f9d19d0f]::tests::kat_all_levels
[INFO] [stdout]   13:     0x5f3290d27f79 - <hce_ffi[b052e9a5f9d19d0f]::tests::kat_all_levels::{closure#0} as core[df12db4294e9bfd3]::ops::function::FnOnce<()>>::call_once
[INFO] [stdout]   14:     0x5f3290d343eb - test[9d35eded1c95d3be]::__rust_begin_short_backtrace::<core[df12db4294e9bfd3]::result::Result<(), alloc[2182bb758b4b3781]::string::String>, fn() -> core[df12db4294e9bfd3]::result::Result<(), alloc[2182bb758b4b3781]::string::String>>
[INFO] [stdout]   15:     0x5f3290d41a55 - test[9d35eded1c95d3be]::run_test::{closure#0}
[INFO] [stdout]   16:     0x5f3290d3b314 - std[70759c8f55707aa4]::sys::backtrace::__rust_begin_short_backtrace::<test[9d35eded1c95d3be]::run_test::{closure#1}, ()>
[INFO] [stdout]   17:     0x5f3290d44bb2 - <std[70759c8f55707aa4]::thread::lifecycle::spawn_unchecked<test[9d35eded1c95d3be]::run_test::{closure#1}, ()>::{closure#1} as core[df12db4294e9bfd3]::ops::function::FnOnce<()>>::call_once::{shim:vtable#0}
[INFO] [stdout]   18:     0x5f3290db8c89 - <std[70759c8f55707aa4]::sys::thread::unix::Thread>::new::thread_start
[INFO] [stdout]   19:     0x7ad1e6e07dfa - <unknown>
[INFO] [stdout]   20:     0x7ad1e6e9b3d4 - clone
[INFO] [stdout]   21:                0x0 - <unknown>
[INFO] [stdout] 
[INFO] [stdout] 
[INFO] [stdout] failures:
[INFO] [stdout]     tests::kat_all_levels
[INFO] [stdout] 
[INFO] [stdout] test result: FAILED. 18 passed; 1 failed; 0 ignored; 0 measured; 0 filtered out; finished in 0.02s
[INFO] [stdout] 
[INFO] running `Command { std: "docker" "inspect" "2edd9dfad482b835c1eec85eba1c3efd4691dff7075c813e0c7ab77bd9e82198", kill_on_drop: false }`
[INFO] running `Command { std: "docker" "rm" "-f" "2edd9dfad482b835c1eec85eba1c3efd4691dff7075c813e0c7ab77bd9e82198", kill_on_drop: false }`
[INFO] [stdout] 2edd9dfad482b835c1eec85eba1c3efd4691dff7075c813e0c7ab77bd9e82198
