[INFO] fetching crate hce-core 0.1.2...
[INFO] testing hce-core-0.1.2 against 1.99.0-beta.8+cargoflags=--release for beta-release-1.100-2
[INFO] extracting crate hce-core 0.1.2 into /workspace/builds/worker-3-tc1/source
[INFO] started tweaking crates.io crate hce-core 0.1.2
[INFO] removed 0 missing tests
[INFO] finished tweaking crates.io crate hce-core 0.1.2
[INFO] tweaked toml for crates.io crate hce-core 0.1.2 written to /workspace/builds/worker-3-tc1/source/Cargo.toml
[INFO] validating manifest of crates.io crate hce-core 0.1.2 on toolchain 1.99.0-beta.8
[INFO] running `Command { std: CARGO_HOME="/workspace/cargo-home" RUSTUP_HOME="/workspace/rustup-home" "/workspace/cargo-home/bin/cargo" "+1.99.0-beta.8" "metadata" "--manifest-path" "Cargo.toml" "--no-deps", kill_on_drop: false }`
[INFO] crate crates.io crate hce-core 0.1.2 already has a lockfile, it will not be regenerated
[INFO] running `Command { std: CARGO_HOME="/workspace/cargo-home" RUSTUP_HOME="/workspace/rustup-home" "/workspace/cargo-home/bin/cargo" "+1.99.0-beta.8" "fetch" "--manifest-path" "Cargo.toml", kill_on_drop: false }`
[INFO] running `Command { std: "docker" "create" "-v" "/var/lib/crater-agent-workspace/builds/worker-3-tc1/source:/opt/rustwide/workdir:ro,Z" "-v" "/var/lib/crater-agent-workspace/builds/worker-3-tc1/target:/opt/rustwide/target:rw,Z" "-v" "/var/lib/crater-agent-workspace/cargo-home:/opt/rustwide/cargo-home:ro,Z" "-v" "/var/lib/crater-agent-workspace/rustup-home:/opt/rustwide/rustup-home:ro,Z" "-m" "1610612736" "--network" "none" "ghcr.io/rust-lang/crates-build-env/linux@sha256:77db811e55d90add9212f6832c23229e3de5f1c1f9905e8cb07319ea15df73ac" "sleep" "infinity", kill_on_drop: false }`
[INFO] [stdout] 7ff30914b67a660f7e95741d7d43365b811eded24f6eb486281f8dbcaf225dbe
[INFO] running `Command { std: "docker" "start" "7ff30914b67a660f7e95741d7d43365b811eded24f6eb486281f8dbcaf225dbe", kill_on_drop: false }`
[INFO] running `Command { std: "docker" "inspect" "7ff30914b67a660f7e95741d7d43365b811eded24f6eb486281f8dbcaf225dbe", kill_on_drop: false }`
[INFO] running `Command { std: "docker" "exec" "-e" "SOURCE_DIR=/opt/rustwide/workdir" "-e" "CARGO_HOME=/opt/rustwide/cargo-home" "-e" "RUSTUP_HOME=/opt/rustwide/rustup-home" "-e" "CARGO_TARGET_DIR=/opt/rustwide/target" "-w" "/opt/rustwide/workdir" "--user" "0:0" "7ff30914b67a660f7e95741d7d43365b811eded24f6eb486281f8dbcaf225dbe" "/opt/rustwide/cargo-home/bin/cargo" "+1.99.0-beta.8" "metadata" "--no-deps" "--format-version=1", kill_on_drop: false }`
[INFO] running `Command { std: "docker" "inspect" "7ff30914b67a660f7e95741d7d43365b811eded24f6eb486281f8dbcaf225dbe", kill_on_drop: false }`
[INFO] running `Command { std: "docker" "exec" "-e" "SOURCE_DIR=/opt/rustwide/workdir" "-e" "CARGO_HOME=/opt/rustwide/cargo-home" "-e" "RUSTUP_HOME=/opt/rustwide/rustup-home" "-e" "CARGO_TARGET_DIR=/opt/rustwide/target" "-e" "CARGO_INCREMENTAL=0" "-e" "RUST_BACKTRACE=full" "-e" "RUSTFLAGS=--cap-lints=warn" "-e" "RUSTDOCFLAGS=--cap-lints=warn" "-w" "/opt/rustwide/workdir" "--user" "0:0" "7ff30914b67a660f7e95741d7d43365b811eded24f6eb486281f8dbcaf225dbe" "/opt/rustwide/cargo-home/bin/cargo" "+1.99.0-beta.8" "build" "--frozen" "--message-format=json" "--release", kill_on_drop: false }`
[INFO] [stderr]    Compiling proc-macro2 v1.0.106
[INFO] [stderr]    Compiling hybrid-array v0.4.12
[INFO] [stderr]    Compiling quote v1.0.45
[INFO] [stderr]    Compiling serde_json v1.0.150
[INFO] [stderr]    Compiling memchr v2.8.2
[INFO] [stderr]    Compiling rand v0.10.1
[INFO] [stderr]    Compiling block-buffer v0.12.1
[INFO] [stderr]    Compiling crypto-common v0.2.2
[INFO] [stderr]    Compiling syn v2.0.118
[INFO] [stderr]    Compiling hce-core v0.1.2 (/opt/rustwide/workdir)
[INFO] [stderr]    Compiling digest v0.11.3
[INFO] [stderr]    Compiling sha2 v0.11.0
[INFO] [stderr]    Compiling hmac v0.13.0
[INFO] [stderr]    Compiling serde_derive v1.0.228
[INFO] [stderr]    Compiling serde v1.0.228
[INFO] [stderr]     Finished `release` profile [optimized] target(s) in 12.03s
[INFO] running `Command { std: "docker" "inspect" "7ff30914b67a660f7e95741d7d43365b811eded24f6eb486281f8dbcaf225dbe", kill_on_drop: false }`
[INFO] running `Command { std: "docker" "exec" "-e" "SOURCE_DIR=/opt/rustwide/workdir" "-e" "CARGO_HOME=/opt/rustwide/cargo-home" "-e" "RUSTUP_HOME=/opt/rustwide/rustup-home" "-e" "CARGO_TARGET_DIR=/opt/rustwide/target" "-e" "CARGO_INCREMENTAL=0" "-e" "RUST_BACKTRACE=full" "-e" "RUSTFLAGS=--cap-lints=warn" "-e" "RUSTDOCFLAGS=--cap-lints=warn" "-w" "/opt/rustwide/workdir" "--user" "0:0" "7ff30914b67a660f7e95741d7d43365b811eded24f6eb486281f8dbcaf225dbe" "/opt/rustwide/cargo-home/bin/cargo" "+1.99.0-beta.8" "test" "--frozen" "--no-run" "--message-format=json" "--release", kill_on_drop: false }`
[INFO] [stderr]    Compiling hce-core v0.1.2 (/opt/rustwide/workdir)
[INFO] [stderr]     Finished `release` profile [optimized] target(s) in 2.99s
[INFO] running `Command { std: "docker" "inspect" "7ff30914b67a660f7e95741d7d43365b811eded24f6eb486281f8dbcaf225dbe", kill_on_drop: false }`
[INFO] running `Command { std: "docker" "exec" "-e" "SOURCE_DIR=/opt/rustwide/workdir" "-e" "CARGO_HOME=/opt/rustwide/cargo-home" "-e" "RUSTUP_HOME=/opt/rustwide/rustup-home" "-e" "CARGO_TARGET_DIR=/opt/rustwide/target" "-e" "CARGO_INCREMENTAL=0" "-e" "RUST_BACKTRACE=full" "-e" "RUSTFLAGS=--cap-lints=warn" "-e" "RUSTDOCFLAGS=--cap-lints=warn" "-w" "/opt/rustwide/workdir" "--user" "0:0" "7ff30914b67a660f7e95741d7d43365b811eded24f6eb486281f8dbcaf225dbe" "/opt/rustwide/cargo-home/bin/cargo" "+1.99.0-beta.8" "test" "--frozen" "--release", kill_on_drop: false }`
[INFO] [stderr]     Finished `release` profile [optimized] target(s) in 0.07s
[INFO] [stderr]      Running unittests src/lib.rs (/opt/rustwide/target/release/deps/hce_core-84423c3c051d21b0)
[INFO] [stdout] 
[INFO] [stdout] running 113 tests
[INFO] [stdout] test check::tests::max_check_syllables ... ok
[INFO] [stdout] test check::tests::matches ... ok
[INFO] [stdout] test check::tests::detects_tamper ... ok
[INFO] [stdout] test check::tests::every_token_position_detects_tamper ... ok
[INFO] [stdout] test confusion::tests::m_has_neighbor_n ... ok
[INFO] [stdout] test confusion::tests::vnuc_an_has_neighbor_al ... ok
[INFO] [stdout] test chunk::tests::validate_separator_accepts_symbols ... ok
[INFO] [stdout] test check::tests::different_key_fails ... ok
[INFO] [stdout] test chunk::tests::validate_separator_rejects_letters ... ok
[INFO] [stdout] test confusion::tests::all_clusters_have_lr_swap ... ok
[INFO] [stdout] test confusion::tests::cluster_bl_has_neighbor_br ... ok
[INFO] [stdout] test confusion::tests::cluster_sl_has_neighbor_sr ... ok
[INFO] [stdout] test confusion::tests::is_nonempty ... ok
[INFO] [stdout] test crc::tests::detects_tamper ... ok
[INFO] [stdout] test crc::tests::matches ... ok
[INFO] [stdout] test encode::tests::monotonic_first ... ok
[INFO] [stdout] test chunk::engine::tests::alpha_spectrum ... ok
[INFO] [stdout] test encode::tests::roundtrip_max_u128 ... ok
[INFO] [stdout] test encode::tests::roundtrip_zero ... ok
[INFO] [stdout] test encode::tests::syll_len_math ... ok
[INFO] [stdout] test fpe::feistel::tests::deterministic ... ok
[INFO] [stdout] test encode::tests::variable_syll_len ... ok
[INFO] [stdout] test fpe::feistel::tests::decrypt_invalid_cipher_reversible ... ok
[INFO] [stdout] test chunk::engine::tests::fixed_produces_boundaries ... ok
[INFO] [stdout] test chunk::engine::tests::natural_produces_k_groups ... ok
[INFO] [stdout] test chunk::engine::tests::none_produces_empty ... ok
[INFO] [stdout] test chunk::engine::tests::pattern_produces_exact ... ok
[INFO] [stdout] test fpe::feistel::tests::roundtrip_96 ... ok
[INFO] [stdout] test fpe::feistel::tests::roundtrip_128 ... ok
[INFO] [stdout] test fpe::feistel::tests::roundtrip_64 ... ok
[INFO] [stdout] test chunk::tests::natural_has_defaults ... ok
[INFO] [stdout] test check::tests::empty_body_produces_check ... ok
[INFO] [stdout] test fpe::feistel::tests::different_keys_different_output ... ok
[INFO] [stdout] test fpe::feistel::tests::different_tweak_different_output ... ok
[INFO] [stdout] test fpe::shuffle::tests::implements_fpe_trait ... ok
[INFO] [stdout] test fpe::shuffle::tests::not_identity ... ok
[INFO] [stdout] test fpe::shuffle::tests::roundtrip ... ok
[INFO] [stdout] test normalize::tests::normalize_roundtrip ... ok
[INFO] [stdout] test normalize::tests::strips_hyphens_and_case ... ok
[INFO] [stdout] test parser::tests::double_coda_fails ... ok
[INFO] [stdout] test parser::tests::empty_input_errors ... ok
[INFO] [stdout] test parser::tests::coda_r_absorbed_before_consonant ... ok
[INFO] [stdout] test fpe::feistel::tests::batch_roundtrip ... ok
[INFO] [stdout] test fpe::feistel::tests::tiny_domain_cycle_walk ... ok
[INFO] [stdout] test encode::tests::deterministic ... ok
[INFO] [stdout] test parser::tests::consecutive_codas_rejected ... ok
[INFO] [stdout] test parser::tests::vowel_in_onset_rejected ... ok
[INFO] [stdout] test pools::tests::onset_display_covers_all ... ok
[INFO] [stdout] test pools::tests::vnuc_display_covers_all ... ok
[INFO] [stdout] test fpe::feistel::tests::modulus_2_is_permutation ... ok
[INFO] [stdout] test recover::tests::recovers_vnuc_coda_confusion ... ok
[INFO] [stdout] test recover::tests::recovery_works_across_levels ... ok
[INFO] [stdout] test pools::tests::roundtrip_indices ... ok
[INFO] [stdout] test recover::tests::corrects_m_to_n_confusion ... ok
[INFO] [stdout] test recover::tests::ok_when_valid ... ok
[INFO] [stdout] test recover::tests::reject_when_tampered_badly ... ok
[INFO] [stdout] test parser::tests::coda_n_not_absorbed_before_vowel ... ok
[INFO] [stdout] test tests::bit_width_128_is_default ... ok
[INFO] [stdout] test tests::bit_width_32_roundtrip ... ok
[INFO] [stdout] test tests::bit_width_64_roundtrip ... ok
[INFO] [stdout] test parser::tests::unknown_char_in_onset_rejected ... ok
[INFO] [stdout] test fpe::feistel::tests::modulus_domain_roundtrip ... ok
[INFO] [stdout] test tests::bit_width_96_roundtrip ... ok
[INFO] [stdout] test parser::tests::onset_cluster_parsed_as_unit ... ok
[INFO] [stdout] test tests::check_syllables_roundtrip ... ok
[INFO] [stdout] test tests::chunk_count_is_5 ... ok
[INFO] [stdout] test tests::custom_cipher_different_output ... ok
[INFO] [stdout] test tests::max_value_roundtrip ... ok
[INFO] [stdout] test tests::lower_case_roundtrip ... ok
[INFO] [stdout] test tests::encode_zero_length_input ... ok
[INFO] [stdout] test tests::custom_cipher_all_domains ... ok
[INFO] [stdout] test tests::every_bit_width_roundtrip ... ok
[INFO] [stdout] test tests::modulus_all_modes ... ok
[INFO] [stdout] test tests::modulus_boundaries ... ok
[INFO] [stdout] test fpe::shuffle::tests::batch_roundtrip ... ok
[INFO] [stdout] test tests::feistel_upper_bits_preserved ... ok
[INFO] [stdout] test tests::decode_ignores_all_separators ... ok
[INFO] [stdout] test tests::custom_cipher_preserves_tweak ... ok
[INFO] [stdout] test tests::fixed_chunk_roundtrip ... ok
[INFO] [stdout] test tests::natural_is_default ... ok
[INFO] [stdout] test tests::none_chunk_roundtrip ... ok
[INFO] [stdout] test tests::open_v4_no_prefix ... ok
[INFO] [stdout] test tests::open_has_prefix ... ok
[INFO] [stdout] test tests::output_length_in_range ... ok
[INFO] [stdout] test tests::sealed_roundtrip ... ok
[INFO] [stdout] test tests::sealed_v4_no_prefix ... ok
[INFO] [stdout] test tests::open_requires_key - should panic ... ok
[INFO] [stdout] test tests::pattern_chunk_roundtrip ... ok
[INFO] [stdout] test tests::plain_roundtrip ... ok
[INFO] [stdout] test tests::custom_strategy_roundtrip ... ok
[INFO] [stdout] test timestamp::tests::calendar_month_monotonic ... ok
[INFO] [stdout] test tests::tampered_decode_fails ... ok
[INFO] [stdout] test timestamp::tests::calendar_month_same_month_after_epoch_start ... ok
[INFO] [stdout] test timestamp::tests::zero_offset ... ok
[INFO] [stdout] test tests::unsigned_overflow_guard ... ok
[INFO] [stdout] test tests::with_modulus_roundtrip ... ok
[INFO] [stdout] test timestamp::tests::calendar_month_different_months ... ok
[INFO] [stdout] test version::tests::roundtrip ... ok
[INFO] [stdout] test version::tests::v4_no_ts ... ok
[INFO] [stdout] test version::tests::v7_has_ts ... ok
[INFO] [stdout] test tests::recover_corrected_contains_tokens ... ok
[INFO] [stdout] test wire::tests::known_vector ... ok
[INFO] [stdout] test tests::sealed_requires_key - should panic ... ok
[INFO] [stdout] test wire::tests::max_roundtrip ... ok
[INFO] [stdout] test wire::tests::zero_roundtrip ... ok
[INFO] [stdout] test fpe::feistel::tests::modulus_batch ... ok
[INFO] [stdout] test fpe::feistel::tests::distribution_is_uniform ... ok
[INFO] [stdout] test tests::stress_parser_token_roundtrip ... ok
[INFO] [stdout] test fpe::feistel::tests::random_batch_100k ... ok
[INFO] [stdout] test encode::tests::roundtrip_batch ... ok
[INFO] [stdout] test tests::stress_ko_roundtrip_50k ... ok
[INFO] [stdout] test parser::tests::exhaustive_2syll_roundtrip ... ok
[INFO] [stdout] test tests::stress_roundtrip_100k ... ok
[INFO] [stdout] 
[INFO] [stdout] test result: ok. 113 passed; 0 failed; 0 ignored; 0 measured; 0 filtered out; finished in 1.22s
[INFO] [stdout] 
[INFO] [stderr]      Running unittests src/kat/main.rs (/opt/rustwide/target/release/deps/hce_kat-297cc1beae348cca)
[INFO] [stdout] 
[INFO] [stdout] running 0 tests
[INFO] [stdout] 
[INFO] [stdout] test result: ok. 0 passed; 0 failed; 0 ignored; 0 measured; 0 filtered out; finished in 0.00s
[INFO] [stdout] 
[INFO] [stderr]      Running tests/exhaustive.rs (/opt/rustwide/target/release/deps/exhaustive-3c25a1f1ff42ae02)
[INFO] [stdout] 
[INFO] [stdout] running 8 tests
[INFO] [stdout] test exhaustive_chunks ... ok
[INFO] [stdout] test exhaustive_case_check ... ok
[INFO] [stdout] test exhaustive_moduli ... ok
[INFO] [stdout] test exhaustive_api_smoke ... ok
[INFO] [stdout] test exhaustive_cipher_domain_order ... ok
[INFO] [stdout] test exhaustive_errors ... ok
[INFO] [stdout] test exhaustive_custom_ciphers ... ok
[INFO] [stdout] test exhaustive_levels_modes_bitwidths ... ok
[INFO] [stdout] 
[INFO] [stdout] test result: ok. 8 passed; 0 failed; 0 ignored; 0 measured; 0 filtered out; finished in 0.01s
[INFO] [stdout] 
[INFO] [stderr]      Running tests/kat.rs (/opt/rustwide/target/release/deps/kat-23518c54af1b7976)
[INFO] [stdout] 
[INFO] [stdout] running 4 tests
[INFO] [stdout] test kat_en ... FAILED
[INFO] [stdout] test kat_eu ... FAILED
[INFO] [stdout] test kat_universal ... FAILED
[INFO] [stdout] test kat_numeric ... FAILED
[INFO] [stdout] 
[INFO] [stdout] failures:
[INFO] [stdout] 
[INFO] [stdout] ---- kat_en stdout ----
[INFO] [stdout] 
[INFO] [stdout] thread 'kat_en' (715) panicked at tests/kat.rs:47:59:
[INFO] [stdout] KAT file not found: /opt/rustwide/workdir/../../shared/kat/en.json
[INFO] [stdout] stack backtrace:
[INFO] [stdout]    0:     0x63776b5f7bd1 - <<std[70759c8f55707aa4]::sys::backtrace::BacktraceLock>::print::DisplayBacktrace as core[df12db4294e9bfd3]::fmt::Display>::fmt
[INFO] [stdout]    1:     0x63776b60c51a - core[df12db4294e9bfd3]::fmt::write
[INFO] [stdout]    2:     0x63776b5fc06c - <alloc[2182bb758b4b3781]::vec::Vec<u8> as core[df12db4294e9bfd3]::io::write::Write>::write_fmt
[INFO] [stdout]    3:     0x63776b5d3e56 - std[70759c8f55707aa4]::panicking::default_hook::{closure#0}
[INFO] [stdout]    4:     0x63776b5effc9 - std[70759c8f55707aa4]::panicking::default_hook
[INFO] [stdout]    5:     0x63776b581520 - test[9d35eded1c95d3be]::test_main_inner::<test[9d35eded1c95d3be]::test_main_static::{closure#0}>::{closure#0}
[INFO] [stdout]    6:     0x63776b5f0182 - std[70759c8f55707aa4]::panicking::panic_with_hook
[INFO] [stdout]    7:     0x63776b5d3f02 - std[70759c8f55707aa4]::panicking::panic_handler::{closure#0}
[INFO] [stdout]    8:     0x63776b5ccaf9 - std[70759c8f55707aa4]::sys::backtrace::__rust_end_short_backtrace::<std[70759c8f55707aa4]::panicking::panic_handler::{closure#0}, !>
[INFO] [stdout]    9:     0x63776b5d4afd - __rustc[8fa7c3cbc660c2b3]::rust_begin_unwind
[INFO] [stdout]   10:     0x63776b60cc4c - core[df12db4294e9bfd3]::panicking::panic_fmt
[INFO] [stdout]   11:     0x63776b56e0ef - kat[1888be69cea71719]::test_kat_file::{closure#0}
[INFO] [stdout]   12:     0x63776b56ef7a - kat[1888be69cea71719]::test_kat_file
[INFO] [stdout]   13:     0x63776b56f5f5 - <kat[1888be69cea71719]::kat_en::{closure#0} as core[df12db4294e9bfd3]::ops::function::FnOnce<()>>::call_once
[INFO] [stdout]   14:     0x63776b57480b - test[9d35eded1c95d3be]::__rust_begin_short_backtrace::<core[df12db4294e9bfd3]::result::Result<(), alloc[2182bb758b4b3781]::string::String>, fn() -> core[df12db4294e9bfd3]::result::Result<(), alloc[2182bb758b4b3781]::string::String>>
[INFO] [stdout]   15:     0x63776b581e75 - test[9d35eded1c95d3be]::run_test::{closure#0}
[INFO] [stdout]   16:     0x63776b57b734 - std[70759c8f55707aa4]::sys::backtrace::__rust_begin_short_backtrace::<test[9d35eded1c95d3be]::run_test::{closure#1}, ()>
[INFO] [stdout]   17:     0x63776b584fd2 - <std[70759c8f55707aa4]::thread::lifecycle::spawn_unchecked<test[9d35eded1c95d3be]::run_test::{closure#1}, ()>::{closure#1} as core[df12db4294e9bfd3]::ops::function::FnOnce<()>>::call_once::{shim:vtable#0}
[INFO] [stdout]   18:     0x63776b5f7139 - <std[70759c8f55707aa4]::sys::thread::unix::Thread>::new::thread_start
[INFO] [stdout]   19:     0x7a88d5d02dfa - <unknown>
[INFO] [stdout]   20:     0x7a88d5d963d4 - clone
[INFO] [stdout]   21:                0x0 - <unknown>
[INFO] [stdout] 
[INFO] [stdout] ---- kat_eu stdout ----
[INFO] [stdout] 
[INFO] [stdout] thread 'kat_eu' (716) panicked at tests/kat.rs:47:59:
[INFO] [stdout] KAT file not found: /opt/rustwide/workdir/../../shared/kat/eu.json
[INFO] [stdout] stack backtrace:
[INFO] [stdout]    0:     0x63776b5f7bd1 - <<std[70759c8f55707aa4]::sys::backtrace::BacktraceLock>::print::DisplayBacktrace as core[df12db4294e9bfd3]::fmt::Display>::fmt
[INFO] [stdout]    1:     0x63776b60c51a - core[df12db4294e9bfd3]::fmt::write
[INFO] [stdout]    2:     0x63776b5fc06c - <alloc[2182bb758b4b3781]::vec::Vec<u8> as core[df12db4294e9bfd3]::io::write::Write>::write_fmt
[INFO] [stdout]    3:     0x63776b5d3e56 - std[70759c8f55707aa4]::panicking::default_hook::{closure#0}
[INFO] [stdout]    4:     0x63776b5effc9 - std[70759c8f55707aa4]::panicking::default_hook
[INFO] [stdout]    5:     0x63776b581520 - test[9d35eded1c95d3be]::test_main_inner::<test[9d35eded1c95d3be]::test_main_static::{closure#0}>::{closure#0}
[INFO] [stdout]    6:     0x63776b5f0182 - std[70759c8f55707aa4]::panicking::panic_with_hook
[INFO] [stdout]    7:     0x63776b5d3f02 - std[70759c8f55707aa4]::panicking::panic_handler::{closure#0}
[INFO] [stdout]    8:     0x63776b5ccaf9 - std[70759c8f55707aa4]::sys::backtrace::__rust_end_short_backtrace::<std[70759c8f55707aa4]::panicking::panic_handler::{closure#0}, !>
[INFO] [stdout]    9:     0x63776b5d4afd - __rustc[8fa7c3cbc660c2b3]::rust_begin_unwind
[INFO] [stdout]   10:     0x63776b60cc4c - core[df12db4294e9bfd3]::panicking::panic_fmt
[INFO] [stdout]   11:     0x63776b56e0ef - kat[1888be69cea71719]::test_kat_file::{closure#0}
[INFO] [stdout]   12:     0x63776b56ef7a - kat[1888be69cea71719]::test_kat_file
[INFO] [stdout]   13:     0x63776b56f625 - <kat[1888be69cea71719]::kat_eu::{closure#0} as core[df12db4294e9bfd3]::ops::function::FnOnce<()>>::call_once
[INFO] [stdout]   14:     0x63776b57480b - test[9d35eded1c95d3be]::__rust_begin_short_backtrace::<core[df12db4294e9bfd3]::result::Result<(), alloc[2182bb758b4b3781]::string::String>, fn() -> core[df12db4294e9bfd3]::result::Result<(), alloc[2182bb758b4b3781]::string::String>>
[INFO] [stdout]   15:     0x63776b581e75 - test[9d35eded1c95d3be]::run_test::{closure#0}
[INFO] [stdout]   16:     0x63776b57b734 - std[70759c8f55707aa4]::sys::backtrace::__rust_begin_short_backtrace::<test[9d35eded1c95d3be]::run_test::{closure#1}, ()>
[INFO] [stdout]   17:     0x63776b584fd2 - <std[70759c8f55707aa4]::thread::lifecycle::spawn_unchecked<test[9d35eded1c95d3be]::run_test::{closure#1}, ()>::{closure#1} as core[df12db4294e9bfd3]::ops::function::FnOnce<()>>::call_once::{shim:vtable#0}
[INFO] [stdout]   18:     0x63776b5f7139 - <std[70759c8f55707aa4]::sys::thread::unix::Thread>::new::thread_start
[INFO] [stdout]   19:     0x7a88d5d02dfa - <unknown>
[INFO] [stdout]   20:     0x7a88d5d963d4 - clone
[INFO] [stdout]   21:                0x0 - <unknown>
[INFO] [stdout] 
[INFO] [stdout] ---- kat_universal stdout ----
[INFO] [stdout] 
[INFO] [stdout] thread 'kat_universal' (718) panicked at tests/kat.rs:47:59:
[INFO] [stdout] KAT file not found: /opt/rustwide/workdir/../../shared/kat/universal.json
[INFO] [stdout] stack backtrace:
[INFO] [stdout]    0:     0x63776b5f7bd1 - <<std[70759c8f55707aa4]::sys::backtrace::BacktraceLock>::print::DisplayBacktrace as core[df12db4294e9bfd3]::fmt::Display>::fmt
[INFO] [stdout]    1:     0x63776b60c51a - core[df12db4294e9bfd3]::fmt::write
[INFO] [stdout]    2:     0x63776b5fc06c - <alloc[2182bb758b4b3781]::vec::Vec<u8> as core[df12db4294e9bfd3]::io::write::Write>::write_fmt
[INFO] [stdout]    3:     0x63776b5d3e56 - std[70759c8f55707aa4]::panicking::default_hook::{closure#0}
[INFO] [stdout]    4:     0x63776b5effc9 - std[70759c8f55707aa4]::panicking::default_hook
[INFO] [stdout]    5:     0x63776b581520 - test[9d35eded1c95d3be]::test_main_inner::<test[9d35eded1c95d3be]::test_main_static::{closure#0}>::{closure#0}
[INFO] [stdout]    6:     0x63776b5f0182 - std[70759c8f55707aa4]::panicking::panic_with_hook
[INFO] [stdout]    7:     0x63776b5d3f02 - std[70759c8f55707aa4]::panicking::panic_handler::{closure#0}
[INFO] [stdout]    8:     0x63776b5ccaf9 - std[70759c8f55707aa4]::sys::backtrace::__rust_end_short_backtrace::<std[70759c8f55707aa4]::panicking::panic_handler::{closure#0}, !>
[INFO] [stdout]    9:     0x63776b5d4afd - __rustc[8fa7c3cbc660c2b3]::rust_begin_unwind
[INFO] [stdout]   10:     0x63776b60cc4c - core[df12db4294e9bfd3]::panicking::panic_fmt
[INFO] [stdout]   11:     0x63776b56e0ef - kat[1888be69cea71719]::test_kat_file::{closure#0}
[INFO] [stdout]   12:     0x63776b56ef7a - kat[1888be69cea71719]::test_kat_file
[INFO] [stdout]   13:     0x63776b56f5c5 - <kat[1888be69cea71719]::kat_universal::{closure#0} as core[df12db4294e9bfd3]::ops::function::FnOnce<()>>::call_once
[INFO] [stdout]   14:     0x63776b57480b - test[9d35eded1c95d3be]::__rust_begin_short_backtrace::<core[df12db4294e9bfd3]::result::Result<(), alloc[2182bb758b4b3781]::string::String>, fn() -> core[df12db4294e9bfd3]::result::Result<(), alloc[2182bb758b4b3781]::string::String>>
[INFO] [stdout]   15:     0x63776b581e75 - test[9d35eded1c95d3be]::run_test::{closure#0}
[INFO] [stdout]   16:     0x63776b57b734 - std[70759c8f55707aa4]::sys::backtrace::__rust_begin_short_backtrace::<test[9d35eded1c95d3be]::run_test::{closure#1}, ()>
[INFO] [stdout]   17:     0x63776b584fd2 - <std[70759c8f55707aa4]::thread::lifecycle::spawn_unchecked<test[9d35eded1c95d3be]::run_test::{closure#1}, ()>::{closure#1} as core[df12db4294e9bfd3]::ops::function::FnOnce<()>>::call_once::{shim:vtable#0}
[INFO] [stdout]   18:     0x63776b5f7139 - <std[70759c8f55707aa4]::sys::thread::unix::Thread>::new::thread_start
[INFO] [stdout]   19:     0x7a88d5d02dfa - <unknown>
[INFO] [stdout]   20:     0x7a88d5d963d4 - clone
[INFO] [stdout]   21:                0x0 - <unknown>
[INFO] [stdout] 
[INFO] [stdout] ---- kat_numeric stdout ----
[INFO] [stdout] 
[INFO] [stdout] thread 'kat_numeric' (717) panicked at tests/kat.rs:47:59:
[INFO] [stdout] KAT file not found: /opt/rustwide/workdir/../../shared/kat/numeric.json
[INFO] [stdout] stack backtrace:
[INFO] [stdout]    0:     0x63776b5f7bd1 - <<std[70759c8f55707aa4]::sys::backtrace::BacktraceLock>::print::DisplayBacktrace as core[df12db4294e9bfd3]::fmt::Display>::fmt
[INFO] [stdout]    1:     0x63776b60c51a - core[df12db4294e9bfd3]::fmt::write
[INFO] [stdout]    2:     0x63776b5fc06c - <alloc[2182bb758b4b3781]::vec::Vec<u8> as core[df12db4294e9bfd3]::io::write::Write>::write_fmt
[INFO] [stdout]    3:     0x63776b5d3e56 - std[70759c8f55707aa4]::panicking::default_hook::{closure#0}
[INFO] [stdout]    4:     0x63776b5effc9 - std[70759c8f55707aa4]::panicking::default_hook
[INFO] [stdout]    5:     0x63776b581520 - test[9d35eded1c95d3be]::test_main_inner::<test[9d35eded1c95d3be]::test_main_static::{closure#0}>::{closure#0}
[INFO] [stdout]    6:     0x63776b5f0182 - std[70759c8f55707aa4]::panicking::panic_with_hook
[INFO] [stdout]    7:     0x63776b5d3f02 - std[70759c8f55707aa4]::panicking::panic_handler::{closure#0}
[INFO] [stdout]    8:     0x63776b5ccaf9 - std[70759c8f55707aa4]::sys::backtrace::__rust_end_short_backtrace::<std[70759c8f55707aa4]::panicking::panic_handler::{closure#0}, !>
[INFO] [stdout]    9:     0x63776b5d4afd - __rustc[8fa7c3cbc660c2b3]::rust_begin_unwind
[INFO] [stdout]   10:     0x63776b60cc4c - core[df12db4294e9bfd3]::panicking::panic_fmt
[INFO] [stdout]   11:     0x63776b56e0ef - kat[1888be69cea71719]::test_kat_file::{closure#0}
[INFO] [stdout]   12:     0x63776b56ef7a - kat[1888be69cea71719]::test_kat_file
[INFO] [stdout]   13:     0x63776b56f595 - <kat[1888be69cea71719]::kat_numeric::{closure#0} as core[df12db4294e9bfd3]::ops::function::FnOnce<()>>::call_once
[INFO] [stdout]   14:     0x63776b57480b - test[9d35eded1c95d3be]::__rust_begin_short_backtrace::<core[df12db4294e9bfd3]::result::Result<(), alloc[2182bb758b4b3781]::string::String>, fn() -> core[df12db4294e9bfd3]::result::Result<(), alloc[2182bb758b4b3781]::string::String>>
[INFO] [stdout]   15:     0x63776b581e75 - test[9d35eded1c95d3be]::run_test::{closure#0}
[INFO] [stdout]   16:     0x63776b57b734 - std[70759c8f55707aa4]::sys::backtrace::__rust_begin_short_backtrace::<test[9d35eded1c95d3be]::run_test::{closure#1}, ()>
[INFO] [stdout]   17:     0x63776b584fd2 - <std[70759c8f55707aa4]::thread::lifecycle::spawn_unchecked<test[9d35eded1c95d3be]::run_test::{closure#1}, ()>::{closure#1} as core[df12db4294e9bfd3]::ops::function::FnOnce<()>>::call_once::{shim:vtable#0}
[INFO] [stdout]   18:     0x63776b5f7139 - <std[70759c8f55707aa4]::sys::thread::unix::Thread>::new::thread_start
[INFO] [stdout]   19:     0x7a88d5d02dfa - <unknown>
[INFO] [stdout]   20:     0x7a88d5d963d4 - clone
[INFO] [stdout]   21:                0x0 - <unknown>
[INFO] [stdout] 
[INFO] [stdout] 
[INFO] [stdout] failures:
[INFO] [stdout]     kat_en
[INFO] [stdout]     kat_eu
[INFO] [stdout]     kat_numeric
[INFO] [stdout]     kat_universal
[INFO] [stdout] 
[INFO] [stdout] test result: FAILED. 0 passed; 4 failed; 0 ignored; 0 measured; 0 filtered out; finished in 0.01s
[INFO] [stdout] 
[INFO] [stderr] error: test failed, to rerun pass `--test kat`
[INFO] running `Command { std: "docker" "inspect" "7ff30914b67a660f7e95741d7d43365b811eded24f6eb486281f8dbcaf225dbe", kill_on_drop: false }`
[INFO] running `Command { std: "docker" "rm" "-f" "7ff30914b67a660f7e95741d7d43365b811eded24f6eb486281f8dbcaf225dbe", kill_on_drop: false }`
[INFO] [stdout] 7ff30914b67a660f7e95741d7d43365b811eded24f6eb486281f8dbcaf225dbe
