[INFO] fetching crate hcdl 0.12.0...
[INFO] testing hcdl-0.12.0 against 1.100.0-beta.1+cargoflags=--release for beta-release-1.100-2
[INFO] extracting crate hcdl 0.12.0 into /workspace/builds/worker-3-tc2/source
[INFO] started tweaking crates.io crate hcdl 0.12.0
[INFO] finished tweaking crates.io crate hcdl 0.12.0
[INFO] tweaked toml for crates.io crate hcdl 0.12.0 written to /workspace/builds/worker-3-tc2/source/Cargo.toml
[INFO] validating manifest of crates.io crate hcdl 0.12.0 on toolchain 1.100.0-beta.1
[INFO] running `Command { std: CARGO_HOME="/workspace/cargo-home" RUSTUP_HOME="/workspace/rustup-home" "/workspace/cargo-home/bin/cargo" "+1.100.0-beta.1" "metadata" "--manifest-path" "Cargo.toml" "--no-deps", kill_on_drop: false }`
[INFO] crate crates.io crate hcdl 0.12.0 already has a lockfile, it will not be regenerated
[INFO] running `Command { std: CARGO_HOME="/workspace/cargo-home" RUSTUP_HOME="/workspace/rustup-home" "/workspace/cargo-home/bin/cargo" "+1.100.0-beta.1" "fetch" "--manifest-path" "Cargo.toml", kill_on_drop: false }`
[INFO] running `Command { std: "docker" "create" "-v" "/var/lib/crater-agent-workspace/builds/worker-3-tc2/source:/opt/rustwide/workdir:ro,Z" "-v" "/var/lib/crater-agent-workspace/builds/worker-3-tc2/target:/opt/rustwide/target:rw,Z" "-v" "/var/lib/crater-agent-workspace/cargo-home:/opt/rustwide/cargo-home:ro,Z" "-v" "/var/lib/crater-agent-workspace/rustup-home:/opt/rustwide/rustup-home:ro,Z" "-m" "1610612736" "--network" "none" "ghcr.io/rust-lang/crates-build-env/linux@sha256:77db811e55d90add9212f6832c23229e3de5f1c1f9905e8cb07319ea15df73ac" "sleep" "infinity", kill_on_drop: false }`
[INFO] [stdout] 154d4125ef1416bbeafa1ef6f6d19740871e18b2be0a87ae6e80d05da9cf929d
[INFO] running `Command { std: "docker" "start" "154d4125ef1416bbeafa1ef6f6d19740871e18b2be0a87ae6e80d05da9cf929d", kill_on_drop: false }`
[INFO] running `Command { std: "docker" "inspect" "154d4125ef1416bbeafa1ef6f6d19740871e18b2be0a87ae6e80d05da9cf929d", kill_on_drop: false }`
[INFO] running `Command { std: "docker" "exec" "-e" "SOURCE_DIR=/opt/rustwide/workdir" "-e" "CARGO_HOME=/opt/rustwide/cargo-home" "-e" "RUSTUP_HOME=/opt/rustwide/rustup-home" "-e" "CARGO_TARGET_DIR=/opt/rustwide/target" "-w" "/opt/rustwide/workdir" "--user" "0:0" "154d4125ef1416bbeafa1ef6f6d19740871e18b2be0a87ae6e80d05da9cf929d" "/opt/rustwide/cargo-home/bin/cargo" "+1.100.0-beta.1" "metadata" "--no-deps" "--format-version=1", kill_on_drop: false }`
[INFO] running `Command { std: "docker" "inspect" "154d4125ef1416bbeafa1ef6f6d19740871e18b2be0a87ae6e80d05da9cf929d", kill_on_drop: false }`
[INFO] running `Command { std: "docker" "exec" "-e" "SOURCE_DIR=/opt/rustwide/workdir" "-e" "CARGO_HOME=/opt/rustwide/cargo-home" "-e" "RUSTUP_HOME=/opt/rustwide/rustup-home" "-e" "CARGO_TARGET_DIR=/opt/rustwide/target" "-e" "CARGO_INCREMENTAL=0" "-e" "RUST_BACKTRACE=full" "-e" "RUSTFLAGS=--cap-lints=warn" "-e" "RUSTDOCFLAGS=--cap-lints=warn" "-w" "/opt/rustwide/workdir" "--user" "0:0" "154d4125ef1416bbeafa1ef6f6d19740871e18b2be0a87ae6e80d05da9cf929d" "/opt/rustwide/cargo-home/bin/cargo" "+1.100.0-beta.1" "build" "--frozen" "--message-format=json" "--release", kill_on_drop: false }`
[INFO] [stderr]    Compiling libc v0.2.131
[INFO] [stderr]    Compiling proc-macro2 v1.0.43
[INFO] [stderr]    Compiling quote v1.0.21
[INFO] [stderr]    Compiling cfg-if v1.0.0
[INFO] [stderr]    Compiling unicode-ident v1.0.3
[INFO] [stderr]    Compiling syn v1.0.99
[INFO] [stderr]    Compiling typenum v1.15.0
[INFO] [stderr]    Compiling version_check v0.9.4
[INFO] [stderr]    Compiling autocfg v1.1.0
[INFO] [stderr]    Compiling once_cell v1.13.0
[INFO] [stderr]    Compiling cc v1.0.73
[INFO] [stderr]    Compiling generic-array v0.14.6
[INFO] [stderr]    Compiling log v0.4.17
[INFO] [stderr]    Compiling memchr v2.5.0
[INFO] [stderr]    Compiling opaque-debug v0.3.0
[INFO] [stderr]    Compiling spin v0.5.2
[INFO] [stderr]    Compiling pin-project-lite v0.2.9
[INFO] [stderr]    Compiling unicode-xid v0.2.3
[INFO] [stderr]    Compiling serde_derive v1.0.143
[INFO] [stderr]    Compiling byteorder v1.4.3
[INFO] [stderr]    Compiling subtle v2.4.1
[INFO] [stderr]    Compiling serde v1.0.143
[INFO] [stderr]    Compiling futures-core v0.3.23
[INFO] [stderr]    Compiling bytes v1.2.1
[INFO] [stderr]    Compiling tokio v1.20.1
[INFO] [stderr]    Compiling getrandom v0.1.16
[INFO] [stderr]    Compiling libm v0.2.5
[INFO] [stderr]    Compiling block-padding v0.2.1
[INFO] [stderr]    Compiling ring v0.16.20
[INFO] [stderr]    Compiling num_cpus v1.13.1
[INFO] [stderr]    Compiling mio v0.8.4
[INFO] [stderr]    Compiling socket2 v0.4.4
[INFO] [stderr]    Compiling num-traits v0.2.15
[INFO] [stderr]    Compiling indexmap v1.9.1
[INFO] [stderr]    Compiling digest v0.9.0
[INFO] [stderr]    Compiling cipher v0.3.0
[INFO] [stderr]    Compiling ppv-lite86 v0.2.16
[INFO] [stderr]    Compiling untrusted v0.7.1
[INFO] [stderr]    Compiling itoa v1.0.3
[INFO] [stderr]    Compiling block-buffer v0.9.0
[INFO] [stderr]    Compiling num-integer v0.1.45
[INFO] [stderr]    Compiling base64ct v1.5.1
[INFO] [stderr]    Compiling crc32fast v1.3.2
[INFO] [stderr]    Compiling futures-task v0.3.23
[INFO] [stderr]    Compiling hashbrown v0.12.3
[INFO] [stderr]    Compiling rand_core v0.5.1
[INFO] [stderr]    Compiling crypto-bigint v0.3.2
[INFO] [stderr]    Compiling getrandom v0.2.7
[INFO] [stderr]    Compiling pem-rfc7468 v0.3.1
[INFO] [stderr]    Compiling slab v0.4.7
[INFO] [stderr]    Compiling tracing-core v0.1.29
[INFO] [stderr]    Compiling adler v1.0.2
[INFO] [stderr]    Compiling cpufeatures v0.2.2
[INFO] [stderr]    Compiling fnv v1.0.7
[INFO] [stderr]    Compiling const-oid v0.7.1
[INFO] [stderr]    Compiling ident_case v1.0.1
[INFO] [stderr]    Compiling futures-util v0.3.23
[INFO] [stderr]    Compiling strsim v0.9.3
[INFO] [stderr]    Compiling http v0.2.8
[INFO] [stderr]    Compiling der v0.5.1
[INFO] [stderr]    Compiling tracing v0.1.36
[INFO] [stderr]    Compiling miniz_oxide v0.5.3
[INFO] [stderr]    Compiling rand_core v0.6.3
[INFO] [stderr]    Compiling terminal_size v0.1.17
[INFO] [stderr]    Compiling num-iter v0.1.43
[INFO] [stderr]    Compiling futures-sink v0.3.23
[INFO] [stderr]    Compiling httparse v1.7.1
[INFO] [stderr]    Compiling pin-utils v0.1.0
[INFO] [stderr]    Compiling futures-channel v0.3.23
[INFO] [stderr]    Compiling matches v0.1.9
[INFO] [stderr]    Compiling rustls v0.20.6
[INFO] [stderr]    Compiling tinyvec_macros v0.1.0
[INFO] [stderr]    Compiling tinyvec v1.6.0
[INFO] [stderr]    Compiling flate2 v1.0.24
[INFO] [stderr]    Compiling spki v0.5.4
[INFO] [stderr]    Compiling synstructure v0.12.6
[INFO] [stderr]    Compiling darling_core v0.10.2
[INFO] [stderr]    Compiling rand_chacha v0.3.1
[INFO] [stderr]    Compiling block-buffer v0.10.2
[INFO] [stderr]    Compiling crypto-common v0.1.6
[INFO] [stderr]    Compiling lazy_static v1.4.0
[INFO] [stderr]    Compiling num-bigint-dig v0.8.1
[INFO] [stderr]    Compiling version_check v0.1.5
[INFO] [stderr]    Compiling try-lock v0.2.3
[INFO] [stderr]    Compiling percent-encoding v2.1.0
[INFO] [stderr]    Compiling want v0.3.0
[INFO] [stderr]    Compiling nom v4.2.3
[INFO] [stderr]    Compiling form_urlencoded v1.0.1
[INFO] [stderr]    Compiling digest v0.10.3
[INFO] [stderr]    Compiling rand v0.8.5
[INFO] [stderr]    Compiling unicode-normalization v0.1.21
[INFO] [stderr]    Compiling http-body v0.4.5
[INFO] [stderr]    Compiling rand_chacha v0.2.2
[INFO] [stderr]    Compiling clear_on_drop v0.2.5
[INFO] [stderr]    Compiling smallvec v1.9.0
[INFO] [stderr]    Compiling encoding_rs v0.8.31
[INFO] [stderr]    Compiling serde_json v1.0.83
[INFO] [stderr]    Compiling crc24 v0.1.6
[INFO] [stderr]    Compiling signature v1.6.0
[INFO] [stderr]    Compiling httpdate v1.0.2
[INFO] [stderr]    Compiling os_str_bytes v6.3.0
[INFO] [stderr]    Compiling zeroize_derive v1.3.2
[INFO] [stderr]    Compiling tokio-macros v1.8.0
[INFO] [stderr]    Compiling tower-service v0.3.2
[INFO] [stderr]    Compiling ryu v1.0.11
[INFO] [stderr]    Compiling unicode-bidi v0.3.8
[INFO] [stderr]    Compiling base64 v0.13.0
[INFO] [stderr]    Compiling zeroize v1.5.7
[INFO] [stderr]    Compiling derive_builder v0.9.0
[INFO] [stderr]    Compiling clap_lex v0.2.4
[INFO] [stderr]    Compiling curve25519-dalek v3.2.0
[INFO] [stderr]    Compiling darling_macro v0.10.2
[INFO] [stderr]    Compiling pkcs8 v0.8.0
[INFO] [stderr]    Compiling darling v0.10.2
[INFO] [stderr]    Compiling derive_builder_core v0.9.0
[INFO] [stderr]    Compiling idna v0.2.3
[INFO] [stderr]    Compiling pkcs1 v0.3.3
[INFO] [stderr]    Compiling thiserror-impl v1.0.32
[INFO] [stderr]    Compiling ed25519 v1.5.2
[INFO] [stderr]    Compiling rand v0.7.3
[INFO] [stderr]    Compiling webpki v0.22.0
[INFO] [stderr]    Compiling sct v0.7.0
[INFO] [stderr]    Compiling textwrap v0.15.0
[INFO] [stderr]    Compiling sha2 v0.9.9
[INFO] [stderr]    Compiling atty v0.2.14
[INFO] [stderr]    Compiling time v0.1.44
[INFO] [stderr]    Compiling bitflags v1.3.2
[INFO] [stderr]    Compiling keccak v0.1.2
[INFO] [stderr]    Compiling iana-time-zone v0.1.45
[INFO] [stderr]    Compiling strsim v0.10.0
[INFO] [stderr]    Compiling termcolor v1.1.3
[INFO] [stderr]    Compiling tokio-util v0.7.3
[INFO] [stderr]    Compiling unicode-width v0.1.9
[INFO] [stderr]    Compiling safemem v0.3.3
[INFO] [stderr]    Compiling anyhow v1.0.61
[INFO] [stderr]    Compiling console v0.15.1
[INFO] [stderr]    Compiling buf_redux v0.8.4
[INFO] [stderr]    Compiling h2 v0.3.13
[INFO] [stderr]    Compiling clap v3.2.17
[INFO] [stderr]    Compiling tokio-rustls v0.23.4
[INFO] [stderr]    Compiling async-compression v0.3.14
[INFO] [stderr]    Compiling chrono v0.4.22
[INFO] [stderr]    Compiling sha3 v0.9.1
[INFO] [stderr]    Compiling hyper v0.14.20
[INFO] [stderr]    Compiling rsa v0.6.1
[INFO] [stderr]    Compiling ed25519-dalek v1.0.1
[INFO] [stderr]    Compiling url v2.2.2
[INFO] [stderr]    Compiling serde_urlencoded v0.7.1
[INFO] [stderr]    Compiling webpki-roots v0.22.4
[INFO] [stderr]    Compiling thiserror v1.0.32
[INFO] [stderr]    Compiling x25519-dalek v1.1.1
[INFO] [stderr]    Compiling rustls-pemfile v1.0.1
[INFO] [stderr]    Compiling num-derive v0.3.3
[INFO] [stderr]    Compiling sha-1 v0.9.8
[INFO] [stderr]    Compiling hyper-rustls v0.23.0
[INFO] [stderr]    Compiling aes v0.7.5
[INFO] [stderr]    Compiling ripemd160 v0.9.1
[INFO] [stderr]    Compiling md-5 v0.9.1
[INFO] [stderr]    Compiling blowfish v0.8.0
[INFO] [stderr]    Compiling twofish v0.6.0
[INFO] [stderr]    Compiling cast5 v0.10.0
[INFO] [stderr]    Compiling cfb-mode v0.7.1
[INFO] [stderr]    Compiling des v0.7.0
[INFO] [stderr]    Compiling block-modes v0.8.1
[INFO] [stderr]    Compiling dirs-sys v0.3.7
[INFO] [stderr]    Compiling ipnet v2.5.0
[INFO] [stderr]    Compiling circular v0.3.0
[INFO] [stderr]    Compiling bitfield v0.13.2
[INFO] [stderr]    Compiling number_prefix v0.4.0
[INFO] [stderr]    Compiling remove_dir_all v0.5.3
[INFO] [stderr]    Compiling fastrand v1.8.0
[INFO] [stderr]    Compiling hex v0.4.3
[INFO] [stderr]    Compiling mime v0.3.16
[INFO] [stderr]    Compiling tempfile v3.3.0
[INFO] [stderr]    Compiling pgp v0.8.0
[INFO] [stderr]    Compiling reqwest v0.11.11
[INFO] [stderr]    Compiling indicatif v0.17.0
[INFO] [stderr]    Compiling dirs v4.0.0
[INFO] [stderr]    Compiling clap_complete v3.2.4
[INFO] [stderr]    Compiling sha2 v0.10.2
[INFO] [stderr]    Compiling zip v0.6.2
[INFO] [stderr]    Compiling hcdl v0.12.0 (/opt/rustwide/workdir)
[INFO] [stderr]     Finished `release` profile [optimized] target(s) in 3m 50s
[INFO] [stderr] warning: the following packages contain code that will be rejected by a future version of Rust: buf_redux v0.8.4, nom v4.2.3, num-bigint-dig v0.8.1, pgp v0.8.0
[INFO] [stderr] note: to see what the problems were, use the option `--future-incompat-report`, or run `cargo report future-incompatibilities --id 1`
[INFO] running `Command { std: "docker" "inspect" "154d4125ef1416bbeafa1ef6f6d19740871e18b2be0a87ae6e80d05da9cf929d", kill_on_drop: false }`
[INFO] running `Command { std: "docker" "exec" "-e" "SOURCE_DIR=/opt/rustwide/workdir" "-e" "CARGO_HOME=/opt/rustwide/cargo-home" "-e" "RUSTUP_HOME=/opt/rustwide/rustup-home" "-e" "CARGO_TARGET_DIR=/opt/rustwide/target" "-e" "CARGO_INCREMENTAL=0" "-e" "RUST_BACKTRACE=full" "-e" "RUSTFLAGS=--cap-lints=warn" "-e" "RUSTDOCFLAGS=--cap-lints=warn" "-w" "/opt/rustwide/workdir" "--user" "0:0" "154d4125ef1416bbeafa1ef6f6d19740871e18b2be0a87ae6e80d05da9cf929d" "/opt/rustwide/cargo-home/bin/cargo" "+1.100.0-beta.1" "test" "--frozen" "--no-run" "--message-format=json" "--release", kill_on_drop: false }`
[INFO] [stderr]    Compiling aho-corasick v0.7.18
[INFO] [stderr]    Compiling regex-syntax v0.6.27
[INFO] [stderr]    Compiling assert-json-diff v2.0.2
[INFO] [stderr]    Compiling colored v2.0.0
[INFO] [stderr]    Compiling diff v0.1.13
[INFO] [stderr]    Compiling similar v2.2.0
[INFO] [stderr]    Compiling ansi_term v0.12.1
[INFO] [stderr]    Compiling pretty_assertions v1.2.1
[INFO] [stderr]    Compiling regex v1.6.0
[INFO] [stderr]    Compiling mockito v0.31.0
[INFO] [stderr]    Compiling hcdl v0.12.0 (/opt/rustwide/workdir)
[INFO] [stderr]     Finished `release` profile [optimized] target(s) in 44.03s
[INFO] [stderr] warning: the following packages contain code that will be rejected by a future version of Rust: buf_redux v0.8.4, nom v4.2.3, num-bigint-dig v0.8.1, pgp v0.8.0
[INFO] [stderr] note: to see what the problems were, use the option `--future-incompat-report`, or run `cargo report future-incompatibilities --id 1`
[INFO] running `Command { std: "docker" "inspect" "154d4125ef1416bbeafa1ef6f6d19740871e18b2be0a87ae6e80d05da9cf929d", kill_on_drop: false }`
[INFO] running `Command { std: "docker" "exec" "-e" "SOURCE_DIR=/opt/rustwide/workdir" "-e" "CARGO_HOME=/opt/rustwide/cargo-home" "-e" "RUSTUP_HOME=/opt/rustwide/rustup-home" "-e" "CARGO_TARGET_DIR=/opt/rustwide/target" "-e" "CARGO_INCREMENTAL=0" "-e" "RUST_BACKTRACE=full" "-e" "RUSTFLAGS=--cap-lints=warn" "-e" "RUSTDOCFLAGS=--cap-lints=warn" "-w" "/opt/rustwide/workdir" "--user" "0:0" "154d4125ef1416bbeafa1ef6f6d19740871e18b2be0a87ae6e80d05da9cf929d" "/opt/rustwide/cargo-home/bin/cargo" "+1.100.0-beta.1" "test" "--frozen" "--release", kill_on_drop: false }`
[INFO] [stderr]     Finished `release` profile [optimized] target(s) in 0.24s
[INFO] [stderr] warning: the following packages contain code that will be rejected by a future version of Rust: buf_redux v0.8.4, nom v4.2.3, num-bigint-dig v0.8.1, pgp v0.8.0
[INFO] [stderr] note: to see what the problems were, use the option `--future-incompat-report`, or run `cargo report future-incompatibilities --id 1`
[INFO] [stderr]      Running unittests src/main.rs (/opt/rustwide/target/release/build/hcdl/43947eaa0791565f/out/hcdl-43947eaa0791565f)
[INFO] [stdout] 
[INFO] [stdout] running 25 tests
[INFO] [stdout] test client::product_version::tests::test_shasums_signature_url ... ok
[INFO] [stdout] test client::product_version::tests::test_build ... ok
[INFO] [stdout] test client::product_version::tests::test_shasums_url ... ok
[INFO] [stdout] test crc32::tests::test_check_err_bad_checksum ... ok
[INFO] [stdout] test crc32::tests::test_check_ok ... ok
[INFO] [stdout] test install::tests::test_install_dir_not_dir ... ok
[INFO] [stdout] test client::tests::test_get_bytes ... ok
[INFO] [stdout] test shasums::tests::test_check_ok ... ok
[INFO] [stdout] test shasums::tests::test_check_bad_checksum ... ok
[INFO] [stdout] test shasums::tests::test_check_bad_no_such_filename ... ok
[INFO] [stdout] test shasums::tests::test_parse_empty_content ... ok
[INFO] [stdout] test crc32::tests::test_check_err_non_existant_file ... ok
[INFO] [stdout] test client::tests::test_get_signature ... FAILED
[INFO] [stdout] test client::tests::test_get_version ... ok
[INFO] [stdout] test shasums::tests::test_parse_panic_single_column - should panic ... ok
[INFO] [stdout] test client::tests::test_check_version_ok ... ok
[INFO] [stdout] test client::tests::test_get_text ... ok
[INFO] [stdout] test shasums::tests::test_parse_ok ... ok
[INFO] [stdout] test shasums::tests::test_parse_panic_extra_column - should panic ... ok
[INFO] [stdout] test signature::tests::test_signature_check_bad_public_key ... ok
[INFO] [stdout] test signature::tests::test_signature_check_bad_signature ... ok
[INFO] [stdout] test shasums::tests::test_content ... ok
[INFO] [stdout] test shasums::tests::test_shasum ... ok
[INFO] [stdout] test signature::tests::test_signature_check_ok ... ok
[INFO] [stdout] test signature::tests::test_signature_check_known_bad_signature ... ok
[INFO] [stdout] 
[INFO] [stdout] failures:
[INFO] [stdout] 
[INFO] [stdout] ---- client::tests::test_get_signature stdout ----
[INFO] [stdout] 
[INFO] [stdout] thread 'client::tests::test_get_signature' (3496) panicked at src/client.rs:330:59:
[INFO] [stdout] called `Result::unwrap()` on an `Err` value: error sending request for url (https://releases.hashicorp.com/terraform/0.12.26/terraform_0.12.26_SHA256SUMS.sig): error trying to connect: dns error: failed to lookup address information: Temporary failure in name resolution
[INFO] [stdout] 
[INFO] [stdout] Caused by:
[INFO] [stdout]     0: error trying to connect: dns error: failed to lookup address information: Temporary failure in name resolution
[INFO] [stdout]     1: dns error: failed to lookup address information: Temporary failure in name resolution
[INFO] [stdout]     2: failed to lookup address information: Temporary failure in name resolution
[INFO] [stdout] stack backtrace:
[INFO] [stdout]    0:     0x60244238e941 - <<std[617be2ca0a6fd877]::sys::backtrace::BacktraceLock>::print::DisplayBacktrace as core[a373ad73a504971]::fmt::Display>::fmt
[INFO] [stdout]    1:     0x6024423a69ba - core[a373ad73a504971]::fmt::write
[INFO] [stdout]    2:     0x60244239360c - <alloc[2e1b2a31b91974c5]::vec::Vec<u8> as core[a373ad73a504971]::io::write::Write>::write_fmt
[INFO] [stdout]    3:     0x602442368d26 - std[617be2ca0a6fd877]::panicking::default_hook::{closure#0}
[INFO] [stdout]    4:     0x6024423861d9 - std[617be2ca0a6fd877]::panicking::default_hook
[INFO] [stdout]    5:     0x602442043110 - test[aada8e7e76ba119b]::test_main_inner::{closure#0}
[INFO] [stdout]    6:     0x602442386502 - std[617be2ca0a6fd877]::panicking::panic_with_hook
[INFO] [stdout]    7:     0x602442368dd2 - std[617be2ca0a6fd877]::panicking::panic_handler::{closure#0}
[INFO] [stdout]    8:     0x6024423617c9 - std[617be2ca0a6fd877]::sys::backtrace::__rust_end_short_backtrace::<std[617be2ca0a6fd877]::panicking::panic_handler::{closure#0}, !>
[INFO] [stdout]    9:     0x602442369c8d - __rustc[ea4f61d10b84890b]::rust_begin_unwind
[INFO] [stdout]   10:     0x6024423a711c - core[a373ad73a504971]::panicking::panic_fmt
[INFO] [stdout]   11:     0x6024423a6ef2 - core[a373ad73a504971]::result::unwrap_failed
[INFO] [stdout]   12:     0x6024420038fb - <core[a373ad73a504971]::pin::Pin<&mut hcdl[77459ccfc33f447f]::client::tests::test_get_signature::{closure#0}> as core[a373ad73a504971]::future::future::Future>::poll
[INFO] [stdout]   13:     0x60244201a4a9 - <tokio[67d0d7fb3080ae7b]::runtime::basic_scheduler::BasicScheduler>::block_on::<hcdl[77459ccfc33f447f]::client::tests::test_get_signature::{closure#0}>
[INFO] [stdout]   14:     0x602442023b95 - <tokio[67d0d7fb3080ae7b]::runtime::Runtime>::block_on::<hcdl[77459ccfc33f447f]::client::tests::test_get_signature::{closure#0}>
[INFO] [stdout]   15:     0x602441fe67b4 - <hcdl[77459ccfc33f447f]::client::tests::test_get_signature::{closure#0} as core[a373ad73a504971]::ops::function::FnOnce<()>>::call_once
[INFO] [stdout]   16:     0x60244203655b - test[aada8e7e76ba119b]::__rust_begin_short_backtrace::<core[a373ad73a504971]::result::Result<(), alloc[2e1b2a31b91974c5]::string::String>, fn() -> core[a373ad73a504971]::result::Result<(), alloc[2e1b2a31b91974c5]::string::String>>
[INFO] [stdout]   17:     0x602442043735 - test[aada8e7e76ba119b]::run_test::{closure#0}
[INFO] [stdout]   18:     0x60244203d024 - std[617be2ca0a6fd877]::sys::backtrace::__rust_begin_short_backtrace::<test[aada8e7e76ba119b]::run_test::{closure#1}, ()>
[INFO] [stdout]   19:     0x6024420467c2 - <std[617be2ca0a6fd877]::thread::lifecycle::spawn_unchecked<test[aada8e7e76ba119b]::run_test::{closure#1}, ()>::{closure#1} as core[a373ad73a504971]::ops::function::FnOnce<()>>::call_once::{shim:vtable#0}
[INFO] [stdout]   20:     0x60244238d88f - <std[617be2ca0a6fd877]::sys::thread::unix::Thread>::new::thread_start
[INFO] [stdout]   21:     0x729941485dfa - <unknown>
[INFO] [stdout]   22:     0x7299415193d4 - clone
[INFO] [stdout]   23:                0x0 - <unknown>
[INFO] [stdout] 
[INFO] [stdout] 
[INFO] [stdout] failures:
[INFO] [stdout]     client::tests::test_get_signature
[INFO] [stdout] 
[INFO] [stdout] test result: FAILED. 24 passed; 1 failed; 0 ignored; 0 measured; 0 filtered out; finished in 0.04s
[INFO] [stdout] 
[INFO] [stderr] error: test failed, to rerun pass `--bin hcdl`
[INFO] running `Command { std: "docker" "inspect" "154d4125ef1416bbeafa1ef6f6d19740871e18b2be0a87ae6e80d05da9cf929d", kill_on_drop: false }`
[INFO] running `Command { std: "docker" "rm" "-f" "154d4125ef1416bbeafa1ef6f6d19740871e18b2be0a87ae6e80d05da9cf929d", kill_on_drop: false }`
[INFO] [stdout] 154d4125ef1416bbeafa1ef6f6d19740871e18b2be0a87ae6e80d05da9cf929d
