[INFO] fetching crate hc_uniffi_bindgen 0.29.1...
[INFO] testing hc_uniffi_bindgen-0.29.1 against 1.99.0-beta.8+cargoflags=--release for beta-release-1.100-2
[INFO] extracting crate hc_uniffi_bindgen 0.29.1 into /workspace/builds/worker-6-tc1/source
[INFO] started tweaking crates.io crate hc_uniffi_bindgen 0.29.1
[INFO] finished tweaking crates.io crate hc_uniffi_bindgen 0.29.1
[INFO] tweaked toml for crates.io crate hc_uniffi_bindgen 0.29.1 written to /workspace/builds/worker-6-tc1/source/Cargo.toml
[INFO] validating manifest of crates.io crate hc_uniffi_bindgen 0.29.1 on toolchain 1.99.0-beta.8
[INFO] running `Command { std: CARGO_HOME="/workspace/cargo-home" RUSTUP_HOME="/workspace/rustup-home" "/workspace/cargo-home/bin/cargo" "+1.99.0-beta.8" "metadata" "--manifest-path" "Cargo.toml" "--no-deps", kill_on_drop: false }`
[INFO] crate crates.io crate hc_uniffi_bindgen 0.29.1 already has a lockfile, it will not be regenerated
[INFO] running `Command { std: CARGO_HOME="/workspace/cargo-home" RUSTUP_HOME="/workspace/rustup-home" "/workspace/cargo-home/bin/cargo" "+1.99.0-beta.8" "fetch" "--manifest-path" "Cargo.toml", kill_on_drop: false }`
[INFO] [stderr]     Updating crates.io index
[INFO] [stderr]  Downloading crates ...
[INFO] [stderr]   Downloaded uniffi_meta v0.29.1
[INFO] [stderr]   Downloaded uniffi_internal_macros v0.29.2
[INFO] [stderr]   Downloaded uniffi_udl v0.29.1
[INFO] [stderr]   Downloaded uniffi_testing v0.29.1
[INFO] [stderr]   Downloaded fs-err v2.9.0
[INFO] [stderr]   Downloaded rinja_derive v0.3.4
[INFO] [stderr]   Downloaded thiserror-impl v1.0.47
[INFO] [stderr]   Downloaded once_map v0.4.18
[INFO] [stderr]   Downloaded rinja v0.3.4
[INFO] [stderr]   Downloaded rinja_parser v0.3.4
[INFO] [stderr]   Downloaded thiserror v1.0.47
[INFO] [stderr]   Downloaded bitflags v2.4.0
[INFO] [stderr]   Downloaded goblin v0.8.0
[INFO] [stderr]   Downloaded basic-toml v0.1.4
[INFO] running `Command { std: "docker" "create" "-v" "/var/lib/crater-agent-workspace/builds/worker-6-tc1/source:/opt/rustwide/workdir:ro,Z" "-v" "/var/lib/crater-agent-workspace/builds/worker-6-tc1/target:/opt/rustwide/target:rw,Z" "-v" "/var/lib/crater-agent-workspace/cargo-home:/opt/rustwide/cargo-home:ro,Z" "-v" "/var/lib/crater-agent-workspace/rustup-home:/opt/rustwide/rustup-home:ro,Z" "-m" "1610612736" "--network" "none" "ghcr.io/rust-lang/crates-build-env/linux@sha256:77db811e55d90add9212f6832c23229e3de5f1c1f9905e8cb07319ea15df73ac" "sleep" "infinity", kill_on_drop: false }`
[INFO] [stdout] b9099bbb777b6190da5dd267844bbde9b548a736d8a97c4814be08917b140590
[INFO] running `Command { std: "docker" "start" "b9099bbb777b6190da5dd267844bbde9b548a736d8a97c4814be08917b140590", kill_on_drop: false }`
[INFO] running `Command { std: "docker" "inspect" "b9099bbb777b6190da5dd267844bbde9b548a736d8a97c4814be08917b140590", kill_on_drop: false }`
[INFO] running `Command { std: "docker" "exec" "-e" "SOURCE_DIR=/opt/rustwide/workdir" "-e" "CARGO_HOME=/opt/rustwide/cargo-home" "-e" "RUSTUP_HOME=/opt/rustwide/rustup-home" "-e" "CARGO_TARGET_DIR=/opt/rustwide/target" "-w" "/opt/rustwide/workdir" "--user" "0:0" "b9099bbb777b6190da5dd267844bbde9b548a736d8a97c4814be08917b140590" "/opt/rustwide/cargo-home/bin/cargo" "+1.99.0-beta.8" "metadata" "--no-deps" "--format-version=1", kill_on_drop: false }`
[INFO] running `Command { std: "docker" "inspect" "b9099bbb777b6190da5dd267844bbde9b548a736d8a97c4814be08917b140590", kill_on_drop: false }`
[INFO] running `Command { std: "docker" "exec" "-e" "SOURCE_DIR=/opt/rustwide/workdir" "-e" "CARGO_HOME=/opt/rustwide/cargo-home" "-e" "RUSTUP_HOME=/opt/rustwide/rustup-home" "-e" "CARGO_TARGET_DIR=/opt/rustwide/target" "-e" "CARGO_INCREMENTAL=0" "-e" "RUST_BACKTRACE=full" "-e" "RUSTFLAGS=--cap-lints=warn" "-e" "RUSTDOCFLAGS=--cap-lints=warn" "-w" "/opt/rustwide/workdir" "--user" "0:0" "b9099bbb777b6190da5dd267844bbde9b548a736d8a97c4814be08917b140590" "/opt/rustwide/cargo-home/bin/cargo" "+1.99.0-beta.8" "build" "--frozen" "--message-format=json" "--release", kill_on_drop: false }`
[INFO] [stderr]    Compiling proc-macro2 v1.0.81
[INFO] [stderr]    Compiling serde v1.0.186
[INFO] [stderr]    Compiling anyhow v1.0.75
[INFO] [stderr]    Compiling memchr v2.5.0
[INFO] [stderr]    Compiling smallvec v1.13.2
[INFO] [stderr]    Compiling scopeguard v1.2.0
[INFO] [stderr]    Compiling hashbrown v0.15.3
[INFO] [stderr]    Compiling minimal-lexical v0.2.1
[INFO] [stderr]    Compiling itoa v1.0.11
[INFO] [stderr]    Compiling unicase v2.7.0
[INFO] [stderr]    Compiling libc v0.2.158
[INFO] [stderr]    Compiling lock_api v0.4.12
[INFO] [stderr]    Compiling parking_lot_core v0.9.10
[INFO] [stderr]    Compiling hashbrown v0.14.5
[INFO] [stderr]    Compiling thiserror v1.0.47
[INFO] [stderr]    Compiling mime v0.3.17
[INFO] [stderr]    Compiling semver v1.0.18
[INFO] [stderr]    Compiling stable_deref_trait v1.2.0
[INFO] [stderr]    Compiling camino v1.1.6
[INFO] [stderr]    Compiling serde_json v1.0.105
[INFO] [stderr]    Compiling ryu v1.0.15
[INFO] [stderr]    Compiling mime_guess v2.0.4
[INFO] [stderr]    Compiling rustc-hash v2.0.0
[INFO] [stderr]    Compiling siphasher v0.3.11
[INFO] [stderr]    Compiling smawk v0.3.2
[INFO] [stderr]    Compiling paste v1.0.14
[INFO] [stderr]    Compiling plain v0.2.3
[INFO] [stderr]    Compiling log v0.4.20
[INFO] [stderr]    Compiling glob v0.3.1
[INFO] [stderr]    Compiling fs-err v2.9.0
[INFO] [stderr]    Compiling nom v7.1.3
[INFO] [stderr]    Compiling indexmap v2.9.0
[INFO] [stderr]    Compiling textwrap v0.16.0
[INFO] [stderr]    Compiling heck v0.5.0
[INFO] [stderr]    Compiling quote v1.0.36
[INFO] [stderr]    Compiling parking_lot v0.12.3
[INFO] [stderr]    Compiling once_map v0.4.18
[INFO] [stderr]    Compiling syn v2.0.60
[INFO] [stderr]    Compiling weedle2 v5.0.0
[INFO] [stderr]    Compiling serde_derive v1.0.186
[INFO] [stderr]    Compiling thiserror-impl v1.0.47
[INFO] [stderr]    Compiling uniffi_internal_macros v0.29.2
[INFO] [stderr]    Compiling scroll_derive v0.12.0
[INFO] [stderr]    Compiling scroll v0.12.0
[INFO] [stderr]    Compiling uniffi_meta v0.29.1
[INFO] [stderr]    Compiling uniffi_udl v0.29.1
[INFO] [stderr]    Compiling goblin v0.8.0
[INFO] [stderr]    Compiling basic-toml v0.1.4
[INFO] [stderr]    Compiling rinja_parser v0.3.4
[INFO] [stderr]    Compiling cargo-platform v0.1.3
[INFO] [stderr]    Compiling toml v0.5.11
[INFO] [stderr]    Compiling cargo_metadata v0.15.4
[INFO] [stderr]    Compiling rinja_derive v0.3.4
[INFO] [stderr]    Compiling rinja v0.3.4
[INFO] [stderr]    Compiling hc_uniffi_bindgen v0.29.1 (/opt/rustwide/workdir)
[INFO] [stderr]     Finished `release` profile [optimized] target(s) in 1m 41s
[INFO] running `Command { std: "docker" "inspect" "b9099bbb777b6190da5dd267844bbde9b548a736d8a97c4814be08917b140590", kill_on_drop: false }`
[INFO] running `Command { std: "docker" "exec" "-e" "SOURCE_DIR=/opt/rustwide/workdir" "-e" "CARGO_HOME=/opt/rustwide/cargo-home" "-e" "RUSTUP_HOME=/opt/rustwide/rustup-home" "-e" "CARGO_TARGET_DIR=/opt/rustwide/target" "-e" "CARGO_INCREMENTAL=0" "-e" "RUST_BACKTRACE=full" "-e" "RUSTFLAGS=--cap-lints=warn" "-e" "RUSTDOCFLAGS=--cap-lints=warn" "-w" "/opt/rustwide/workdir" "--user" "0:0" "b9099bbb777b6190da5dd267844bbde9b548a736d8a97c4814be08917b140590" "/opt/rustwide/cargo-home/bin/cargo" "+1.99.0-beta.8" "test" "--frozen" "--no-run" "--message-format=json" "--release", kill_on_drop: false }`
[INFO] [stderr]    Compiling hc_uniffi_bindgen v0.29.1 (/opt/rustwide/workdir)
[INFO] [stderr]     Finished `release` profile [optimized] target(s) in 16.56s
[INFO] running `Command { std: "docker" "inspect" "b9099bbb777b6190da5dd267844bbde9b548a736d8a97c4814be08917b140590", kill_on_drop: false }`
[INFO] running `Command { std: "docker" "exec" "-e" "SOURCE_DIR=/opt/rustwide/workdir" "-e" "CARGO_HOME=/opt/rustwide/cargo-home" "-e" "RUSTUP_HOME=/opt/rustwide/rustup-home" "-e" "CARGO_TARGET_DIR=/opt/rustwide/target" "-e" "CARGO_INCREMENTAL=0" "-e" "RUST_BACKTRACE=full" "-e" "RUSTFLAGS=--cap-lints=warn" "-e" "RUSTDOCFLAGS=--cap-lints=warn" "-w" "/opt/rustwide/workdir" "--user" "0:0" "b9099bbb777b6190da5dd267844bbde9b548a736d8a97c4814be08917b140590" "/opt/rustwide/cargo-home/bin/cargo" "+1.99.0-beta.8" "test" "--frozen" "--release", kill_on_drop: false }`
[INFO] [stderr]     Finished `release` profile [optimized] target(s) in 0.08s
[INFO] [stderr]      Running unittests src/lib.rs (/opt/rustwide/target/release/deps/hc_uniffi_bindgen-1c9e57779763d7f5)
[INFO] [stdout] 
[INFO] [stdout] running 52 tests
[INFO] [stdout] test bindings::ruby::gen_ruby::tests::cdylib_path ... ok
[INFO] [stdout] test bindings::kotlin::gen_kotlin::test::test_kotlin_version ... ok
[INFO] [stdout] test bindings::ruby::gen_ruby::tests::when_not_reserved_word ... ok
[INFO] [stdout] test interface::callbacks::test::test_docstring_callback_interface ... ok
[INFO] [stdout] test interface::enum_::test::test_variant_data ... ok
[INFO] [stdout] test interface::enum_::test::test_docstring_associated_enum_variant ... ok
[INFO] [stdout] test interface::enum_::test::test_variants ... ok
[INFO] [stdout] test interface::function::test::test_docstring_function ... ok
[INFO] [stdout] test bindings::ruby::gen_ruby::test_type::test_canonical_names ... ok
[INFO] [stdout] test interface::enum_::test::test_duplicate_error_variants ... ok
[INFO] [stdout] test interface::enum_::test::test_variant_values ... ok
[INFO] [stdout] test interface::enum_::test::test_associated_data ... ok
[INFO] [stdout] test interface::enum_::test::test_docstring_enum ... ok
[INFO] [stdout] test interface::callbacks::test::test_empty_interface ... ok
[INFO] [stdout] test interface::function::test::test_minimal_and_rich_function ... ok
[INFO] [stdout] test bindings::ruby::gen_ruby::tests::when_reserved_word ... ok
[INFO] [stdout] test interface::callbacks::test::test_multiple_interfaces ... ok
[INFO] [stdout] test interface::enum_::test::test_docstring_associated_enum ... ok
[INFO] [stdout] test interface::enum_::test::test_docstring_enum_variant ... ok
[INFO] [stdout] test interface::function::test::test_iter_types ... ok
[INFO] [stdout] test interface::enum_::test::test_duplicate_variants ... ok
[INFO] [stdout] test interface::object::test::test_alternate_constructors ... ok
[INFO] [stdout] test bindings::python::gen_python::tests::test_docstring_escape ... ok
[INFO] [stdout] test bindings::ruby::gen_ruby::tests::cdylib_name ... ok
[INFO] [stdout] test interface::object::test::test_docstring_object ... ok
[INFO] [stdout] test interface::object::test::test_duplicate_primary_constructors_not_allowed ... ok
[INFO] [stdout] test interface::object::test::test_docstring_constructor ... ok
[INFO] [stdout] test interface::object::test::test_the_name_new_identifies_the_primary_constructor ... ok
[INFO] [stdout] test interface::object::test::test_the_name_new_is_reserved_for_constructors ... ok
[INFO] [stdout] test interface::enum_::test::test_enum_variant_named_error ... ok
[INFO] [stdout] test interface::record::test::test_that_all_field_types_become_known ... ok
[INFO] [stdout] test interface::record::test::test_docstring_record_field ... ok
[INFO] [stdout] test interface::test::test_namespaces ... ok
[INFO] [stdout] test interface::object::test::test_trait_constructors_not_allowed ... ok
[INFO] [stdout] test interface::record::test::test_docstring_record ... ok
[INFO] [stdout] test library_mode::test::calc_cdylib_name_is_correct ... ok
[INFO] [stdout] test library_mode::test::calc_cdylib_name_is_correct_on_windows ... ignored
[INFO] [stdout] test test::test_merge_toml ... ok
[INFO] [stdout] test test::test_guessing_of_crate_root_directory_from_udl_file ... FAILED
[INFO] [stderr] error: test failed, to rerun pass `--lib`
[INFO] [stdout] test interface::test::test_duplicate_type_names_are_an_error ... ok
[INFO] [stdout] test interface::test::test_contains_optional_types ... ok
[INFO] [stdout] test interface::test::test_names ... ok
[INFO] [stdout] test interface::test::test_contains_sequence_types ... ok
[INFO] [stdout] test interface::object::test::test_that_all_argument_and_return_types_become_known ... ok
[INFO] [stdout] test interface::test::test_multiline_docstring ... ok
[INFO] [stdout] test interface::object::test::test_trait_attribute ... ok
[INFO] [stdout] test interface::record::test::test_multiple_record_types ... ok
[INFO] [stdout] test interface::test::test_contains_map_types ... ok
[INFO] [stdout] test interface::test::test_correct_recursion_when_walking_types ... ok
[INFO] [stdout] test interface::test::test_docstring_namespace ... ok
[INFO] [stdout] test interface::test::test_no_infinite_recursion_when_walking_types ... ok
[INFO] [stdout] test interface::object::test::test_docstring_method ... ok
[INFO] [stdout] 
[INFO] [stdout] failures:
[INFO] [stdout] 
[INFO] [stdout] ---- test::test_guessing_of_crate_root_directory_from_udl_file stdout ----
[INFO] [stdout] 
[INFO] [stdout] thread 'test::test_guessing_of_crate_root_directory_from_udl_file' (1457) panicked at src/lib.rs:568:77:
[INFO] [stdout] called `Result::unwrap()` on an `Err` value: UDL file does not appear to be inside a crate
[INFO] [stdout] stack backtrace:
[INFO] [stdout]    0:     0x627de2530051 - <<std[70759c8f55707aa4]::sys::backtrace::BacktraceLock>::print::DisplayBacktrace as core[df12db4294e9bfd3]::fmt::Display>::fmt
[INFO] [stdout]    1:     0x627de254665a - core[df12db4294e9bfd3]::fmt::write
[INFO] [stdout]    2:     0x627de25344ec - <alloc[2182bb758b4b3781]::vec::Vec<u8> as core[df12db4294e9bfd3]::io::write::Write>::write_fmt
[INFO] [stdout]    3:     0x627de250c276 - std[70759c8f55707aa4]::panicking::default_hook::{closure#0}
[INFO] [stdout]    4:     0x627de2528739 - std[70759c8f55707aa4]::panicking::default_hook
[INFO] [stdout]    5:     0x627de24b27b0 - test[9d35eded1c95d3be]::test_main_inner::<test[9d35eded1c95d3be]::test_main_static::{closure#0}>::{closure#0}
[INFO] [stdout]    6:     0x627de25288f2 - std[70759c8f55707aa4]::panicking::panic_with_hook
[INFO] [stdout]    7:     0x627de250c322 - std[70759c8f55707aa4]::panicking::panic_handler::{closure#0}
[INFO] [stdout]    8:     0x627de25050a9 - std[70759c8f55707aa4]::sys::backtrace::__rust_end_short_backtrace::<std[70759c8f55707aa4]::panicking::panic_handler::{closure#0}, !>
[INFO] [stdout]    9:     0x627de250cf1d - __rustc[8fa7c3cbc660c2b3]::rust_begin_unwind
[INFO] [stdout]   10:     0x627de2546d8c - core[df12db4294e9bfd3]::panicking::panic_fmt
[INFO] [stdout]   11:     0x627de2546b62 - core[df12db4294e9bfd3]::result::unwrap_failed
[INFO] [stdout]   12:     0x627de2449ff4 - hc_uniffi_bindgen[c845357c94ccbb5c]::test::test_guessing_of_crate_root_directory_from_udl_file
[INFO] [stdout]   13:     0x627de241d1a9 - <hc_uniffi_bindgen[c845357c94ccbb5c]::test::test_guessing_of_crate_root_directory_from_udl_file::{closure#0} as core[df12db4294e9bfd3]::ops::function::FnOnce<()>>::call_once
[INFO] [stdout]   14:     0x627de24a5a9b - test[9d35eded1c95d3be]::__rust_begin_short_backtrace::<core[df12db4294e9bfd3]::result::Result<(), alloc[2182bb758b4b3781]::string::String>, fn() -> core[df12db4294e9bfd3]::result::Result<(), alloc[2182bb758b4b3781]::string::String>>
[INFO] [stdout]   15:     0x627de24b3105 - test[9d35eded1c95d3be]::run_test::{closure#0}
[INFO] [stdout]   16:     0x627de24ac9c4 - std[70759c8f55707aa4]::sys::backtrace::__rust_begin_short_backtrace::<test[9d35eded1c95d3be]::run_test::{closure#1}, ()>
[INFO] [stdout]   17:     0x627de24b6262 - <std[70759c8f55707aa4]::thread::lifecycle::spawn_unchecked<test[9d35eded1c95d3be]::run_test::{closure#1}, ()>::{closure#1} as core[df12db4294e9bfd3]::ops::function::FnOnce<()>>::call_once::{shim:vtable#0}
[INFO] [stdout]   18:     0x627de252f929 - <std[70759c8f55707aa4]::sys::thread::unix::Thread>::new::thread_start
[INFO] [stdout]   19:     0x7eac07268dfa - <unknown>
[INFO] [stdout]   20:     0x7eac072fc3d4 - clone
[INFO] [stdout]   21:                0x0 - <unknown>
[INFO] [stdout] 
[INFO] [stdout] 
[INFO] [stdout] failures:
[INFO] [stdout]     test::test_guessing_of_crate_root_directory_from_udl_file
[INFO] [stdout] 
[INFO] [stdout] test result: FAILED. 50 passed; 1 failed; 1 ignored; 0 measured; 0 filtered out; finished in 0.02s
[INFO] [stdout] 
[INFO] running `Command { std: "docker" "inspect" "b9099bbb777b6190da5dd267844bbde9b548a736d8a97c4814be08917b140590", kill_on_drop: false }`
[INFO] running `Command { std: "docker" "rm" "-f" "b9099bbb777b6190da5dd267844bbde9b548a736d8a97c4814be08917b140590", kill_on_drop: false }`
[INFO] [stdout] b9099bbb777b6190da5dd267844bbde9b548a736d8a97c4814be08917b140590
