[INFO] fetching crate hc_uniffi 0.29.2...
[INFO] testing hc_uniffi-0.29.2 against 1.99.0-beta.8+cargoflags=--release for beta-release-1.100-2
[INFO] extracting crate hc_uniffi 0.29.2 into /workspace/builds/worker-5-tc1/source
[INFO] started tweaking crates.io crate hc_uniffi 0.29.2
[INFO] finished tweaking crates.io crate hc_uniffi 0.29.2
[INFO] tweaked toml for crates.io crate hc_uniffi 0.29.2 written to /workspace/builds/worker-5-tc1/source/Cargo.toml
[INFO] validating manifest of crates.io crate hc_uniffi 0.29.2 on toolchain 1.99.0-beta.8
[INFO] running `Command { std: CARGO_HOME="/workspace/cargo-home" RUSTUP_HOME="/workspace/rustup-home" "/workspace/cargo-home/bin/cargo" "+1.99.0-beta.8" "metadata" "--manifest-path" "Cargo.toml" "--no-deps", kill_on_drop: false }`
[INFO] crate crates.io crate hc_uniffi 0.29.2 already has a lockfile, it will not be regenerated
[INFO] running `Command { std: CARGO_HOME="/workspace/cargo-home" RUSTUP_HOME="/workspace/rustup-home" "/workspace/cargo-home/bin/cargo" "+1.99.0-beta.8" "fetch" "--manifest-path" "Cargo.toml", kill_on_drop: false }`
[INFO] [stderr]     Updating crates.io index
[INFO] [stderr]  Downloading crates ...
[INFO] [stderr]   Downloaded uniffi_internal_macros v0.29.2
[INFO] [stderr]   Downloaded uniffi_meta v0.29.1
[INFO] [stderr]   Downloaded proc-macro2 v1.0.81
[INFO] [stderr]   Downloaded uniffi_macros v0.29.1
[INFO] [stderr]   Downloaded async-compat v0.2.1
[INFO] [stderr]   Downloaded smawk v0.3.2
[INFO] [stderr]   Downloaded scroll_derive v0.12.0
[INFO] [stderr]   Downloaded rustc-hash v2.0.0
[INFO] [stderr]   Downloaded once_map v0.4.18
[INFO] [stderr]   Downloaded uniffi_build v0.29.1
[INFO] [stderr]   Downloaded windows-targets v0.52.5
[INFO] [stderr]   Downloaded uniffi_testing v0.29.1
[INFO] [stderr]   Downloaded anstyle v1.0.6
[INFO] [stderr]   Downloaded thiserror-impl v1.0.47
[INFO] [stderr]   Downloaded cargo-platform v0.1.3
[INFO] [stderr]   Downloaded camino v1.1.6
[INFO] [stderr]   Downloaded uniffi_udl v0.29.1
[INFO] [stderr]   Downloaded weedle2 v5.0.0
[INFO] [stderr]   Downloaded redox_syscall v0.5.3
[INFO] [stderr]   Downloaded scroll v0.12.0
[INFO] [stderr]   Downloaded rinja v0.3.4
[INFO] [stderr]   Downloaded ryu v1.0.15
[INFO] [stderr]   Downloaded thiserror v1.0.47
[INFO] [stderr]   Downloaded clap_derive v4.5.4
[INFO] [stderr]   Downloaded clap_lex v0.7.0
[INFO] [stderr]   Downloaded anyhow v1.0.75
[INFO] [stderr]   Downloaded rinja_parser v0.3.4
[INFO] [stderr]   Downloaded bitflags v2.4.0
[INFO] [stderr]   Downloaded trybuild v1.0.83
[INFO] [stderr]   Downloaded once_cell v1.18.0
[INFO] [stderr]   Downloaded rinja_derive v0.3.4
[INFO] [stderr]   Downloaded basic-toml v0.1.4
[INFO] [stderr]   Downloaded serde_derive v1.0.186
[INFO] [stderr]   Downloaded uniffi_core v0.29.1
[INFO] [stderr]   Downloaded clap v4.5.4
[INFO] [stderr]   Downloaded serde v1.0.186
[INFO] [stderr]   Downloaded syn v2.0.60
[INFO] [stderr]   Downloaded serde_json v1.0.105
[INFO] [stderr]   Downloaded uniffi_bindgen v0.29.1
[INFO] [stderr]   Downloaded goblin v0.8.0
[INFO] [stderr]   Downloaded hc_uniffi_bindgen v0.29.1
[INFO] [stderr]   Downloaded clap_builder v4.5.2
[INFO] [stderr]   Downloaded object v0.32.0
[INFO] [stderr]   Downloaded windows_x86_64_gnullvm v0.52.5
[INFO] [stderr]   Downloaded windows_aarch64_gnullvm v0.52.5
[INFO] [stderr]   Downloaded windows_i686_gnullvm v0.52.5
[INFO] [stderr]   Downloaded tokio v1.32.0
[INFO] [stderr]   Downloaded windows_x86_64_gnu v0.52.5
[INFO] [stderr]   Downloaded windows_i686_msvc v0.52.5
[INFO] [stderr]   Downloaded windows_aarch64_msvc v0.52.5
[INFO] [stderr]   Downloaded windows_x86_64_msvc v0.52.5
[INFO] [stderr]   Downloaded windows_i686_gnu v0.52.5
[INFO] running `Command { std: "docker" "create" "-v" "/var/lib/crater-agent-workspace/builds/worker-5-tc1/source:/opt/rustwide/workdir:ro,Z" "-v" "/var/lib/crater-agent-workspace/builds/worker-5-tc1/target:/opt/rustwide/target:rw,Z" "-v" "/var/lib/crater-agent-workspace/cargo-home:/opt/rustwide/cargo-home:ro,Z" "-v" "/var/lib/crater-agent-workspace/rustup-home:/opt/rustwide/rustup-home:ro,Z" "-m" "1610612736" "--network" "none" "ghcr.io/rust-lang/crates-build-env/linux@sha256:77db811e55d90add9212f6832c23229e3de5f1c1f9905e8cb07319ea15df73ac" "sleep" "infinity", kill_on_drop: false }`
[INFO] [stdout] 089bf7165b3c56deb00636ebb8acde23b1dba13fec506c44d685798a21b3f5bc
[INFO] running `Command { std: "docker" "start" "089bf7165b3c56deb00636ebb8acde23b1dba13fec506c44d685798a21b3f5bc", kill_on_drop: false }`
[INFO] running `Command { std: "docker" "inspect" "089bf7165b3c56deb00636ebb8acde23b1dba13fec506c44d685798a21b3f5bc", kill_on_drop: false }`
[INFO] running `Command { std: "docker" "exec" "-e" "SOURCE_DIR=/opt/rustwide/workdir" "-e" "CARGO_HOME=/opt/rustwide/cargo-home" "-e" "RUSTUP_HOME=/opt/rustwide/rustup-home" "-e" "CARGO_TARGET_DIR=/opt/rustwide/target" "-w" "/opt/rustwide/workdir" "--user" "0:0" "089bf7165b3c56deb00636ebb8acde23b1dba13fec506c44d685798a21b3f5bc" "/opt/rustwide/cargo-home/bin/cargo" "+1.99.0-beta.8" "metadata" "--no-deps" "--format-version=1", kill_on_drop: false }`
[INFO] running `Command { std: "docker" "inspect" "089bf7165b3c56deb00636ebb8acde23b1dba13fec506c44d685798a21b3f5bc", kill_on_drop: false }`
[INFO] running `Command { std: "docker" "exec" "-e" "SOURCE_DIR=/opt/rustwide/workdir" "-e" "CARGO_HOME=/opt/rustwide/cargo-home" "-e" "RUSTUP_HOME=/opt/rustwide/rustup-home" "-e" "CARGO_TARGET_DIR=/opt/rustwide/target" "-e" "CARGO_INCREMENTAL=0" "-e" "RUST_BACKTRACE=full" "-e" "RUSTFLAGS=--cap-lints=warn" "-e" "RUSTDOCFLAGS=--cap-lints=warn" "-w" "/opt/rustwide/workdir" "--user" "0:0" "089bf7165b3c56deb00636ebb8acde23b1dba13fec506c44d685798a21b3f5bc" "/opt/rustwide/cargo-home/bin/cargo" "+1.99.0-beta.8" "build" "--frozen" "--message-format=json" "--release", kill_on_drop: false }`
[INFO] [stderr]    Compiling proc-macro2 v1.0.81
[INFO] [stderr]    Compiling serde v1.0.186
[INFO] [stderr]    Compiling anyhow v1.0.75
[INFO] [stderr]    Compiling hashbrown v0.15.3
[INFO] [stderr]    Compiling semver v1.0.18
[INFO] [stderr]    Compiling camino v1.1.6
[INFO] [stderr]    Compiling thiserror v1.0.47
[INFO] [stderr]    Compiling serde_json v1.0.105
[INFO] [stderr]    Compiling siphasher v0.3.11
[INFO] [stderr]    Compiling ryu v1.0.15
[INFO] [stderr]    Compiling itoa v1.0.11
[INFO] [stderr]    Compiling fs-err v2.9.0
[INFO] [stderr]    Compiling bytes v1.4.0
[INFO] [stderr]    Compiling once_cell v1.18.0
[INFO] [stderr]    Compiling uniffi_core v0.29.1
[INFO] [stderr]    Compiling quote v1.0.36
[INFO] [stderr]    Compiling indexmap v2.9.0
[INFO] [stderr]    Compiling syn v2.0.60
[INFO] [stderr]    Compiling serde_derive v1.0.186
[INFO] [stderr]    Compiling thiserror-impl v1.0.47
[INFO] [stderr]    Compiling uniffi_internal_macros v0.29.2
[INFO] [stderr]    Compiling uniffi_meta v0.29.1
[INFO] [stderr]    Compiling toml v0.5.11
[INFO] [stderr]    Compiling cargo-platform v0.1.3
[INFO] [stderr]    Compiling cargo_metadata v0.15.4
[INFO] [stderr]    Compiling uniffi_macros v0.29.1
[INFO] [stderr]    Compiling hc_uniffi v0.29.2 (/opt/rustwide/workdir)
[INFO] [stderr]     Finished `release` profile [optimized] target(s) in 27.43s
[INFO] running `Command { std: "docker" "inspect" "089bf7165b3c56deb00636ebb8acde23b1dba13fec506c44d685798a21b3f5bc", kill_on_drop: false }`
[INFO] running `Command { std: "docker" "exec" "-e" "SOURCE_DIR=/opt/rustwide/workdir" "-e" "CARGO_HOME=/opt/rustwide/cargo-home" "-e" "RUSTUP_HOME=/opt/rustwide/rustup-home" "-e" "CARGO_TARGET_DIR=/opt/rustwide/target" "-e" "CARGO_INCREMENTAL=0" "-e" "RUST_BACKTRACE=full" "-e" "RUSTFLAGS=--cap-lints=warn" "-e" "RUSTDOCFLAGS=--cap-lints=warn" "-w" "/opt/rustwide/workdir" "--user" "0:0" "089bf7165b3c56deb00636ebb8acde23b1dba13fec506c44d685798a21b3f5bc" "/opt/rustwide/cargo-home/bin/cargo" "+1.99.0-beta.8" "test" "--frozen" "--no-run" "--message-format=json" "--release", kill_on_drop: false }`
[INFO] [stderr]    Compiling trybuild v1.0.83
[INFO] [stderr]    Compiling termcolor v1.2.0
[INFO] [stderr]    Compiling glob v0.3.1
[INFO] [stderr]    Compiling basic-toml v0.1.4
[INFO] [stderr]    Compiling hc_uniffi v0.29.2 (/opt/rustwide/workdir)
[INFO] [stderr]     Finished `release` profile [optimized] target(s) in 14.95s
[INFO] running `Command { std: "docker" "inspect" "089bf7165b3c56deb00636ebb8acde23b1dba13fec506c44d685798a21b3f5bc", kill_on_drop: false }`
[INFO] running `Command { std: "docker" "exec" "-e" "SOURCE_DIR=/opt/rustwide/workdir" "-e" "CARGO_HOME=/opt/rustwide/cargo-home" "-e" "RUSTUP_HOME=/opt/rustwide/rustup-home" "-e" "CARGO_TARGET_DIR=/opt/rustwide/target" "-e" "CARGO_INCREMENTAL=0" "-e" "RUST_BACKTRACE=full" "-e" "RUSTFLAGS=--cap-lints=warn" "-e" "RUSTDOCFLAGS=--cap-lints=warn" "-w" "/opt/rustwide/workdir" "--user" "0:0" "089bf7165b3c56deb00636ebb8acde23b1dba13fec506c44d685798a21b3f5bc" "/opt/rustwide/cargo-home/bin/cargo" "+1.99.0-beta.8" "test" "--frozen" "--release", kill_on_drop: false }`
[INFO] [stderr]     Finished `release` profile [optimized] target(s) in 0.14s
[INFO] [stderr]      Running unittests src/lib.rs (/opt/rustwide/target/release/deps/hc_uniffi-c271c887a116ce27)
[INFO] [stdout] 
[INFO] [stdout] running 1 test
[INFO] [stderr]    Compiling proc-macro2 v1.0.81
[INFO] [stderr]    Compiling unicode-ident v1.0.12
[INFO] [stderr]    Compiling serde v1.0.186
[INFO] [stderr]    Compiling anyhow v1.0.75
[INFO] [stderr]    Compiling equivalent v1.0.2
[INFO] [stderr]    Compiling hashbrown v0.15.3
[INFO] [stderr]    Compiling thiserror v1.0.47
[INFO] [stderr]    Compiling semver v1.0.18
[INFO] [stderr]    Compiling camino v1.1.6
[INFO] [stderr]    Compiling serde_json v1.0.105
[INFO] [stderr]    Compiling siphasher v0.3.11
[INFO] [stderr]     Checking ryu v1.0.15
[INFO] [stderr]     Checking itoa v1.0.11
[INFO] [stderr]    Compiling fs-err v2.9.0
[INFO] [stderr]    Compiling once_cell v1.18.0
[INFO] [stderr]     Checking bytes v1.4.0
[INFO] [stderr]     Checking static_assertions v1.1.0
[INFO] [stderr]     Checking uniffi_core v0.29.1
[INFO] [stderr]    Compiling indexmap v2.9.0
[INFO] [stderr]    Compiling quote v1.0.36
[INFO] [stderr]    Compiling syn v2.0.60
[INFO] [stderr]    Compiling serde_derive v1.0.186
[INFO] [stderr]    Compiling uniffi_internal_macros v0.29.2
[INFO] [stderr]    Compiling thiserror-impl v1.0.47
[INFO] [stderr]    Compiling uniffi_meta v0.29.1
[INFO] [stderr]     Checking cargo-platform v0.1.3
[INFO] [stderr]    Compiling toml v0.5.11
[INFO] [stderr]     Checking cargo_metadata v0.15.4
[INFO] [stderr]    Compiling uniffi_macros v0.29.1
[INFO] [stderr]     Checking hc_uniffi v0.29.2 (/opt/rustwide/workdir)
[INFO] [stderr]     Checking hc_uniffi-tests v0.0.0 (/opt/rustwide/target/tests/trybuild/hc_uniffi)
[INFO] [stderr]     Finished `dev` profile [unoptimized + debuginfo] target(s) in 25.65s
[INFO] [stderr] 
[INFO] [stderr] 
[INFO] [stderr] test tests/ui/proc_macro_arc.rs ... mismatch
[INFO] [stderr] 
[INFO] [stderr] EXPECTED:
[INFO] [stderr] ┈┈┈┈┈┈┈┈┈┈┈┈┈┈┈┈┈┈┈┈┈┈┈┈┈┈┈┈┈┈┈┈┈┈┈┈┈┈┈┈┈┈┈┈┈┈┈┈┈┈┈┈┈┈┈┈┈┈┈┈
[INFO] [stderr] error[E0277]: the trait bound `Foo: FfiConverterArc<UniFfiTag>` is not satisfied
[INFO] [stderr]   --> tests/ui/proc_macro_arc.rs:10:1
[INFO] [stderr]    |
[INFO] [stderr] 10 | #[uniffi::export]
[INFO] [stderr]    | ^^^^^^^^^^^^^^^^^ the trait `FfiConverterArc<UniFfiTag>` is not implemented for `Foo`
[INFO] [stderr]    |
[INFO] [stderr]    = help: the trait `LowerReturn<UT>` is implemented for `Arc<T>`
[INFO] [stderr]    = note: required for `Arc<Foo>` to implement `FfiConverter<UniFfiTag>`
[INFO] [stderr]    = note: required for `Arc<Foo>` to implement `uniffi::Lower<UniFfiTag>`
[INFO] [stderr]    = note: required for `Arc<Foo>` to implement `LowerReturn<UniFfiTag>`
[INFO] [stderr]    = note: this error originates in the attribute macro `uniffi::export` (in Nightly builds, run with -Z macro-backtrace for more info)
[INFO] [stderr] 
[INFO] [stderr] error[E0277]: the trait bound `Foo: FfiConverterArc<UniFfiTag>` is not satisfied
[INFO] [stderr]   --> tests/ui/proc_macro_arc.rs:11:18
[INFO] [stderr]    |
[INFO] [stderr] 11 | fn make_foo() -> Arc<Foo> {
[INFO] [stderr]    |                  ^^^^^^^^ the trait `FfiConverterArc<UniFfiTag>` is not implemented for `Foo`
[INFO] [stderr]    |
[INFO] [stderr]    = help: the trait `uniffi::TypeId<UT>` is implemented for `Arc<T>`
[INFO] [stderr]    = note: required for `Arc<Foo>` to implement `FfiConverter<UniFfiTag>`
[INFO] [stderr]    = note: required for `Arc<Foo>` to implement `uniffi::TypeId<UniFfiTag>`
[INFO] [stderr] 
[INFO] [stderr] error[E0277]: the trait bound `child::Foo: FfiConverterArc<UniFfiTag>` is not satisfied
[INFO] [stderr]   --> tests/ui/proc_macro_arc.rs:20:5
[INFO] [stderr]    |
[INFO] [stderr] 20 |     #[uniffi::export]
[INFO] [stderr]    |     ^^^^^^^^^^^^^^^^^ the trait `FfiConverterArc<UniFfiTag>` is not implemented for `child::Foo`
[INFO] [stderr]    |
[INFO] [stderr]    = help: the trait `Lift<UT>` is implemented for `Arc<T>`
[INFO] [stderr]    = note: required for `Arc<child::Foo>` to implement `FfiConverter<UniFfiTag>`
[INFO] [stderr]    = note: required for `Arc<child::Foo>` to implement `Lift<UniFfiTag>`
[INFO] [stderr]    = note: this error originates in the attribute macro `uniffi::export` (in Nightly builds, run with -Z macro-backtrace for more info)
[INFO] [stderr] 
[INFO] [stderr] error[E0277]: the trait bound `child::Foo: FfiConverterArc<UniFfiTag>` is not satisfied
[INFO] [stderr]   --> tests/ui/proc_macro_arc.rs:21:22
[INFO] [stderr]    |
[INFO] [stderr] 21 |     fn take_foo(foo: Arc<Foo>) {
[INFO] [stderr]    |                      ^^^^^^^^ the trait `FfiConverterArc<UniFfiTag>` is not implemented for `child::Foo`
[INFO] [stderr]    |
[INFO] [stderr]    = help: the trait `uniffi::TypeId<UT>` is implemented for `Arc<T>`
[INFO] [stderr]    = note: required for `Arc<child::Foo>` to implement `FfiConverter<UniFfiTag>`
[INFO] [stderr]    = note: required for `Arc<child::Foo>` to implement `uniffi::TypeId<UniFfiTag>`
[INFO] [stderr] 
[INFO] [stderr] error[E0277]: the trait bound `Foo: FfiConverterArc<UniFfiTag>` is not satisfied
[INFO] [stderr]   --> tests/ui/proc_macro_arc.rs:10:1
[INFO] [stderr]    |
[INFO] [stderr] 10 | #[uniffi::export]
[INFO] [stderr]    | ^^^^^^^^^^^^^^^^^ the trait `FfiConverterArc<UniFfiTag>` is not implemented for `Foo`
[INFO] [stderr]    |
[INFO] [stderr]    = help: the trait `FfiConverter<UT>` is implemented for `Arc<T>`
[INFO] [stderr]    = note: required for `Arc<Foo>` to implement `FfiConverter<UniFfiTag>`
[INFO] [stderr]    = note: this error originates in the attribute macro `uniffi::export` (in Nightly builds, run with -Z macro-backtrace for more info)
[INFO] [stderr] 
[INFO] [stderr] error[E0277]: the trait bound `child::Foo: FfiConverterArc<UniFfiTag>` is not satisfied
[INFO] [stderr]   --> tests/ui/proc_macro_arc.rs:20:5
[INFO] [stderr]    |
[INFO] [stderr] 20 |     #[uniffi::export]
[INFO] [stderr]    |     ^^^^^^^^^^^^^^^^^ the trait `FfiConverterArc<UniFfiTag>` is not implemented for `child::Foo`
[INFO] [stderr]    |
[INFO] [stderr]    = help: the trait `FfiConverter<UT>` is implemented for `Arc<T>`
[INFO] [stderr]    = note: required for `Arc<child::Foo>` to implement `FfiConverter<UniFfiTag>`
[INFO] [stderr]    = note: this error originates in the attribute macro `uniffi::export` (in Nightly builds, run with -Z macro-backtrace for more info)
[INFO] [stderr] 
[INFO] [stderr] error[E0004]: non-exhaustive patterns: type `&child::Foo` is non-empty
[INFO] [stderr]   --> tests/ui/proc_macro_arc.rs:22:15
[INFO] [stderr]    |
[INFO] [stderr] 22 |         match &*foo {}
[INFO] [stderr]    |               ^^^^^
[INFO] [stderr]    |
[INFO] [stderr] note: `child::Foo` defined here
[INFO] [stderr]   --> tests/ui/proc_macro_arc.rs:18:10
[INFO] [stderr]    |
[INFO] [stderr] 18 |     enum Foo {}
[INFO] [stderr]    |          ^^^
[INFO] [stderr]    = note: the matched value is of type `&child::Foo`
[INFO] [stderr]    = note: references are always considered inhabited
[INFO] [stderr] help: ensure that all possible cases are being handled by adding a match arm with a wildcard pattern as shown
[INFO] [stderr]    |
[INFO] [stderr] 22 ~         match &*foo {
[INFO] [stderr] 23 +             _ => todo!(),
[INFO] [stderr] 24 +         }
[INFO] [stderr]    |
[INFO] [stderr] ┈┈┈┈┈┈┈┈┈┈┈┈┈┈┈┈┈┈┈┈┈┈┈┈┈┈┈┈┈┈┈┈┈┈┈┈┈┈┈┈┈┈┈┈┈┈┈┈┈┈┈┈┈┈┈┈┈┈┈┈
[INFO] [stderr] 
[INFO] [stderr] ACTUAL OUTPUT:
[INFO] [stderr] ┈┈┈┈┈┈┈┈┈┈┈┈┈┈┈┈┈┈┈┈┈┈┈┈┈┈┈┈┈┈┈┈┈┈┈┈┈┈┈┈┈┈┈┈┈┈┈┈┈┈┈┈┈┈┈┈┈┈┈┈
[INFO] [stderr] error[E0433]: cannot find module or crate `uniffi` in this scope
[INFO] [stderr]   --> tests/ui/proc_macro_arc.rs:20:7
[INFO] [stderr]    |
[INFO] [stderr] 20 |     #[uniffi::export]
[INFO] [stderr]    |       ^^^^^^ use of unresolved module or unlinked crate `uniffi`
[INFO] [stderr] 
[INFO] [stderr] error[E0433]: cannot find module or crate `uniffi` in this scope
[INFO] [stderr]   --> tests/ui/proc_macro_arc.rs:10:3
[INFO] [stderr]    |
[INFO] [stderr] 10 | #[uniffi::export]
[INFO] [stderr]    |   ^^^^^^ use of unresolved module or unlinked crate `uniffi`
[INFO] [stderr] 
[INFO] [stderr] error[E0004]: non-exhaustive patterns: type `&child::Foo` is non-empty
[INFO] [stderr]   --> tests/ui/proc_macro_arc.rs:22:15
[INFO] [stderr]    |
[INFO] [stderr] 22 |         match &*foo {}
[INFO] [stderr]    |               ^^^^^
[INFO] [stderr]    |
[INFO] [stderr] note: `child::Foo` defined here
[INFO] [stderr]   --> tests/ui/proc_macro_arc.rs:18:10
[INFO] [stderr]    |
[INFO] [stderr] 18 |     enum Foo {}
[INFO] [stderr]    |          ^^^
[INFO] [stderr]    = note: the matched value is of type `&child::Foo`
[INFO] [stderr]    = note: references are always considered inhabited
[INFO] [stderr] help: ensure that all possible cases are being handled by adding a match arm with a wildcard pattern as shown
[INFO] [stderr]    |
[INFO] [stderr] 22 ~         match &*foo {
[INFO] [stderr] 23 +             _ => todo!(),
[INFO] [stderr] 24 ~         }
[INFO] [stderr]    |
[INFO] [stderr] ┈┈┈┈┈┈┈┈┈┈┈┈┈┈┈┈┈┈┈┈┈┈┈┈┈┈┈┈┈┈┈┈┈┈┈┈┈┈┈┈┈┈┈┈┈┈┈┈┈┈┈┈┈┈┈┈┈┈┈┈
[INFO] [stderr] note: If the actual output is the correct output you can bless it by rerunning
[INFO] [stderr]       your test with the environment variable TRYBUILD=overwrite
[INFO] [stderr] 
[INFO] [stderr] test tests/ui/version_mismatch.rs ... mismatch
[INFO] [stderr] 
[INFO] [stderr] EXPECTED:
[INFO] [stderr] ┈┈┈┈┈┈┈┈┈┈┈┈┈┈┈┈┈┈┈┈┈┈┈┈┈┈┈┈┈┈┈┈┈┈┈┈┈┈┈┈┈┈┈┈┈┈┈┈┈┈┈┈┈┈┈┈┈┈┈┈
[INFO] [stderr] error[E0080]: evaluation of constant value failed
[INFO] [stderr]  --> tests/ui/version_mismatch.rs:2:1
[INFO] [stderr]   |
[INFO] [stderr] 2 | uniffi::assert_compatible_version!("0.0.1"); // An error message would go here.
[INFO] [stderr]   | ^^^^^^^^^^^^^^^^^^^^^^^^^^^^^^^^^^^^^^^^^^^ attempt to compute `0_usize - 1_usize`, which would overflow
[INFO] [stderr]   |
[INFO] [stderr]   = note: this error originates in the macro `uniffi::deps::static_assertions::const_assert` which comes from the expansion of the macro `uniffi::assert_compatible_version` (in Nightly builds, run with -Z macro-backtrace for more info)
[INFO] [stderr] ┈┈┈┈┈┈┈┈┈┈┈┈┈┈┈┈┈┈┈┈┈┈┈┈┈┈┈┈┈┈┈┈┈┈┈┈┈┈┈┈┈┈┈┈┈┈┈┈┈┈┈┈┈┈┈┈┈┈┈┈
[INFO] [stderr] 
[INFO] [stderr] ACTUAL OUTPUT:
[INFO] [stderr] ┈┈┈┈┈┈┈┈┈┈┈┈┈┈┈┈┈┈┈┈┈┈┈┈┈┈┈┈┈┈┈┈┈┈┈┈┈┈┈┈┈┈┈┈┈┈┈┈┈┈┈┈┈┈┈┈┈┈┈┈
[INFO] [stderr] error[E0433]: cannot find module or crate `uniffi` in this scope
[INFO] [stderr]  --> tests/ui/version_mismatch.rs:2:1
[INFO] [stderr]   |
[INFO] [stderr] 2 | uniffi::assert_compatible_version!("0.0.1"); // An error message would go here.
[INFO] [stderr]   | ^^^^^^ use of unresolved module or unlinked crate `uniffi`
[INFO] [stderr] ┈┈┈┈┈┈┈┈┈┈┈┈┈┈┈┈┈┈┈┈┈┈┈┈┈┈┈┈┈┈┈┈┈┈┈┈┈┈┈┈┈┈┈┈┈┈┈┈┈┈┈┈┈┈┈┈┈┈┈┈
[INFO] [stderr] note: If the actual output is the correct output you can bless it by rerunning
[INFO] [stderr]       your test with the environment variable TRYBUILD=overwrite
[INFO] [stderr] 
[INFO] [stderr] 
[INFO] [stderr] 
[INFO] [stdout] test test::trybuild_ui_tests ... FAILED
[INFO] [stdout] 
[INFO] [stdout] failures:
[INFO] [stdout] 
[INFO] [stdout] ---- test::trybuild_ui_tests stdout ----
[INFO] [stdout] 
[INFO] [stdout] thread 'test::trybuild_ui_tests' (933) panicked at /opt/rustwide/cargo-home/registry/src/index.crates.io-1949cf8c6b5b557f/trybuild-1.0.83/src/run.rs:101:13:
[INFO] [stdout] 2 of 2 tests failed
[INFO] [stdout] stack backtrace:
[INFO] [stdout]    0:     0x639337a51291 - <<std[70759c8f55707aa4]::sys::backtrace::BacktraceLock>::print::DisplayBacktrace as core[df12db4294e9bfd3]::fmt::Display>::fmt
[INFO] [stdout]    1:     0x639337a66baa - core[df12db4294e9bfd3]::fmt::write
[INFO] [stdout]    2:     0x639337a55ddc - <alloc[2182bb758b4b3781]::vec::Vec<u8> as core[df12db4294e9bfd3]::io::write::Write>::write_fmt
[INFO] [stdout]    3:     0x639337a2a616 - std[70759c8f55707aa4]::panicking::default_hook::{closure#0}
[INFO] [stdout]    4:     0x639337a481e9 - std[70759c8f55707aa4]::panicking::default_hook
[INFO] [stdout]    5:     0x6393379e2390 - test[9d35eded1c95d3be]::test_main_inner::<test[9d35eded1c95d3be]::test_main_static::{closure#0}>::{closure#0}
[INFO] [stdout]    6:     0x639337a483a2 - std[70759c8f55707aa4]::panicking::panic_with_hook
[INFO] [stdout]    7:     0x639337a2a6c2 - std[70759c8f55707aa4]::panicking::panic_handler::{closure#0}
[INFO] [stdout]    8:     0x639337a230c9 - std[70759c8f55707aa4]::sys::backtrace::__rust_end_short_backtrace::<std[70759c8f55707aa4]::panicking::panic_handler::{closure#0}, !>
[INFO] [stdout]    9:     0x639337a2b2bd - __rustc[8fa7c3cbc660c2b3]::rust_begin_unwind
[INFO] [stdout]   10:     0x639337a672dc - core[df12db4294e9bfd3]::panicking::panic_fmt
[INFO] [stdout]   11:     0x639337946535 - <trybuild[154c2e6f8f120dbf]::Runner>::run
[INFO] [stdout]   12:     0x639337949510 - <trybuild[154c2e6f8f120dbf]::TestCases as core[df12db4294e9bfd3]::ops::drop::Drop>::drop
[INFO] [stdout]   13:     0x639337941b58 - hc_uniffi[f39e20376075f4b7]::test::trybuild_ui_tests
[INFO] [stdout]   14:     0x639337941c29 - <hc_uniffi[f39e20376075f4b7]::test::trybuild_ui_tests::{closure#0} as core[df12db4294e9bfd3]::ops::function::FnOnce<()>>::call_once
[INFO] [stdout]   15:     0x6393379d567b - test[9d35eded1c95d3be]::__rust_begin_short_backtrace::<core[df12db4294e9bfd3]::result::Result<(), alloc[2182bb758b4b3781]::string::String>, fn() -> core[df12db4294e9bfd3]::result::Result<(), alloc[2182bb758b4b3781]::string::String>>
[INFO] [stdout]   16:     0x6393379e2ce5 - test[9d35eded1c95d3be]::run_test::{closure#0}
[INFO] [stdout]   17:     0x6393379dc5a4 - std[70759c8f55707aa4]::sys::backtrace::__rust_begin_short_backtrace::<test[9d35eded1c95d3be]::run_test::{closure#1}, ()>
[INFO] [stdout]   18:     0x6393379e5e42 - <std[70759c8f55707aa4]::thread::lifecycle::spawn_unchecked<test[9d35eded1c95d3be]::run_test::{closure#1}, ()>::{closure#1} as core[df12db4294e9bfd3]::ops::function::FnOnce<()>>::call_once::{shim:vtable#0}
[INFO] [stdout]   19:     0x639337a50519 - <std[70759c8f55707aa4]::sys::thread::unix::Thread>::new::thread_start
[INFO] [stdout]   20:     0x7792546e5dfa - <unknown>
[INFO] [stdout]   21:     0x7792547793d4 - clone
[INFO] [stdout]   22:                0x0 - <unknown>
[INFO] [stdout] 
[INFO] [stdout] 
[INFO] [stdout] failures:
[INFO] [stdout]     test::trybuild_ui_tests
[INFO] [stdout] 
[INFO] [stdout] test result: FAILED. 0 passed; 1 failed; 0 ignored; 0 measured; 0 filtered out; finished in 26.31s
[INFO] [stdout] 
[INFO] [stderr] error: test failed, to rerun pass `--lib`
[INFO] running `Command { std: "docker" "inspect" "089bf7165b3c56deb00636ebb8acde23b1dba13fec506c44d685798a21b3f5bc", kill_on_drop: false }`
[INFO] running `Command { std: "docker" "rm" "-f" "089bf7165b3c56deb00636ebb8acde23b1dba13fec506c44d685798a21b3f5bc", kill_on_drop: false }`
[INFO] [stdout] 089bf7165b3c56deb00636ebb8acde23b1dba13fec506c44d685798a21b3f5bc
