[INFO] fetching crate hc_r2d2_sqlite 0.25.0...
[INFO] testing hc_r2d2_sqlite-0.25.0 against 1.100.0-beta.1+cargoflags=--release for beta-release-1.100-2
[INFO] extracting crate hc_r2d2_sqlite 0.25.0 into /workspace/builds/worker-0-tc2/source
[INFO] started tweaking crates.io crate hc_r2d2_sqlite 0.25.0
[INFO] removed 0 missing tests
[INFO] finished tweaking crates.io crate hc_r2d2_sqlite 0.25.0
[INFO] tweaked toml for crates.io crate hc_r2d2_sqlite 0.25.0 written to /workspace/builds/worker-0-tc2/source/Cargo.toml
[INFO] validating manifest of crates.io crate hc_r2d2_sqlite 0.25.0 on toolchain 1.100.0-beta.1
[INFO] running `Command { std: CARGO_HOME="/workspace/cargo-home" RUSTUP_HOME="/workspace/rustup-home" "/workspace/cargo-home/bin/cargo" "+1.100.0-beta.1" "metadata" "--manifest-path" "Cargo.toml" "--no-deps", kill_on_drop: false }`
[INFO] running `Command { std: CARGO_HOME="/workspace/cargo-home" RUSTUP_HOME="/workspace/rustup-home" "/workspace/cargo-home/bin/cargo" "+1.100.0-beta.1" "generate-lockfile" "--manifest-path" "Cargo.toml", kill_on_drop: false }`
[INFO] [stderr]     Updating crates.io index
[INFO] [stderr]      Locking 61 packages to highest compatible versions
[INFO] [stderr]       Adding rusqlite v0.32.1 (available: v0.40.2)
[INFO] running `Command { std: CARGO_HOME="/workspace/cargo-home" RUSTUP_HOME="/workspace/rustup-home" "/workspace/cargo-home/bin/cargo" "+1.100.0-beta.1" "fetch" "--manifest-path" "Cargo.toml", kill_on_drop: false }`
[INFO] running `Command { std: "docker" "create" "-v" "/var/lib/crater-agent-workspace/builds/worker-0-tc2/source:/opt/rustwide/workdir:ro,Z" "-v" "/var/lib/crater-agent-workspace/builds/worker-0-tc2/target:/opt/rustwide/target:rw,Z" "-v" "/var/lib/crater-agent-workspace/cargo-home:/opt/rustwide/cargo-home:ro,Z" "-v" "/var/lib/crater-agent-workspace/rustup-home:/opt/rustwide/rustup-home:ro,Z" "-m" "1610612736" "--network" "none" "ghcr.io/rust-lang/crates-build-env/linux@sha256:77db811e55d90add9212f6832c23229e3de5f1c1f9905e8cb07319ea15df73ac" "sleep" "infinity", kill_on_drop: false }`
[INFO] [stdout] bb7daf8ae9367747f2f61f254a1a543810f340e7bee9564cb8d3599039494ea6
[INFO] running `Command { std: "docker" "start" "bb7daf8ae9367747f2f61f254a1a543810f340e7bee9564cb8d3599039494ea6", kill_on_drop: false }`
[INFO] running `Command { std: "docker" "inspect" "bb7daf8ae9367747f2f61f254a1a543810f340e7bee9564cb8d3599039494ea6", kill_on_drop: false }`
[INFO] running `Command { std: "docker" "exec" "-e" "SOURCE_DIR=/opt/rustwide/workdir" "-e" "CARGO_HOME=/opt/rustwide/cargo-home" "-e" "RUSTUP_HOME=/opt/rustwide/rustup-home" "-e" "CARGO_TARGET_DIR=/opt/rustwide/target" "-w" "/opt/rustwide/workdir" "--user" "0:0" "bb7daf8ae9367747f2f61f254a1a543810f340e7bee9564cb8d3599039494ea6" "/opt/rustwide/cargo-home/bin/cargo" "+1.100.0-beta.1" "metadata" "--no-deps" "--format-version=1", kill_on_drop: false }`
[INFO] running `Command { std: "docker" "inspect" "bb7daf8ae9367747f2f61f254a1a543810f340e7bee9564cb8d3599039494ea6", kill_on_drop: false }`
[INFO] running `Command { std: "docker" "exec" "-e" "SOURCE_DIR=/opt/rustwide/workdir" "-e" "CARGO_HOME=/opt/rustwide/cargo-home" "-e" "RUSTUP_HOME=/opt/rustwide/rustup-home" "-e" "CARGO_TARGET_DIR=/opt/rustwide/target" "-e" "CARGO_INCREMENTAL=0" "-e" "RUST_BACKTRACE=full" "-e" "RUSTFLAGS=--cap-lints=warn" "-e" "RUSTDOCFLAGS=--cap-lints=warn" "-w" "/opt/rustwide/workdir" "--user" "0:0" "bb7daf8ae9367747f2f61f254a1a543810f340e7bee9564cb8d3599039494ea6" "/opt/rustwide/cargo-home/bin/cargo" "+1.100.0-beta.1" "build" "--frozen" "--message-format=json" "--release", kill_on_drop: false }`
[INFO] [stderr]    Compiling getrandom v0.4.3
[INFO] [stderr]    Compiling once_cell v1.21.4
[INFO] [stderr]    Compiling libsqlite3-sys v0.30.1
[INFO] [stderr]    Compiling chacha20 v0.10.2
[INFO] [stderr]    Compiling scheduled-thread-pool v0.2.7
[INFO] [stderr]    Compiling r2d2 v0.8.10
[INFO] [stderr]    Compiling rand v0.10.3
[INFO] [stderr]    Compiling ahash v0.8.12
[INFO] [stderr]    Compiling hashbrown v0.14.5
[INFO] [stderr]    Compiling uuid v1.28.0
[INFO] [stderr]    Compiling hashlink v0.9.1
[INFO] [stderr]    Compiling rusqlite v0.32.1
[INFO] [stderr]    Compiling hc_r2d2_sqlite v0.25.0 (/opt/rustwide/workdir)
[INFO] [stderr]     Finished `release` profile [optimized] target(s) in 5.18s
[INFO] running `Command { std: "docker" "inspect" "bb7daf8ae9367747f2f61f254a1a543810f340e7bee9564cb8d3599039494ea6", kill_on_drop: false }`
[INFO] running `Command { std: "docker" "exec" "-e" "SOURCE_DIR=/opt/rustwide/workdir" "-e" "CARGO_HOME=/opt/rustwide/cargo-home" "-e" "RUSTUP_HOME=/opt/rustwide/rustup-home" "-e" "CARGO_TARGET_DIR=/opt/rustwide/target" "-e" "CARGO_INCREMENTAL=0" "-e" "RUST_BACKTRACE=full" "-e" "RUSTFLAGS=--cap-lints=warn" "-e" "RUSTDOCFLAGS=--cap-lints=warn" "-w" "/opt/rustwide/workdir" "--user" "0:0" "bb7daf8ae9367747f2f61f254a1a543810f340e7bee9564cb8d3599039494ea6" "/opt/rustwide/cargo-home/bin/cargo" "+1.100.0-beta.1" "test" "--frozen" "--no-run" "--message-format=json" "--release", kill_on_drop: false }`
[INFO] [stderr]    Compiling tempfile v3.27.0
[INFO] [stderr]    Compiling hc_r2d2_sqlite v0.25.0 (/opt/rustwide/workdir)
[INFO] [stdout] warning: calls to `std::mem::drop` with a reference instead of an owned value does nothing
[INFO] [stdout]   --> tests/test.rs:59:9
[INFO] [stdout]    |
[INFO] [stdout] 59 |         drop(conn1);
[INFO] [stdout]    |         ^^^^^-----^
[INFO] [stdout]    |              |
[INFO] [stdout]    |              argument has type `&Connection`
[INFO] [stdout]    |
[INFO] [stdout]    = note: `#[warn(dropping_references)]` on by default
[INFO] [stdout] help: use `let _ = ...` to ignore the expression or result
[INFO] [stdout]    |
[INFO] [stdout] 59 -         drop(conn1);
[INFO] [stdout] 59 +         let _ = conn1;
[INFO] [stdout]    |
[INFO] [stdout] 
[INFO] [stdout] 
[INFO] [stderr]     Finished `release` profile [optimized] target(s) in 2.91s
[INFO] running `Command { std: "docker" "inspect" "bb7daf8ae9367747f2f61f254a1a543810f340e7bee9564cb8d3599039494ea6", kill_on_drop: false }`
[INFO] running `Command { std: "docker" "exec" "-e" "SOURCE_DIR=/opt/rustwide/workdir" "-e" "CARGO_HOME=/opt/rustwide/cargo-home" "-e" "RUSTUP_HOME=/opt/rustwide/rustup-home" "-e" "CARGO_TARGET_DIR=/opt/rustwide/target" "-e" "CARGO_INCREMENTAL=0" "-e" "RUST_BACKTRACE=full" "-e" "RUSTFLAGS=--cap-lints=warn" "-e" "RUSTDOCFLAGS=--cap-lints=warn" "-w" "/opt/rustwide/workdir" "--user" "0:0" "bb7daf8ae9367747f2f61f254a1a543810f340e7bee9564cb8d3599039494ea6" "/opt/rustwide/cargo-home/bin/cargo" "+1.100.0-beta.1" "test" "--frozen" "--release", kill_on_drop: false }`
[INFO] [stderr] warning: calls to `std::mem::drop` with a reference instead of an owned value does nothing
[INFO] [stderr]   --> tests/test.rs:59:9
[INFO] [stderr]    |
[INFO] [stderr] 59 |         drop(conn1);
[INFO] [stderr]    |         ^^^^^-----^
[INFO] [stderr]    |              |
[INFO] [stderr]    |              argument has type `&Connection`
[INFO] [stderr]    |
[INFO] [stderr]    = note: `#[warn(dropping_references)]` on by default
[INFO] [stderr] help: use `let _ = ...` to ignore the expression or result
[INFO] [stderr]    |
[INFO] [stderr] 59 -         drop(conn1);
[INFO] [stderr] 59 +         let _ = conn1;
[INFO] [stderr]    |
[INFO] [stderr] 
[INFO] [stderr] warning: `hc_r2d2_sqlite` (test "test") generated 1 warning
[INFO] [stderr]     Finished `release` profile [optimized] target(s) in 0.09s
[INFO] [stderr]      Running tests/test.rs (/opt/rustwide/target/release/build/hc_r2d2_sqlite/d2dbacbf63d2c17b/out/test-d2dbacbf63d2c17b)
[INFO] [stdout] 
[INFO] [stdout] running 9 tests
[INFO] [stdout] test test_error_handling ... ok
[INFO] [stdout] test test_in_memory_db_persists ... ok
[INFO] [stdout] test test_different_in_memory_dbs_are_not_shared ... ok
[INFO] [stdout] test test_in_memory_db_is_shared ... ok
[INFO] [stdout] test test_basic ... FAILED
[INFO] [stdout] test test_with_flags ... FAILED
[INFO] [stdout] test test_file ... FAILED
[INFO] [stdout] test test_is_valid ... FAILED
[INFO] [stdout] test test_with_init ... FAILED
[INFO] [stdout] 
[INFO] [stdout] failures:
[INFO] [stdout] 
[INFO] [stdout] ---- test_basic stdout ----
[INFO] [stdout] 
[INFO] [stdout] thread 'test_basic' (357) panicked at tests/test.rs:18:65:
[INFO] [stdout] called `Result::unwrap()` on an `Err` value: Error(Some("unable to open database file: file.db"))
[INFO] [stdout] stack backtrace:
[INFO] [stdout]    0:     0x5bd999ae3a81 - <<std[617be2ca0a6fd877]::sys::backtrace::BacktraceLock>::print::DisplayBacktrace as core[a373ad73a504971]::fmt::Display>::fmt
[INFO] [stdout]    1:     0x5bd999af810a - core[a373ad73a504971]::fmt::write
[INFO] [stdout]    2:     0x5bd999ae7fac - <alloc[2e1b2a31b91974c5]::vec::Vec<u8> as core[a373ad73a504971]::io::write::Write>::write_fmt
[INFO] [stdout]    3:     0x5bd999abebb6 - std[617be2ca0a6fd877]::panicking::default_hook::{closure#0}
[INFO] [stdout]    4:     0x5bd999adb9f9 - std[617be2ca0a6fd877]::panicking::default_hook
[INFO] [stdout]    5:     0x5bd999a6adc0 - test[aada8e7e76ba119b]::test_main_inner::{closure#0}
[INFO] [stdout]    6:     0x5bd999adbbb2 - std[617be2ca0a6fd877]::panicking::panic_with_hook
[INFO] [stdout]    7:     0x5bd999abec62 - std[617be2ca0a6fd877]::panicking::panic_handler::{closure#0}
[INFO] [stdout]    8:     0x5bd999ab7829 - std[617be2ca0a6fd877]::sys::backtrace::__rust_end_short_backtrace::<std[617be2ca0a6fd877]::panicking::panic_handler::{closure#0}, !>
[INFO] [stdout]    9:     0x5bd999abf86d - __rustc[ea4f61d10b84890b]::rust_begin_unwind
[INFO] [stdout]   10:     0x5bd999af886c - core[a373ad73a504971]::panicking::panic_fmt
[INFO] [stdout]   11:     0x5bd999af8642 - core[a373ad73a504971]::result::unwrap_failed
[INFO] [stdout]   12:     0x5bd999a5b2c6 - <test[2646c790bcb11235]::test_basic::{closure#0} as core[a373ad73a504971]::ops::function::FnOnce<()>>::call_once
[INFO] [stdout]   13:     0x5bd999a5e20b - test[aada8e7e76ba119b]::__rust_begin_short_backtrace::<core[a373ad73a504971]::result::Result<(), alloc[2e1b2a31b91974c5]::string::String>, fn() -> core[a373ad73a504971]::result::Result<(), alloc[2e1b2a31b91974c5]::string::String>>
[INFO] [stdout]   14:     0x5bd999a6b3e5 - test[aada8e7e76ba119b]::run_test::{closure#0}
[INFO] [stdout]   15:     0x5bd999a64cd4 - std[617be2ca0a6fd877]::sys::backtrace::__rust_begin_short_backtrace::<test[aada8e7e76ba119b]::run_test::{closure#1}, ()>
[INFO] [stdout]   16:     0x5bd999a6e472 - <std[617be2ca0a6fd877]::thread::lifecycle::spawn_unchecked<test[aada8e7e76ba119b]::run_test::{closure#1}, ()>::{closure#1} as core[a373ad73a504971]::ops::function::FnOnce<()>>::call_once::{shim:vtable#0}
[INFO] [stdout]   17:     0x5bd999ae32df - <std[617be2ca0a6fd877]::sys::thread::unix::Thread>::new::thread_start
[INFO] [stdout]   18:     0x734b81d64dfa - <unknown>
[INFO] [stdout]   19:     0x734b81df83d4 - clone
[INFO] [stdout]   20:                0x0 - <unknown>
[INFO] [stdout] 
[INFO] [stdout] ---- test_with_flags stdout ----
[INFO] [stdout] 
[INFO] [stdout] thread 'test_with_flags' (364) panicked at tests/test.rs:102:65:
[INFO] [stdout] called `Result::unwrap()` on an `Err` value: Error(Some("unable to open database file: file.db"))
[INFO] [stdout] stack backtrace:
[INFO] [stdout]    0:     0x5bd999ae3a81 - <<std[617be2ca0a6fd877]::sys::backtrace::BacktraceLock>::print::DisplayBacktrace as core[a373ad73a504971]::fmt::Display>::fmt
[INFO] [stdout]    1:     0x5bd999af810a - core[a373ad73a504971]::fmt::write
[INFO] [stdout]    2:     0x5bd999ae7fac - <alloc[2e1b2a31b91974c5]::vec::Vec<u8> as core[a373ad73a504971]::io::write::Write>::write_fmt
[INFO] [stdout]    3:     0x5bd999abebb6 - std[617be2ca0a6fd877]::panicking::default_hook::{closure#0}
[INFO] [stdout]    4:     0x5bd999adb9f9 - std[617be2ca0a6fd877]::panicking::default_hook
[INFO] [stdout]    5:     0x5bd999a6adc0 - test[aada8e7e76ba119b]::test_main_inner::{closure#0}
[INFO] [stdout]    6:     0x5bd999adbbb2 - std[617be2ca0a6fd877]::panicking::panic_with_hook
[INFO] [stdout]    7:     0x5bd999abec62 - std[617be2ca0a6fd877]::panicking::panic_handler::{closure#0}
[INFO] [stdout]    8:     0x5bd999ab7829 - std[617be2ca0a6fd877]::sys::backtrace::__rust_end_short_backtrace::<std[617be2ca0a6fd877]::panicking::panic_handler::{closure#0}, !>
[INFO] [stdout]    9:     0x5bd999abf86d - __rustc[ea4f61d10b84890b]::rust_begin_unwind
[INFO] [stdout]   10:     0x5bd999af886c - core[a373ad73a504971]::panicking::panic_fmt
[INFO] [stdout]   11:     0x5bd999af8642 - core[a373ad73a504971]::result::unwrap_failed
[INFO] [stdout]   12:     0x5bd999a5c0ef - <test[2646c790bcb11235]::test_with_flags::{closure#0} as core[a373ad73a504971]::ops::function::FnOnce<()>>::call_once
[INFO] [stdout]   13:     0x5bd999a5e20b - test[aada8e7e76ba119b]::__rust_begin_short_backtrace::<core[a373ad73a504971]::result::Result<(), alloc[2e1b2a31b91974c5]::string::String>, fn() -> core[a373ad73a504971]::result::Result<(), alloc[2e1b2a31b91974c5]::string::String>>
[INFO] [stdout]   14:     0x5bd999a6b3e5 - test[aada8e7e76ba119b]::run_test::{closure#0}
[INFO] [stdout]   15:     0x5bd999a64cd4 - std[617be2ca0a6fd877]::sys::backtrace::__rust_begin_short_backtrace::<test[aada8e7e76ba119b]::run_test::{closure#1}, ()>
[INFO] [stdout]   16:     0x5bd999a6e472 - <std[617be2ca0a6fd877]::thread::lifecycle::spawn_unchecked<test[aada8e7e76ba119b]::run_test::{closure#1}, ()>::{closure#1} as core[a373ad73a504971]::ops::function::FnOnce<()>>::call_once::{shim:vtable#0}
[INFO] [stdout]   17:     0x5bd999ae32df - <std[617be2ca0a6fd877]::sys::thread::unix::Thread>::new::thread_start
[INFO] [stdout]   18:     0x734b81d64dfa - <unknown>
[INFO] [stdout]   19:     0x734b81df83d4 - clone
[INFO] [stdout]   20:                0x0 - <unknown>
[INFO] [stdout] 
[INFO] [stdout] ---- test_file stdout ----
[INFO] [stdout] 
[INFO] [stdout] thread 'test_file' (360) panicked at tests/test.rs:48:65:
[INFO] [stdout] called `Result::unwrap()` on an `Err` value: Error(Some("unable to open database file: file.db"))
[INFO] [stdout] stack backtrace:
[INFO] [stdout]    0:     0x5bd999ae3a81 - <<std[617be2ca0a6fd877]::sys::backtrace::BacktraceLock>::print::DisplayBacktrace as core[a373ad73a504971]::fmt::Display>::fmt
[INFO] [stdout]    1:     0x5bd999af810a - core[a373ad73a504971]::fmt::write
[INFO] [stdout]    2:     0x5bd999ae7fac - <alloc[2e1b2a31b91974c5]::vec::Vec<u8> as core[a373ad73a504971]::io::write::Write>::write_fmt
[INFO] [stdout]    3:     0x5bd999abebb6 - std[617be2ca0a6fd877]::panicking::default_hook::{closure#0}
[INFO] [stdout]    4:     0x5bd999adb9f9 - std[617be2ca0a6fd877]::panicking::default_hook
[INFO] [stdout]    5:     0x5bd999a6adc0 - test[aada8e7e76ba119b]::test_main_inner::{closure#0}
[INFO] [stdout]    6:     0x5bd999adbbb2 - std[617be2ca0a6fd877]::panicking::panic_with_hook
[INFO] [stdout]    7:     0x5bd999abec62 - std[617be2ca0a6fd877]::panicking::panic_handler::{closure#0}
[INFO] [stdout]    8:     0x5bd999ab7829 - std[617be2ca0a6fd877]::sys::backtrace::__rust_end_short_backtrace::<std[617be2ca0a6fd877]::panicking::panic_handler::{closure#0}, !>
[INFO] [stdout]    9:     0x5bd999abf86d - __rustc[ea4f61d10b84890b]::rust_begin_unwind
[INFO] [stdout]   10:     0x5bd999af886c - core[a373ad73a504971]::panicking::panic_fmt
[INFO] [stdout]   11:     0x5bd999af8642 - core[a373ad73a504971]::result::unwrap_failed
[INFO] [stdout]   12:     0x5bd999a5df06 - <test[2646c790bcb11235]::test_file::{closure#0} as core[a373ad73a504971]::ops::function::FnOnce<()>>::call_once
[INFO] [stdout]   13:     0x5bd999a5e20b - test[aada8e7e76ba119b]::__rust_begin_short_backtrace::<core[a373ad73a504971]::result::Result<(), alloc[2e1b2a31b91974c5]::string::String>, fn() -> core[a373ad73a504971]::result::Result<(), alloc[2e1b2a31b91974c5]::string::String>>
[INFO] [stdout]   14:     0x5bd999a6b3e5 - test[aada8e7e76ba119b]::run_test::{closure#0}
[INFO] [stdout]   15:     0x5bd999a64cd4 - std[617be2ca0a6fd877]::sys::backtrace::__rust_begin_short_backtrace::<test[aada8e7e76ba119b]::run_test::{closure#1}, ()>
[INFO] [stdout]   16:     0x5bd999a6e472 - <std[617be2ca0a6fd877]::thread::lifecycle::spawn_unchecked<test[aada8e7e76ba119b]::run_test::{closure#1}, ()>::{closure#1} as core[a373ad73a504971]::ops::function::FnOnce<()>>::call_once::{shim:vtable#0}
[INFO] [stdout]   17:     0x5bd999ae32df - <std[617be2ca0a6fd877]::sys::thread::unix::Thread>::new::thread_start
[INFO] [stdout]   18:     0x734b81d64dfa - <unknown>
[INFO] [stdout]   19:     0x734b81df83d4 - clone
[INFO] [stdout]   20:                0x0 - <unknown>
[INFO] [stdout] 
[INFO] [stdout] ---- test_is_valid stdout ----
[INFO] [stdout] 
[INFO] [stdout] thread 'test_is_valid' (363) panicked at tests/test.rs:83:10:
[INFO] [stdout] called `Result::unwrap()` on an `Err` value: Error(Some("unable to open database file: file.db"))
[INFO] [stdout] stack backtrace:
[INFO] [stdout]    0:     0x5bd999ae3a81 - <<std[617be2ca0a6fd877]::sys::backtrace::BacktraceLock>::print::DisplayBacktrace as core[a373ad73a504971]::fmt::Display>::fmt
[INFO] [stdout]    1:     0x5bd999af810a - core[a373ad73a504971]::fmt::write
[INFO] [stdout]    2:     0x5bd999ae7fac - <alloc[2e1b2a31b91974c5]::vec::Vec<u8> as core[a373ad73a504971]::io::write::Write>::write_fmt
[INFO] [stdout]    3:     0x5bd999abebb6 - std[617be2ca0a6fd877]::panicking::default_hook::{closure#0}
[INFO] [stdout]    4:     0x5bd999adb9f9 - std[617be2ca0a6fd877]::panicking::default_hook
[INFO] [stdout]    5:     0x5bd999a6adc0 - test[aada8e7e76ba119b]::test_main_inner::{closure#0}
[INFO] [stdout]    6:     0x5bd999adbbb2 - std[617be2ca0a6fd877]::panicking::panic_with_hook
[INFO] [stdout]    7:     0x5bd999abec62 - std[617be2ca0a6fd877]::panicking::panic_handler::{closure#0}
[INFO] [stdout]    8:     0x5bd999ab7829 - std[617be2ca0a6fd877]::sys::backtrace::__rust_end_short_backtrace::<std[617be2ca0a6fd877]::panicking::panic_handler::{closure#0}, !>
[INFO] [stdout]    9:     0x5bd999abf86d - __rustc[ea4f61d10b84890b]::rust_begin_unwind
[INFO] [stdout]   10:     0x5bd999af886c - core[a373ad73a504971]::panicking::panic_fmt
[INFO] [stdout]   11:     0x5bd999af8642 - core[a373ad73a504971]::result::unwrap_failed
[INFO] [stdout]   12:     0x5bd999a5b774 - <test[2646c790bcb11235]::test_is_valid::{closure#0} as core[a373ad73a504971]::ops::function::FnOnce<()>>::call_once
[INFO] [stdout]   13:     0x5bd999a5e20b - test[aada8e7e76ba119b]::__rust_begin_short_backtrace::<core[a373ad73a504971]::result::Result<(), alloc[2e1b2a31b91974c5]::string::String>, fn() -> core[a373ad73a504971]::result::Result<(), alloc[2e1b2a31b91974c5]::string::String>>
[INFO] [stdout]   14:     0x5bd999a6b3e5 - test[aada8e7e76ba119b]::run_test::{closure#0}
[INFO] [stdout]   15:     0x5bd999a64cd4 - std[617be2ca0a6fd877]::sys::backtrace::__rust_begin_short_backtrace::<test[aada8e7e76ba119b]::run_test::{closure#1}, ()>
[INFO] [stdout]   16:     0x5bd999a6e472 - <std[617be2ca0a6fd877]::thread::lifecycle::spawn_unchecked<test[aada8e7e76ba119b]::run_test::{closure#1}, ()>::{closure#1} as core[a373ad73a504971]::ops::function::FnOnce<()>>::call_once::{shim:vtable#0}
[INFO] [stdout]   17:     0x5bd999ae32df - <std[617be2ca0a6fd877]::sys::thread::unix::Thread>::new::thread_start
[INFO] [stdout]   18:     0x734b81d64dfa - <unknown>
[INFO] [stdout]   19:     0x734b81df83d4 - clone
[INFO] [stdout]   20:                0x0 - <unknown>
[INFO] [stdout] 
[INFO] [stdout] ---- test_with_init stdout ----
[INFO] [stdout] 
[INFO] [stdout] thread 'test_with_init' (365) panicked at tests/test.rs:119:65:
[INFO] [stdout] called `Result::unwrap()` on an `Err` value: Error(Some("unable to open database file: file.db"))
[INFO] [stdout] stack backtrace:
[INFO] [stdout]    0:     0x5bd999ae3a81 - <<std[617be2ca0a6fd877]::sys::backtrace::BacktraceLock>::print::DisplayBacktrace as core[a373ad73a504971]::fmt::Display>::fmt
[INFO] [stdout]    1:     0x5bd999af810a - core[a373ad73a504971]::fmt::write
[INFO] [stdout]    2:     0x5bd999ae7fac - <alloc[2e1b2a31b91974c5]::vec::Vec<u8> as core[a373ad73a504971]::io::write::Write>::write_fmt
[INFO] [stdout]    3:     0x5bd999abebb6 - std[617be2ca0a6fd877]::panicking::default_hook::{closure#0}
[INFO] [stdout]    4:     0x5bd999adb9f9 - std[617be2ca0a6fd877]::panicking::default_hook
[INFO] [stdout]    5:     0x5bd999a6adc0 - test[aada8e7e76ba119b]::test_main_inner::{closure#0}
[INFO] [stdout]    6:     0x5bd999adbbb2 - std[617be2ca0a6fd877]::panicking::panic_with_hook
[INFO] [stdout]    7:     0x5bd999abec62 - std[617be2ca0a6fd877]::panicking::panic_handler::{closure#0}
[INFO] [stdout]    8:     0x5bd999ab7829 - std[617be2ca0a6fd877]::sys::backtrace::__rust_end_short_backtrace::<std[617be2ca0a6fd877]::panicking::panic_handler::{closure#0}, !>
[INFO] [stdout]    9:     0x5bd999abf86d - __rustc[ea4f61d10b84890b]::rust_begin_unwind
[INFO] [stdout]   10:     0x5bd999af886c - core[a373ad73a504971]::panicking::panic_fmt
[INFO] [stdout]   11:     0x5bd999af8642 - core[a373ad73a504971]::result::unwrap_failed
[INFO] [stdout]   12:     0x5bd999a5bc9e - <test[2646c790bcb11235]::test_with_init::{closure#0} as core[a373ad73a504971]::ops::function::FnOnce<()>>::call_once
[INFO] [stdout]   13:     0x5bd999a5e20b - test[aada8e7e76ba119b]::__rust_begin_short_backtrace::<core[a373ad73a504971]::result::Result<(), alloc[2e1b2a31b91974c5]::string::String>, fn() -> core[a373ad73a504971]::result::Result<(), alloc[2e1b2a31b91974c5]::string::String>>
[INFO] [stdout]   14:     0x5bd999a6b3e5 - test[aada8e7e76ba119b]::run_test::{closure#0}
[INFO] [stdout]   15:     0x5bd999a64cd4 - std[617be2ca0a6fd877]::sys::backtrace::__rust_begin_short_backtrace::<test[aada8e7e76ba119b]::run_test::{closure#1}, ()>
[INFO] [stdout]   16:     0x5bd999a6e472 - <std[617be2ca0a6fd877]::thread::lifecycle::spawn_unchecked<test[aada8e7e76ba119b]::run_test::{closure#1}, ()>::{closure#1} as core[a373ad73a504971]::ops::function::FnOnce<()>>::call_once::{shim:vtable#0}
[INFO] [stdout]   17:     0x5bd999ae32df - <std[617be2ca0a6fd877]::sys::thread::unix::Thread>::new::thread_start
[INFO] [stdout]   18:     0x734b81d64dfa - <unknown>
[INFO] [stdout]   19:     0x734b81df83d4 - clone
[INFO] [stdout]   20:                0x0 - <unknown>
[INFO] [stdout] 
[INFO] [stdout] 
[INFO] [stdout] failures:
[INFO] [stdout]     test_basic
[INFO] [stdout]     test_file
[INFO] [stdout]     test_is_valid
[INFO] [stdout]     test_with_flags
[INFO] [stdout]     test_with_init
[INFO] [stdout] 
[INFO] [stdout] test result: FAILED. 4 passed; 5 failed; 0 ignored; 0 measured; 0 filtered out; finished in 30.04s
[INFO] [stdout] 
[INFO] [stderr] error: test failed, to rerun pass `--test test`
[INFO] running `Command { std: "docker" "inspect" "bb7daf8ae9367747f2f61f254a1a543810f340e7bee9564cb8d3599039494ea6", kill_on_drop: false }`
[INFO] running `Command { std: "docker" "rm" "-f" "bb7daf8ae9367747f2f61f254a1a543810f340e7bee9564cb8d3599039494ea6", kill_on_drop: false }`
[INFO] [stdout] bb7daf8ae9367747f2f61f254a1a543810f340e7bee9564cb8d3599039494ea6
