[INFO] fetching crate hbm 0.1.6...
[INFO] testing hbm-0.1.6 against 1.100.0-beta.1+cargoflags=--release for beta-release-1.100-2
[INFO] extracting crate hbm 0.1.6 into /workspace/builds/worker-2-tc2/source
[INFO] started tweaking crates.io crate hbm 0.1.6
[INFO] finished tweaking crates.io crate hbm 0.1.6
[INFO] tweaked toml for crates.io crate hbm 0.1.6 written to /workspace/builds/worker-2-tc2/source/Cargo.toml
[INFO] validating manifest of crates.io crate hbm 0.1.6 on toolchain 1.100.0-beta.1
[INFO] running `Command { std: CARGO_HOME="/workspace/cargo-home" RUSTUP_HOME="/workspace/rustup-home" "/workspace/cargo-home/bin/cargo" "+1.100.0-beta.1" "metadata" "--manifest-path" "Cargo.toml" "--no-deps", kill_on_drop: false }`
[INFO] crate crates.io crate hbm 0.1.6 already has a lockfile, it will not be regenerated
[INFO] running `Command { std: CARGO_HOME="/workspace/cargo-home" RUSTUP_HOME="/workspace/rustup-home" "/workspace/cargo-home/bin/cargo" "+1.100.0-beta.1" "fetch" "--manifest-path" "Cargo.toml", kill_on_drop: false }`
[INFO] running `Command { std: "docker" "create" "-v" "/var/lib/crater-agent-workspace/builds/worker-2-tc2/source:/opt/rustwide/workdir:ro,Z" "-v" "/var/lib/crater-agent-workspace/builds/worker-2-tc2/target:/opt/rustwide/target:rw,Z" "-v" "/var/lib/crater-agent-workspace/cargo-home:/opt/rustwide/cargo-home:ro,Z" "-v" "/var/lib/crater-agent-workspace/rustup-home:/opt/rustwide/rustup-home:ro,Z" "-m" "1610612736" "--network" "none" "ghcr.io/rust-lang/crates-build-env/linux@sha256:77db811e55d90add9212f6832c23229e3de5f1c1f9905e8cb07319ea15df73ac" "sleep" "infinity", kill_on_drop: false }`
[INFO] [stdout] d57caa18f271555a7e2d7bf496c39521e627315cbe41ba2e0a3da0752b55a0bb
[INFO] running `Command { std: "docker" "start" "d57caa18f271555a7e2d7bf496c39521e627315cbe41ba2e0a3da0752b55a0bb", kill_on_drop: false }`
[INFO] running `Command { std: "docker" "inspect" "d57caa18f271555a7e2d7bf496c39521e627315cbe41ba2e0a3da0752b55a0bb", kill_on_drop: false }`
[INFO] running `Command { std: "docker" "exec" "-e" "SOURCE_DIR=/opt/rustwide/workdir" "-e" "CARGO_HOME=/opt/rustwide/cargo-home" "-e" "RUSTUP_HOME=/opt/rustwide/rustup-home" "-e" "CARGO_TARGET_DIR=/opt/rustwide/target" "-w" "/opt/rustwide/workdir" "--user" "0:0" "d57caa18f271555a7e2d7bf496c39521e627315cbe41ba2e0a3da0752b55a0bb" "/opt/rustwide/cargo-home/bin/cargo" "+1.100.0-beta.1" "metadata" "--no-deps" "--format-version=1", kill_on_drop: false }`
[INFO] running `Command { std: "docker" "inspect" "d57caa18f271555a7e2d7bf496c39521e627315cbe41ba2e0a3da0752b55a0bb", kill_on_drop: false }`
[INFO] running `Command { std: "docker" "exec" "-e" "SOURCE_DIR=/opt/rustwide/workdir" "-e" "CARGO_HOME=/opt/rustwide/cargo-home" "-e" "RUSTUP_HOME=/opt/rustwide/rustup-home" "-e" "CARGO_TARGET_DIR=/opt/rustwide/target" "-e" "CARGO_INCREMENTAL=0" "-e" "RUST_BACKTRACE=full" "-e" "RUSTFLAGS=--cap-lints=warn" "-e" "RUSTDOCFLAGS=--cap-lints=warn" "-w" "/opt/rustwide/workdir" "--user" "0:0" "d57caa18f271555a7e2d7bf496c39521e627315cbe41ba2e0a3da0752b55a0bb" "/opt/rustwide/cargo-home/bin/cargo" "+1.100.0-beta.1" "build" "--frozen" "--message-format=json" "--release", kill_on_drop: false }`
[INFO] [stderr]    Compiling rustix v0.38.34
[INFO] [stderr]    Compiling drm-sys v0.7.0
[INFO] [stderr]    Compiling bitflags v2.6.0
[INFO] [stderr]    Compiling libc v0.2.158
[INFO] [stderr]    Compiling linux-raw-sys v0.6.5
[INFO] [stderr]    Compiling drm-fourcc v2.2.0
[INFO] [stderr]    Compiling linux-raw-sys v0.4.14
[INFO] [stderr]    Compiling cfg_aliases v0.1.1
[INFO] [stderr]    Compiling thiserror v1.0.63
[INFO] [stderr]    Compiling ash v0.38.0+1.3.281
[INFO] [stderr]    Compiling quote v1.0.37
[INFO] [stderr]    Compiling libloading v0.8.5
[INFO] [stderr]    Compiling nix v0.28.0
[INFO] [stderr]    Compiling syn v2.0.76
[INFO] [stderr]    Compiling bytemuck_derive v1.7.1
[INFO] [stderr]    Compiling thiserror-impl v1.0.63
[INFO] [stderr]    Compiling bytemuck v1.17.0
[INFO] [stderr]    Compiling drm-ffi v0.8.0
[INFO] [stderr]    Compiling drm v0.12.0
[INFO] [stderr]    Compiling hbm v0.1.6 (/opt/rustwide/workdir)
[INFO] [stdout] warning: hiding a lifetime that's elided elsewhere is confusing
[INFO] [stdout]   --> src/backends/drm_kms.rs:68:14
[INFO] [stdout]    |
[INFO] [stdout] 68 |     fn as_fd(&self) -> BorrowedFd {
[INFO] [stdout]    |              ^^^^^     ^^^^^^^^^^ the same lifetime is hidden here
[INFO] [stdout]    |              |
[INFO] [stdout]    |              the lifetime is elided here
[INFO] [stdout]    |
[INFO] [stdout]    = help: the same lifetime is referred to in inconsistent ways, making the signature confusing
[INFO] [stdout]    = note: `#[warn(mismatched_lifetime_syntaxes)]` on by default
[INFO] [stdout] help: use `'_` for type paths
[INFO] [stdout]    |
[INFO] [stdout] 68 |     fn as_fd(&self) -> BorrowedFd<'_> {
[INFO] [stdout]    |                                  ++++
[INFO] [stdout] 
[INFO] [stdout] 
[INFO] [stdout] warning: hiding a lifetime that's elided elsewhere is confusing
[INFO] [stdout]    --> src/utils.rs:360:44
[INFO] [stdout]     |
[INFO] [stdout] 360 |     pub fn drm_parse_in_formats_blob(blob: &[u8]) -> Result<InFormatsIter> {
[INFO] [stdout]     |                                            ^^^^^            ^^^^^^^^^^^^^ the same lifetime is hidden here
[INFO] [stdout]     |                                            |
[INFO] [stdout]     |                                            the lifetime is elided here
[INFO] [stdout]     |
[INFO] [stdout]     = help: the same lifetime is referred to in inconsistent ways, making the signature confusing
[INFO] [stdout] help: use `'_` for type paths
[INFO] [stdout]     |
[INFO] [stdout] 360 |     pub fn drm_parse_in_formats_blob(blob: &[u8]) -> Result<InFormatsIter<'_>> {
[INFO] [stdout]     |                                                                          ++++
[INFO] [stdout] 
[INFO] [stdout] 
[INFO] [stderr]     Finished `release` profile [optimized] target(s) in 27.31s
[INFO] [stderr] warning: the following packages contain code that will be rejected by a future version of Rust: nix v0.28.0
[INFO] [stderr] note: to see what the problems were, use the option `--future-incompat-report`, or run `cargo report future-incompatibilities --id 7`
[INFO] running `Command { std: "docker" "inspect" "d57caa18f271555a7e2d7bf496c39521e627315cbe41ba2e0a3da0752b55a0bb", kill_on_drop: false }`
[INFO] running `Command { std: "docker" "exec" "-e" "SOURCE_DIR=/opt/rustwide/workdir" "-e" "CARGO_HOME=/opt/rustwide/cargo-home" "-e" "RUSTUP_HOME=/opt/rustwide/rustup-home" "-e" "CARGO_TARGET_DIR=/opt/rustwide/target" "-e" "CARGO_INCREMENTAL=0" "-e" "RUST_BACKTRACE=full" "-e" "RUSTFLAGS=--cap-lints=warn" "-e" "RUSTDOCFLAGS=--cap-lints=warn" "-w" "/opt/rustwide/workdir" "--user" "0:0" "d57caa18f271555a7e2d7bf496c39521e627315cbe41ba2e0a3da0752b55a0bb" "/opt/rustwide/cargo-home/bin/cargo" "+1.100.0-beta.1" "test" "--frozen" "--no-run" "--message-format=json" "--release", kill_on_drop: false }`
[INFO] [stderr]    Compiling regex-syntax v0.8.4
[INFO] [stderr]    Compiling log v0.4.22
[INFO] [stderr]    Compiling atty v0.2.14
[INFO] [stderr]    Compiling humantime v2.1.0
[INFO] [stderr]    Compiling aho-corasick v1.1.3
[INFO] [stderr]    Compiling hbm v0.1.6 (/opt/rustwide/workdir)
[INFO] [stdout] warning: hiding a lifetime that's elided elsewhere is confusing
[INFO] [stdout]   --> src/backends/drm_kms.rs:68:14
[INFO] [stdout]    |
[INFO] [stdout] 68 |     fn as_fd(&self) -> BorrowedFd {
[INFO] [stdout]    |              ^^^^^     ^^^^^^^^^^ the same lifetime is hidden here
[INFO] [stdout]    |              |
[INFO] [stdout]    |              the lifetime is elided here
[INFO] [stdout]    |
[INFO] [stdout]    = help: the same lifetime is referred to in inconsistent ways, making the signature confusing
[INFO] [stdout]    = note: `#[warn(mismatched_lifetime_syntaxes)]` on by default
[INFO] [stdout] help: use `'_` for type paths
[INFO] [stdout]    |
[INFO] [stdout] 68 |     fn as_fd(&self) -> BorrowedFd<'_> {
[INFO] [stdout]    |                                  ++++
[INFO] [stdout] 
[INFO] [stdout] 
[INFO] [stdout] warning: hiding a lifetime that's elided elsewhere is confusing
[INFO] [stdout]    --> src/utils.rs:360:44
[INFO] [stdout]     |
[INFO] [stdout] 360 |     pub fn drm_parse_in_formats_blob(blob: &[u8]) -> Result<InFormatsIter> {
[INFO] [stdout]     |                                            ^^^^^            ^^^^^^^^^^^^^ the same lifetime is hidden here
[INFO] [stdout]     |                                            |
[INFO] [stdout]     |                                            the lifetime is elided here
[INFO] [stdout]     |
[INFO] [stdout]     = help: the same lifetime is referred to in inconsistent ways, making the signature confusing
[INFO] [stdout] help: use `'_` for type paths
[INFO] [stdout]     |
[INFO] [stdout] 360 |     pub fn drm_parse_in_formats_blob(blob: &[u8]) -> Result<InFormatsIter<'_>> {
[INFO] [stdout]     |                                                                          ++++
[INFO] [stdout] 
[INFO] [stdout] 
[INFO] [stderr]    Compiling regex-automata v0.4.7
[INFO] [stderr]    Compiling regex v1.10.6
[INFO] [stderr]    Compiling env_logger v0.9.3
[INFO] [stdout] warning: hiding a lifetime that's elided elsewhere is confusing
[INFO] [stdout]   --> src/backends/drm_kms.rs:68:14
[INFO] [stdout]    |
[INFO] [stdout] 68 |     fn as_fd(&self) -> BorrowedFd {
[INFO] [stdout]    |              ^^^^^     ^^^^^^^^^^ the same lifetime is hidden here
[INFO] [stdout]    |              |
[INFO] [stdout]    |              the lifetime is elided here
[INFO] [stdout]    |
[INFO] [stdout]    = help: the same lifetime is referred to in inconsistent ways, making the signature confusing
[INFO] [stdout]    = note: `#[warn(mismatched_lifetime_syntaxes)]` on by default
[INFO] [stdout] help: use `'_` for type paths
[INFO] [stdout]    |
[INFO] [stdout] 68 |     fn as_fd(&self) -> BorrowedFd<'_> {
[INFO] [stdout]    |                                  ++++
[INFO] [stdout] 
[INFO] [stdout] 
[INFO] [stdout] warning: hiding a lifetime that's elided elsewhere is confusing
[INFO] [stdout]    --> src/utils.rs:360:44
[INFO] [stdout]     |
[INFO] [stdout] 360 |     pub fn drm_parse_in_formats_blob(blob: &[u8]) -> Result<InFormatsIter> {
[INFO] [stdout]     |                                            ^^^^^            ^^^^^^^^^^^^^ the same lifetime is hidden here
[INFO] [stdout]     |                                            |
[INFO] [stdout]     |                                            the lifetime is elided here
[INFO] [stdout]     |
[INFO] [stdout]     = help: the same lifetime is referred to in inconsistent ways, making the signature confusing
[INFO] [stdout] help: use `'_` for type paths
[INFO] [stdout]     |
[INFO] [stdout] 360 |     pub fn drm_parse_in_formats_blob(blob: &[u8]) -> Result<InFormatsIter<'_>> {
[INFO] [stdout]     |                                                                          ++++
[INFO] [stdout] 
[INFO] [stdout] 
[INFO] [stderr]     Finished `release` profile [optimized] target(s) in 23.10s
[INFO] [stderr] warning: the following packages contain code that will be rejected by a future version of Rust: nix v0.28.0
[INFO] [stderr] note: to see what the problems were, use the option `--future-incompat-report`, or run `cargo report future-incompatibilities --id 7`
[INFO] running `Command { std: "docker" "inspect" "d57caa18f271555a7e2d7bf496c39521e627315cbe41ba2e0a3da0752b55a0bb", kill_on_drop: false }`
[INFO] running `Command { std: "docker" "exec" "-e" "SOURCE_DIR=/opt/rustwide/workdir" "-e" "CARGO_HOME=/opt/rustwide/cargo-home" "-e" "RUSTUP_HOME=/opt/rustwide/rustup-home" "-e" "CARGO_TARGET_DIR=/opt/rustwide/target" "-e" "CARGO_INCREMENTAL=0" "-e" "RUST_BACKTRACE=full" "-e" "RUSTFLAGS=--cap-lints=warn" "-e" "RUSTDOCFLAGS=--cap-lints=warn" "-w" "/opt/rustwide/workdir" "--user" "0:0" "d57caa18f271555a7e2d7bf496c39521e627315cbe41ba2e0a3da0752b55a0bb" "/opt/rustwide/cargo-home/bin/cargo" "+1.100.0-beta.1" "test" "--frozen" "--release", kill_on_drop: false }`
[INFO] [stderr] warning: hiding a lifetime that's elided elsewhere is confusing
[INFO] [stderr]   --> src/backends/drm_kms.rs:68:14
[INFO] [stderr]    |
[INFO] [stderr] 68 |     fn as_fd(&self) -> BorrowedFd {
[INFO] [stderr]    |              ^^^^^     ^^^^^^^^^^ the same lifetime is hidden here
[INFO] [stderr]    |              |
[INFO] [stderr]    |              the lifetime is elided here
[INFO] [stderr]    |
[INFO] [stderr]    = help: the same lifetime is referred to in inconsistent ways, making the signature confusing
[INFO] [stderr]    = note: `#[warn(mismatched_lifetime_syntaxes)]` on by default
[INFO] [stderr] help: use `'_` for type paths
[INFO] [stderr]    |
[INFO] [stderr] 68 |     fn as_fd(&self) -> BorrowedFd<'_> {
[INFO] [stderr]    |                                  ++++
[INFO] [stderr] 
[INFO] [stderr] warning: hiding a lifetime that's elided elsewhere is confusing
[INFO] [stderr]    --> src/utils.rs:360:44
[INFO] [stderr]     |
[INFO] [stderr] 360 |     pub fn drm_parse_in_formats_blob(blob: &[u8]) -> Result<InFormatsIter> {
[INFO] [stderr]     |                                            ^^^^^            ^^^^^^^^^^^^^ the same lifetime is hidden here
[INFO] [stderr]     |                                            |
[INFO] [stderr]     |                                            the lifetime is elided here
[INFO] [stderr]     |
[INFO] [stderr]     = help: the same lifetime is referred to in inconsistent ways, making the signature confusing
[INFO] [stderr] help: use `'_` for type paths
[INFO] [stderr]     |
[INFO] [stderr] 360 |     pub fn drm_parse_in_formats_blob(blob: &[u8]) -> Result<InFormatsIter<'_>> {
[INFO] [stderr]     |                                                                          ++++
[INFO] [stderr] 
[INFO] [stderr] warning: `hbm` (lib) generated 2 warnings (run `cargo fix --lib -p hbm` to apply 2 suggestions)
[INFO] [stderr] warning: `hbm` (lib test) generated 2 warnings (2 duplicates)
[INFO] [stderr]     Finished `release` profile [optimized] target(s) in 0.06s
[INFO] [stderr] warning: the following packages contain code that will be rejected by a future version of Rust: nix v0.28.0
[INFO] [stderr] note: to see what the problems were, use the option `--future-incompat-report`, or run `cargo report future-incompatibilities --id 7`
[INFO] [stderr]      Running unittests src/lib.rs (/opt/rustwide/target/release/build/hbm/ed53fd64916d1cf6/out/hbm-ed53fd64916d1cf6)
[INFO] [stdout] 
[INFO] [stdout] running 13 tests
[INFO] [stdout] test backends::tests::test_class ... ok
[INFO] [stdout] test backends::tests::test_constraint ... ok
[INFO] [stdout] test backends::tests::test_extent ... ok
[INFO] [stdout] test backends::tests::test_layout ... ok
[INFO] [stdout] test formats::tests::test_to_vk ... ok
[INFO] [stdout] test formats::tests::test_fourcc ... ok
[INFO] [stdout] test formats::tests::test_packed_layout ... ok
[INFO] [stdout] test formats::tests::test_name ... ok
[INFO] [stdout] test formats::tests::test_consts ... ok
[INFO] [stdout] test types::tests::test_modifier ... ok
[INFO] [stdout] test formats::tests::test_format_class ... ok
[INFO] [stdout] test types::tests::test_format ... ok
[INFO] [stderr] error: test failed, to rerun pass `--lib`
[INFO] [stdout] test backends::tests::test_description ... FAILED
[INFO] [stdout] 
[INFO] [stdout] failures:
[INFO] [stdout] 
[INFO] [stdout] ---- backends::tests::test_description stdout ----
[INFO] [stdout] 
[INFO] [stdout] thread 'backends::tests::test_description' (939) panicked at src/backends.rs:691:9:
[INFO] [stdout] assertion failed: desc.is_valid()
[INFO] [stdout] stack backtrace:
[INFO] [stdout]    0:     0x617ea56e6661 - <<std[617be2ca0a6fd877]::sys::backtrace::BacktraceLock>::print::DisplayBacktrace as core[a373ad73a504971]::fmt::Display>::fmt
[INFO] [stdout]    1:     0x617ea56fa66a - core[a373ad73a504971]::fmt::write
[INFO] [stdout]    2:     0x617ea56ea87c - <alloc[2e1b2a31b91974c5]::vec::Vec<u8> as core[a373ad73a504971]::io::write::Write>::write_fmt
[INFO] [stdout]    3:     0x617ea56c2ac6 - std[617be2ca0a6fd877]::panicking::default_hook::{closure#0}
[INFO] [stdout]    4:     0x617ea56decf9 - std[617be2ca0a6fd877]::panicking::default_hook
[INFO] [stdout]    5:     0x617ea567b3a0 - test[aada8e7e76ba119b]::test_main_inner::{closure#0}
[INFO] [stdout]    6:     0x617ea56deeb2 - std[617be2ca0a6fd877]::panicking::panic_with_hook
[INFO] [stdout]    7:     0x617ea56c2ba4 - std[617be2ca0a6fd877]::panicking::panic_handler::{closure#0}
[INFO] [stdout]    8:     0x617ea56bb889 - std[617be2ca0a6fd877]::sys::backtrace::__rust_end_short_backtrace::<std[617be2ca0a6fd877]::panicking::panic_handler::{closure#0}, !>
[INFO] [stdout]    9:     0x617ea56c377d - __rustc[ea4f61d10b84890b]::rust_begin_unwind
[INFO] [stdout]   10:     0x617ea56fad9c - core[a373ad73a504971]::panicking::panic_fmt
[INFO] [stdout]   11:     0x617ea56fad62 - core[a373ad73a504971]::panicking::panic
[INFO] [stdout]   12:     0x617ea566e7ba - <hbm[8973657836dd59ba]::backends::tests::test_description::{closure#0} as core[a373ad73a504971]::ops::function::FnOnce<()>>::call_once
[INFO] [stdout]   13:     0x617ea566e7eb - test[aada8e7e76ba119b]::__rust_begin_short_backtrace::<core[a373ad73a504971]::result::Result<(), alloc[2e1b2a31b91974c5]::string::String>, fn() -> core[a373ad73a504971]::result::Result<(), alloc[2e1b2a31b91974c5]::string::String>>
[INFO] [stdout]   14:     0x617ea567b9c5 - test[aada8e7e76ba119b]::run_test::{closure#0}
[INFO] [stdout]   15:     0x617ea56752b4 - std[617be2ca0a6fd877]::sys::backtrace::__rust_begin_short_backtrace::<test[aada8e7e76ba119b]::run_test::{closure#1}, ()>
[INFO] [stdout]   16:     0x617ea567ea52 - <std[617be2ca0a6fd877]::thread::lifecycle::spawn_unchecked<test[aada8e7e76ba119b]::run_test::{closure#1}, ()>::{closure#1} as core[a373ad73a504971]::ops::function::FnOnce<()>>::call_once::{shim:vtable#0}
[INFO] [stdout]   17:     0x617ea56e5ebf - <std[617be2ca0a6fd877]::sys::thread::unix::Thread>::new::thread_start
[INFO] [stdout]   18:     0x764804394dfa - <unknown>
[INFO] [stdout]   19:     0x7648044283d4 - clone
[INFO] [stdout]   20:                0x0 - <unknown>
[INFO] [stdout] 
[INFO] [stdout] 
[INFO] [stdout] failures:
[INFO] [stdout]     backends::tests::test_description
[INFO] [stdout] 
[INFO] [stdout] test result: FAILED. 12 passed; 1 failed; 0 ignored; 0 measured; 0 filtered out; finished in 0.01s
[INFO] [stdout] 
[INFO] running `Command { std: "docker" "inspect" "d57caa18f271555a7e2d7bf496c39521e627315cbe41ba2e0a3da0752b55a0bb", kill_on_drop: false }`
[INFO] running `Command { std: "docker" "rm" "-f" "d57caa18f271555a7e2d7bf496c39521e627315cbe41ba2e0a3da0752b55a0bb", kill_on_drop: false }`
[INFO] [stdout] d57caa18f271555a7e2d7bf496c39521e627315cbe41ba2e0a3da0752b55a0bb
