[INFO] fetching crate hb-subset 0.3.0...
[INFO] testing hb-subset-0.3.0 against 1.100.0-beta.1+cargoflags=--release for beta-release-1.100-2
[INFO] extracting crate hb-subset 0.3.0 into /workspace/builds/worker-3-tc2/source
[INFO] started tweaking crates.io crate hb-subset 0.3.0
[INFO] finished tweaking crates.io crate hb-subset 0.3.0
[INFO] tweaked toml for crates.io crate hb-subset 0.3.0 written to /workspace/builds/worker-3-tc2/source/Cargo.toml
[INFO] validating manifest of crates.io crate hb-subset 0.3.0 on toolchain 1.100.0-beta.1
[INFO] running `Command { std: CARGO_HOME="/workspace/cargo-home" RUSTUP_HOME="/workspace/rustup-home" "/workspace/cargo-home/bin/cargo" "+1.100.0-beta.1" "metadata" "--manifest-path" "Cargo.toml" "--no-deps", kill_on_drop: false }`
[INFO] running `Command { std: CARGO_HOME="/workspace/cargo-home" RUSTUP_HOME="/workspace/rustup-home" "/workspace/cargo-home/bin/cargo" "+1.100.0-beta.1" "generate-lockfile" "--manifest-path" "Cargo.toml", kill_on_drop: false }`
[INFO] [stderr]     Updating crates.io index
[INFO] [stderr]      Locking 51 packages to highest compatible versions
[INFO] [stderr]       Adding bindgen v0.69.5 (available: v0.73.2)
[INFO] [stderr]       Adding thiserror v1.0.69 (available: v2.0.21)
[INFO] running `Command { std: CARGO_HOME="/workspace/cargo-home" RUSTUP_HOME="/workspace/rustup-home" "/workspace/cargo-home/bin/cargo" "+1.100.0-beta.1" "fetch" "--manifest-path" "Cargo.toml", kill_on_drop: false }`
[INFO] [stderr] warning: `package.homepage` is redundant with `package.repository`
[INFO] [stderr]   --> Cargo.toml:21:12
[INFO] [stderr]    |
[INFO] [stderr] 21 | homepage = "https://github.com/henkkuli/hb-subset-rs"
[INFO] [stderr]    |            ^^^^^^^^^^^^^^^^^^^^^^^^^^^^^^^^^^^^^^^^^^
[INFO] [stderr] ...
[INFO] [stderr] 26 | repository = "https://github.com/henkkuli/hb-subset-rs"
[INFO] [stderr]    |              ------------------------------------------
[INFO] [stderr]    |
[INFO] [stderr]    = note: `cargo::redundant_homepage` is set to `warn` by default
[INFO] [stderr] help: consider removing `package.homepage`
[INFO] [stderr] warning: `hb-subset` (manifest) generated 1 warning
[INFO] running `Command { std: "docker" "create" "-v" "/var/lib/crater-agent-workspace/builds/worker-3-tc2/source:/opt/rustwide/workdir:ro,Z" "-v" "/var/lib/crater-agent-workspace/builds/worker-3-tc2/target:/opt/rustwide/target:rw,Z" "-v" "/var/lib/crater-agent-workspace/cargo-home:/opt/rustwide/cargo-home:ro,Z" "-v" "/var/lib/crater-agent-workspace/rustup-home:/opt/rustwide/rustup-home:ro,Z" "-m" "1610612736" "--network" "none" "ghcr.io/rust-lang/crates-build-env/linux@sha256:77db811e55d90add9212f6832c23229e3de5f1c1f9905e8cb07319ea15df73ac" "sleep" "infinity", kill_on_drop: false }`
[INFO] [stdout] 864e9a471b00326439e667b25bdfc3e55fbc0d32812297bb6b42ec7243d62dd9
[INFO] running `Command { std: "docker" "start" "864e9a471b00326439e667b25bdfc3e55fbc0d32812297bb6b42ec7243d62dd9", kill_on_drop: false }`
[INFO] running `Command { std: "docker" "inspect" "864e9a471b00326439e667b25bdfc3e55fbc0d32812297bb6b42ec7243d62dd9", kill_on_drop: false }`
[INFO] running `Command { std: "docker" "exec" "-e" "SOURCE_DIR=/opt/rustwide/workdir" "-e" "CARGO_HOME=/opt/rustwide/cargo-home" "-e" "RUSTUP_HOME=/opt/rustwide/rustup-home" "-e" "CARGO_TARGET_DIR=/opt/rustwide/target" "-w" "/opt/rustwide/workdir" "--user" "0:0" "864e9a471b00326439e667b25bdfc3e55fbc0d32812297bb6b42ec7243d62dd9" "/opt/rustwide/cargo-home/bin/cargo" "+1.100.0-beta.1" "metadata" "--no-deps" "--format-version=1", kill_on_drop: false }`
[INFO] running `Command { std: "docker" "inspect" "864e9a471b00326439e667b25bdfc3e55fbc0d32812297bb6b42ec7243d62dd9", kill_on_drop: false }`
[INFO] running `Command { std: "docker" "exec" "-e" "SOURCE_DIR=/opt/rustwide/workdir" "-e" "CARGO_HOME=/opt/rustwide/cargo-home" "-e" "RUSTUP_HOME=/opt/rustwide/rustup-home" "-e" "CARGO_TARGET_DIR=/opt/rustwide/target" "-e" "CARGO_INCREMENTAL=0" "-e" "RUST_BACKTRACE=full" "-e" "RUSTFLAGS=--cap-lints=warn" "-e" "RUSTDOCFLAGS=--cap-lints=warn" "-w" "/opt/rustwide/workdir" "--user" "0:0" "864e9a471b00326439e667b25bdfc3e55fbc0d32812297bb6b42ec7243d62dd9" "/opt/rustwide/cargo-home/bin/cargo" "+1.100.0-beta.1" "build" "--frozen" "--message-format=json" "--release", kill_on_drop: false }`
[INFO] [stderr] warning: `package.homepage` is redundant with `package.repository`
[INFO] [stderr]   --> Cargo.toml:21:12
[INFO] [stderr]    |
[INFO] [stderr] 21 | homepage = "https://github.com/henkkuli/hb-subset-rs"
[INFO] [stderr]    |            ^^^^^^^^^^^^^^^^^^^^^^^^^^^^^^^^^^^^^^^^^^
[INFO] [stderr] ...
[INFO] [stderr] 26 | repository = "https://github.com/henkkuli/hb-subset-rs"
[INFO] [stderr]    |              ------------------------------------------
[INFO] [stderr]    |
[INFO] [stderr]    = note: `cargo::redundant_homepage` is set to `warn` by default
[INFO] [stderr] help: consider removing `package.homepage`
[INFO] [stderr] warning: `hb-subset` (manifest) generated 1 warning
[INFO] [stderr]    Compiling prettyplease v0.2.37
[INFO] [stderr]    Compiling rustix v0.38.44
[INFO] [stderr]    Compiling either v1.19.0
[INFO] [stderr]    Compiling bitflags v2.13.2
[INFO] [stderr]    Compiling linux-raw-sys v0.4.15
[INFO] [stderr]    Compiling bindgen v0.69.5
[INFO] [stderr]    Compiling home v0.5.12
[INFO] [stderr]    Compiling clang-sys v1.9.1
[INFO] [stderr]    Compiling syn v2.0.119
[INFO] [stderr]    Compiling lazycell v1.3.0
[INFO] [stderr]    Compiling lazy_static v1.5.1
[INFO] [stderr]    Compiling itertools v0.12.1
[INFO] [stderr]    Compiling which v4.4.2
[INFO] [stderr]    Compiling thiserror-impl v1.0.69
[INFO] [stderr]    Compiling thiserror v1.0.69
[INFO] [stderr]    Compiling hb-subset v0.3.0 (/opt/rustwide/workdir)
[INFO] [stdout] warning: hiding a lifetime that's elided elsewhere is confusing
[INFO] [stdout]   --> src/font_face.rs:55:31
[INFO] [stdout]    |
[INFO] [stdout] 55 |     pub fn covered_codepoints(&self) -> Result<CharSet, AllocationError> {
[INFO] [stdout]    |                               ^^^^^            ^^^^^^^ the same lifetime is hidden here
[INFO] [stdout]    |                               |
[INFO] [stdout]    |                               the lifetime is elided here
[INFO] [stdout]    |
[INFO] [stdout]    = help: the same lifetime is referred to in inconsistent ways, making the signature confusing
[INFO] [stdout]    = note: `#[warn(mismatched_lifetime_syntaxes)]` on by default
[INFO] [stdout] help: use `'_` for type paths
[INFO] [stdout]    |
[INFO] [stdout] 55 |     pub fn covered_codepoints(&self) -> Result<CharSet<'_>, AllocationError> {
[INFO] [stdout]    |                                                       ++++
[INFO] [stdout] 
[INFO] [stdout] 
[INFO] [stderr]     Finished `release` profile [optimized] target(s) in 18.79s
[INFO] running `Command { std: "docker" "inspect" "864e9a471b00326439e667b25bdfc3e55fbc0d32812297bb6b42ec7243d62dd9", kill_on_drop: false }`
[INFO] running `Command { std: "docker" "exec" "-e" "SOURCE_DIR=/opt/rustwide/workdir" "-e" "CARGO_HOME=/opt/rustwide/cargo-home" "-e" "RUSTUP_HOME=/opt/rustwide/rustup-home" "-e" "CARGO_TARGET_DIR=/opt/rustwide/target" "-e" "CARGO_INCREMENTAL=0" "-e" "RUST_BACKTRACE=full" "-e" "RUSTFLAGS=--cap-lints=warn" "-e" "RUSTDOCFLAGS=--cap-lints=warn" "-w" "/opt/rustwide/workdir" "--user" "0:0" "864e9a471b00326439e667b25bdfc3e55fbc0d32812297bb6b42ec7243d62dd9" "/opt/rustwide/cargo-home/bin/cargo" "+1.100.0-beta.1" "test" "--frozen" "--no-run" "--message-format=json" "--release", kill_on_drop: false }`
[INFO] [stderr] warning: `package.homepage` is redundant with `package.repository`
[INFO] [stderr]   --> Cargo.toml:21:12
[INFO] [stderr]    |
[INFO] [stderr] 21 | homepage = "https://github.com/henkkuli/hb-subset-rs"
[INFO] [stderr]    |            ^^^^^^^^^^^^^^^^^^^^^^^^^^^^^^^^^^^^^^^^^^
[INFO] [stderr] ...
[INFO] [stderr] 26 | repository = "https://github.com/henkkuli/hb-subset-rs"
[INFO] [stderr]    |              ------------------------------------------
[INFO] [stderr]    |
[INFO] [stderr]    = note: `cargo::redundant_homepage` is set to `warn` by default
[INFO] [stderr] help: consider removing `package.homepage`
[INFO] [stderr] warning: `hb-subset` (manifest) generated 1 warning
[INFO] [stdout] warning: hiding a lifetime that's elided elsewhere is confusing
[INFO] [stdout]   --> src/font_face.rs:55:31
[INFO] [stdout]    |
[INFO] [stdout] 55 |     pub fn covered_codepoints(&self) -> Result<CharSet, AllocationError> {
[INFO] [stdout]    |                               ^^^^^            ^^^^^^^ the same lifetime is hidden here
[INFO] [stdout]    |                               |
[INFO] [stdout]    |                               the lifetime is elided here
[INFO] [stdout]    |
[INFO] [stdout]    = help: the same lifetime is referred to in inconsistent ways, making the signature confusing
[INFO] [stdout]    = note: `#[warn(mismatched_lifetime_syntaxes)]` on by default
[INFO] [stdout] help: use `'_` for type paths
[INFO] [stdout]    |
[INFO] [stdout] 55 |     pub fn covered_codepoints(&self) -> Result<CharSet<'_>, AllocationError> {
[INFO] [stdout]    |                                                       ++++
[INFO] [stdout] 
[INFO] [stdout] 
[INFO] [stderr]    Compiling hb-subset v0.3.0 (/opt/rustwide/workdir)
[INFO] [stdout] warning: constant `NOTO_SANS_VARIABLE` is never used
[INFO] [stdout]    --> src/lib.rs:118:22
[INFO] [stdout]     |
[INFO] [stdout] 118 |     pub(crate) const NOTO_SANS_VARIABLE: &str = "tests/fonts/NotoSans-Variable.ttf";
[INFO] [stdout]     |                      ^^^^^^^^^^^^^^^^^^
[INFO] [stdout]     |
[INFO] [stdout]     = note: `#[warn(dead_code)]` (part of `#[warn(unused)]`) on by default
[INFO] [stdout] 
[INFO] [stdout] 
[INFO] [stdout] warning: hiding a lifetime that's elided elsewhere is confusing
[INFO] [stdout]   --> src/font_face.rs:55:31
[INFO] [stdout]    |
[INFO] [stdout] 55 |     pub fn covered_codepoints(&self) -> Result<CharSet, AllocationError> {
[INFO] [stdout]    |                               ^^^^^            ^^^^^^^ the same lifetime is hidden here
[INFO] [stdout]    |                               |
[INFO] [stdout]    |                               the lifetime is elided here
[INFO] [stdout]    |
[INFO] [stdout]    = help: the same lifetime is referred to in inconsistent ways, making the signature confusing
[INFO] [stdout]    = note: `#[warn(mismatched_lifetime_syntaxes)]` on by default
[INFO] [stdout] help: use `'_` for type paths
[INFO] [stdout]    |
[INFO] [stdout] 55 |     pub fn covered_codepoints(&self) -> Result<CharSet<'_>, AllocationError> {
[INFO] [stdout]    |                                                       ++++
[INFO] [stdout] 
[INFO] [stdout] 
[INFO] [stderr]     Finished `release` profile [optimized] target(s) in 2.96s
[INFO] running `Command { std: "docker" "inspect" "864e9a471b00326439e667b25bdfc3e55fbc0d32812297bb6b42ec7243d62dd9", kill_on_drop: false }`
[INFO] running `Command { std: "docker" "exec" "-e" "SOURCE_DIR=/opt/rustwide/workdir" "-e" "CARGO_HOME=/opt/rustwide/cargo-home" "-e" "RUSTUP_HOME=/opt/rustwide/rustup-home" "-e" "CARGO_TARGET_DIR=/opt/rustwide/target" "-e" "CARGO_INCREMENTAL=0" "-e" "RUST_BACKTRACE=full" "-e" "RUSTFLAGS=--cap-lints=warn" "-e" "RUSTDOCFLAGS=--cap-lints=warn" "-w" "/opt/rustwide/workdir" "--user" "0:0" "864e9a471b00326439e667b25bdfc3e55fbc0d32812297bb6b42ec7243d62dd9" "/opt/rustwide/cargo-home/bin/cargo" "+1.100.0-beta.1" "test" "--frozen" "--release", kill_on_drop: false }`
[INFO] [stderr] warning: `package.homepage` is redundant with `package.repository`
[INFO] [stderr]   --> Cargo.toml:21:12
[INFO] [stderr]    |
[INFO] [stderr] 21 | homepage = "https://github.com/henkkuli/hb-subset-rs"
[INFO] [stderr]    |            ^^^^^^^^^^^^^^^^^^^^^^^^^^^^^^^^^^^^^^^^^^
[INFO] [stderr] ...
[INFO] [stderr] 26 | repository = "https://github.com/henkkuli/hb-subset-rs"
[INFO] [stderr]    |              ------------------------------------------
[INFO] [stderr]    |
[INFO] [stderr]    = note: `cargo::redundant_homepage` is set to `warn` by default
[INFO] [stderr] help: consider removing `package.homepage`
[INFO] [stderr] warning: `hb-subset` (manifest) generated 1 warning
[INFO] [stderr] warning: hiding a lifetime that's elided elsewhere is confusing
[INFO] [stderr]   --> src/font_face.rs:55:31
[INFO] [stderr]    |
[INFO] [stderr] 55 |     pub fn covered_codepoints(&self) -> Result<CharSet, AllocationError> {
[INFO] [stderr]    |                               ^^^^^            ^^^^^^^ the same lifetime is hidden here
[INFO] [stderr]    |                               |
[INFO] [stderr]    |                               the lifetime is elided here
[INFO] [stderr]    |
[INFO] [stderr]    = help: the same lifetime is referred to in inconsistent ways, making the signature confusing
[INFO] [stderr]    = note: `#[warn(mismatched_lifetime_syntaxes)]` on by default
[INFO] [stderr] help: use `'_` for type paths
[INFO] [stderr]    |
[INFO] [stderr] 55 |     pub fn covered_codepoints(&self) -> Result<CharSet<'_>, AllocationError> {
[INFO] [stderr]    |                                                       ++++
[INFO] [stderr] 
[INFO] [stderr] warning: constant `NOTO_SANS_VARIABLE` is never used
[INFO] [stderr]    --> src/lib.rs:118:22
[INFO] [stderr]     |
[INFO] [stderr] 118 |     pub(crate) const NOTO_SANS_VARIABLE: &str = "tests/fonts/NotoSans-Variable.ttf";
[INFO] [stderr]     |                      ^^^^^^^^^^^^^^^^^^
[INFO] [stderr]     |
[INFO] [stderr]     = note: `#[warn(dead_code)]` (part of `#[warn(unused)]`) on by default
[INFO] [stderr] 
[INFO] [stderr] warning: `hb-subset` (lib) generated 1 warning (run `cargo fix --lib -p hb-subset` to apply 1 suggestion)
[INFO] [stderr] warning: `hb-subset` (lib test) generated 2 warnings (1 duplicate)
[INFO] [stderr]     Finished `release` profile [optimized] target(s) in 0.05s
[INFO] [stderr]      Running unittests src/lib.rs (/opt/rustwide/target/release/build/hb-subset/dbe62d6ea5b0104a/out/hb_subset-dbe62d6ea5b0104a)
[INFO] [stdout] 
[INFO] [stdout] running 73 tests
[INFO] [stdout] test blob::tests::non_empty_is_not_empty ... ok
[INFO] [stdout] test common::tests::language_works ... ok
[INFO] [stdout] test common::tests::tag_debug_is_correct ... ok
[INFO] [stdout] test blob::tests::clone_refers_to_same_object ... ok
[INFO] [stdout] test map::tests::is_empty_works ... ok
[INFO] [stdout] test blob::tests::convert_into_raw_and_back ... ok
[INFO] [stdout] test blob::tests::content_is_correct ... ok
[INFO] [stdout] test blob::tests::empty_is_empty ... ok
[INFO] [stdout] test map::tests::clone_does_not_change_original ... ok
[INFO] [stdout] test blob::tests::from_file_loads_file ... FAILED
[INFO] [stdout] test font_face::tests::underlying_blob_works ... FAILED
[INFO] [stdout] test font_face::tests::loaded_font_contains_correct_number_of_codepoints_and_glyphs ... FAILED
[INFO] [stdout] test font_face::tests::nominal_glyph_mapping_works ... FAILED
[INFO] [stdout] test blob::tests::len_works ... ok
[INFO] [stdout] test font_face::tests::convert_into_raw_and_back ... FAILED
[INFO] [stdout] test map::tests::assert_set_is_correct_detects_differences - should panic ... ok
[INFO] [stdout] test map::tests::clear_works ... ok
[INFO] [stdout] test map::tests::key_can_be_u32_max ... ok
[INFO] [stdout] test map::tests::iter_is_fused ... ok
[INFO] [stdout] test map::tests::keys_works ... ok
[INFO] [stdout] test map::tests::update_replaces_keys ... ok
[INFO] [stdout] test set::tests::convert_into_raw_and_back ... ok
[INFO] [stdout] test set::tests::debug_works ... ok
[INFO] [stdout] test set::tests::copy_from_works ... ok
[INFO] [stdout] test set::tests::contains_inserted_values ... ok
[INFO] [stdout] test map::tests::iter_of_invalid_codepoints_works ... ok
[INFO] [stdout] test set::tests::contains_its_subset ... ok
[INFO] [stdout] test map::tests::iter_works ... ok
[INFO] [stdout] test map::tests::values_works ... ok
[INFO] [stdout] test set::tests::can_contain_max_value ... ok
[INFO] [stdout] test map::tests::value_can_be_u32_max ... ok
[INFO] [stdout] test set::tests::cannot_insert_range_u32_max - should panic ... ok
[INFO] [stdout] test map::tests::contains_works ... ok
[INFO] [stdout] test set::tests::cannot_insert_u32_max - should panic ... ok
[INFO] [stdout] test set::tests::clear_empties_set ... ok
[INFO] [stdout] test set::tests::cloned_set_does_not_modify_original ... ok
[INFO] [stdout] test map::tests::len_works ... ok
[INFO] [stdout] test set::tests::equal_works ... ok
[INFO] [stdout] test set::tests::iter_is_fused ... ok
[INFO] [stdout] test set::tests::is_empty_works ... ok
[INFO] [stdout] test set::tests::iter_works ... ok
[INFO] [stdout] test set::tests::len_works ... ok
[INFO] [stdout] test set::tests::range_insertions_and_deletions_work ... ok
[INFO] [stdout] test set::tests::iter_near_max_works ... ok
[INFO] [stdout] test set::tests::iter_next_back_works ... ok
[INFO] [stdout] test set::tests::iter_of_invalid_codepoints_works ... ok
[INFO] [stdout] test subset::tests::keep_everything_should_keep_all_codepoints_and_glyphs ... FAILED
[INFO] [stdout] test sys::bindgen_test_layout__hb_var_int_t ... ok
[INFO] [stdout] test sys::bindgen_test_layout_hb_color_line_t ... ok
[INFO] [stdout] test subset::tests::convert_subset_into_raw_and_back ... ok
[INFO] [stdout] test subset::tests::keeping_codepoints_should_keep_ligatures ... FAILED
[INFO] [stdout] test sys::bindgen_test_layout__hb_var_num_t ... ok
[INFO] [stdout] test subset::tests::old_to_new_glyph_mapping ... FAILED
[INFO] [stdout] test subset::tests::convert_plan_into_raw_and_back ... FAILED
[INFO] [stdout] test sys::bindgen_test_layout_hb_draw_state_t ... ok
[INFO] [stdout] test sys::bindgen_test_layout_hb_color_stop_t ... ok
[INFO] [stdout] test sys::bindgen_test_layout_hb_font_extents_t ... ok
[INFO] [stdout] test sys::bindgen_test_layout_hb_glyph_extents_t ... ok
[INFO] [stdout] test sys::bindgen_test_layout_hb_feature_t ... ok
[INFO] [stdout] test sys::bindgen_test_layout_hb_ot_math_glyph_variant_t ... ok
[INFO] [stdout] test sys::bindgen_test_layout_hb_glyph_info_t ... ok
[INFO] [stdout] test sys::bindgen_test_layout_hb_glyph_position_t ... ok
[INFO] [stdout] test sys::bindgen_test_layout_hb_ot_color_layer_t ... ok
[INFO] [stdout] test sys::bindgen_test_layout_hb_ot_math_glyph_part_t ... ok
[INFO] [stdout] test sys::bindgen_test_layout_hb_segment_properties_t ... ok
[INFO] [stdout] test sys::bindgen_test_layout_hb_ot_var_axis_t ... ok
[INFO] [stdout] test sys::bindgen_test_layout_hb_ot_name_entry_t ... ok
[INFO] [stdout] test sys::bindgen_test_layout_hb_user_data_key_t ... ok
[INFO] [stdout] test sys::bindgen_test_layout_hb_ot_var_axis_info_t ... ok
[INFO] [stdout] test sys::bindgen_test_layout_hb_ot_math_kern_entry_t ... ok
[INFO] [stdout] test sys::tests::test_version ... ok
[INFO] [stdout] test sys::bindgen_test_layout_hb_variation_t ... ok
[INFO] [stdout] test set::tests::does_not_contain_u32_max ... ok
[INFO] [stdout] 
[INFO] [stdout] failures:
[INFO] [stdout] 
[INFO] [stdout] ---- blob::tests::from_file_loads_file stdout ----
[INFO] [stdout] 
[INFO] [stdout] thread 'blob::tests::from_file_loads_file' (678) panicked at src/blob.rs:152:48:
[INFO] [stdout] called `Result::unwrap()` on an `Err` value: Os { code: 2, kind: NotFound, message: "No such file or directory" }
[INFO] [stdout] stack backtrace:
[INFO] [stdout]    0:     0x6514ce8fd191 - <<std[617be2ca0a6fd877]::sys::backtrace::BacktraceLock>::print::DisplayBacktrace as core[a373ad73a504971]::fmt::Display>::fmt
[INFO] [stdout]    1:     0x6514ce91161a - core[a373ad73a504971]::fmt::write
[INFO] [stdout]    2:     0x6514ce9013ac - <alloc[2e1b2a31b91974c5]::vec::Vec<u8> as core[a373ad73a504971]::io::write::Write>::write_fmt
[INFO] [stdout]    3:     0x6514ce8d92e6 - std[617be2ca0a6fd877]::panicking::default_hook::{closure#0}
[INFO] [stdout]    4:     0x6514ce8f5519 - std[617be2ca0a6fd877]::panicking::default_hook
[INFO] [stdout]    5:     0x6514ce891670 - test[aada8e7e76ba119b]::test_main_inner::{closure#0}
[INFO] [stdout]    6:     0x6514ce8f56d2 - std[617be2ca0a6fd877]::panicking::panic_with_hook
[INFO] [stdout]    7:     0x6514ce8d9392 - std[617be2ca0a6fd877]::panicking::panic_handler::{closure#0}
[INFO] [stdout]    8:     0x6514ce8d1f19 - std[617be2ca0a6fd877]::sys::backtrace::__rust_end_short_backtrace::<std[617be2ca0a6fd877]::panicking::panic_handler::{closure#0}, !>
[INFO] [stdout]    9:     0x6514ce8d9f9d - __rustc[ea4f61d10b84890b]::rust_begin_unwind
[INFO] [stdout]   10:     0x6514ce911d4c - core[a373ad73a504971]::panicking::panic_fmt
[INFO] [stdout]   11:     0x6514ce911b22 - core[a373ad73a504971]::result::unwrap_failed
[INFO] [stdout]   12:     0x6514ce8748ae - <hb_subset[4082b261a1343366]::blob::tests::from_file_loads_file::{closure#0} as core[a373ad73a504971]::ops::function::FnOnce<()>>::call_once
[INFO] [stdout]   13:     0x6514ce884abb - test[aada8e7e76ba119b]::__rust_begin_short_backtrace::<core[a373ad73a504971]::result::Result<(), alloc[2e1b2a31b91974c5]::string::String>, fn() -> core[a373ad73a504971]::result::Result<(), alloc[2e1b2a31b91974c5]::string::String>>
[INFO] [stdout]   14:     0x6514ce891c95 - test[aada8e7e76ba119b]::run_test::{closure#0}
[INFO] [stdout]   15:     0x6514ce88b584 - std[617be2ca0a6fd877]::sys::backtrace::__rust_begin_short_backtrace::<test[aada8e7e76ba119b]::run_test::{closure#1}, ()>
[INFO] [stdout]   16:     0x6514ce894d22 - <std[617be2ca0a6fd877]::thread::lifecycle::spawn_unchecked<test[aada8e7e76ba119b]::run_test::{closure#1}, ()>::{closure#1} as core[a373ad73a504971]::ops::function::FnOnce<()>>::call_once::{shim:vtable#0}
[INFO] [stdout]   17:     0x6514ce8fc6df - <std[617be2ca0a6fd877]::sys::thread::unix::Thread>::new::thread_start
[INFO] [stdout]   18:     0x7fbd57144dfa - <unknown>
[INFO] [stdout]   19:     0x7fbd571d83d4 - clone
[INFO] [stdout]   20:                0x0 - <unknown>
[INFO] [stdout] 
[INFO] [stdout] ---- font_face::tests::underlying_blob_works stdout ----
[INFO] [stdout] 
[INFO] [stdout] thread 'font_face::tests::underlying_blob_works' (686) panicked at src/font_face.rs:576:47:
[INFO] [stdout] called `Result::unwrap()` on an `Err` value: AllocationError
[INFO] [stdout] stack backtrace:
[INFO] [stdout]    0:     0x6514ce8fd191 - <<std[617be2ca0a6fd877]::sys::backtrace::BacktraceLock>::print::DisplayBacktrace as core[a373ad73a504971]::fmt::Display>::fmt
[INFO] [stdout]    1:     0x6514ce91161a - core[a373ad73a504971]::fmt::write
[INFO] [stdout]    2:     0x6514ce9013ac - <alloc[2e1b2a31b91974c5]::vec::Vec<u8> as core[a373ad73a504971]::io::write::Write>::write_fmt
[INFO] [stdout]    3:     0x6514ce8d92e6 - std[617be2ca0a6fd877]::panicking::default_hook::{closure#0}
[INFO] [stdout]    4:     0x6514ce8f5519 - std[617be2ca0a6fd877]::panicking::default_hook
[INFO] [stdout]    5:     0x6514ce891670 - test[aada8e7e76ba119b]::test_main_inner::{closure#0}
[INFO] [stdout]    6:     0x6514ce8f56d2 - std[617be2ca0a6fd877]::panicking::panic_with_hook
[INFO] [stdout]    7:     0x6514ce8d9392 - std[617be2ca0a6fd877]::panicking::panic_handler::{closure#0}
[INFO] [stdout]    8:     0x6514ce8d1f19 - std[617be2ca0a6fd877]::sys::backtrace::__rust_end_short_backtrace::<std[617be2ca0a6fd877]::panicking::panic_handler::{closure#0}, !>
[INFO] [stdout]    9:     0x6514ce8d9f9d - __rustc[ea4f61d10b84890b]::rust_begin_unwind
[INFO] [stdout]   10:     0x6514ce911d4c - core[a373ad73a504971]::panicking::panic_fmt
[INFO] [stdout]   11:     0x6514ce911b22 - core[a373ad73a504971]::result::unwrap_failed
[INFO] [stdout]   12:     0x6514ce87565e - <hb_subset[4082b261a1343366]::font_face::tests::underlying_blob_works::{closure#0} as core[a373ad73a504971]::ops::function::FnOnce<()>>::call_once
[INFO] [stdout]   13:     0x6514ce884abb - test[aada8e7e76ba119b]::__rust_begin_short_backtrace::<core[a373ad73a504971]::result::Result<(), alloc[2e1b2a31b91974c5]::string::String>, fn() -> core[a373ad73a504971]::result::Result<(), alloc[2e1b2a31b91974c5]::string::String>>
[INFO] [stdout]   14:     0x6514ce891c95 - test[aada8e7e76ba119b]::run_test::{closure#0}
[INFO] [stdout]   15:     0x6514ce88b584 - std[617be2ca0a6fd877]::sys::backtrace::__rust_begin_short_backtrace::<test[aada8e7e76ba119b]::run_test::{closure#1}, ()>
[INFO] [stdout]   16:     0x6514ce894d22 - <std[617be2ca0a6fd877]::thread::lifecycle::spawn_unchecked<test[aada8e7e76ba119b]::run_test::{closure#1}, ()>::{closure#1} as core[a373ad73a504971]::ops::function::FnOnce<()>>::call_once::{shim:vtable#0}
[INFO] [stdout]   17:     0x6514ce8fc6df - <std[617be2ca0a6fd877]::sys::thread::unix::Thread>::new::thread_start
[INFO] [stdout]   18:     0x7fbd57144dfa - <unknown>
[INFO] [stdout]   19:     0x7fbd571d83d4 - clone
[INFO] [stdout]   20:                0x0 - <unknown>
[INFO] [stdout] 
[INFO] [stdout] ---- font_face::tests::loaded_font_contains_correct_number_of_codepoints_and_glyphs stdout ----
[INFO] [stdout] 
[INFO] [stdout] thread 'font_face::tests::loaded_font_contains_correct_number_of_codepoints_and_glyphs' (684) panicked at src/font_face.rs:569:66:
[INFO] [stdout] called `Result::unwrap()` on an `Err` value: AllocationError
[INFO] [stdout] stack backtrace:
[INFO] [stdout]    0:     0x6514ce8fd191 - <<std[617be2ca0a6fd877]::sys::backtrace::BacktraceLock>::print::DisplayBacktrace as core[a373ad73a504971]::fmt::Display>::fmt
[INFO] [stdout]    1:     0x6514ce91161a - core[a373ad73a504971]::fmt::write
[INFO] [stdout]    2:     0x6514ce9013ac - <alloc[2e1b2a31b91974c5]::vec::Vec<u8> as core[a373ad73a504971]::io::write::Write>::write_fmt
[INFO] [stdout]    3:     0x6514ce8d92e6 - std[617be2ca0a6fd877]::panicking::default_hook::{closure#0}
[INFO] [stdout]    4:     0x6514ce8f5519 - std[617be2ca0a6fd877]::panicking::default_hook
[INFO] [stdout]    5:     0x6514ce891670 - test[aada8e7e76ba119b]::test_main_inner::{closure#0}
[INFO] [stdout]    6:     0x6514ce8f56d2 - std[617be2ca0a6fd877]::panicking::panic_with_hook
[INFO] [stdout]    7:     0x6514ce8d9392 - std[617be2ca0a6fd877]::panicking::panic_handler::{closure#0}
[INFO] [stdout]    8:     0x6514ce8d1f19 - std[617be2ca0a6fd877]::sys::backtrace::__rust_end_short_backtrace::<std[617be2ca0a6fd877]::panicking::panic_handler::{closure#0}, !>
[INFO] [stdout]    9:     0x6514ce8d9f9d - __rustc[ea4f61d10b84890b]::rust_begin_unwind
[INFO] [stdout]   10:     0x6514ce911d4c - core[a373ad73a504971]::panicking::panic_fmt
[INFO] [stdout]   11:     0x6514ce911b22 - core[a373ad73a504971]::result::unwrap_failed
[INFO] [stdout]   12:     0x6514ce875c09 - <hb_subset[4082b261a1343366]::font_face::tests::loaded_font_contains_correct_number_of_codepoints_and_glyphs::{closure#0} as core[a373ad73a504971]::ops::function::FnOnce<()>>::call_once
[INFO] [stdout]   13:     0x6514ce884abb - test[aada8e7e76ba119b]::__rust_begin_short_backtrace::<core[a373ad73a504971]::result::Result<(), alloc[2e1b2a31b91974c5]::string::String>, fn() -> core[a373ad73a504971]::result::Result<(), alloc[2e1b2a31b91974c5]::string::String>>
[INFO] [stdout]   14:     0x6514ce891c95 - test[aada8e7e76ba119b]::run_test::{closure#0}
[INFO] [stdout]   15:     0x6514ce88b584 - std[617be2ca0a6fd877]::sys::backtrace::__rust_begin_short_backtrace::<test[aada8e7e76ba119b]::run_test::{closure#1}, ()>
[INFO] [stdout]   16:     0x6514ce894d22 - <std[617be2ca0a6fd877]::thread::lifecycle::spawn_unchecked<test[aada8e7e76ba119b]::run_test::{closure#1}, ()>::{closure#1} as core[a373ad73a504971]::ops::function::FnOnce<()>>::call_once::{shim:vtable#0}
[INFO] [stdout]   17:     0x6514ce8fc6df - <std[617be2ca0a6fd877]::sys::thread::unix::Thread>::new::thread_start
[INFO] [stdout]   18:     0x7fbd57144dfa - <unknown>
[INFO] [stdout]   19:     0x7fbd571d83d4 - clone
[INFO] [stdout]   20:                0x0 - <unknown>
[INFO] [stdout] 
[INFO] [stdout] ---- font_face::tests::nominal_glyph_mapping_works stdout ----
[INFO] [stdout] 
[INFO] [stdout] thread 'font_face::tests::nominal_glyph_mapping_works' (685) panicked at src/font_face.rs:583:66:
[INFO] [stdout] called `Result::unwrap()` on an `Err` value: AllocationError
[INFO] [stdout] stack backtrace:
[INFO] [stdout]    0:     0x6514ce8fd191 - <<std[617be2ca0a6fd877]::sys::backtrace::BacktraceLock>::print::DisplayBacktrace as core[a373ad73a504971]::fmt::Display>::fmt
[INFO] [stdout]    1:     0x6514ce91161a - core[a373ad73a504971]::fmt::write
[INFO] [stdout]    2:     0x6514ce9013ac - <alloc[2e1b2a31b91974c5]::vec::Vec<u8> as core[a373ad73a504971]::io::write::Write>::write_fmt
[INFO] [stdout]    3:     0x6514ce8d92e6 - std[617be2ca0a6fd877]::panicking::default_hook::{closure#0}
[INFO] [stdout]    4:     0x6514ce8f5519 - std[617be2ca0a6fd877]::panicking::default_hook
[INFO] [stdout]    5:     0x6514ce891670 - test[aada8e7e76ba119b]::test_main_inner::{closure#0}
[INFO] [stdout]    6:     0x6514ce8f56d2 - std[617be2ca0a6fd877]::panicking::panic_with_hook
[INFO] [stdout]    7:     0x6514ce8d9392 - std[617be2ca0a6fd877]::panicking::panic_handler::{closure#0}
[INFO] [stdout]    8:     0x6514ce8d1f19 - std[617be2ca0a6fd877]::sys::backtrace::__rust_end_short_backtrace::<std[617be2ca0a6fd877]::panicking::panic_handler::{closure#0}, !>
[INFO] [stdout]    9:     0x6514ce8d9f9d - __rustc[ea4f61d10b84890b]::rust_begin_unwind
[INFO] [stdout]   10:     0x6514ce911d4c - core[a373ad73a504971]::panicking::panic_fmt
[INFO] [stdout]   11:     0x6514ce911b22 - core[a373ad73a504971]::result::unwrap_failed
[INFO] [stdout]   12:     0x6514ce8759c5 - <hb_subset[4082b261a1343366]::font_face::tests::nominal_glyph_mapping_works::{closure#0} as core[a373ad73a504971]::ops::function::FnOnce<()>>::call_once
[INFO] [stdout]   13:     0x6514ce884abb - test[aada8e7e76ba119b]::__rust_begin_short_backtrace::<core[a373ad73a504971]::result::Result<(), alloc[2e1b2a31b91974c5]::string::String>, fn() -> core[a373ad73a504971]::result::Result<(), alloc[2e1b2a31b91974c5]::string::String>>
[INFO] [stdout]   14:     0x6514ce891c95 - test[aada8e7e76ba119b]::run_test::{closure#0}
[INFO] [stdout]   15:     0x6514ce88b584 - std[617be2ca0a6fd877]::sys::backtrace::__rust_begin_short_backtrace::<test[aada8e7e76ba119b]::run_test::{closure#1}, ()>
[INFO] [stdout]   16:     0x6514ce894d22 - <std[617be2ca0a6fd877]::thread::lifecycle::spawn_unchecked<test[aada8e7e76ba119b]::run_test::{closure#1}, ()>::{closure#1} as core[a373ad73a504971]::ops::function::FnOnce<()>>::call_once::{shim:vtable#0}
[INFO] [stdout]   17:     0x6514ce8fc6df - <std[617be2ca0a6fd877]::sys::thread::unix::Thread>::new::thread_start
[INFO] [stdout]   18:     0x7fbd57144dfa - <unknown>
[INFO] [stdout]   19:     0x7fbd571d83d4 - clone
[INFO] [stdout]   20:                0x0 - <unknown>
[INFO] [stdout] 
[INFO] [stdout] ---- font_face::tests::convert_into_raw_and_back stdout ----
[INFO] [stdout] 
[INFO] [stdout] thread 'font_face::tests::convert_into_raw_and_back' (683) panicked at src/font_face.rs:597:66:
[INFO] [stdout] called `Result::unwrap()` on an `Err` value: AllocationError
[INFO] [stdout] stack backtrace:
[INFO] [stdout]    0:     0x6514ce8fd191 - <<std[617be2ca0a6fd877]::sys::backtrace::BacktraceLock>::print::DisplayBacktrace as core[a373ad73a504971]::fmt::Display>::fmt
[INFO] [stdout]    1:     0x6514ce91161a - core[a373ad73a504971]::fmt::write
[INFO] [stdout]    2:     0x6514ce9013ac - <alloc[2e1b2a31b91974c5]::vec::Vec<u8> as core[a373ad73a504971]::io::write::Write>::write_fmt
[INFO] [stdout]    3:     0x6514ce8d92e6 - std[617be2ca0a6fd877]::panicking::default_hook::{closure#0}
[INFO] [stdout]    4:     0x6514ce8f5519 - std[617be2ca0a6fd877]::panicking::default_hook
[INFO] [stdout]    5:     0x6514ce891670 - test[aada8e7e76ba119b]::test_main_inner::{closure#0}
[INFO] [stdout]    6:     0x6514ce8f56d2 - std[617be2ca0a6fd877]::panicking::panic_with_hook
[INFO] [stdout]    7:     0x6514ce8d9392 - std[617be2ca0a6fd877]::panicking::panic_handler::{closure#0}
[INFO] [stdout]    8:     0x6514ce8d1f19 - std[617be2ca0a6fd877]::sys::backtrace::__rust_end_short_backtrace::<std[617be2ca0a6fd877]::panicking::panic_handler::{closure#0}, !>
[INFO] [stdout]    9:     0x6514ce8d9f9d - __rustc[ea4f61d10b84890b]::rust_begin_unwind
[INFO] [stdout]   10:     0x6514ce911d4c - core[a373ad73a504971]::panicking::panic_fmt
[INFO] [stdout]   11:     0x6514ce911b22 - core[a373ad73a504971]::result::unwrap_failed
[INFO] [stdout]   12:     0x6514ce875754 - <hb_subset[4082b261a1343366]::font_face::tests::convert_into_raw_and_back::{closure#0} as core[a373ad73a504971]::ops::function::FnOnce<()>>::call_once
[INFO] [stdout]   13:     0x6514ce884abb - test[aada8e7e76ba119b]::__rust_begin_short_backtrace::<core[a373ad73a504971]::result::Result<(), alloc[2e1b2a31b91974c5]::string::String>, fn() -> core[a373ad73a504971]::result::Result<(), alloc[2e1b2a31b91974c5]::string::String>>
[INFO] [stdout]   14:     0x6514ce891c95 - test[aada8e7e76ba119b]::run_test::{closure#0}
[INFO] [stdout]   15:     0x6514ce88b584 - std[617be2ca0a6fd877]::sys::backtrace::__rust_begin_short_backtrace::<test[aada8e7e76ba119b]::run_test::{closure#1}, ()>
[INFO] [stdout]   16:     0x6514ce894d22 - <std[617be2ca0a6fd877]::thread::lifecycle::spawn_unchecked<test[aada8e7e76ba119b]::run_test::{closure#1}, ()>::{closure#1} as core[a373ad73a504971]::ops::function::FnOnce<()>>::call_once::{shim:vtable#0}
[INFO] [stdout]   17:     0x6514ce8fc6df - <std[617be2ca0a6fd877]::sys::thread::unix::Thread>::new::thread_start
[INFO] [stdout]   18:     0x7fbd57144dfa - <unknown>
[INFO] [stdout]   19:     0x7fbd571d83d4 - clone
[INFO] [stdout]   20:                0x0 - <unknown>
[INFO] [stdout] 
[INFO] [stdout] ---- subset::tests::keep_everything_should_keep_all_codepoints_and_glyphs stdout ----
[INFO] [stdout] 
[INFO] [stdout] thread 'subset::tests::keep_everything_should_keep_all_codepoints_and_glyphs' (723) panicked at src/subset.rs:371:61:
[INFO] [stdout] called `Result::unwrap()` on an `Err` value: AllocationError
[INFO] [stdout] stack backtrace:
[INFO] [stdout]    0:     0x6514ce8fd191 - <<std[617be2ca0a6fd877]::sys::backtrace::BacktraceLock>::print::DisplayBacktrace as core[a373ad73a504971]::fmt::Display>::fmt
[INFO] [stdout]    1:     0x6514ce91161a - core[a373ad73a504971]::fmt::write
[INFO] [stdout]    2:     0x6514ce9013ac - <alloc[2e1b2a31b91974c5]::vec::Vec<u8> as core[a373ad73a504971]::io::write::Write>::write_fmt
[INFO] [stdout]    3:     0x6514ce8d92e6 - std[617be2ca0a6fd877]::panicking::default_hook::{closure#0}
[INFO] [stdout]    4:     0x6514ce8f5519 - std[617be2ca0a6fd877]::panicking::default_hook
[INFO] [stdout]    5:     0x6514ce891670 - test[aada8e7e76ba119b]::test_main_inner::{closure#0}
[INFO] [stdout]    6:     0x6514ce8f56d2 - std[617be2ca0a6fd877]::panicking::panic_with_hook
[INFO] [stdout]    7:     0x6514ce8d9392 - std[617be2ca0a6fd877]::panicking::panic_handler::{closure#0}
[INFO] [stdout]    8:     0x6514ce8d1f19 - std[617be2ca0a6fd877]::sys::backtrace::__rust_end_short_backtrace::<std[617be2ca0a6fd877]::panicking::panic_handler::{closure#0}, !>
[INFO] [stdout]    9:     0x6514ce8d9f9d - __rustc[ea4f61d10b84890b]::rust_begin_unwind
[INFO] [stdout]   10:     0x6514ce911d4c - core[a373ad73a504971]::panicking::panic_fmt
[INFO] [stdout]   11:     0x6514ce911b22 - core[a373ad73a504971]::result::unwrap_failed
[INFO] [stdout]   12:     0x6514ce872101 - <hb_subset[4082b261a1343366]::subset::tests::keep_everything_should_keep_all_codepoints_and_glyphs::{closure#0} as core[a373ad73a504971]::ops::function::FnOnce<()>>::call_once
[INFO] [stdout]   13:     0x6514ce884abb - test[aada8e7e76ba119b]::__rust_begin_short_backtrace::<core[a373ad73a504971]::result::Result<(), alloc[2e1b2a31b91974c5]::string::String>, fn() -> core[a373ad73a504971]::result::Result<(), alloc[2e1b2a31b91974c5]::string::String>>
[INFO] [stdout]   14:     0x6514ce891c95 - test[aada8e7e76ba119b]::run_test::{closure#0}
[INFO] [stdout]   15:     0x6514ce88b584 - std[617be2ca0a6fd877]::sys::backtrace::__rust_begin_short_backtrace::<test[aada8e7e76ba119b]::run_test::{closure#1}, ()>
[INFO] [stdout]   16:     0x6514ce894d22 - <std[617be2ca0a6fd877]::thread::lifecycle::spawn_unchecked<test[aada8e7e76ba119b]::run_test::{closure#1}, ()>::{closure#1} as core[a373ad73a504971]::ops::function::FnOnce<()>>::call_once::{shim:vtable#0}
[INFO] [stdout]   17:     0x6514ce8fc6df - <std[617be2ca0a6fd877]::sys::thread::unix::Thread>::new::thread_start
[INFO] [stdout]   18:     0x7fbd57144dfa - <unknown>
[INFO] [stdout]   19:     0x7fbd571d83d4 - clone
[INFO] [stdout]   20:                0x0 - <unknown>
[INFO] [stdout] 
[INFO] [stdout] ---- subset::tests::keeping_codepoints_should_keep_ligatures stdout ----
[INFO] [stdout] 
[INFO] [stdout] thread 'subset::tests::keeping_codepoints_should_keep_ligatures' (724) panicked at src/subset.rs:382:61:
[INFO] [stdout] called `Result::unwrap()` on an `Err` value: AllocationError
[INFO] [stdout] stack backtrace:
[INFO] [stdout]    0:     0x6514ce8fd191 - <<std[617be2ca0a6fd877]::sys::backtrace::BacktraceLock>::print::DisplayBacktrace as core[a373ad73a504971]::fmt::Display>::fmt
[INFO] [stdout]    1:     0x6514ce91161a - core[a373ad73a504971]::fmt::write
[INFO] [stdout]    2:     0x6514ce9013ac - <alloc[2e1b2a31b91974c5]::vec::Vec<u8> as core[a373ad73a504971]::io::write::Write>::write_fmt
[INFO] [stdout]    3:     0x6514ce8d92e6 - std[617be2ca0a6fd877]::panicking::default_hook::{closure#0}
[INFO] [stdout]    4:     0x6514ce8f5519 - std[617be2ca0a6fd877]::panicking::default_hook
[INFO] [stdout]    5:     0x6514ce891670 - test[aada8e7e76ba119b]::test_main_inner::{closure#0}
[INFO] [stdout]    6:     0x6514ce8f56d2 - std[617be2ca0a6fd877]::panicking::panic_with_hook
[INFO] [stdout]    7:     0x6514ce8d9392 - std[617be2ca0a6fd877]::panicking::panic_handler::{closure#0}
[INFO] [stdout]    8:     0x6514ce8d1f19 - std[617be2ca0a6fd877]::sys::backtrace::__rust_end_short_backtrace::<std[617be2ca0a6fd877]::panicking::panic_handler::{closure#0}, !>
[INFO] [stdout]    9:     0x6514ce8d9f9d - __rustc[ea4f61d10b84890b]::rust_begin_unwind
[INFO] [stdout]   10:     0x6514ce911d4c - core[a373ad73a504971]::panicking::panic_fmt
[INFO] [stdout]   11:     0x6514ce911b22 - core[a373ad73a504971]::result::unwrap_failed
[INFO] [stdout]   12:     0x6514ce871d5a - <hb_subset[4082b261a1343366]::subset::tests::keeping_codepoints_should_keep_ligatures::{closure#0} as core[a373ad73a504971]::ops::function::FnOnce<()>>::call_once
[INFO] [stdout]   13:     0x6514ce884abb - test[aada8e7e76ba119b]::__rust_begin_short_backtrace::<core[a373ad73a504971]::result::Result<(), alloc[2e1b2a31b91974c5]::string::String>, fn() -> core[a373ad73a504971]::result::Result<(), alloc[2e1b2a31b91974c5]::string::String>>
[INFO] [stdout]   14:     0x6514ce891c95 - test[aada8e7e76ba119b]::run_test::{closure#0}
[INFO] [stdout]   15:     0x6514ce88b584 - std[617be2ca0a6fd877]::sys::backtrace::__rust_begin_short_backtrace::<test[aada8e7e76ba119b]::run_test::{closure#1}, ()>
[INFO] [stdout]   16:     0x6514ce894d22 - <std[617be2ca0a6fd877]::thread::lifecycle::spawn_unchecked<test[aada8e7e76ba119b]::run_test::{closure#1}, ()>::{closure#1} as core[a373ad73a504971]::ops::function::FnOnce<()>>::call_once::{shim:vtable#0}
[INFO] [stdout]   17:     0x6514ce8fc6df - <std[617be2ca0a6fd877]::sys::thread::unix::Thread>::new::thread_start
[INFO] [stdout]   18:     0x7fbd57144dfa - <unknown>
[INFO] [stdout]   19:     0x7fbd571d83d4 - clone
[INFO] [stdout]   20:                0x0 - <unknown>
[INFO] [stdout] 
[INFO] [stdout] ---- subset::tests::old_to_new_glyph_mapping stdout ----
[INFO] [stdout] 
[INFO] [stdout] thread 'subset::tests::old_to_new_glyph_mapping' (725) panicked at src/subset.rs:394:61:
[INFO] [stdout] called `Result::unwrap()` on an `Err` value: AllocationError
[INFO] [stdout] stack backtrace:
[INFO] [stdout]    0:     0x6514ce8fd191 - <<std[617be2ca0a6fd877]::sys::backtrace::BacktraceLock>::print::DisplayBacktrace as core[a373ad73a504971]::fmt::Display>::fmt
[INFO] [stdout]    1:     0x6514ce91161a - core[a373ad73a504971]::fmt::write
[INFO] [stdout]    2:     0x6514ce9013ac - <alloc[2e1b2a31b91974c5]::vec::Vec<u8> as core[a373ad73a504971]::io::write::Write>::write_fmt
[INFO] [stdout]    3:     0x6514ce8d92e6 - std[617be2ca0a6fd877]::panicking::default_hook::{closure#0}
[INFO] [stdout]    4:     0x6514ce8f5519 - std[617be2ca0a6fd877]::panicking::default_hook
[INFO] [stdout]    5:     0x6514ce891670 - test[aada8e7e76ba119b]::test_main_inner::{closure#0}
[INFO] [stdout]    6:     0x6514ce8f56d2 - std[617be2ca0a6fd877]::panicking::panic_with_hook
[INFO] [stdout]    7:     0x6514ce8d9392 - std[617be2ca0a6fd877]::panicking::panic_handler::{closure#0}
[INFO] [stdout]    8:     0x6514ce8d1f19 - std[617be2ca0a6fd877]::sys::backtrace::__rust_end_short_backtrace::<std[617be2ca0a6fd877]::panicking::panic_handler::{closure#0}, !>
[INFO] [stdout]    9:     0x6514ce8d9f9d - __rustc[ea4f61d10b84890b]::rust_begin_unwind
[INFO] [stdout]   10:     0x6514ce911d4c - core[a373ad73a504971]::panicking::panic_fmt
[INFO] [stdout]   11:     0x6514ce911b22 - core[a373ad73a504971]::result::unwrap_failed
[INFO] [stdout]   12:     0x6514ce871791 - <hb_subset[4082b261a1343366]::subset::tests::old_to_new_glyph_mapping::{closure#0} as core[a373ad73a504971]::ops::function::FnOnce<()>>::call_once
[INFO] [stdout]   13:     0x6514ce884abb - test[aada8e7e76ba119b]::__rust_begin_short_backtrace::<core[a373ad73a504971]::result::Result<(), alloc[2e1b2a31b91974c5]::string::String>, fn() -> core[a373ad73a504971]::result::Result<(), alloc[2e1b2a31b91974c5]::string::String>>
[INFO] [stdout]   14:     0x6514ce891c95 - test[aada8e7e76ba119b]::run_test::{closure#0}
[INFO] [stdout]   15:     0x6514ce88b584 - std[617be2ca0a6fd877]::sys::backtrace::__rust_begin_short_backtrace::<test[aada8e7e76ba119b]::run_test::{closure#1}, ()>
[INFO] [stdout]   16:     0x6514ce894d22 - <std[617be2ca0a6fd877]::thread::lifecycle::spawn_unchecked<test[aada8e7e76ba119b]::run_test::{closure#1}, ()>::{closure#1} as core[a373ad73a504971]::ops::function::FnOnce<()>>::call_once::{shim:vtable#0}
[INFO] [stdout]   17:     0x6514ce8fc6df - <std[617be2ca0a6fd877]::sys::thread::unix::Thread>::new::thread_start
[INFO] [stdout]   18:     0x7fbd57144dfa - <unknown>
[INFO] [stdout]   19:     0x7fbd571d83d4 - clone
[INFO] [stdout]   20:                0x0 - <unknown>
[INFO] [stdout] 
[INFO] [stdout] ---- subset::tests::convert_plan_into_raw_and_back stdout ----
[INFO] [stdout] 
[INFO] [stdout] thread 'subset::tests::convert_plan_into_raw_and_back' (721) panicked at src/subset.rs:428:61:
[INFO] [stdout] called `Result::unwrap()` on an `Err` value: AllocationError
[INFO] [stdout] stack backtrace:
[INFO] [stdout]    0:     0x6514ce8fd191 - <<std[617be2ca0a6fd877]::sys::backtrace::BacktraceLock>::print::DisplayBacktrace as core[a373ad73a504971]::fmt::Display>::fmt
[INFO] [stdout]    1:     0x6514ce91161a - core[a373ad73a504971]::fmt::write
[INFO] [stdout]    2:     0x6514ce9013ac - <alloc[2e1b2a31b91974c5]::vec::Vec<u8> as core[a373ad73a504971]::io::write::Write>::write_fmt
[INFO] [stdout]    3:     0x6514ce8d92e6 - std[617be2ca0a6fd877]::panicking::default_hook::{closure#0}
[INFO] [stdout]    4:     0x6514ce8f5519 - std[617be2ca0a6fd877]::panicking::default_hook
[INFO] [stdout]    5:     0x6514ce891670 - test[aada8e7e76ba119b]::test_main_inner::{closure#0}
[INFO] [stdout]    6:     0x6514ce8f56d2 - std[617be2ca0a6fd877]::panicking::panic_with_hook
[INFO] [stdout]    7:     0x6514ce8d9392 - std[617be2ca0a6fd877]::panicking::panic_handler::{closure#0}
[INFO] [stdout]    8:     0x6514ce8d1f19 - std[617be2ca0a6fd877]::sys::backtrace::__rust_end_short_backtrace::<std[617be2ca0a6fd877]::panicking::panic_handler::{closure#0}, !>
[INFO] [stdout]    9:     0x6514ce8d9f9d - __rustc[ea4f61d10b84890b]::rust_begin_unwind
[INFO] [stdout]   10:     0x6514ce911d4c - core[a373ad73a504971]::panicking::panic_fmt
[INFO] [stdout]   11:     0x6514ce911b22 - core[a373ad73a504971]::result::unwrap_failed
[INFO] [stdout]   12:     0x6514ce871abf - <hb_subset[4082b261a1343366]::subset::tests::convert_plan_into_raw_and_back::{closure#0} as core[a373ad73a504971]::ops::function::FnOnce<()>>::call_once
[INFO] [stdout]   13:     0x6514ce884abb - test[aada8e7e76ba119b]::__rust_begin_short_backtrace::<core[a373ad73a504971]::result::Result<(), alloc[2e1b2a31b91974c5]::string::String>, fn() -> core[a373ad73a504971]::result::Result<(), alloc[2e1b2a31b91974c5]::string::String>>
[INFO] [stdout]   14:     0x6514ce891c95 - test[aada8e7e76ba119b]::run_test::{closure#0}
[INFO] [stdout]   15:     0x6514ce88b584 - std[617be2ca0a6fd877]::sys::backtrace::__rust_begin_short_backtrace::<test[aada8e7e76ba119b]::run_test::{closure#1}, ()>
[INFO] [stdout]   16:     0x6514ce894d22 - <std[617be2ca0a6fd877]::thread::lifecycle::spawn_unchecked<test[aada8e7e76ba119b]::run_test::{closure#1}, ()>::{closure#1} as core[a373ad73a504971]::ops::function::FnOnce<()>>::call_once::{shim:vtable#0}
[INFO] [stdout]   17:     0x6514ce8fc6df - <std[617be2ca0a6fd877]::sys::thread::unix::Thread>::new::thread_start
[INFO] [stdout]   18:     0x7fbd57144dfa - <unknown>
[INFO] [stdout]   19:     0x7fbd571d83d4 - clone
[INFO] [stdout]   20:                0x0 - <unknown>
[INFO] [stdout] 
[INFO] [stdout] 
[INFO] [stdout] failures:
[INFO] [stdout]     blob::tests::from_file_loads_file
[INFO] [stdout]     font_face::tests::convert_into_raw_and_back
[INFO] [stdout]     font_face::tests::loaded_font_contains_correct_number_of_codepoints_and_glyphs
[INFO] [stdout]     font_face::tests::nominal_glyph_mapping_works
[INFO] [stdout]     font_face::tests::underlying_blob_works
[INFO] [stdout]     subset::tests::convert_plan_into_raw_and_back
[INFO] [stdout]     subset::tests::keep_everything_should_keep_all_codepoints_and_glyphs
[INFO] [stdout]     subset::tests::keeping_codepoints_should_keep_ligatures
[INFO] [stdout]     subset::tests::old_to_new_glyph_mapping
[INFO] [stdout] 
[INFO] [stdout] test result: FAILED. 64 passed; 9 failed; 0 ignored; 0 measured; 0 filtered out; finished in 1.19s
[INFO] [stdout] 
[INFO] [stderr] error: test failed, to rerun pass `--lib`
[INFO] running `Command { std: "docker" "inspect" "864e9a471b00326439e667b25bdfc3e55fbc0d32812297bb6b42ec7243d62dd9", kill_on_drop: false }`
[INFO] running `Command { std: "docker" "rm" "-f" "864e9a471b00326439e667b25bdfc3e55fbc0d32812297bb6b42ec7243d62dd9", kill_on_drop: false }`
[INFO] [stdout] 864e9a471b00326439e667b25bdfc3e55fbc0d32812297bb6b42ec7243d62dd9
