[INFO] fetching crate haskelujah-backend-llvm 0.1.1...
[INFO] testing haskelujah-backend-llvm-0.1.1 against 1.99.0-beta.8+cargoflags=--release for beta-release-1.100-2
[INFO] extracting crate haskelujah-backend-llvm 0.1.1 into /workspace/builds/worker-4-tc1/source
[INFO] started tweaking crates.io crate haskelujah-backend-llvm 0.1.1
[INFO] finished tweaking crates.io crate haskelujah-backend-llvm 0.1.1
[INFO] tweaked toml for crates.io crate haskelujah-backend-llvm 0.1.1 written to /workspace/builds/worker-4-tc1/source/Cargo.toml
[INFO] validating manifest of crates.io crate haskelujah-backend-llvm 0.1.1 on toolchain 1.99.0-beta.8
[INFO] running `Command { std: CARGO_HOME="/workspace/cargo-home" RUSTUP_HOME="/workspace/rustup-home" "/workspace/cargo-home/bin/cargo" "+1.99.0-beta.8" "metadata" "--manifest-path" "Cargo.toml" "--no-deps", kill_on_drop: false }`
[INFO] crate crates.io crate haskelujah-backend-llvm 0.1.1 already has a lockfile, it will not be regenerated
[INFO] running `Command { std: CARGO_HOME="/workspace/cargo-home" RUSTUP_HOME="/workspace/rustup-home" "/workspace/cargo-home/bin/cargo" "+1.99.0-beta.8" "fetch" "--manifest-path" "Cargo.toml", kill_on_drop: false }`
[INFO] [stderr]     Updating crates.io index
[INFO] [stderr]  Downloading crates ...
[INFO] [stderr]   Downloaded haskelujah-rts v0.1.1
[INFO] [stderr]   Downloaded haskelujah-ast v0.1.1
[INFO] [stderr]   Downloaded haskelujah-span v0.1.1
[INFO] [stderr]   Downloaded haskelujah-diagnostics v0.1.1
[INFO] [stderr]   Downloaded haskelujah-typing v0.1.1
[INFO] [stderr]   Downloaded haskelujah-core v0.1.1
[INFO] running `Command { std: "docker" "create" "-v" "/var/lib/crater-agent-workspace/builds/worker-4-tc1/source:/opt/rustwide/workdir:ro,Z" "-v" "/var/lib/crater-agent-workspace/builds/worker-4-tc1/target:/opt/rustwide/target:rw,Z" "-v" "/var/lib/crater-agent-workspace/cargo-home:/opt/rustwide/cargo-home:ro,Z" "-v" "/var/lib/crater-agent-workspace/rustup-home:/opt/rustwide/rustup-home:ro,Z" "-m" "1610612736" "--network" "none" "ghcr.io/rust-lang/crates-build-env/linux@sha256:77db811e55d90add9212f6832c23229e3de5f1c1f9905e8cb07319ea15df73ac" "sleep" "infinity", kill_on_drop: false }`
[INFO] [stdout] 32ff58dc6522c0bfccf9c9833c12963b9119d5fb7d4f747099b06aac625dd799
[INFO] running `Command { std: "docker" "start" "32ff58dc6522c0bfccf9c9833c12963b9119d5fb7d4f747099b06aac625dd799", kill_on_drop: false }`
[INFO] running `Command { std: "docker" "inspect" "32ff58dc6522c0bfccf9c9833c12963b9119d5fb7d4f747099b06aac625dd799", kill_on_drop: false }`
[INFO] running `Command { std: "docker" "exec" "-e" "SOURCE_DIR=/opt/rustwide/workdir" "-e" "CARGO_HOME=/opt/rustwide/cargo-home" "-e" "RUSTUP_HOME=/opt/rustwide/rustup-home" "-e" "CARGO_TARGET_DIR=/opt/rustwide/target" "-w" "/opt/rustwide/workdir" "--user" "0:0" "32ff58dc6522c0bfccf9c9833c12963b9119d5fb7d4f747099b06aac625dd799" "/opt/rustwide/cargo-home/bin/cargo" "+1.99.0-beta.8" "metadata" "--no-deps" "--format-version=1", kill_on_drop: false }`
[INFO] running `Command { std: "docker" "inspect" "32ff58dc6522c0bfccf9c9833c12963b9119d5fb7d4f747099b06aac625dd799", kill_on_drop: false }`
[INFO] running `Command { std: "docker" "exec" "-e" "SOURCE_DIR=/opt/rustwide/workdir" "-e" "CARGO_HOME=/opt/rustwide/cargo-home" "-e" "RUSTUP_HOME=/opt/rustwide/rustup-home" "-e" "CARGO_TARGET_DIR=/opt/rustwide/target" "-e" "CARGO_INCREMENTAL=0" "-e" "RUST_BACKTRACE=full" "-e" "RUSTFLAGS=--cap-lints=warn" "-e" "RUSTDOCFLAGS=--cap-lints=warn" "-w" "/opt/rustwide/workdir" "--user" "0:0" "32ff58dc6522c0bfccf9c9833c12963b9119d5fb7d4f747099b06aac625dd799" "/opt/rustwide/cargo-home/bin/cargo" "+1.99.0-beta.8" "build" "--frozen" "--message-format=json" "--release", kill_on_drop: false }`
[INFO] [stderr]    Compiling haskelujah-span v0.1.1
[INFO] [stderr]    Compiling haskelujah-rts v0.1.1
[INFO] [stderr]    Compiling haskelujah-ast v0.1.1
[INFO] [stderr]    Compiling haskelujah-diagnostics v0.1.1
[INFO] [stderr]    Compiling haskelujah-typing v0.1.1
[INFO] [stderr]    Compiling haskelujah-core v0.1.1
[INFO] [stderr]    Compiling haskelujah-backend-llvm v0.1.1 (/opt/rustwide/workdir)
[INFO] [stderr]     Finished `release` profile [optimized] target(s) in 44.94s
[INFO] running `Command { std: "docker" "inspect" "32ff58dc6522c0bfccf9c9833c12963b9119d5fb7d4f747099b06aac625dd799", kill_on_drop: false }`
[INFO] running `Command { std: "docker" "exec" "-e" "SOURCE_DIR=/opt/rustwide/workdir" "-e" "CARGO_HOME=/opt/rustwide/cargo-home" "-e" "RUSTUP_HOME=/opt/rustwide/rustup-home" "-e" "CARGO_TARGET_DIR=/opt/rustwide/target" "-e" "CARGO_INCREMENTAL=0" "-e" "RUST_BACKTRACE=full" "-e" "RUSTFLAGS=--cap-lints=warn" "-e" "RUSTDOCFLAGS=--cap-lints=warn" "-w" "/opt/rustwide/workdir" "--user" "0:0" "32ff58dc6522c0bfccf9c9833c12963b9119d5fb7d4f747099b06aac625dd799" "/opt/rustwide/cargo-home/bin/cargo" "+1.99.0-beta.8" "test" "--frozen" "--no-run" "--message-format=json" "--release", kill_on_drop: false }`
[INFO] [stderr]    Compiling haskelujah-backend-llvm v0.1.1 (/opt/rustwide/workdir)
[INFO] [stderr]     Finished `release` profile [optimized] target(s) in 5.41s
[INFO] running `Command { std: "docker" "inspect" "32ff58dc6522c0bfccf9c9833c12963b9119d5fb7d4f747099b06aac625dd799", kill_on_drop: false }`
[INFO] running `Command { std: "docker" "exec" "-e" "SOURCE_DIR=/opt/rustwide/workdir" "-e" "CARGO_HOME=/opt/rustwide/cargo-home" "-e" "RUSTUP_HOME=/opt/rustwide/rustup-home" "-e" "CARGO_TARGET_DIR=/opt/rustwide/target" "-e" "CARGO_INCREMENTAL=0" "-e" "RUST_BACKTRACE=full" "-e" "RUSTFLAGS=--cap-lints=warn" "-e" "RUSTDOCFLAGS=--cap-lints=warn" "-w" "/opt/rustwide/workdir" "--user" "0:0" "32ff58dc6522c0bfccf9c9833c12963b9119d5fb7d4f747099b06aac625dd799" "/opt/rustwide/cargo-home/bin/cargo" "+1.99.0-beta.8" "test" "--frozen" "--release", kill_on_drop: false }`
[INFO] [stderr]     Finished `release` profile [optimized] target(s) in 0.03s
[INFO] [stderr]      Running unittests src/lib.rs (/opt/rustwide/target/release/deps/haskelujah_backend_llvm-e71a62bd9800df1c)
[INFO] [stdout] 
[INFO] [stdout] running 40 tests
[INFO] [stdout] test codegen_chirho::tests_chirho::compile_case_multi_field_constructor_binders_chirho ... ok
[INFO] [stdout] test codegen_chirho::tests_chirho::compile_executable_get_line_uses_rts_io_chirho ... ok
[INFO] [stdout] test codegen_chirho::tests_chirho::compile_executable_not_bool_primop_chirho ... ok
[INFO] [stdout] test codegen_chirho::tests_chirho::compile_bind_io_builtin_calls_continuation_chirho ... ok
[INFO] [stdout] test codegen_chirho::tests_chirho::compile_captured_local_lambda_passes_env_chirho ... ok
[INFO] [stdout] test codegen_chirho::tests_chirho::compile_case_binder_capture_materializes_closure_chirho ... ok
[INFO] [stdout] test codegen_chirho::tests_chirho::compile_executable_put_str_ln_uses_libc_io_chirho ... ok
[INFO] [stdout] test codegen_chirho::tests_chirho::compile_executable_with_all_basic_comparison_primops_chirho ... ok
[INFO] [stdout] test codegen_chirho::tests_chirho::compile_executable_print_uses_show_then_puts_chirho ... ok
[INFO] [stdout] test codegen_chirho::tests_chirho::compile_executable_put_str_uses_rts_io_chirho ... ok
[INFO] [stdout] test codegen_chirho::tests_chirho::compile_float_literal_as_i64_bits_chirho ... ok
[INFO] [stdout] test codegen_chirho::tests_chirho::compile_executable_read_file_uses_rts_io_chirho ... ok
[INFO] [stdout] test codegen_chirho::tests_chirho::compile_simple_constant_chirho ... ok
[INFO] [stdout] test codegen_chirho::tests_chirho::compile_string_literal_as_global_ptr_chirho ... ok
[INFO] [stdout] test codegen_chirho::tests_chirho::compile_overapplied_selector_as_direct_then_indirect_call_chirho ... ok
[INFO] [stdout] test codegen_chirho::tests_chirho::compile_executable_with_all_basic_arithmetic_primops_chirho ... ok
[INFO] [stdout] test codegen_chirho::tests_chirho::compile_executable_print_int_list_uses_list_show_loop_chirho ... ok
[INFO] [stdout] test codegen_chirho::tests_chirho::compile_recursive_local_lambda_uses_lifted_symbol_chirho ... ok
[INFO] [stdout] test codegen_chirho::tests_chirho::compile_executable_show_int_uses_snprintf_chirho ... ok
[INFO] [stdout] test codegen_chirho::tests_chirho::compile_executable_with_arithmetic_chirho ... ok
[INFO] [stdout] test codegen_chirho::tests_chirho::compile_executable_with_main_chirho ... ok
[INFO] [stdout] test codegen_chirho::tests_chirho::compile_indirect_call_for_local_function_value_chirho ... ok
[INFO] [stdout] test codegen_chirho::tests_chirho::compile_executable_write_file_uses_rts_io_chirho ... ok
[INFO] [stdout] test codegen_chirho::tests_chirho::compile_nested_local_lambda_emits_nested_lifted_defs_chirho ... ok
[INFO] [stdout] test codegen_chirho::tests_chirho::compile_ty_lam_wrapped_runtime_params_chirho ... ok
[INFO] [stdout] test codegen_chirho::tests_chirho::compile_case_literal_chirho ... ok
[INFO] [stdout] test codegen_chirho::tests_chirho::compile_transitive_local_lambda_capture_materializes_outer_value_chirho ... ok
[INFO] [stdout] test codegen_chirho::tests_chirho::compile_identity_function_chirho ... ok
[INFO] [stdout] test codegen_chirho::tests_chirho::compile_wildcard_first_column_function_aliases_unbound_rhs_var_chirho ... ok
[INFO] [stdout] test codegen_chirho::tests_chirho::compile_let_binding_chirho ... ok
[INFO] [stdout] test codegen_chirho::tests_chirho::compile_executable_without_main_chirho ... ok
[INFO] [stdout] test codegen_chirho::tests_chirho::restore_selector_bindings_restores_original_rhs_chirho ... ok
[INFO] [stdout] test codegen_chirho::tests_chirho::constructor_tags_chirho ... ok
[INFO] [stdout] test codegen_chirho::tests_chirho::flatten_app_basic_chirho ... ok
[INFO] [stdout] test codegen_chirho::tests_chirho::shared_native_thunk_header_matches_cranelift_layout_chirho ... ok
[INFO] [stdout] test codegen_chirho::tests_chirho::mangle_name_basic_chirho ... ok
[INFO] [stdout] test codegen_chirho::tests_chirho::compile_undefined_argument_resolves_to_runtime_abort_chirho ... ok
[INFO] [stderr] error: could not find `Cargo.toml` in `/opt` or any parent directory
[INFO] [stdout] test codegen_chirho::tests_chirho::run_executable_wildcard_first_column_function_prints_division_result_chirho ... FAILED
[INFO] [stderr] error: could not find `Cargo.toml` in `/opt` or any parent directory
[INFO] [stderr] error: could not find `Cargo.toml` in `/opt` or any parent directory
[INFO] [stdout] test codegen_chirho::tests_chirho::run_executable_print_int_list_outputs_bracketed_values_chirho ... FAILED
[INFO] [stdout] test codegen_chirho::tests_chirho::run_executable_partial_application_of_lambda_function_outputs_value_chirho ... FAILED
[INFO] [stdout] 
[INFO] [stdout] failures:
[INFO] [stdout] 
[INFO] [stdout] ---- codegen_chirho::tests_chirho::run_executable_wildcard_first_column_function_prints_division_result_chirho stdout ----
[INFO] [stdout] 
[INFO] [stdout] thread 'codegen_chirho::tests_chirho::run_executable_wildcard_first_column_function_prints_division_result_chirho' (335) panicked at src/codegen_chirho.rs:4665:9:
[INFO] [stdout] cargo build -p haskelujah-rts failed with exit code 101
[INFO] [stdout] stack backtrace:
[INFO] [stdout]    0:     0x622bd9f27af1 - <<std[70759c8f55707aa4]::sys::backtrace::BacktraceLock>::print::DisplayBacktrace as core[df12db4294e9bfd3]::fmt::Display>::fmt
[INFO] [stdout]    1:     0x622bd9f3cf4a - core[df12db4294e9bfd3]::fmt::write
[INFO] [stdout]    2:     0x622bd9f2c1ec - <alloc[2182bb758b4b3781]::vec::Vec<u8> as core[df12db4294e9bfd3]::io::write::Write>::write_fmt
[INFO] [stdout]    3:     0x622bd9f02856 - std[70759c8f55707aa4]::panicking::default_hook::{closure#0}
[INFO] [stdout]    4:     0x622bd9f1f999 - std[70759c8f55707aa4]::panicking::default_hook
[INFO] [stdout]    5:     0x622bd9eaa010 - test[9d35eded1c95d3be]::test_main_inner::<test[9d35eded1c95d3be]::test_main_static::{closure#0}>::{closure#0}
[INFO] [stdout]    6:     0x622bd9f1fb52 - std[70759c8f55707aa4]::panicking::panic_with_hook
[INFO] [stdout]    7:     0x622bd9f02902 - std[70759c8f55707aa4]::panicking::panic_handler::{closure#0}
[INFO] [stdout]    8:     0x622bd9efb569 - std[70759c8f55707aa4]::sys::backtrace::__rust_end_short_backtrace::<std[70759c8f55707aa4]::panicking::panic_handler::{closure#0}, !>
[INFO] [stdout]    9:     0x622bd9f034fd - __rustc[8fa7c3cbc660c2b3]::rust_begin_unwind
[INFO] [stdout]   10:     0x622bd9f3d67c - core[df12db4294e9bfd3]::panicking::panic_fmt
[INFO] [stdout]   11:     0x622bd9e73292 - haskelujah_backend_llvm[7e71ef8048ed1373]::codegen_chirho::tests_chirho::run_executable_module_chirho
[INFO] [stdout]   12:     0x622bd9e8f2a4 - haskelujah_backend_llvm[7e71ef8048ed1373]::codegen_chirho::tests_chirho::run_executable_wildcard_first_column_function_prints_division_result_chirho
[INFO] [stdout]   13:     0x622bd9e99da9 - <haskelujah_backend_llvm[7e71ef8048ed1373]::codegen_chirho::tests_chirho::run_executable_wildcard_first_column_function_prints_division_result_chirho::{closure#0} as core[df12db4294e9bfd3]::ops::function::FnOnce<()>>::call_once
[INFO] [stdout]   14:     0x622bd9e9d2fb - test[9d35eded1c95d3be]::__rust_begin_short_backtrace::<core[df12db4294e9bfd3]::result::Result<(), alloc[2182bb758b4b3781]::string::String>, fn() -> core[df12db4294e9bfd3]::result::Result<(), alloc[2182bb758b4b3781]::string::String>>
[INFO] [stdout]   15:     0x622bd9eaa965 - test[9d35eded1c95d3be]::run_test::{closure#0}
[INFO] [stdout]   16:     0x622bd9ea4224 - std[70759c8f55707aa4]::sys::backtrace::__rust_begin_short_backtrace::<test[9d35eded1c95d3be]::run_test::{closure#1}, ()>
[INFO] [stdout]   17:     0x622bd9eadac2 - <std[70759c8f55707aa4]::thread::lifecycle::spawn_unchecked<test[9d35eded1c95d3be]::run_test::{closure#1}, ()>::{closure#1} as core[df12db4294e9bfd3]::ops::function::FnOnce<()>>::call_once::{shim:vtable#0}
[INFO] [stdout]   18:     0x622bd9f271d9 - <std[70759c8f55707aa4]::sys::thread::unix::Thread>::new::thread_start
[INFO] [stdout]   19:     0x7a71d2986dfa - <unknown>
[INFO] [stdout]   20:     0x7a71d2a1a3d4 - clone
[INFO] [stdout]   21:                0x0 - <unknown>
[INFO] [stdout] 
[INFO] [stdout] ---- codegen_chirho::tests_chirho::run_executable_print_int_list_outputs_bracketed_values_chirho stdout ----
[INFO] [stdout] 
[INFO] [stdout] thread 'codegen_chirho::tests_chirho::run_executable_print_int_list_outputs_bracketed_values_chirho' (334) panicked at src/codegen_chirho.rs:4665:9:
[INFO] [stdout] cargo build -p haskelujah-rts failed with exit code 101
[INFO] [stdout] stack backtrace:
[INFO] [stdout]    0:     0x622bd9f27af1 - <<std[70759c8f55707aa4]::sys::backtrace::BacktraceLock>::print::DisplayBacktrace as core[df12db4294e9bfd3]::fmt::Display>::fmt
[INFO] [stdout]    1:     0x622bd9f3cf4a - core[df12db4294e9bfd3]::fmt::write
[INFO] [stdout]    2:     0x622bd9f2c1ec - <alloc[2182bb758b4b3781]::vec::Vec<u8> as core[df12db4294e9bfd3]::io::write::Write>::write_fmt
[INFO] [stdout]    3:     0x622bd9f02856 - std[70759c8f55707aa4]::panicking::default_hook::{closure#0}
[INFO] [stdout]    4:     0x622bd9f1f999 - std[70759c8f55707aa4]::panicking::default_hook
[INFO] [stdout]    5:     0x622bd9eaa010 - test[9d35eded1c95d3be]::test_main_inner::<test[9d35eded1c95d3be]::test_main_static::{closure#0}>::{closure#0}
[INFO] [stdout]    6:     0x622bd9f1fb52 - std[70759c8f55707aa4]::panicking::panic_with_hook
[INFO] [stdout]    7:     0x622bd9f02902 - std[70759c8f55707aa4]::panicking::panic_handler::{closure#0}
[INFO] [stdout]    8:     0x622bd9efb569 - std[70759c8f55707aa4]::sys::backtrace::__rust_end_short_backtrace::<std[70759c8f55707aa4]::panicking::panic_handler::{closure#0}, !>
[INFO] [stdout]    9:     0x622bd9f034fd - __rustc[8fa7c3cbc660c2b3]::rust_begin_unwind
[INFO] [stdout]   10:     0x622bd9f3d67c - core[df12db4294e9bfd3]::panicking::panic_fmt
[INFO] [stdout]   11:     0x622bd9e73292 - haskelujah_backend_llvm[7e71ef8048ed1373]::codegen_chirho::tests_chirho::run_executable_module_chirho
[INFO] [stdout]   12:     0x622bd9e8af52 - haskelujah_backend_llvm[7e71ef8048ed1373]::codegen_chirho::tests_chirho::run_executable_print_int_list_outputs_bracketed_values_chirho
[INFO] [stdout]   13:     0x622bd9e99d09 - <haskelujah_backend_llvm[7e71ef8048ed1373]::codegen_chirho::tests_chirho::run_executable_print_int_list_outputs_bracketed_values_chirho::{closure#0} as core[df12db4294e9bfd3]::ops::function::FnOnce<()>>::call_once
[INFO] [stdout]   14:     0x622bd9e9d2fb - test[9d35eded1c95d3be]::__rust_begin_short_backtrace::<core[df12db4294e9bfd3]::result::Result<(), alloc[2182bb758b4b3781]::string::String>, fn() -> core[df12db4294e9bfd3]::result::Result<(), alloc[2182bb758b4b3781]::string::String>>
[INFO] [stdout]   15:     0x622bd9eaa965 - test[9d35eded1c95d3be]::run_test::{closure#0}
[INFO] [stdout]   16:     0x622bd9ea4224 - std[70759c8f55707aa4]::sys::backtrace::__rust_begin_short_backtrace::<test[9d35eded1c95d3be]::run_test::{closure#1}, ()>
[INFO] [stdout]   17:     0x622bd9eadac2 - <std[70759c8f55707aa4]::thread::lifecycle::spawn_unchecked<test[9d35eded1c95d3be]::run_test::{closure#1}, ()>::{closure#1} as core[df12db4294e9bfd3]::ops::function::FnOnce<()>>::call_once::{shim:vtable#0}
[INFO] [stdout]   18:     0x622bd9f271d9 - <std[70759c8f55707aa4]::sys::thread::unix::Thread>::new::thread_start
[INFO] [stdout]   19:     0x7a71d2986dfa - <unknown>
[INFO] [stdout]   20:     0x7a71d2a1a3d4 - clone
[INFO] [stdout]   21:                0x0 - <unknown>
[INFO] [stdout] 
[INFO] [stdout] ---- codegen_chirho::tests_chirho::run_executable_partial_application_of_lambda_function_outputs_value_chirho stdout ----
[INFO] [stdout] 
[INFO] [stdout] thread 'codegen_chirho::tests_chirho::run_executable_partial_application_of_lambda_function_outputs_value_chirho' (333) panicked at src/codegen_chirho.rs:4665:9:
[INFO] [stdout] cargo build -p haskelujah-rts failed with exit code 101
[INFO] [stdout] stack backtrace:
[INFO] [stdout]    0:     0x622bd9f27af1 - <<std[70759c8f55707aa4]::sys::backtrace::BacktraceLock>::print::DisplayBacktrace as core[df12db4294e9bfd3]::fmt::Display>::fmt
[INFO] [stdout]    1:     0x622bd9f3cf4a - core[df12db4294e9bfd3]::fmt::write
[INFO] [stdout]    2:     0x622bd9f2c1ec - <alloc[2182bb758b4b3781]::vec::Vec<u8> as core[df12db4294e9bfd3]::io::write::Write>::write_fmt
[INFO] [stdout]    3:     0x622bd9f02856 - std[70759c8f55707aa4]::panicking::default_hook::{closure#0}
[INFO] [stdout]    4:     0x622bd9f1f999 - std[70759c8f55707aa4]::panicking::default_hook
[INFO] [stdout]    5:     0x622bd9eaa010 - test[9d35eded1c95d3be]::test_main_inner::<test[9d35eded1c95d3be]::test_main_static::{closure#0}>::{closure#0}
[INFO] [stdout]    6:     0x622bd9f1fb52 - std[70759c8f55707aa4]::panicking::panic_with_hook
[INFO] [stdout]    7:     0x622bd9f02902 - std[70759c8f55707aa4]::panicking::panic_handler::{closure#0}
[INFO] [stdout]    8:     0x622bd9efb569 - std[70759c8f55707aa4]::sys::backtrace::__rust_end_short_backtrace::<std[70759c8f55707aa4]::panicking::panic_handler::{closure#0}, !>
[INFO] [stdout]    9:     0x622bd9f034fd - __rustc[8fa7c3cbc660c2b3]::rust_begin_unwind
[INFO] [stdout]   10:     0x622bd9f3d67c - core[df12db4294e9bfd3]::panicking::panic_fmt
[INFO] [stdout]   11:     0x622bd9e73292 - haskelujah_backend_llvm[7e71ef8048ed1373]::codegen_chirho::tests_chirho::run_executable_module_chirho
[INFO] [stdout]   12:     0x622bd9e8eb4d - haskelujah_backend_llvm[7e71ef8048ed1373]::codegen_chirho::tests_chirho::run_executable_partial_application_of_lambda_function_outputs_value_chirho
[INFO] [stdout]   13:     0x622bd9e99d89 - <haskelujah_backend_llvm[7e71ef8048ed1373]::codegen_chirho::tests_chirho::run_executable_partial_application_of_lambda_function_outputs_value_chirho::{closure#0} as core[df12db4294e9bfd3]::ops::function::FnOnce<()>>::call_once
[INFO] [stdout]   14:     0x622bd9e9d2fb - test[9d35eded1c95d3be]::__rust_begin_short_backtrace::<core[df12db4294e9bfd3]::result::Result<(), alloc[2182bb758b4b3781]::string::String>, fn() -> core[df12db4294e9bfd3]::result::Result<(), alloc[2182bb758b4b3781]::string::String>>
[INFO] [stdout]   15:     0x622bd9eaa965 - test[9d35eded1c95d3be]::run_test::{closure#0}
[INFO] [stdout]   16:     0x622bd9ea4224 - std[70759c8f55707aa4]::sys::backtrace::__rust_begin_short_backtrace::<test[9d35eded1c95d3be]::run_test::{closure#1}, ()>
[INFO] [stdout]   17:     0x622bd9eadac2 - <std[70759c8f55707aa4]::thread::lifecycle::spawn_unchecked<test[9d35eded1c95d3be]::run_test::{closure#1}, ()>::{closure#1} as core[df12db4294e9bfd3]::ops::function::FnOnce<()>>::call_once::{shim:vtable#0}
[INFO] [stdout]   18:     0x622bd9f271d9 - <std[70759c8f55707aa4]::sys::thread::unix::Thread>::new::thread_start
[INFO] [stdout]   19:     0x7a71d2986dfa - <unknown>
[INFO] [stdout]   20:     0x7a71d2a1a3d4 - clone
[INFO] [stdout]   21:                0x0 - <unknown>
[INFO] [stdout] 
[INFO] [stdout] 
[INFO] [stdout] failures:
[INFO] [stdout]     codegen_chirho::tests_chirho::run_executable_partial_application_of_lambda_function_outputs_value_chirho
[INFO] [stdout]     codegen_chirho::tests_chirho::run_executable_print_int_list_outputs_bracketed_values_chirho
[INFO] [stdout]     codegen_chirho::tests_chirho::run_executable_wildcard_first_column_function_prints_division_result_chirho
[INFO] [stdout] 
[INFO] [stdout] test result: FAILED. 37 passed; 3 failed; 0 ignored; 0 measured; 0 filtered out; finished in 0.09s
[INFO] [stdout] 
[INFO] [stderr] error: test failed, to rerun pass `--lib`
[INFO] running `Command { std: "docker" "inspect" "32ff58dc6522c0bfccf9c9833c12963b9119d5fb7d4f747099b06aac625dd799", kill_on_drop: false }`
[INFO] running `Command { std: "docker" "rm" "-f" "32ff58dc6522c0bfccf9c9833c12963b9119d5fb7d4f747099b06aac625dd799", kill_on_drop: false }`
[INFO] [stdout] 32ff58dc6522c0bfccf9c9833c12963b9119d5fb7d4f747099b06aac625dd799
