[INFO] fetching crate hashtree-nostr 0.2.89...
[INFO] testing hashtree-nostr-0.2.89 against 1.99.0-beta.8+cargoflags=--release for beta-release-1.100-2
[INFO] extracting crate hashtree-nostr 0.2.89 into /workspace/builds/worker-4-tc1/source
[INFO] started tweaking crates.io crate hashtree-nostr 0.2.89
[INFO] removed 0 missing tests
[INFO] finished tweaking crates.io crate hashtree-nostr 0.2.89
[INFO] tweaked toml for crates.io crate hashtree-nostr 0.2.89 written to /workspace/builds/worker-4-tc1/source/Cargo.toml
[INFO] validating manifest of crates.io crate hashtree-nostr 0.2.89 on toolchain 1.99.0-beta.8
[INFO] running `Command { std: CARGO_HOME="/workspace/cargo-home" RUSTUP_HOME="/workspace/rustup-home" "/workspace/cargo-home/bin/cargo" "+1.99.0-beta.8" "metadata" "--manifest-path" "Cargo.toml" "--no-deps", kill_on_drop: false }`
[INFO] crate crates.io crate hashtree-nostr 0.2.89 already has a lockfile, it will not be regenerated
[INFO] running `Command { std: CARGO_HOME="/workspace/cargo-home" RUSTUP_HOME="/workspace/rustup-home" "/workspace/cargo-home/bin/cargo" "+1.99.0-beta.8" "fetch" "--manifest-path" "Cargo.toml", kill_on_drop: false }`
[INFO] [stderr]     Blocking waiting for file lock on package cache
[INFO] [stderr]     Updating crates.io index
[INFO] [stderr]     Blocking waiting for file lock on package cache
[INFO] [stderr]  Downloading crates ...
[INFO] [stderr]   Downloaded nostr-social-graph v0.1.4
[INFO] [stderr]   Downloaded hashtree-core v0.2.91
[INFO] [stderr]   Downloaded hashtree-index v0.2.85
[INFO] [stderr]   Downloaded aes-gcm v0.11.1
[INFO] [stderr]   Downloaded polyval v0.7.3
[INFO] [stderr]   Downloaded hashtree-collection v0.2.84
[INFO] [stderr]   Downloaded aes v0.9.2
[INFO] running `Command { std: "docker" "create" "-v" "/var/lib/crater-agent-workspace/builds/worker-4-tc1/source:/opt/rustwide/workdir:ro,Z" "-v" "/var/lib/crater-agent-workspace/builds/worker-4-tc1/target:/opt/rustwide/target:rw,Z" "-v" "/var/lib/crater-agent-workspace/cargo-home:/opt/rustwide/cargo-home:ro,Z" "-v" "/var/lib/crater-agent-workspace/rustup-home:/opt/rustwide/rustup-home:ro,Z" "-m" "1610612736" "--network" "none" "ghcr.io/rust-lang/crates-build-env/linux@sha256:77db811e55d90add9212f6832c23229e3de5f1c1f9905e8cb07319ea15df73ac" "sleep" "infinity", kill_on_drop: false }`
[INFO] [stdout] b094db1efe83da79a378d212911eb56c7d4880185f9e918072e0a98ebd3a8dfa
[INFO] running `Command { std: "docker" "start" "b094db1efe83da79a378d212911eb56c7d4880185f9e918072e0a98ebd3a8dfa", kill_on_drop: false }`
[INFO] running `Command { std: "docker" "inspect" "b094db1efe83da79a378d212911eb56c7d4880185f9e918072e0a98ebd3a8dfa", kill_on_drop: false }`
[INFO] running `Command { std: "docker" "exec" "-e" "SOURCE_DIR=/opt/rustwide/workdir" "-e" "CARGO_HOME=/opt/rustwide/cargo-home" "-e" "RUSTUP_HOME=/opt/rustwide/rustup-home" "-e" "CARGO_TARGET_DIR=/opt/rustwide/target" "-w" "/opt/rustwide/workdir" "--user" "0:0" "b094db1efe83da79a378d212911eb56c7d4880185f9e918072e0a98ebd3a8dfa" "/opt/rustwide/cargo-home/bin/cargo" "+1.99.0-beta.8" "metadata" "--no-deps" "--format-version=1", kill_on_drop: false }`
[INFO] running `Command { std: "docker" "inspect" "b094db1efe83da79a378d212911eb56c7d4880185f9e918072e0a98ebd3a8dfa", kill_on_drop: false }`
[INFO] running `Command { std: "docker" "exec" "-e" "SOURCE_DIR=/opt/rustwide/workdir" "-e" "CARGO_HOME=/opt/rustwide/cargo-home" "-e" "RUSTUP_HOME=/opt/rustwide/rustup-home" "-e" "CARGO_TARGET_DIR=/opt/rustwide/target" "-e" "CARGO_INCREMENTAL=0" "-e" "RUST_BACKTRACE=full" "-e" "RUSTFLAGS=--cap-lints=warn" "-e" "RUSTDOCFLAGS=--cap-lints=warn" "-w" "/opt/rustwide/workdir" "--user" "0:0" "b094db1efe83da79a378d212911eb56c7d4880185f9e918072e0a98ebd3a8dfa" "/opt/rustwide/cargo-home/bin/cargo" "+1.99.0-beta.8" "build" "--frozen" "--message-format=json" "--release", kill_on_drop: false }`
[INFO] [stderr]    Compiling zerocopy v0.8.50
[INFO] [stderr]    Compiling hybrid-array v0.4.12
[INFO] [stderr]    Compiling displaydoc v0.2.6
[INFO] [stderr]    Compiling memchr v2.8.1
[INFO] [stderr]    Compiling futures-core v0.3.32
[INFO] [stderr]    Compiling yoke v0.8.3
[INFO] [stderr]    Compiling serde v1.0.228
[INFO] [stderr]    Compiling cmov v0.5.4
[INFO] [stderr]    Compiling ring v0.17.14
[INFO] [stderr]    Compiling tokio v1.52.3
[INFO] [stderr]    Compiling block-padding v0.3.3
[INFO] [stderr]    Compiling secp256k1-sys v0.10.1
[INFO] [stderr]    Compiling bech32 v0.11.1
[INFO] [stderr]    Compiling percent-encoding v2.3.2
[INFO] [stderr]    Compiling bitcoin-io v0.1.101
[INFO] [stderr]    Compiling rustls v0.23.40
[INFO] [stderr]    Compiling inout v0.1.4
[INFO] [stderr]    Compiling thiserror v1.0.69
[INFO] [stderr]    Compiling futures-channel v0.3.32
[INFO] [stderr]    Compiling zerovec v0.11.6
[INFO] [stderr]    Compiling cpubits v0.1.1
[INFO] [stderr]    Compiling hex-conservative v0.2.2
[INFO] [stderr]    Compiling digest v0.10.7
[INFO] [stderr]    Compiling form_urlencoded v1.2.2
[INFO] [stderr]    Compiling cipher v0.4.4
[INFO] [stderr]    Compiling sha1 v0.10.6
[INFO] [stderr]    Compiling webpki-roots v1.0.7
[INFO] [stderr]    Compiling chacha20 v0.9.1
[INFO] [stderr]    Compiling ctutils v0.4.2
[INFO] [stderr]    Compiling http v1.4.1
[INFO] [stderr]    Compiling log v0.4.32
[INFO] [stderr]    Compiling data-encoding v2.11.0
[INFO] [stderr]    Compiling base64 v0.22.1
[INFO] [stderr]    Compiling zerotrie v0.2.4
[INFO] [stderr]    Compiling bitcoin_hashes v0.14.101
[INFO] [stderr]    Compiling webpki-roots v0.26.11
[INFO] [stderr]    Compiling rmp v0.8.15
[INFO] [stderr]    Compiling either v1.16.0
[INFO] [stderr]    Compiling serde_bytes v0.11.19
[INFO] [stderr]    Compiling crypto-common v0.2.2
[INFO] [stderr]    Compiling block-buffer v0.12.0
[INFO] [stderr]    Compiling futures-util v0.3.32
[INFO] [stderr]    Compiling inout v0.2.2
[INFO] [stderr]    Compiling serde_json v1.0.150
[INFO] [stderr]    Compiling rmp-serde v1.3.1
[INFO] [stderr]    Compiling lru v0.16.4
[INFO] [stderr]    Compiling negentropy v0.5.0
[INFO] [stderr]    Compiling tinystr v0.8.3
[INFO] [stderr]    Compiling potential_utf v0.1.5
[INFO] [stderr]    Compiling atomic-destructor v0.3.0
[INFO] [stderr]    Compiling uuid v1.23.2
[INFO] [stderr]    Compiling icu_collections v2.2.0
[INFO] [stderr]    Compiling icu_locale_core v2.2.0
[INFO] [stderr]    Compiling nostr-social-graph v0.1.4
[INFO] [stderr]    Compiling digest v0.11.3
[INFO] [stderr]    Compiling cipher v0.5.2
[INFO] [stderr]    Compiling universal-hash v0.6.1
[INFO] [stderr]    Compiling hmac v0.13.0
[INFO] [stderr]    Compiling polyval v0.7.3
[INFO] [stderr]    Compiling aead v0.6.1
[INFO] [stderr]    Compiling sha2 v0.11.0
[INFO] [stderr]    Compiling ghash v0.6.0
[INFO] [stderr]    Compiling hkdf v0.13.0
[INFO] [stderr]    Compiling ctr v0.10.1
[INFO] [stderr]    Compiling aes v0.9.2
[INFO] [stderr]    Compiling icu_provider v2.2.0
[INFO] [stderr]    Compiling icu_normalizer v2.2.0
[INFO] [stderr]    Compiling icu_properties v2.2.0
[INFO] [stderr]    Compiling futures-executor v0.3.32
[INFO] [stderr]    Compiling aes-gcm v0.11.1
[INFO] [stderr]    Compiling futures v0.3.32
[INFO] [stderr]    Compiling idna_adapter v1.2.2
[INFO] [stderr]    Compiling idna v1.1.0
[INFO] [stderr]    Compiling ppv-lite86 v0.2.21
[INFO] [stderr]    Compiling rand_chacha v0.3.1
[INFO] [stderr]    Compiling rand_chacha v0.9.0
[INFO] [stderr]    Compiling tokio-socks v0.5.3
[INFO] [stderr]    Compiling async-utility v0.3.1
[INFO] [stderr]    Compiling url v2.5.8
[INFO] [stderr]    Compiling rand v0.9.4
[INFO] [stderr]    Compiling rand v0.8.6
[INFO] [stderr]    Compiling hashtree-core v0.2.91
[INFO] [stderr]    Compiling secp256k1 v0.29.1
[INFO] [stderr]    Compiling hashtree-index v0.2.85
[INFO] [stderr]    Compiling nostr v0.44.8
[INFO] [stderr]    Compiling hashtree-collection v0.2.84
[INFO] [stderr]    Compiling rustls-webpki v0.103.13
[INFO] [stderr]    Compiling nostr-database v0.44.0
[INFO] [stderr]    Compiling nostr-gossip v0.44.0
[INFO] [stderr]    Compiling tokio-rustls v0.26.4
[INFO] [stderr]    Compiling tungstenite v0.26.2
[INFO] [stderr]    Compiling tokio-tungstenite v0.26.2
[INFO] [stderr]    Compiling async-wsocket v0.13.2
[INFO] [stderr]    Compiling nostr-relay-pool v0.44.3
[INFO] [stderr]    Compiling nostr-sdk v0.44.1
[INFO] [stderr]    Compiling hashtree-nostr v0.2.89 (/opt/rustwide/workdir)
[INFO] [stderr]     Finished `release` profile [optimized] target(s) in 1m 38s
[INFO] running `Command { std: "docker" "inspect" "b094db1efe83da79a378d212911eb56c7d4880185f9e918072e0a98ebd3a8dfa", kill_on_drop: false }`
[INFO] running `Command { std: "docker" "exec" "-e" "SOURCE_DIR=/opt/rustwide/workdir" "-e" "CARGO_HOME=/opt/rustwide/cargo-home" "-e" "RUSTUP_HOME=/opt/rustwide/rustup-home" "-e" "CARGO_TARGET_DIR=/opt/rustwide/target" "-e" "CARGO_INCREMENTAL=0" "-e" "RUST_BACKTRACE=full" "-e" "RUSTFLAGS=--cap-lints=warn" "-e" "RUSTDOCFLAGS=--cap-lints=warn" "-w" "/opt/rustwide/workdir" "--user" "0:0" "b094db1efe83da79a378d212911eb56c7d4880185f9e918072e0a98ebd3a8dfa" "/opt/rustwide/cargo-home/bin/cargo" "+1.99.0-beta.8" "test" "--frozen" "--no-run" "--message-format=json" "--release", kill_on_drop: false }`
[INFO] [stderr]    Compiling negentropy v0.5.0
[INFO] [stderr]    Compiling tungstenite v0.24.0
[INFO] [stderr]    Compiling nostr-relay-pool v0.44.3
[INFO] [stderr]    Compiling tokio-tungstenite v0.24.0
[INFO] [stderr]    Compiling nostr-sdk v0.44.1
[INFO] [stderr]    Compiling hashtree-nostr v0.2.89 (/opt/rustwide/workdir)
[INFO] [stderr]     Finished `release` profile [optimized] target(s) in 1m 55s
[INFO] running `Command { std: "docker" "inspect" "b094db1efe83da79a378d212911eb56c7d4880185f9e918072e0a98ebd3a8dfa", kill_on_drop: false }`
[INFO] running `Command { std: "docker" "exec" "-e" "SOURCE_DIR=/opt/rustwide/workdir" "-e" "CARGO_HOME=/opt/rustwide/cargo-home" "-e" "RUSTUP_HOME=/opt/rustwide/rustup-home" "-e" "CARGO_TARGET_DIR=/opt/rustwide/target" "-e" "CARGO_INCREMENTAL=0" "-e" "RUST_BACKTRACE=full" "-e" "RUSTFLAGS=--cap-lints=warn" "-e" "RUSTDOCFLAGS=--cap-lints=warn" "-w" "/opt/rustwide/workdir" "--user" "0:0" "b094db1efe83da79a378d212911eb56c7d4880185f9e918072e0a98ebd3a8dfa" "/opt/rustwide/cargo-home/bin/cargo" "+1.99.0-beta.8" "test" "--frozen" "--release", kill_on_drop: false }`
[INFO] [stderr]     Finished `release` profile [optimized] target(s) in 0.28s
[INFO] [stderr]      Running unittests src/lib.rs (/opt/rustwide/target/release/deps/hashtree_nostr-6e6e62932b259695)
[INFO] [stdout] 
[INFO] [stdout] running 10 tests
[INFO] [stdout] test crawl::tests::relay_batch_timeout_scales_and_caps_without_optional_relays_blocking ... ok
[INFO] [stdout] test crawl::tests::per_kind_quota_prevents_busy_kinds_from_starving_other_kinds ... ok
[INFO] [stdout] test crawl::tests::collect_authors_skips_invalid_graph_pubkeys ... ok
[INFO] [stdout] test crawl::tests::reconciliation_output_distinguishes_unsupported_from_failed_and_skipped ... ok
[INFO] [stdout] test crawl::tests::rejects_invalid_stored_event_shape ... ok
[INFO] [stdout] test crawl::tests::per_kind_queries_start_batched_by_kind_not_author ... ok
[INFO] [stdout] test crawl::tests::collect_authors_prefers_allowlist_and_applies_limits ... ok
[INFO] [stdout] test crawl::tests::per_kind_quota_can_retain_more_than_the_legacy_shared_limit ... ok
[INFO] [stdout] test crawl::tests::required_relay_waits_for_handshake_in_progress ... ok
[INFO] [stdout] test crawl::tests::relay_query_retry_is_scoped_and_bounded ... ok
[INFO] [stdout] 
[INFO] [stdout] test result: ok. 10 passed; 0 failed; 0 ignored; 0 measured; 0 filtered out; finished in 0.41s
[INFO] [stdout] 
[INFO] [stderr]      Running unittests src/bin/nostr-event-store-fixture.rs (/opt/rustwide/target/release/deps/nostr_event_store_fixture-df8fcf7b6ab8f384)
[INFO] [stdout] 
[INFO] [stdout] running 0 tests
[INFO] [stdout] 
[INFO] [stdout] test result: ok. 0 passed; 0 failed; 0 ignored; 0 measured; 0 filtered out; finished in 0.00s
[INFO] [stdout] 
[INFO] [stderr]      Running tests/archive_id_repair.rs (/opt/rustwide/target/release/deps/archive_id_repair-c7ce0ac7217aa4ff)
[INFO] [stdout] 
[INFO] [stdout] running 1 test
[INFO] [stdout] test verified_reappend_repairs_only_missing_id_and_retains_every_prior_root ... ok
[INFO] [stdout] 
[INFO] [stdout] test result: ok. 1 passed; 0 failed; 0 ignored; 0 measured; 0 filtered out; finished in 0.04s
[INFO] [stdout] 
[INFO] [stderr]      Running tests/catchup.rs (/opt/rustwide/target/release/deps/catchup-69549e7dd1c4d898)
[INFO] [stdout] 
[INFO] [stdout] running 21 tests
[INFO] [stdout] test capacity_probe_budget_and_failures_remain_incomplete ... ok
[INFO] [stdout] test observed_capacity_is_independent_for_every_required_source ... ok
[INFO] [stdout] test rejects_changed_identity_corrupt_frontier_and_future_windows ... ok
[INFO] [stdout] test completed_empty_windows_do_not_reset_an_existing_root ... ok
[INFO] [stdout] test matching_count_is_required_and_hidden_tied_ids_stay_incomplete ... ok
[INFO] [stdout] test existing_index_retains_history_deletions_and_previous_root_on_replay ... ok
[INFO] [stdout] test larger_verified_source_capacity_resolves_small_tie_without_importing_probe_events ... ok
[INFO] [stdout] test overlapping_pass_collects_late_arrivals_and_deduplicates_retained_history ... ok
[INFO] [stdout] test any_required_source_failure_and_all_resource_caps_are_incomplete ... ok
[INFO] [stdout] test matching_source_count_resolves_small_and_full_timestamp_ties ... ok
[INFO] [stdout] test earlier_full_page_proves_capacity_for_short_same_second_tail ... ok
[INFO] [stdout] test overlap_respects_initial_floor_and_defaults_older_candidate_checkpoints ... ok
[INFO] [stdout] test timestamp_counts_share_page_budget_and_never_skip_a_required_source ... ok
[INFO] [stdout] test resumes_exact_unfinished_interval_and_continues_completed_frontier ... ok
[INFO] [stdout] test observed_uniform_cap_does_not_clear_hidden_tied_ids ... ok
[INFO] [stdout] test resumes_failed_author_with_larger_operational_bounds ... ok
[INFO] [stdout] test saturated_single_second_is_incomplete_instead_of_skipping_ids ... ok
[INFO] [stdout] test full_requested_page_tie_still_requires_count_even_with_larger_capacity ... ok
[INFO] [stdout] test catches_full_gap_with_lower_relay_cap_duplicates_and_boundary_ties ... ok
[INFO] [stdout] test observed_capacity_is_not_shared_between_relays_or_authors ... ok
[INFO] [stdout] test undisclosed_lower_cap_with_hidden_same_second_ids_is_incomplete ... ok
[INFO] [stdout] 
[INFO] [stdout] test result: ok. 21 passed; 0 failed; 0 ignored; 0 measured; 0 filtered out; finished in 0.01s
[INFO] [stdout] 
[INFO] [stderr]      Running tests/catchup_best_effort.rs (/opt/rustwide/target/release/deps/catchup_best_effort-7aeceb67861e98ad)
[INFO] [stdout] 
[INFO] [stdout] running 7 tests
[INFO] [stdout] test completed_empty_source_is_valid_and_failed_source_cannot_spend_its_budget ... ok
[INFO] [stdout] test invalid_filter_response_is_a_missing_source_not_accepted_data ... ok
[INFO] [stdout] test valid_earlier_pages_from_later_failed_source_are_discarded ... ok
[INFO] [stdout] test failed_source_does_not_block_signed_healthy_events_or_retry_each_author ... ok
[INFO] [stdout] test all_failed_or_quarantined_sources_return_error_without_more_queries ... ok
[INFO] [stdout] test completed_source_union_preserves_author_memory_bound_and_deduplicates ... ok
[INFO] [stdout] test strict_legacy_serialization_and_policy_resume_identity_are_preserved ... ok
[INFO] [stdout] 
[INFO] [stdout] test result: ok. 7 passed; 0 failed; 0 ignored; 0 measured; 0 filtered out; finished in 0.01s
[INFO] [stdout] 
[INFO] [stderr]      Running tests/catchup_throughput.rs (/opt/rustwide/target/release/deps/catchup_throughput-c3c858e74ebabc9f)
[INFO] [stdout] 
[INFO] [stdout] running 5 tests
[INFO] [stdout] test coalescing_does_not_change_initial_build_flushes_or_blobs ... ok
[INFO] [stdout] test coalesced_projection_failure_keeps_the_old_root_and_retry_needs_no_cache ... FAILED
[INFO] [stdout] test coalesced_append_flush_failures_do_not_return_an_uncommitted_root ... ok
[INFO] [stdout] test catchup_coalesces_projection_writes_without_changing_any_root_or_retained_blob ... FAILED
[INFO] [stdout] test catchup_append_fanout_and_commit_matrix_preserves_every_projection ... ok
[INFO] [stdout] 
[INFO] [stderr] error: test failed, to rerun pass `--test catchup_throughput`
[INFO] [stdout] failures:
[INFO] [stdout] 
[INFO] [stdout] ---- coalesced_projection_failure_keeps_the_old_root_and_retry_needs_no_cache stdout ----
[INFO] [stdout] 
[INFO] [stdout] thread 'coalesced_projection_failure_keeps_the_old_root_and_retry_needs_no_cache' (2465) panicked at tests/catchup_throughput.rs:518:9:
[INFO] [stdout] assertion `left == right` failed: projection failure must not force the deferred payload batch to storage
[INFO] [stdout]   left: 6
[INFO] [stdout]  right: 0
[INFO] [stdout] stack backtrace:
[INFO] [stdout]    0:     0x6414d690ea41 - <<std[70759c8f55707aa4]::sys::backtrace::BacktraceLock>::print::DisplayBacktrace as core[df12db4294e9bfd3]::fmt::Display>::fmt
[INFO] [stdout]    1:     0x6414d6924caa - core[df12db4294e9bfd3]::fmt::write
[INFO] [stdout]    2:     0x6414d6912f2c - <alloc[2182bb758b4b3781]::vec::Vec<u8> as core[df12db4294e9bfd3]::io::write::Write>::write_fmt
[INFO] [stdout]    3:     0x6414d68eac76 - std[70759c8f55707aa4]::panicking::default_hook::{closure#0}
[INFO] [stdout]    4:     0x6414d6906df9 - std[70759c8f55707aa4]::panicking::default_hook
[INFO] [stdout]    5:     0x6414d67fc050 - test[9d35eded1c95d3be]::test_main_inner::<test[9d35eded1c95d3be]::test_main_static::{closure#0}>::{closure#0}
[INFO] [stdout]    6:     0x6414d6907122 - std[70759c8f55707aa4]::panicking::panic_with_hook
[INFO] [stdout]    7:     0x6414d68ead22 - std[70759c8f55707aa4]::panicking::panic_handler::{closure#0}
[INFO] [stdout]    8:     0x6414d68e3aa9 - std[70759c8f55707aa4]::sys::backtrace::__rust_end_short_backtrace::<std[70759c8f55707aa4]::panicking::panic_handler::{closure#0}, !>
[INFO] [stdout]    9:     0x6414d68eb91d - __rustc[8fa7c3cbc660c2b3]::rust_begin_unwind
[INFO] [stdout]   10:     0x6414d69253dc - core[df12db4294e9bfd3]::panicking::panic_fmt
[INFO] [stdout]   11:     0x6414d6925353 - core[df12db4294e9bfd3]::panicking::assert_failed_inner
[INFO] [stdout]   12:     0x6414d6920fad - core[df12db4294e9bfd3]::panicking::assert_failed::<u64, u64>
[INFO] [stdout]   13:     0x6414d66cd21f - <std[70759c8f55707aa4]::thread::local::LocalKey<alloc[2182bb758b4b3781]::sync::Arc<futures_executor[fd885dc3d0c9d1dd]::local_pool::ThreadNotify>>>::with::<futures_executor[fd885dc3d0c9d1dd]::local_pool::run_executor<(), futures_executor[fd885dc3d0c9d1dd]::local_pool::block_on<catchup_throughput[b96ef46d31d04cb4]::coalesced_projection_failure_keeps_the_old_root_and_retry_needs_no_cache::{closure#0}>::{closure#0}>::{closure#0}, ()>
[INFO] [stdout]   14:     0x6414d679be38 - futures_executor[fd885dc3d0c9d1dd]::local_pool::block_on::<catchup_throughput[b96ef46d31d04cb4]::coalesced_projection_failure_keeps_the_old_root_and_retry_needs_no_cache::{closure#0}>
[INFO] [stdout]   15:     0x6414d67b46ab - <catchup_throughput[b96ef46d31d04cb4]::coalesced_projection_failure_keeps_the_old_root_and_retry_needs_no_cache::{closure#0} as core[df12db4294e9bfd3]::ops::function::FnOnce<()>>::call_once
[INFO] [stdout]   16:     0x6414d67ef33b - test[9d35eded1c95d3be]::__rust_begin_short_backtrace::<core[df12db4294e9bfd3]::result::Result<(), alloc[2182bb758b4b3781]::string::String>, fn() -> core[df12db4294e9bfd3]::result::Result<(), alloc[2182bb758b4b3781]::string::String>>
[INFO] [stdout]   17:     0x6414d67fc9a5 - test[9d35eded1c95d3be]::run_test::{closure#0}
[INFO] [stdout]   18:     0x6414d67f6264 - std[70759c8f55707aa4]::sys::backtrace::__rust_begin_short_backtrace::<test[9d35eded1c95d3be]::run_test::{closure#1}, ()>
[INFO] [stdout]   19:     0x6414d67ffb02 - <std[70759c8f55707aa4]::thread::lifecycle::spawn_unchecked<test[9d35eded1c95d3be]::run_test::{closure#1}, ()>::{closure#1} as core[df12db4294e9bfd3]::ops::function::FnOnce<()>>::call_once::{shim:vtable#0}
[INFO] [stdout]   20:     0x6414d690e2d9 - <std[70759c8f55707aa4]::sys::thread::unix::Thread>::new::thread_start
[INFO] [stdout]   21:     0x70c7b7814dfa - <unknown>
[INFO] [stdout]   22:     0x70c7b78a83d4 - clone
[INFO] [stdout]   23:                0x0 - <unknown>
[INFO] [stdout] 
[INFO] [stdout] ---- catchup_coalesces_projection_writes_without_changing_any_root_or_retained_blob stdout ----
[INFO] [stdout] 
[INFO] [stdout] thread 'catchup_coalesces_projection_writes_without_changing_any_root_or_retained_blob' (2463) panicked at tests/catchup_throughput.rs:404:9:
[INFO] [stdout] assertion `left == right` failed: seven commits must each durably flush their payloads and indexes together
[INFO] [stdout]   left: 58
[INFO] [stdout]  right: 7
[INFO] [stdout] stack backtrace:
[INFO] [stdout]    0:     0x6414d690ea41 - <<std[70759c8f55707aa4]::sys::backtrace::BacktraceLock>::print::DisplayBacktrace as core[df12db4294e9bfd3]::fmt::Display>::fmt
[INFO] [stdout]    1:     0x6414d6924caa - core[df12db4294e9bfd3]::fmt::write
[INFO] [stdout]    2:     0x6414d6912f2c - <alloc[2182bb758b4b3781]::vec::Vec<u8> as core[df12db4294e9bfd3]::io::write::Write>::write_fmt
[INFO] [stdout]    3:     0x6414d68eac76 - std[70759c8f55707aa4]::panicking::default_hook::{closure#0}
[INFO] [stdout]    4:     0x6414d6906df9 - std[70759c8f55707aa4]::panicking::default_hook
[INFO] [stdout]    5:     0x6414d67fc050 - test[9d35eded1c95d3be]::test_main_inner::<test[9d35eded1c95d3be]::test_main_static::{closure#0}>::{closure#0}
[INFO] [stdout]    6:     0x6414d6907122 - std[70759c8f55707aa4]::panicking::panic_with_hook
[INFO] [stdout]    7:     0x6414d68ead22 - std[70759c8f55707aa4]::panicking::panic_handler::{closure#0}
[INFO] [stdout]    8:     0x6414d68e3aa9 - std[70759c8f55707aa4]::sys::backtrace::__rust_end_short_backtrace::<std[70759c8f55707aa4]::panicking::panic_handler::{closure#0}, !>
[INFO] [stdout]    9:     0x6414d68eb91d - __rustc[8fa7c3cbc660c2b3]::rust_begin_unwind
[INFO] [stdout]   10:     0x6414d69253dc - core[df12db4294e9bfd3]::panicking::panic_fmt
[INFO] [stdout]   11:     0x6414d6925353 - core[df12db4294e9bfd3]::panicking::assert_failed_inner
[INFO] [stdout]   12:     0x6414d6920fad - core[df12db4294e9bfd3]::panicking::assert_failed::<u64, u64>
[INFO] [stdout]   13:     0x6414d66cf75a - <std[70759c8f55707aa4]::thread::local::LocalKey<alloc[2182bb758b4b3781]::sync::Arc<futures_executor[fd885dc3d0c9d1dd]::local_pool::ThreadNotify>>>::with::<futures_executor[fd885dc3d0c9d1dd]::local_pool::run_executor<(), futures_executor[fd885dc3d0c9d1dd]::local_pool::block_on<catchup_throughput[b96ef46d31d04cb4]::catchup_coalesces_projection_writes_without_changing_any_root_or_retained_blob::{closure#0}>::{closure#0}>::{closure#0}, ()>
[INFO] [stdout]   14:     0x6414d679bef8 - futures_executor[fd885dc3d0c9d1dd]::local_pool::block_on::<catchup_throughput[b96ef46d31d04cb4]::catchup_coalesces_projection_writes_without_changing_any_root_or_retained_blob::{closure#0}>
[INFO] [stdout]   15:     0x6414d67b46db - <catchup_throughput[b96ef46d31d04cb4]::catchup_coalesces_projection_writes_without_changing_any_root_or_retained_blob::{closure#0} as core[df12db4294e9bfd3]::ops::function::FnOnce<()>>::call_once
[INFO] [stdout]   16:     0x6414d67ef33b - test[9d35eded1c95d3be]::__rust_begin_short_backtrace::<core[df12db4294e9bfd3]::result::Result<(), alloc[2182bb758b4b3781]::string::String>, fn() -> core[df12db4294e9bfd3]::result::Result<(), alloc[2182bb758b4b3781]::string::String>>
[INFO] [stdout]   17:     0x6414d67fc9a5 - test[9d35eded1c95d3be]::run_test::{closure#0}
[INFO] [stdout]   18:     0x6414d67f6264 - std[70759c8f55707aa4]::sys::backtrace::__rust_begin_short_backtrace::<test[9d35eded1c95d3be]::run_test::{closure#1}, ()>
[INFO] [stdout]   19:     0x6414d67ffb02 - <std[70759c8f55707aa4]::thread::lifecycle::spawn_unchecked<test[9d35eded1c95d3be]::run_test::{closure#1}, ()>::{closure#1} as core[df12db4294e9bfd3]::ops::function::FnOnce<()>>::call_once::{shim:vtable#0}
[INFO] [stdout]   20:     0x6414d690e2d9 - <std[70759c8f55707aa4]::sys::thread::unix::Thread>::new::thread_start
[INFO] [stdout]   21:     0x70c7b7814dfa - <unknown>
[INFO] [stdout]   22:     0x70c7b78a83d4 - clone
[INFO] [stdout]   23:                0x0 - <unknown>
[INFO] [stdout] 
[INFO] [stdout] 
[INFO] [stdout] failures:
[INFO] [stdout]     catchup_coalesces_projection_writes_without_changing_any_root_or_retained_blob
[INFO] [stdout]     coalesced_projection_failure_keeps_the_old_root_and_retry_needs_no_cache
[INFO] [stdout] 
[INFO] [stdout] test result: FAILED. 3 passed; 2 failed; 0 ignored; 0 measured; 0 filtered out; finished in 6.37s
[INFO] [stdout] 
[INFO] running `Command { std: "docker" "inspect" "b094db1efe83da79a378d212911eb56c7d4880185f9e918072e0a98ebd3a8dfa", kill_on_drop: false }`
[INFO] running `Command { std: "docker" "rm" "-f" "b094db1efe83da79a378d212911eb56c7d4880185f9e918072e0a98ebd3a8dfa", kill_on_drop: false }`
[INFO] [stdout] b094db1efe83da79a378d212911eb56c7d4880185f9e918072e0a98ebd3a8dfa
