[INFO] fetching crate hashtree-heed 0.20.5-hashtree.2...
[INFO] testing hashtree-heed-0.20.5-hashtree.2 against 1.100.0-beta.1+cargoflags=--release for beta-release-1.100-2
[INFO] extracting crate hashtree-heed 0.20.5-hashtree.2 into /workspace/builds/worker-0-tc2/source
[INFO] started tweaking crates.io crate hashtree-heed 0.20.5-hashtree.2
[INFO] removed 0 missing examples
[INFO] finished tweaking crates.io crate hashtree-heed 0.20.5-hashtree.2
[INFO] tweaked toml for crates.io crate hashtree-heed 0.20.5-hashtree.2 written to /workspace/builds/worker-0-tc2/source/Cargo.toml
[INFO] validating manifest of crates.io crate hashtree-heed 0.20.5-hashtree.2 on toolchain 1.100.0-beta.1
[INFO] running `Command { std: CARGO_HOME="/workspace/cargo-home" RUSTUP_HOME="/workspace/rustup-home" "/workspace/cargo-home/bin/cargo" "+1.100.0-beta.1" "metadata" "--manifest-path" "Cargo.toml" "--no-deps", kill_on_drop: false }`
[INFO] crate crates.io crate hashtree-heed 0.20.5-hashtree.2 already has a lockfile, it will not be regenerated
[INFO] running `Command { std: CARGO_HOME="/workspace/cargo-home" RUSTUP_HOME="/workspace/rustup-home" "/workspace/cargo-home/bin/cargo" "+1.100.0-beta.1" "fetch" "--manifest-path" "Cargo.toml", kill_on_drop: false }`
[INFO] running `Command { std: "docker" "create" "-v" "/var/lib/crater-agent-workspace/builds/worker-0-tc2/source:/opt/rustwide/workdir:ro,Z" "-v" "/var/lib/crater-agent-workspace/builds/worker-0-tc2/target:/opt/rustwide/target:rw,Z" "-v" "/var/lib/crater-agent-workspace/cargo-home:/opt/rustwide/cargo-home:ro,Z" "-v" "/var/lib/crater-agent-workspace/rustup-home:/opt/rustwide/rustup-home:ro,Z" "-m" "1610612736" "--network" "none" "ghcr.io/rust-lang/crates-build-env/linux@sha256:77db811e55d90add9212f6832c23229e3de5f1c1f9905e8cb07319ea15df73ac" "sleep" "infinity", kill_on_drop: false }`
[INFO] [stdout] 4f961d471f2aa0d6a4200dd99d0d3ced514b7b39757385349b0197286495a8f0
[INFO] running `Command { std: "docker" "start" "4f961d471f2aa0d6a4200dd99d0d3ced514b7b39757385349b0197286495a8f0", kill_on_drop: false }`
[INFO] running `Command { std: "docker" "inspect" "4f961d471f2aa0d6a4200dd99d0d3ced514b7b39757385349b0197286495a8f0", kill_on_drop: false }`
[INFO] running `Command { std: "docker" "exec" "-e" "SOURCE_DIR=/opt/rustwide/workdir" "-e" "CARGO_HOME=/opt/rustwide/cargo-home" "-e" "RUSTUP_HOME=/opt/rustwide/rustup-home" "-e" "CARGO_TARGET_DIR=/opt/rustwide/target" "-w" "/opt/rustwide/workdir" "--user" "0:0" "4f961d471f2aa0d6a4200dd99d0d3ced514b7b39757385349b0197286495a8f0" "/opt/rustwide/cargo-home/bin/cargo" "+1.100.0-beta.1" "metadata" "--no-deps" "--format-version=1", kill_on_drop: false }`
[INFO] running `Command { std: "docker" "inspect" "4f961d471f2aa0d6a4200dd99d0d3ced514b7b39757385349b0197286495a8f0", kill_on_drop: false }`
[INFO] running `Command { std: "docker" "exec" "-e" "SOURCE_DIR=/opt/rustwide/workdir" "-e" "CARGO_HOME=/opt/rustwide/cargo-home" "-e" "RUSTUP_HOME=/opt/rustwide/rustup-home" "-e" "CARGO_TARGET_DIR=/opt/rustwide/target" "-e" "CARGO_INCREMENTAL=0" "-e" "RUST_BACKTRACE=full" "-e" "RUSTFLAGS=--cap-lints=warn" "-e" "RUSTDOCFLAGS=--cap-lints=warn" "-w" "/opt/rustwide/workdir" "--user" "0:0" "4f961d471f2aa0d6a4200dd99d0d3ced514b7b39757385349b0197286495a8f0" "/opt/rustwide/cargo-home/bin/cargo" "+1.100.0-beta.1" "build" "--frozen" "--message-format=json" "--release", kill_on_drop: false }`
[INFO] [stderr]    Compiling siphasher v1.0.3
[INFO] [stderr]    Compiling rand_core v0.6.4
[INFO] [stderr]    Compiling cc v1.2.63
[INFO] [stderr]    Compiling serde v1.0.228
[INFO] [stderr]    Compiling memchr v2.8.1
[INFO] [stderr]    Compiling crossbeam-queue v0.3.12
[INFO] [stderr]    Compiling heed-traits v0.20.0
[INFO] [stderr]    Compiling page_size v0.6.0
[INFO] [stderr]    Compiling bitflags v2.13.0
[INFO] [stderr]    Compiling rand v0.8.6
[INFO] [stderr]    Compiling synchronoise v1.0.1
[INFO] [stderr]    Compiling phf_shared v0.11.3
[INFO] [stderr]    Compiling serde_json v1.0.150
[INFO] [stderr]    Compiling phf_generator v0.11.3
[INFO] [stderr]    Compiling bincode v1.3.3
[INFO] [stderr]    Compiling phf_macros v0.11.3
[INFO] [stderr]    Compiling phf v0.11.3
[INFO] [stderr]    Compiling doxygen-rs v0.4.2
[INFO] [stderr]    Compiling hashtree-lmdb-master-sys v0.2.6-hashtree.2
[INFO] [stderr]    Compiling heed-types v0.20.1
[INFO] [stderr]    Compiling hashtree-heed v0.20.5-hashtree.2 (/opt/rustwide/workdir)
[INFO] [stderr]     Finished `release` profile [optimized] target(s) in 17.53s
[INFO] running `Command { std: "docker" "inspect" "4f961d471f2aa0d6a4200dd99d0d3ced514b7b39757385349b0197286495a8f0", kill_on_drop: false }`
[INFO] running `Command { std: "docker" "exec" "-e" "SOURCE_DIR=/opt/rustwide/workdir" "-e" "CARGO_HOME=/opt/rustwide/cargo-home" "-e" "RUSTUP_HOME=/opt/rustwide/rustup-home" "-e" "CARGO_TARGET_DIR=/opt/rustwide/target" "-e" "CARGO_INCREMENTAL=0" "-e" "RUST_BACKTRACE=full" "-e" "RUSTFLAGS=--cap-lints=warn" "-e" "RUSTDOCFLAGS=--cap-lints=warn" "-w" "/opt/rustwide/workdir" "--user" "0:0" "4f961d471f2aa0d6a4200dd99d0d3ced514b7b39757385349b0197286495a8f0" "/opt/rustwide/cargo-home/bin/cargo" "+1.100.0-beta.1" "test" "--frozen" "--no-run" "--message-format=json" "--release", kill_on_drop: false }`
[INFO] [stderr]    Compiling bitflags v2.13.0
[INFO] [stderr]    Compiling rustix v1.1.4
[INFO] [stderr]    Compiling hashtree-heed v0.20.5-hashtree.2 (/opt/rustwide/workdir)
[INFO] [stderr]    Compiling tempfile v3.27.0
[INFO] [stderr]     Finished `release` profile [optimized] target(s) in 15.57s
[INFO] running `Command { std: "docker" "inspect" "4f961d471f2aa0d6a4200dd99d0d3ced514b7b39757385349b0197286495a8f0", kill_on_drop: false }`
[INFO] running `Command { std: "docker" "exec" "-e" "SOURCE_DIR=/opt/rustwide/workdir" "-e" "CARGO_HOME=/opt/rustwide/cargo-home" "-e" "RUSTUP_HOME=/opt/rustwide/rustup-home" "-e" "CARGO_TARGET_DIR=/opt/rustwide/target" "-e" "CARGO_INCREMENTAL=0" "-e" "RUST_BACKTRACE=full" "-e" "RUSTFLAGS=--cap-lints=warn" "-e" "RUSTDOCFLAGS=--cap-lints=warn" "-w" "/opt/rustwide/workdir" "--user" "0:0" "4f961d471f2aa0d6a4200dd99d0d3ced514b7b39757385349b0197286495a8f0" "/opt/rustwide/cargo-home/bin/cargo" "+1.100.0-beta.1" "test" "--frozen" "--release", kill_on_drop: false }`
[INFO] [stderr]     Finished `release` profile [optimized] target(s) in 0.08s
[INFO] [stderr]      Running unittests src/lib.rs (/opt/rustwide/target/release/build/hashtree-heed/4b55de9793671d02/out/heed-4b55de9793671d02)
[INFO] [stdout] 
[INFO] [stdout] running 31 tests
[INFO] [stdout] test database::tests::put_overwrite ... ok
[INFO] [stdout] test env::tests::max_key_size ... ok
[INFO] [stdout] test env::tests::open_database_with_nosubdir ... ok
[INFO] [stdout] test env::tests::create_database_without_commit ... ok
[INFO] [stdout] test database::tests::raw_keys_skip_dups_and_honor_excluded_start ... ok
[INFO] [stdout] test env::tests::open_env_with_named_path ... ok
[INFO] [stdout] test env::tests::open_already_existing_database ... ok
[INFO] [stdout] test iterator::tests::iter_last ... ok
[INFO] [stdout] test env::tests::open_database_with_writemap_flag ... ok
[INFO] [stdout] test env::tests::reopen_env_with_different_options_is_err ... ok
[INFO] [stdout] test env::tests::open_read_only_without_no_env_opened_before ... ok
[INFO] [stdout] test env::tests::resize_database ... ok
[INFO] [stdout] test iterator::tests::range_iter_last ... ok
[INFO] [stdout] test iterator::tests::range_iter_last_with_byte_255 ... ok
[INFO] [stdout] test iterator::tests::rev_prefix_iter_last_with_byte_255 ... ok
[INFO] [stdout] test iterator::tests::prefix_iter_last_with_byte_255 ... ok
[INFO] [stdout] test iterator::tests::prefix_iter_last ... ok
[INFO] [stdout] test iterator::tests::rev_prefix_iter_last ... ok
[INFO] [stdout] test iterator::tests::rev_range_iter_last ... ok
[INFO] [stdout] test tests::error_is_send_sync ... ok
[INFO] [stdout] test write_admission::tests::admission_precedes_initial_lock_file_growth ... ok
[INFO] [stdout] test mdb::lmdb_error::test::test_description ... ok
[INFO] [stdout] test write_admission::tests::admission_precedes_initial_metadata_write ... ok
[INFO] [stdout] test iterator::tests::rev_range_iter_last_with_byte_255 ... ok
[INFO] [stdout] test write_admission::tests::guarded_writemap_is_rejected_before_any_physical_write ... ok
[INFO] [stdout] test write_admission::tests::admitted_writes_observe_initial_pages_flushes_and_reserved_metadata ... ok
[INFO] [stdout] test write_admission::tests::callback_lifetime_and_identity_follow_the_open_environment ... ok
[INFO] [stdout] test write_admission::tests::callback_panic_becomes_io_error_and_preserves_root ... ok
[INFO] [stdout] test write_admission::tests::refused_commit_metadata_preserves_reopened_committed_root ... ok
[INFO] [stdout] test write_admission::tests::refused_page_flush_preserves_reopened_committed_root ... ok
[INFO] [stdout] test env::tests::close_env ... ok
[INFO] [stdout] 
[INFO] [stdout] test result: ok. 31 passed; 0 failed; 0 ignored; 0 measured; 0 filtered out; finished in 1.01s
[INFO] [stdout] 
[INFO] [stderr]    Doc-tests heed
[INFO] [stdout] 
[INFO] [stdout] running 56 tests
[INFO] [stdout] test src/database.rs - database::Database<KC,DC,C>::clear (line 2710) ... ok
[INFO] [stdout] test src/cookbook.rs - cookbook (line 86) ... FAILED
[INFO] [stdout] test src/cookbook.rs - cookbook (line 292) ... FAILED
[INFO] [stdout] test src/cookbook.rs - cookbook (line 148) ... FAILED
[INFO] [stdout] test src/database.rs - database::Database (line 244) ... ok
[INFO] [stdout] test src/cookbook.rs - cookbook (line 15) ... FAILED
[INFO] [stdout] test src/database.rs - database::Database (line 196) ... ok
[INFO] [stdout] test src/database.rs - database::Database<KC,DC,C>::delete (line 2476) ... ok
[INFO] [stdout] test src/database.rs - database::Database<KC,DC,C>::delete_range (line 2640) ... ok
[INFO] [stdout] test src/database.rs - database::Database<KC,DC,C>::delete_one_duplicate (line 2544) ... ok
[INFO] [stdout] test src/database.rs - database::Database<KC,DC,C>::first (line 742) ... ok
[INFO] [stdout] test src/cookbook.rs - cookbook (line 370) ... FAILED
[INFO] [stdout] test src/database.rs - database::Database<KC,DC,C>::get (line 319) ... ok
[INFO] [stdout] test src/database.rs - database::Database<KC,DC,C>::get_duplicates (line 389) ... ok
[INFO] [stdout] test src/database.rs - database::Database<KC,DC,C>::get_greater_than (line 604) ... ok
[INFO] [stdout] test src/database.rs - database::Database<KC,DC,C>::get_lower_than_or_equal_to (line 531) ... ok
[INFO] [stdout] test src/database.rs - database::Database<KC,DC,C>::get_greater_than_or_equal_to (line 676) ... ok
[INFO] [stdout] test src/database.rs - database::Database<KC,DC,C>::get_lower_than (line 462) ... ok
[INFO] [stdout] test src/database.rs - database::Database<KC,DC,C>::get_or_put_reserved (line 2313) ... ok
[INFO] [stdout] test src/database.rs - database::Database<KC,DC,C>::get_or_put_reserved_with_flags (line 2377) ... ok
[INFO] [stdout] test src/database.rs - database::Database<KC,DC,C>::get_or_put (line 2189) ... ok
[INFO] [stdout] test src/database.rs - database::Database<KC,DC,C>::is_empty (line 889) ... ok
[INFO] [stdout] test src/database.rs - database::Database<KC,DC,C>::len (line 846) ... ok
[INFO] [stdout] test src/database.rs - database::Database<KC,DC,C>::iter (line 995) ... ok
[INFO] [stdout] test src/database.rs - database::Database<KC,DC,C>::last (line 796) ... ok
[INFO] [stdout] test src/database.rs - database::Database<KC,DC,C>::iter_mut (line 1189) ... ok
[INFO] [stdout] test src/database.rs - database::Database<KC,DC,C>::get_or_put_with_flags (line 2236) ... ok
[INFO] [stdout] test src/database.rs - database::Database<KC,DC,C>::prefix_iter (line 1701) ... ok
[INFO] [stdout] test src/database.rs - database::Database<KC,DC,C>::put (line 1960) ... ok
[INFO] [stdout] test src/database.rs - database::Database<KC,DC,C>::range (line 1353) ... ok
[INFO] [stdout] test src/database.rs - database::Database<KC,DC,C>::put_reserved (line 2022) ... ok
[INFO] [stdout] test src/database.rs - database::Database<KC,DC,C>::prefix_iter_mut (line 1759) ... ok
[INFO] [stdout] test src/database.rs - database::Database<KC,DC,C>::put_with_flags (line 2095) ... ok
[INFO] [stdout] test src/database.rs - database::Database<KC,DC,C>::range_mut (line 1432) ... ok
[INFO] [stdout] test src/database.rs - database::Database<KC,DC,C>::remap_types (line 2760) ... ok
[INFO] [stdout] test src/database.rs - database::Database<KC,DC,C>::rev_prefix_iter_mut (line 1891) ... ok
[INFO] [stdout] test src/database.rs - database::Database<KC,DC,C>::rev_prefix_iter (line 1833) ... ok
[INFO] [stdout] test src/database.rs - database::Database<KC,DC,C>::rev_iter (line 1248) ... ok
[INFO] [stdout] test src/database.rs - database::Database<KC,DC,C>::stat (line 932) ... ok
[INFO] [stdout] test src/database.rs - database::Database<KC,DC,C>::rev_range (line 1527) ... ok
[INFO] [stdout] test src/database.rs - database::Database<KC,DC,C>::rev_range_mut (line 1606) ... ok
[INFO] [stdout] test src/database.rs - database::Database<KC,DC,C>::rev_iter_mut (line 1292) ... ok
[INFO] [stdout] test src/env.rs - env::Env::set_flags (line 739) ... FAILED
[INFO] [stdout] test src/env.rs - env::Env::real_disk_size (line 710) ... ok
[INFO] [stdout] test src/database.rs - database::DatabaseOpenOptions (line 22) ... ok
[INFO] [stdout] test src/env.rs - env::EnvOpenOptions::flags (line 286) ... FAILED
[INFO] [stdout] test src/lib.rs - lmdb_version (line 115) ... ok
[INFO] [stdout] test src/lib.rs - (line 31) ... ok
[INFO] [stdout] test src/iterator/iter.rs - iterator::iter::RoIter<'txn,KC,DC,IM>::move_through_duplicate_values (line 80) ... ok
[INFO] [stdout] test src/mdb/lmdb_flags.rs - mdb::lmdb_flags::_::DatabaseFlags::DUP_FIXED (line 60) ... ok
[INFO] [stdout] test src/mdb/lmdb_flags.rs - mdb::lmdb_flags::_::DatabaseFlags::INTEGER_KEY (line 61) ... ok
[INFO] [stdout] test src/iterator/iter.rs - iterator::iter::RoIter<'txn,KC,DC,IM>::move_between_keys (line 27) ... ok
[INFO] [stdout] test src/mdb/lmdb_flags.rs - mdb::lmdb_flags::_::DatabaseFlags::REVERSE_KEY (line 60) ... ok
[INFO] [stdout] test src/mdb/lmdb_flags.rs - mdb::lmdb_flags::_::DatabaseFlags::REVERSE_DUP (line 60) ... ok
[INFO] [stdout] test src/mdb/lmdb_flags.rs - mdb::lmdb_flags::_::DatabaseFlags::INTEGER_DUP (line 60) ... ok
[INFO] [stdout] test src/mdb/lmdb_flags.rs - mdb::lmdb_flags::_::DatabaseFlags::DUP_SORT (line 60) ... ok
[INFO] [stdout] 
[INFO] [stdout] failures:
[INFO] [stdout] 
[INFO] [stdout] ---- src/cookbook.rs - cookbook (line 86) stdout ----
[INFO] [stdout] Test executable failed (exit status: 1).
[INFO] [stdout] 
[INFO] [stdout] stderr:
[INFO] [stdout] Error: Os { code: 30, kind: ReadOnlyFilesystem, message: "Read-only file system" }
[INFO] [stdout] 
[INFO] [stdout] 
[INFO] [stdout] ---- src/cookbook.rs - cookbook (line 292) stdout ----
[INFO] [stdout] Test executable failed (exit status: 1).
[INFO] [stdout] 
[INFO] [stdout] stderr:
[INFO] [stdout] Error: Os { code: 30, kind: ReadOnlyFilesystem, message: "Read-only file system" }
[INFO] [stdout] 
[INFO] [stdout] 
[INFO] [stdout] ---- src/cookbook.rs - cookbook (line 148) stdout ----
[INFO] [stdout] warning: hiding a lifetime that's elided elsewhere is confusing
[INFO] [stdout]    --> src/cookbook.rs:177:26
[INFO] [stdout]     |
[INFO] [stdout] 177 |     fn bytes_encode(log: &Self::EItem) -> Result<Cow<[u8]>, BoxedError> {
[INFO] [stdout]     |                          ^^^^^^^^^^^^            ^^^^^^^^^ the same lifetime is hidden here
[INFO] [stdout]     |                          |
[INFO] [stdout]     |                          the lifetime is elided here
[INFO] [stdout]     |
[INFO] [stdout]     = help: the same lifetime is referred to in inconsistent ways, making the signature confusing
[INFO] [stdout]     = note: `#[warn(mismatched_lifetime_syntaxes)]` on by default
[INFO] [stdout] help: use `'_` for type paths
[INFO] [stdout]     |
[INFO] [stdout] 177 |     fn bytes_encode(log: &Self::EItem) -> Result<Cow<'_, [u8]>, BoxedError> {
[INFO] [stdout]     |                                                      +++
[INFO] [stdout] 
[INFO] [stdout] warning: hiding a lifetime that's elided elsewhere is confusing
[INFO] [stdout]    --> src/cookbook.rs:223:37
[INFO] [stdout]     |
[INFO] [stdout] 223 |     fn bytes_encode(half_timestamp: &Self::EItem) -> Result<Cow<[u8]>, BoxedError> {
[INFO] [stdout]     |                                     ^^^^^^^^^^^^            ^^^^^^^^^ the same lifetime is hidden here
[INFO] [stdout]     |                                     |
[INFO] [stdout]     |                                     the lifetime is elided here
[INFO] [stdout]     |
[INFO] [stdout]     = help: the same lifetime is referred to in inconsistent ways, making the signature confusing
[INFO] [stdout] help: use `'_` for type paths
[INFO] [stdout]     |
[INFO] [stdout] 223 |     fn bytes_encode(half_timestamp: &Self::EItem) -> Result<Cow<'_, [u8]>, BoxedError> {
[INFO] [stdout]     |                                                                 +++
[INFO] [stdout] 
[INFO] [stdout] warning: 2 warnings emitted
[INFO] [stdout] 
[INFO] [stdout] Test executable failed (exit status: 1).
[INFO] [stdout] 
[INFO] [stdout] stderr:
[INFO] [stdout] Error: Os { code: 30, kind: ReadOnlyFilesystem, message: "Read-only file system" }
[INFO] [stdout] 
[INFO] [stdout] 
[INFO] [stdout] ---- src/cookbook.rs - cookbook (line 15) stdout ----
[INFO] [stdout] Test executable failed (exit status: 1).
[INFO] [stdout] 
[INFO] [stdout] stderr:
[INFO] [stdout] Error: Os { code: 30, kind: ReadOnlyFilesystem, message: "Read-only file system" }
[INFO] [stdout] 
[INFO] [stdout] 
[INFO] [stdout] ---- src/cookbook.rs - cookbook (line 370) stdout ----
[INFO] [stdout] Test executable failed (exit status: 1).
[INFO] [stdout] 
[INFO] [stdout] stderr:
[INFO] [stdout] Error: Os { code: 30, kind: ReadOnlyFilesystem, message: "Read-only file system" }
[INFO] [stdout] 
[INFO] [stdout] 
[INFO] [stdout] ---- src/env.rs - env::Env::set_flags (line 739) stdout ----
[INFO] [stdout] Test executable failed (exit status: 1).
[INFO] [stdout] 
[INFO] [stdout] stderr:
[INFO] [stdout] Error: Os { code: 30, kind: ReadOnlyFilesystem, message: "Read-only file system" }
[INFO] [stdout] 
[INFO] [stdout] 
[INFO] [stdout] ---- src/env.rs - env::EnvOpenOptions::flags (line 286) stdout ----
[INFO] [stdout] Test executable failed (exit status: 1).
[INFO] [stdout] 
[INFO] [stdout] stderr:
[INFO] [stdout] Error: Os { code: 30, kind: ReadOnlyFilesystem, message: "Read-only file system" }
[INFO] [stdout] 
[INFO] [stdout] 
[INFO] [stdout] 
[INFO] [stdout] failures:
[INFO] [stdout]     src/cookbook.rs - cookbook (line 148)
[INFO] [stdout]     src/cookbook.rs - cookbook (line 15)
[INFO] [stdout]     src/cookbook.rs - cookbook (line 292)
[INFO] [stdout]     src/cookbook.rs - cookbook (line 370)
[INFO] [stdout]     src/cookbook.rs - cookbook (line 86)
[INFO] [stdout]     src/env.rs - env::Env::set_flags (line 739)
[INFO] [stdout]     src/env.rs - env::EnvOpenOptions::flags (line 286)
[INFO] [stdout] 
[INFO] [stdout] test result: FAILED. 49 passed; 7 failed; 0 ignored; 0 measured; 0 filtered out; finished in 9.52s
[INFO] [stdout] 
[INFO] [stderr] error: doctest failed, to rerun pass `--doc`
[INFO] running `Command { std: "docker" "inspect" "4f961d471f2aa0d6a4200dd99d0d3ced514b7b39757385349b0197286495a8f0", kill_on_drop: false }`
[INFO] running `Command { std: "docker" "rm" "-f" "4f961d471f2aa0d6a4200dd99d0d3ced514b7b39757385349b0197286495a8f0", kill_on_drop: false }`
[INFO] [stdout] 4f961d471f2aa0d6a4200dd99d0d3ced514b7b39757385349b0197286495a8f0
