[INFO] fetching crate hashtree-fuser 0.14.0-hashtree.1...
[INFO] testing hashtree-fuser-0.14.0-hashtree.1 against 1.100.0-beta.1+cargoflags=--release for beta-release-1.100-2
[INFO] extracting crate hashtree-fuser 0.14.0-hashtree.1 into /workspace/builds/worker-6-tc2/source
[INFO] removed /workspace/builds/worker-6-tc2/source/rust-toolchain
[INFO] started tweaking crates.io crate hashtree-fuser 0.14.0-hashtree.1
[INFO] removed 0 missing examples
[INFO] removed 0 missing tests
[INFO] finished tweaking crates.io crate hashtree-fuser 0.14.0-hashtree.1
[INFO] tweaked toml for crates.io crate hashtree-fuser 0.14.0-hashtree.1 written to /workspace/builds/worker-6-tc2/source/Cargo.toml
[INFO] validating manifest of crates.io crate hashtree-fuser 0.14.0-hashtree.1 on toolchain 1.100.0-beta.1
[INFO] running `Command { std: CARGO_HOME="/workspace/cargo-home" RUSTUP_HOME="/workspace/rustup-home" "/workspace/cargo-home/bin/cargo" "+1.100.0-beta.1" "metadata" "--manifest-path" "Cargo.toml" "--no-deps", kill_on_drop: false }`
[INFO] crate crates.io crate hashtree-fuser 0.14.0-hashtree.1 already has a lockfile, it will not be regenerated
[INFO] running `Command { std: CARGO_HOME="/workspace/cargo-home" RUSTUP_HOME="/workspace/rustup-home" "/workspace/cargo-home/bin/cargo" "+1.100.0-beta.1" "fetch" "--manifest-path" "Cargo.toml", kill_on_drop: false }`
[INFO] running `Command { std: "docker" "create" "-v" "/var/lib/crater-agent-workspace/builds/worker-6-tc2/source:/opt/rustwide/workdir:ro,Z" "-v" "/var/lib/crater-agent-workspace/builds/worker-6-tc2/target:/opt/rustwide/target:rw,Z" "-v" "/var/lib/crater-agent-workspace/cargo-home:/opt/rustwide/cargo-home:ro,Z" "-v" "/var/lib/crater-agent-workspace/rustup-home:/opt/rustwide/rustup-home:ro,Z" "-m" "1610612736" "--network" "none" "ghcr.io/rust-lang/crates-build-env/linux@sha256:77db811e55d90add9212f6832c23229e3de5f1c1f9905e8cb07319ea15df73ac" "sleep" "infinity", kill_on_drop: false }`
[INFO] [stdout] 51c7e0aaf2f81ac965ee78c15a5be4b57afc13c3359397dab6577922d8d339df
[INFO] running `Command { std: "docker" "start" "51c7e0aaf2f81ac965ee78c15a5be4b57afc13c3359397dab6577922d8d339df", kill_on_drop: false }`
[INFO] running `Command { std: "docker" "inspect" "51c7e0aaf2f81ac965ee78c15a5be4b57afc13c3359397dab6577922d8d339df", kill_on_drop: false }`
[INFO] running `Command { std: "docker" "exec" "-e" "SOURCE_DIR=/opt/rustwide/workdir" "-e" "CARGO_HOME=/opt/rustwide/cargo-home" "-e" "RUSTUP_HOME=/opt/rustwide/rustup-home" "-e" "CARGO_TARGET_DIR=/opt/rustwide/target" "-w" "/opt/rustwide/workdir" "--user" "0:0" "51c7e0aaf2f81ac965ee78c15a5be4b57afc13c3359397dab6577922d8d339df" "/opt/rustwide/cargo-home/bin/cargo" "+1.100.0-beta.1" "metadata" "--no-deps" "--format-version=1", kill_on_drop: false }`
[INFO] running `Command { std: "docker" "inspect" "51c7e0aaf2f81ac965ee78c15a5be4b57afc13c3359397dab6577922d8d339df", kill_on_drop: false }`
[INFO] running `Command { std: "docker" "exec" "-e" "SOURCE_DIR=/opt/rustwide/workdir" "-e" "CARGO_HOME=/opt/rustwide/cargo-home" "-e" "RUSTUP_HOME=/opt/rustwide/rustup-home" "-e" "CARGO_TARGET_DIR=/opt/rustwide/target" "-e" "CARGO_INCREMENTAL=0" "-e" "RUST_BACKTRACE=full" "-e" "RUSTFLAGS=--cap-lints=warn" "-e" "RUSTDOCFLAGS=--cap-lints=warn" "-w" "/opt/rustwide/workdir" "--user" "0:0" "51c7e0aaf2f81ac965ee78c15a5be4b57afc13c3359397dab6577922d8d339df" "/opt/rustwide/cargo-home/bin/cargo" "+1.100.0-beta.1" "build" "--frozen" "--message-format=json" "--release", kill_on_drop: false }`
[INFO] [stderr]    Compiling log v0.4.32
[INFO] [stderr]    Compiling memchr v2.8.1
[INFO] [stderr]    Compiling hashtree-fuser v0.14.0-hashtree.1 (/opt/rustwide/workdir)
[INFO] [stderr]    Compiling page_size v0.6.0
[INFO] [stderr]    Compiling zerocopy-derive v0.7.35
[INFO] [stderr]    Compiling zerocopy v0.7.35
[INFO] [stderr] warning: unused dependency `page_size`
[INFO] [stderr]   --> Cargo.toml:17:15
[INFO] [stderr]    |
[INFO] [stderr] 17 | [dependencies.page_size]
[INFO] [stderr]    |               ^^^^^^^^^^
[INFO] [stderr]    |
[INFO] [stderr]    = note: `cargo::unused_dependencies` is set to `warn` by default
[INFO] [stderr] help: consider removing the dependency on `page_size`
[INFO] [stderr] warning: `hashtree-fuser` (manifest) generated 1 warning
[INFO] [stderr]     Finished `release` profile [optimized] target(s) in 4.19s
[INFO] running `Command { std: "docker" "inspect" "51c7e0aaf2f81ac965ee78c15a5be4b57afc13c3359397dab6577922d8d339df", kill_on_drop: false }`
[INFO] running `Command { std: "docker" "exec" "-e" "SOURCE_DIR=/opt/rustwide/workdir" "-e" "CARGO_HOME=/opt/rustwide/cargo-home" "-e" "RUSTUP_HOME=/opt/rustwide/rustup-home" "-e" "CARGO_TARGET_DIR=/opt/rustwide/target" "-e" "CARGO_INCREMENTAL=0" "-e" "RUST_BACKTRACE=full" "-e" "RUSTFLAGS=--cap-lints=warn" "-e" "RUSTDOCFLAGS=--cap-lints=warn" "-w" "/opt/rustwide/workdir" "--user" "0:0" "51c7e0aaf2f81ac965ee78c15a5be4b57afc13c3359397dab6577922d8d339df" "/opt/rustwide/cargo-home/bin/cargo" "+1.100.0-beta.1" "test" "--frozen" "--no-run" "--message-format=json" "--release", kill_on_drop: false }`
[INFO] [stderr]    Compiling aho-corasick v1.1.4
[INFO] [stderr]    Compiling zerocopy-derive v0.7.35
[INFO] [stderr]    Compiling serde_derive v1.0.228
[INFO] [stderr]    Compiling clap_derive v4.6.1
[INFO] [stderr]    Compiling humantime v2.3.0
[INFO] [stderr]    Compiling page_size v0.6.0
[INFO] [stderr]    Compiling clap_builder v4.6.0
[INFO] [stderr]    Compiling is-terminal v0.4.17
[INFO] [stderr]    Compiling getrandom v0.4.2
[INFO] [stderr]    Compiling nix v0.27.1
[INFO] [stderr]    Compiling tempfile v3.27.0
[INFO] [stderr]    Compiling zerocopy v0.7.35
[INFO] [stderr]    Compiling hashtree-fuser v0.14.0-hashtree.1 (/opt/rustwide/workdir)
[INFO] [stderr]    Compiling regex-automata v0.4.14
[INFO] [stderr]    Compiling serde v1.0.228
[INFO] [stderr]    Compiling clap v4.6.1
[INFO] [stderr]    Compiling bincode v1.3.3
[INFO] [stderr]    Compiling regex v1.12.3
[INFO] [stderr]    Compiling env_logger v0.10.2
[INFO] [stdout] warning: field `0` is never read
[INFO] [stdout]   --> tests/integration_tests.rs:11:21
[INFO] [stdout]    |
[INFO] [stdout] 11 |     struct NoSendFS(Rc<()>);
[INFO] [stdout]    |            -------- ^^^^^^
[INFO] [stdout]    |            |
[INFO] [stdout]    |            field in this struct
[INFO] [stdout]    |
[INFO] [stdout]    = help: consider removing this field
[INFO] [stdout]    = note: `#[warn(dead_code)]` (part of `#[warn(unused)]`) on by default
[INFO] [stdout] 
[INFO] [stdout] 
[INFO] [stderr] warning: unused dependency `page_size`
[INFO] [stderr]   --> Cargo.toml:17:15
[INFO] [stderr]    |
[INFO] [stderr] 17 | [dependencies.page_size]
[INFO] [stderr]    |               ^^^^^^^^^^
[INFO] [stderr]    |
[INFO] [stderr]    = note: `cargo::unused_dependencies` is set to `warn` by default
[INFO] [stderr] help: consider removing the dependency on `page_size`
[INFO] [stderr] warning: `hashtree-fuser` (manifest) generated 1 warning
[INFO] [stderr]     Finished `release` profile [optimized] target(s) in 30.62s
[INFO] running `Command { std: "docker" "inspect" "51c7e0aaf2f81ac965ee78c15a5be4b57afc13c3359397dab6577922d8d339df", kill_on_drop: false }`
[INFO] running `Command { std: "docker" "exec" "-e" "SOURCE_DIR=/opt/rustwide/workdir" "-e" "CARGO_HOME=/opt/rustwide/cargo-home" "-e" "RUSTUP_HOME=/opt/rustwide/rustup-home" "-e" "CARGO_TARGET_DIR=/opt/rustwide/target" "-e" "CARGO_INCREMENTAL=0" "-e" "RUST_BACKTRACE=full" "-e" "RUSTFLAGS=--cap-lints=warn" "-e" "RUSTDOCFLAGS=--cap-lints=warn" "-w" "/opt/rustwide/workdir" "--user" "0:0" "51c7e0aaf2f81ac965ee78c15a5be4b57afc13c3359397dab6577922d8d339df" "/opt/rustwide/cargo-home/bin/cargo" "+1.100.0-beta.1" "test" "--frozen" "--release", kill_on_drop: false }`
[INFO] [stderr] warning: field `0` is never read
[INFO] [stderr]   --> tests/integration_tests.rs:11:21
[INFO] [stderr]    |
[INFO] [stderr] 11 |     struct NoSendFS(Rc<()>);
[INFO] [stderr]    |            -------- ^^^^^^
[INFO] [stderr]    |            |
[INFO] [stderr]    |            field in this struct
[INFO] [stderr]    |
[INFO] [stderr]    = help: consider removing this field
[INFO] [stderr]    = note: `#[warn(dead_code)]` (part of `#[warn(unused)]`) on by default
[INFO] [stderr] 
[INFO] [stderr] warning: `hashtree-fuser` (test "integration_tests") generated 1 warning
[INFO] [stderr] warning: unused dependency `page_size`
[INFO] [stderr]   --> Cargo.toml:17:15
[INFO] [stderr]    |
[INFO] [stderr] 17 | [dependencies.page_size]
[INFO] [stderr]    |               ^^^^^^^^^^
[INFO] [stderr]    |
[INFO] [stderr]    = note: `cargo::unused_dependencies` is set to `warn` by default
[INFO] [stderr] help: consider removing the dependency on `page_size`
[INFO] [stderr] warning: `hashtree-fuser` (manifest) generated 1 warning
[INFO] [stderr]     Finished `release` profile [optimized] target(s) in 0.10s
[INFO] [stderr]      Running unittests src/lib.rs (/opt/rustwide/target/release/build/hashtree-fuser/5a28db31ff4b9ece/out/fuser-5a28db31ff4b9ece)
[INFO] [stdout] 
[INFO] [stdout] running 48 tests
[INFO] [stderr] fuse: device not found, try 'modprobe fuse' first
[INFO] [stdout] test ll::argument::tests::generic_argument ... ok
[INFO] [stdout] test ll::argument::tests::all_data ... ok
[INFO] [stdout] test ll::reply::test::reply_lock ... ok
[INFO] [stdout] test ll::reply::test::reply_statfs ... ok
[INFO] [stdout] test ll::reply::test::reply_open ... ok
[INFO] [stdout] test ll::reply::test::reply_xattr_data ... ok
[INFO] [stdout] test ll::reply::test::reply_empty ... ok
[INFO] [stdout] test ll::reply::test::reply_bmap ... ok
[INFO] [stdout] test ll::reply::test::reply_create ... ok
[INFO] [stdout] test ll::reply::test::reply_entry ... ok
[INFO] [stdout] test ll::reply::test::reply_write ... ok
[INFO] [stdout] test ll::request::tests::short_read_header ... ok
[INFO] [stdout] test ll::request::tests::mknod ... ok
[INFO] [stdout] test mnt::mount_options::test::option_checking ... ok
[INFO] [stdout] test mnt::mount_options::test::option_round_trip ... ok
[INFO] [stdout] test mnt::test::fuse_args ... ok
[INFO] [stdout] test mnt::mount_options::test::test_parse_options ... ok
[INFO] [stdout] test reply::test::reply_attr ... ok
[INFO] [stdout] test reply::test::reply_bmap ... ok
[INFO] [stdout] test ll::reply::test::reply_xattr_size ... ok
[INFO] [stdout] test reply::test::reply_data ... ok
[INFO] [stdout] test reply::test::reply_create ... ok
[INFO] [stdout] test reply::test::reply_directory ... ok
[INFO] [stdout] test reply::test::async_reply ... ok
[INFO] [stdout] test reply::test::reply_empty ... ok
[INFO] [stdout] test ll::argument::tests::mixed_arguments ... ok
[INFO] [stdout] test ll::argument::tests::out_of_data ... ok
[INFO] [stdout] test ll::request::tests::short_read ... ok
[INFO] [stdout] test ll::reply::test::reply_attr ... ok
[INFO] [stdout] test ll::reply::test::reply_directory ... ok
[INFO] [stdout] test ll::request::tests::init ... ok
[INFO] [stdout] test ll::argument::tests::string_argument ... ok
[INFO] [stdout] test ll::reply::test::reply_data ... ok
[INFO] [stdout] test mnt::test::mount_unmount ... FAILED
[INFO] [stdout] test reply::test::reply_entry ... ok
[INFO] [stdout] test reply::test::reply_error ... ok
[INFO] [stdout] test reply::test::reply_lock ... ok
[INFO] [stdout] test reply::test::reply_open ... ok
[INFO] [stdout] test reply::test::reply_raw ... ok
[INFO] [stdout] test ll::request::tests::checked_system_time_from_unsigned_returns_none_on_overflow ... ok
[INFO] [stdout] test reply::test::reply_statfs ... ok
[INFO] [stdout] test reply::test::reply_write ... ok
[INFO] [stdout] test reply::test::serialize_empty ... ok
[INFO] [stdout] test reply::test::serialize_slice ... ok
[INFO] [stdout] test reply::test::serialize_struct ... ok
[INFO] [stdout] test reply::test::reply_xattr_data ... ok
[INFO] [stdout] test ll::reply::test::reply_error ... ok
[INFO] [stdout] test reply::test::reply_xattr_size ... ok
[INFO] [stdout] 
[INFO] [stdout] failures:
[INFO] [stdout] 
[INFO] [stdout] ---- mnt::test::mount_unmount stdout ----
[INFO] [stdout] 
[INFO] [stdout] thread 'mnt::test::mount_unmount' (841) panicked at src/mnt/mod.rs:165:57:
[INFO] [stdout] called `Result::unwrap()` on an `Err` value: Os { code: 2, kind: NotFound, message: "No such file or directory" }
[INFO] [stdout] stack backtrace:
[INFO] [stdout]    0:     0x6122b1135a31 - <<std[617be2ca0a6fd877]::sys::backtrace::BacktraceLock>::print::DisplayBacktrace as core[a373ad73a504971]::fmt::Display>::fmt
[INFO] [stdout]    1:     0x6122b114a59a - core[a373ad73a504971]::fmt::write
[INFO] [stdout]    2:     0x6122b1139fac - <alloc[2e1b2a31b91974c5]::vec::Vec<u8> as core[a373ad73a504971]::io::write::Write>::write_fmt
[INFO] [stdout]    3:     0x6122b1110ab6 - std[617be2ca0a6fd877]::panicking::default_hook::{closure#0}
[INFO] [stdout]    4:     0x6122b112d9a9 - std[617be2ca0a6fd877]::panicking::default_hook
[INFO] [stdout]    5:     0x6122b10c9100 - test[aada8e7e76ba119b]::test_main_inner::{closure#0}
[INFO] [stdout]    6:     0x6122b112db62 - std[617be2ca0a6fd877]::panicking::panic_with_hook
[INFO] [stdout]    7:     0x6122b1110b62 - std[617be2ca0a6fd877]::panicking::panic_handler::{closure#0}
[INFO] [stdout]    8:     0x6122b1109729 - std[617be2ca0a6fd877]::sys::backtrace::__rust_end_short_backtrace::<std[617be2ca0a6fd877]::panicking::panic_handler::{closure#0}, !>
[INFO] [stdout]    9:     0x6122b111176d - __rustc[ea4f61d10b84890b]::rust_begin_unwind
[INFO] [stdout]   10:     0x6122b114accc - core[a373ad73a504971]::panicking::panic_fmt
[INFO] [stdout]   11:     0x6122b114aaa2 - core[a373ad73a504971]::result::unwrap_failed
[INFO] [stdout]   12:     0x6122b10a6ba4 - <fuser[eb5871c01d8e25e0]::mnt::test::mount_unmount::{closure#0} as core[a373ad73a504971]::ops::function::FnOnce<()>>::call_once
[INFO] [stdout]   13:     0x6122b10bc54b - test[aada8e7e76ba119b]::__rust_begin_short_backtrace::<core[a373ad73a504971]::result::Result<(), alloc[2e1b2a31b91974c5]::string::String>, fn() -> core[a373ad73a504971]::result::Result<(), alloc[2e1b2a31b91974c5]::string::String>>
[INFO] [stdout]   14:     0x6122b10c9725 - test[aada8e7e76ba119b]::run_test::{closure#0}
[INFO] [stdout]   15:     0x6122b10c3014 - std[617be2ca0a6fd877]::sys::backtrace::__rust_begin_short_backtrace::<test[aada8e7e76ba119b]::run_test::{closure#1}, ()>
[INFO] [stdout]   16:     0x6122b10cc7b2 - <std[617be2ca0a6fd877]::thread::lifecycle::spawn_unchecked<test[aada8e7e76ba119b]::run_test::{closure#1}, ()>::{closure#1} as core[a373ad73a504971]::ops::function::FnOnce<()>>::call_once::{shim:vtable#0}
[INFO] [stdout]   17:     0x6122b113528f - <std[617be2ca0a6fd877]::sys::thread::unix::Thread>::new::thread_start
[INFO] [stdout]   18:     0x7dbeb71e7dfa - <unknown>
[INFO] [stdout]   19:     0x7dbeb727b3d4 - clone
[INFO] [stdout]   20:                0x0 - <unknown>
[INFO] [stdout] 
[INFO] [stdout] 
[INFO] [stdout] failures:
[INFO] [stdout]     mnt::test::mount_unmount
[INFO] [stdout] 
[INFO] [stdout] test result: FAILED. 47 passed; 1 failed; 0 ignored; 0 measured; 0 filtered out; finished in 0.01s
[INFO] [stdout] 
[INFO] [stderr] error: test failed, to rerun pass `--lib`
[INFO] running `Command { std: "docker" "inspect" "51c7e0aaf2f81ac965ee78c15a5be4b57afc13c3359397dab6577922d8d339df", kill_on_drop: false }`
[INFO] running `Command { std: "docker" "rm" "-f" "51c7e0aaf2f81ac965ee78c15a5be4b57afc13c3359397dab6577922d8d339df", kill_on_drop: false }`
[INFO] [stdout] 51c7e0aaf2f81ac965ee78c15a5be4b57afc13c3359397dab6577922d8d339df
