[INFO] fetching crate hashring 0.3.6...
[INFO] testing hashring-0.3.6 against 1.99.0-beta.8+cargoflags=--release for beta-release-1.100-2
[INFO] extracting crate hashring 0.3.6 into /workspace/builds/worker-5-tc1/source
[INFO] started tweaking crates.io crate hashring 0.3.6
[INFO] finished tweaking crates.io crate hashring 0.3.6
[INFO] tweaked toml for crates.io crate hashring 0.3.6 written to /workspace/builds/worker-5-tc1/source/Cargo.toml
[INFO] validating manifest of crates.io crate hashring 0.3.6 on toolchain 1.99.0-beta.8
[INFO] running `Command { std: CARGO_HOME="/workspace/cargo-home" RUSTUP_HOME="/workspace/rustup-home" "/workspace/cargo-home/bin/cargo" "+1.99.0-beta.8" "metadata" "--manifest-path" "Cargo.toml" "--no-deps", kill_on_drop: false }`
[INFO] running `Command { std: CARGO_HOME="/workspace/cargo-home" RUSTUP_HOME="/workspace/rustup-home" "/workspace/cargo-home/bin/cargo" "+1.99.0-beta.8" "generate-lockfile" "--manifest-path" "Cargo.toml", kill_on_drop: false }`
[INFO] [stderr]     Updating crates.io index
[INFO] [stderr]      Locking 1 package to highest compatible version
[INFO] [stderr]       Adding siphasher v0.3.11 (available: v1.0.4)
[INFO] running `Command { std: CARGO_HOME="/workspace/cargo-home" RUSTUP_HOME="/workspace/rustup-home" "/workspace/cargo-home/bin/cargo" "+1.99.0-beta.8" "fetch" "--manifest-path" "Cargo.toml", kill_on_drop: false }`
[INFO] [stderr] warning: Cargo.toml: `package.edition` is unspecified, defaulting to `2015` while the latest is `2024`
[INFO] [stderr] warning: `hashring` (manifest) generated 1 warning
[INFO] running `Command { std: "docker" "create" "-v" "/var/lib/crater-agent-workspace/builds/worker-5-tc1/source:/opt/rustwide/workdir:ro,Z" "-v" "/var/lib/crater-agent-workspace/builds/worker-5-tc1/target:/opt/rustwide/target:rw,Z" "-v" "/var/lib/crater-agent-workspace/cargo-home:/opt/rustwide/cargo-home:ro,Z" "-v" "/var/lib/crater-agent-workspace/rustup-home:/opt/rustwide/rustup-home:ro,Z" "-m" "1610612736" "--network" "none" "ghcr.io/rust-lang/crates-build-env/linux@sha256:77db811e55d90add9212f6832c23229e3de5f1c1f9905e8cb07319ea15df73ac" "sleep" "infinity", kill_on_drop: false }`
[INFO] [stdout] 5bd228029f2e1000f7780cfb462192559b6a06d49db564e9edf517f02eb29134
[INFO] running `Command { std: "docker" "start" "5bd228029f2e1000f7780cfb462192559b6a06d49db564e9edf517f02eb29134", kill_on_drop: false }`
[INFO] running `Command { std: "docker" "inspect" "5bd228029f2e1000f7780cfb462192559b6a06d49db564e9edf517f02eb29134", kill_on_drop: false }`
[INFO] running `Command { std: "docker" "exec" "-e" "SOURCE_DIR=/opt/rustwide/workdir" "-e" "CARGO_HOME=/opt/rustwide/cargo-home" "-e" "RUSTUP_HOME=/opt/rustwide/rustup-home" "-e" "CARGO_TARGET_DIR=/opt/rustwide/target" "-w" "/opt/rustwide/workdir" "--user" "0:0" "5bd228029f2e1000f7780cfb462192559b6a06d49db564e9edf517f02eb29134" "/opt/rustwide/cargo-home/bin/cargo" "+1.99.0-beta.8" "metadata" "--no-deps" "--format-version=1", kill_on_drop: false }`
[INFO] running `Command { std: "docker" "inspect" "5bd228029f2e1000f7780cfb462192559b6a06d49db564e9edf517f02eb29134", kill_on_drop: false }`
[INFO] running `Command { std: "docker" "exec" "-e" "SOURCE_DIR=/opt/rustwide/workdir" "-e" "CARGO_HOME=/opt/rustwide/cargo-home" "-e" "RUSTUP_HOME=/opt/rustwide/rustup-home" "-e" "CARGO_TARGET_DIR=/opt/rustwide/target" "-e" "CARGO_INCREMENTAL=0" "-e" "RUST_BACKTRACE=full" "-e" "RUSTFLAGS=--cap-lints=warn" "-e" "RUSTDOCFLAGS=--cap-lints=warn" "-w" "/opt/rustwide/workdir" "--user" "0:0" "5bd228029f2e1000f7780cfb462192559b6a06d49db564e9edf517f02eb29134" "/opt/rustwide/cargo-home/bin/cargo" "+1.99.0-beta.8" "build" "--frozen" "--message-format=json" "--release", kill_on_drop: false }`
[INFO] [stderr] warning: Cargo.toml: `package.edition` is unspecified, defaulting to `2015` while the latest is `2024`
[INFO] [stderr] warning: `hashring` (manifest) generated 1 warning
[INFO] [stderr]    Compiling siphasher v0.3.11
[INFO] [stderr]    Compiling hashring v0.3.6 (/opt/rustwide/workdir)
[INFO] [stderr]     Finished `release` profile [optimized] target(s) in 0.32s
[INFO] running `Command { std: "docker" "inspect" "5bd228029f2e1000f7780cfb462192559b6a06d49db564e9edf517f02eb29134", kill_on_drop: false }`
[INFO] running `Command { std: "docker" "exec" "-e" "SOURCE_DIR=/opt/rustwide/workdir" "-e" "CARGO_HOME=/opt/rustwide/cargo-home" "-e" "RUSTUP_HOME=/opt/rustwide/rustup-home" "-e" "CARGO_TARGET_DIR=/opt/rustwide/target" "-e" "CARGO_INCREMENTAL=0" "-e" "RUST_BACKTRACE=full" "-e" "RUSTFLAGS=--cap-lints=warn" "-e" "RUSTDOCFLAGS=--cap-lints=warn" "-w" "/opt/rustwide/workdir" "--user" "0:0" "5bd228029f2e1000f7780cfb462192559b6a06d49db564e9edf517f02eb29134" "/opt/rustwide/cargo-home/bin/cargo" "+1.99.0-beta.8" "test" "--frozen" "--no-run" "--message-format=json" "--release", kill_on_drop: false }`
[INFO] [stderr] warning: Cargo.toml: `package.edition` is unspecified, defaulting to `2015` while the latest is `2024`
[INFO] [stderr] warning: `hashring` (manifest) generated 1 warning
[INFO] [stderr]    Compiling hashring v0.3.6 (/opt/rustwide/workdir)
[INFO] [stderr]     Finished `release` profile [optimized] target(s) in 0.83s
[INFO] running `Command { std: "docker" "inspect" "5bd228029f2e1000f7780cfb462192559b6a06d49db564e9edf517f02eb29134", kill_on_drop: false }`
[INFO] running `Command { std: "docker" "exec" "-e" "SOURCE_DIR=/opt/rustwide/workdir" "-e" "CARGO_HOME=/opt/rustwide/cargo-home" "-e" "RUSTUP_HOME=/opt/rustwide/rustup-home" "-e" "CARGO_TARGET_DIR=/opt/rustwide/target" "-e" "CARGO_INCREMENTAL=0" "-e" "RUST_BACKTRACE=full" "-e" "RUSTFLAGS=--cap-lints=warn" "-e" "RUSTDOCFLAGS=--cap-lints=warn" "-w" "/opt/rustwide/workdir" "--user" "0:0" "5bd228029f2e1000f7780cfb462192559b6a06d49db564e9edf517f02eb29134" "/opt/rustwide/cargo-home/bin/cargo" "+1.99.0-beta.8" "test" "--frozen" "--release", kill_on_drop: false }`
[INFO] [stderr] warning: Cargo.toml: `package.edition` is unspecified, defaulting to `2015` while the latest is `2024`
[INFO] [stderr] warning: `hashring` (manifest) generated 1 warning
[INFO] [stderr]     Finished `release` profile [optimized] target(s) in 0.01s
[INFO] [stderr]      Running unittests src/lib.rs (/opt/rustwide/target/release/deps/hashring-ad527bb88c53a94f)
[INFO] [stdout] 
[INFO] [stdout] running 6 tests
[INFO] [stdout] test tests::hash_ring_eq ... ok
[INFO] [stdout] test tests::into_iter ... FAILED
[INFO] [stdout] test tests::get_nodes ... FAILED
[INFO] [stdout] test tests::get_with_replicas_returns_too_many_replicas ... FAILED
[INFO] [stdout] test tests::get_nodes_with_replicas ... FAILED
[INFO] [stderr] error: test failed, to rerun pass `--lib`
[INFO] [stdout] test tests::add_and_remove_nodes ... ok
[INFO] [stdout] 
[INFO] [stdout] failures:
[INFO] [stdout] 
[INFO] [stdout] ---- tests::into_iter stdout ----
[INFO] [stdout] 
[INFO] [stdout] thread 'tests::into_iter' (165) panicked at src/lib.rs:494:9:
[INFO] [stdout] assertion `left == right` failed
[INFO] [stdout]   left: Some(VNode { id: 1, addr: 127.0.0.2:1024 })
[INFO] [stdout]  right: Some(VNode { id: 1, addr: 127.0.0.1:1024 })
[INFO] [stdout] stack backtrace:
[INFO] [stdout]    0:     0x5a6817c2c771 - <<std[70759c8f55707aa4]::sys::backtrace::BacktraceLock>::print::DisplayBacktrace as core[df12db4294e9bfd3]::fmt::Display>::fmt
[INFO] [stdout]    1:     0x5a6817c40dfa - core[df12db4294e9bfd3]::fmt::write
[INFO] [stdout]    2:     0x5a6817c30c0c - <alloc[2182bb758b4b3781]::vec::Vec<u8> as core[df12db4294e9bfd3]::io::write::Write>::write_fmt
[INFO] [stdout]    3:     0x5a6817c08d66 - std[70759c8f55707aa4]::panicking::default_hook::{closure#0}
[INFO] [stdout]    4:     0x5a6817c24ed9 - std[70759c8f55707aa4]::panicking::default_hook
[INFO] [stdout]    5:     0x5a6817bc1360 - test[9d35eded1c95d3be]::test_main_inner::<test[9d35eded1c95d3be]::test_main_static::{closure#0}>::{closure#0}
[INFO] [stdout]    6:     0x5a6817c25092 - std[70759c8f55707aa4]::panicking::panic_with_hook
[INFO] [stdout]    7:     0x5a6817c08e12 - std[70759c8f55707aa4]::panicking::panic_handler::{closure#0}
[INFO] [stdout]    8:     0x5a6817c01b99 - std[70759c8f55707aa4]::sys::backtrace::__rust_end_short_backtrace::<std[70759c8f55707aa4]::panicking::panic_handler::{closure#0}, !>
[INFO] [stdout]    9:     0x5a6817c09a0d - __rustc[8fa7c3cbc660c2b3]::rust_begin_unwind
[INFO] [stdout]   10:     0x5a6817c4152c - core[df12db4294e9bfd3]::panicking::panic_fmt
[INFO] [stdout]   11:     0x5a6817c41443 - core[df12db4294e9bfd3]::panicking::assert_failed_inner
[INFO] [stdout]   12:     0x5a6817bafb00 - core[df12db4294e9bfd3]::panicking::assert_failed::<core[df12db4294e9bfd3]::option::Option<hashring[1ddeb9ba12827d14]::tests::VNode>, core[df12db4294e9bfd3]::option::Option<hashring[1ddeb9ba12827d14]::tests::VNode>>
[INFO] [stdout]   13:     0x5a6817bb445b - hashring[1ddeb9ba12827d14]::tests::into_iter
[INFO] [stdout]   14:     0x5a6817bafa29 - <hashring[1ddeb9ba12827d14]::tests::into_iter::{closure#0} as core[df12db4294e9bfd3]::ops::function::FnOnce<()>>::call_once
[INFO] [stdout]   15:     0x5a6817bb464b - test[9d35eded1c95d3be]::__rust_begin_short_backtrace::<core[df12db4294e9bfd3]::result::Result<(), alloc[2182bb758b4b3781]::string::String>, fn() -> core[df12db4294e9bfd3]::result::Result<(), alloc[2182bb758b4b3781]::string::String>>
[INFO] [stdout]   16:     0x5a6817bc1cb5 - test[9d35eded1c95d3be]::run_test::{closure#0}
[INFO] [stdout]   17:     0x5a6817bbb574 - std[70759c8f55707aa4]::sys::backtrace::__rust_begin_short_backtrace::<test[9d35eded1c95d3be]::run_test::{closure#1}, ()>
[INFO] [stdout]   18:     0x5a6817bc4e12 - <std[70759c8f55707aa4]::thread::lifecycle::spawn_unchecked<test[9d35eded1c95d3be]::run_test::{closure#1}, ()>::{closure#1} as core[df12db4294e9bfd3]::ops::function::FnOnce<()>>::call_once::{shim:vtable#0}
[INFO] [stdout]   19:     0x5a6817c2c049 - <std[70759c8f55707aa4]::sys::thread::unix::Thread>::new::thread_start
[INFO] [stdout]   20:     0x78f7d9ef6dfa - <unknown>
[INFO] [stdout]   21:     0x78f7d9f8a3d4 - clone
[INFO] [stdout]   22:                0x0 - <unknown>
[INFO] [stdout] 
[INFO] [stdout] ---- tests::get_nodes stdout ----
[INFO] [stdout] 
[INFO] [stdout] thread 'tests::get_nodes' (161) panicked at src/lib.rs:379:9:
[INFO] [stdout] assertion `left == right` failed
[INFO] [stdout]   left: Some(VNode { id: 1, addr: 127.0.0.2:1024 })
[INFO] [stdout]  right: Some(VNode { id: 1, addr: 127.0.0.3:1024 })
[INFO] [stdout] stack backtrace:
[INFO] [stdout]    0:     0x5a6817c2c771 - <<std[70759c8f55707aa4]::sys::backtrace::BacktraceLock>::print::DisplayBacktrace as core[df12db4294e9bfd3]::fmt::Display>::fmt
[INFO] [stdout]    1:     0x5a6817c40dfa - core[df12db4294e9bfd3]::fmt::write
[INFO] [stdout]    2:     0x5a6817c30c0c - <alloc[2182bb758b4b3781]::vec::Vec<u8> as core[df12db4294e9bfd3]::io::write::Write>::write_fmt
[INFO] [stdout]    3:     0x5a6817c08d66 - std[70759c8f55707aa4]::panicking::default_hook::{closure#0}
[INFO] [stdout]    4:     0x5a6817c24ed9 - std[70759c8f55707aa4]::panicking::default_hook
[INFO] [stdout]    5:     0x5a6817bc1360 - test[9d35eded1c95d3be]::test_main_inner::<test[9d35eded1c95d3be]::test_main_static::{closure#0}>::{closure#0}
[INFO] [stdout]    6:     0x5a6817c25092 - std[70759c8f55707aa4]::panicking::panic_with_hook
[INFO] [stdout]    7:     0x5a6817c08e12 - std[70759c8f55707aa4]::panicking::panic_handler::{closure#0}
[INFO] [stdout]    8:     0x5a6817c01b99 - std[70759c8f55707aa4]::sys::backtrace::__rust_end_short_backtrace::<std[70759c8f55707aa4]::panicking::panic_handler::{closure#0}, !>
[INFO] [stdout]    9:     0x5a6817c09a0d - __rustc[8fa7c3cbc660c2b3]::rust_begin_unwind
[INFO] [stdout]   10:     0x5a6817c4152c - core[df12db4294e9bfd3]::panicking::panic_fmt
[INFO] [stdout]   11:     0x5a6817c41443 - core[df12db4294e9bfd3]::panicking::assert_failed_inner
[INFO] [stdout]   12:     0x5a6817bafb33 - core[df12db4294e9bfd3]::panicking::assert_failed::<core[df12db4294e9bfd3]::option::Option<&hashring[1ddeb9ba12827d14]::tests::VNode>, core[df12db4294e9bfd3]::option::Option<&hashring[1ddeb9ba12827d14]::tests::VNode>>
[INFO] [stdout]   13:     0x5a6817bb4000 - hashring[1ddeb9ba12827d14]::tests::get_nodes
[INFO] [stdout]   14:     0x5a6817bafa09 - <hashring[1ddeb9ba12827d14]::tests::get_nodes::{closure#0} as core[df12db4294e9bfd3]::ops::function::FnOnce<()>>::call_once
[INFO] [stdout]   15:     0x5a6817bb464b - test[9d35eded1c95d3be]::__rust_begin_short_backtrace::<core[df12db4294e9bfd3]::result::Result<(), alloc[2182bb758b4b3781]::string::String>, fn() -> core[df12db4294e9bfd3]::result::Result<(), alloc[2182bb758b4b3781]::string::String>>
[INFO] [stdout]   16:     0x5a6817bc1cb5 - test[9d35eded1c95d3be]::run_test::{closure#0}
[INFO] [stdout]   17:     0x5a6817bbb574 - std[70759c8f55707aa4]::sys::backtrace::__rust_begin_short_backtrace::<test[9d35eded1c95d3be]::run_test::{closure#1}, ()>
[INFO] [stdout]   18:     0x5a6817bc4e12 - <std[70759c8f55707aa4]::thread::lifecycle::spawn_unchecked<test[9d35eded1c95d3be]::run_test::{closure#1}, ()>::{closure#1} as core[df12db4294e9bfd3]::ops::function::FnOnce<()>>::call_once::{shim:vtable#0}
[INFO] [stdout]   19:     0x5a6817c2c049 - <std[70759c8f55707aa4]::sys::thread::unix::Thread>::new::thread_start
[INFO] [stdout]   20:     0x78f7d9ef6dfa - <unknown>
[INFO] [stdout]   21:     0x78f7d9f8a3d4 - clone
[INFO] [stdout]   22:                0x0 - <unknown>
[INFO] [stdout] 
[INFO] [stdout] ---- tests::get_with_replicas_returns_too_many_replicas stdout ----
[INFO] [stdout] 
[INFO] [stdout] thread 'tests::get_with_replicas_returns_too_many_replicas' (163) panicked at src/lib.rs:471:9:
[INFO] [stdout] assertion `left == right` failed: too high of replicas causes the count to shrink to ring length
[INFO] [stdout]   left: [VNode { id: 5, addr: 127.0.0.2:1024 }, VNode { id: 1, addr: 127.0.0.1:1024 }, VNode { id: 4, addr: 127.0.0.2:1024 }, VNode { id: 2, addr: 127.0.0.1:1024 }, VNode { id: 3, addr: 127.0.0.2:1024 }, VNode { id: 6, addr: 127.0.0.3:1024 }]
[INFO] [stdout]  right: [VNode { id: 3, addr: 127.0.0.2:1024 }, VNode { id: 1, addr: 127.0.0.1:1024 }, VNode { id: 2, addr: 127.0.0.1:1024 }, VNode { id: 6, addr: 127.0.0.3:1024 }, VNode { id: 5, addr: 127.0.0.2:1024 }, VNode { id: 4, addr: 127.0.0.2:1024 }]
[INFO] [stdout] stack backtrace:
[INFO] [stdout]    0:     0x5a6817c2c771 - <<std[70759c8f55707aa4]::sys::backtrace::BacktraceLock>::print::DisplayBacktrace as core[df12db4294e9bfd3]::fmt::Display>::fmt
[INFO] [stdout]    1:     0x5a6817c40dfa - core[df12db4294e9bfd3]::fmt::write
[INFO] [stdout]    2:     0x5a6817c30c0c - <alloc[2182bb758b4b3781]::vec::Vec<u8> as core[df12db4294e9bfd3]::io::write::Write>::write_fmt
[INFO] [stdout]    3:     0x5a6817c08d66 - std[70759c8f55707aa4]::panicking::default_hook::{closure#0}
[INFO] [stdout]    4:     0x5a6817c24ed9 - std[70759c8f55707aa4]::panicking::default_hook
[INFO] [stdout]    5:     0x5a6817bc1360 - test[9d35eded1c95d3be]::test_main_inner::<test[9d35eded1c95d3be]::test_main_static::{closure#0}>::{closure#0}
[INFO] [stdout]    6:     0x5a6817c25092 - std[70759c8f55707aa4]::panicking::panic_with_hook
[INFO] [stdout]    7:     0x5a6817c08e12 - std[70759c8f55707aa4]::panicking::panic_handler::{closure#0}
[INFO] [stdout]    8:     0x5a6817c01b99 - std[70759c8f55707aa4]::sys::backtrace::__rust_end_short_backtrace::<std[70759c8f55707aa4]::panicking::panic_handler::{closure#0}, !>
[INFO] [stdout]    9:     0x5a6817c09a0d - __rustc[8fa7c3cbc660c2b3]::rust_begin_unwind
[INFO] [stdout]   10:     0x5a6817c4152c - core[df12db4294e9bfd3]::panicking::panic_fmt
[INFO] [stdout]   11:     0x5a6817c414a3 - core[df12db4294e9bfd3]::panicking::assert_failed_inner
[INFO] [stdout]   12:     0x5a6817bafb66 - core[df12db4294e9bfd3]::panicking::assert_failed::<alloc[2182bb758b4b3781]::vec::Vec<hashring[1ddeb9ba12827d14]::tests::VNode>, alloc[2182bb758b4b3781]::vec::Vec<hashring[1ddeb9ba12827d14]::tests::VNode>>
[INFO] [stdout]   13:     0x5a6817bb3080 - hashring[1ddeb9ba12827d14]::tests::get_with_replicas_returns_too_many_replicas
[INFO] [stdout]   14:     0x5a6817baf9e9 - <hashring[1ddeb9ba12827d14]::tests::get_with_replicas_returns_too_many_replicas::{closure#0} as core[df12db4294e9bfd3]::ops::function::FnOnce<()>>::call_once
[INFO] [stdout]   15:     0x5a6817bb464b - test[9d35eded1c95d3be]::__rust_begin_short_backtrace::<core[df12db4294e9bfd3]::result::Result<(), alloc[2182bb758b4b3781]::string::String>, fn() -> core[df12db4294e9bfd3]::result::Result<(), alloc[2182bb758b4b3781]::string::String>>
[INFO] [stdout]   16:     0x5a6817bc1cb5 - test[9d35eded1c95d3be]::run_test::{closure#0}
[INFO] [stdout]   17:     0x5a6817bbb574 - std[70759c8f55707aa4]::sys::backtrace::__rust_begin_short_backtrace::<test[9d35eded1c95d3be]::run_test::{closure#1}, ()>
[INFO] [stdout]   18:     0x5a6817bc4e12 - <std[70759c8f55707aa4]::thread::lifecycle::spawn_unchecked<test[9d35eded1c95d3be]::run_test::{closure#1}, ()>::{closure#1} as core[df12db4294e9bfd3]::ops::function::FnOnce<()>>::call_once::{shim:vtable#0}
[INFO] [stdout]   19:     0x5a6817c2c049 - <std[70759c8f55707aa4]::sys::thread::unix::Thread>::new::thread_start
[INFO] [stdout]   20:     0x78f7d9ef6dfa - <unknown>
[INFO] [stdout]   21:     0x78f7d9f8a3d4 - clone
[INFO] [stdout]   22:                0x0 - <unknown>
[INFO] [stdout] 
[INFO] [stdout] ---- tests::get_nodes_with_replicas stdout ----
[INFO] [stdout] 
[INFO] [stdout] thread 'tests::get_nodes_with_replicas' (162) panicked at src/lib.rs:439:9:
[INFO] [stdout] assertion `left == right` failed
[INFO] [stdout]   left: [VNode { id: 5, addr: 127.0.0.2:1024 }, VNode { id: 1, addr: 127.0.0.1:1024 }, VNode { id: 4, addr: 127.0.0.2:1024 }]
[INFO] [stdout]  right: [VNode { id: 3, addr: 127.0.0.2:1024 }, VNode { id: 1, addr: 127.0.0.1:1024 }, VNode { id: 2, addr: 127.0.0.1:1024 }]
[INFO] [stdout] stack backtrace:
[INFO] [stdout]    0:     0x5a6817c2c771 - <<std[70759c8f55707aa4]::sys::backtrace::BacktraceLock>::print::DisplayBacktrace as core[df12db4294e9bfd3]::fmt::Display>::fmt
[INFO] [stdout]    1:     0x5a6817c40dfa - core[df12db4294e9bfd3]::fmt::write
[INFO] [stdout]    2:     0x5a6817c30c0c - <alloc[2182bb758b4b3781]::vec::Vec<u8> as core[df12db4294e9bfd3]::io::write::Write>::write_fmt
[INFO] [stdout]    3:     0x5a6817c08d66 - std[70759c8f55707aa4]::panicking::default_hook::{closure#0}
[INFO] [stdout]    4:     0x5a6817c24ed9 - std[70759c8f55707aa4]::panicking::default_hook
[INFO] [stdout]    5:     0x5a6817bc1360 - test[9d35eded1c95d3be]::test_main_inner::<test[9d35eded1c95d3be]::test_main_static::{closure#0}>::{closure#0}
[INFO] [stdout]    6:     0x5a6817c25092 - std[70759c8f55707aa4]::panicking::panic_with_hook
[INFO] [stdout]    7:     0x5a6817c08e12 - std[70759c8f55707aa4]::panicking::panic_handler::{closure#0}
[INFO] [stdout]    8:     0x5a6817c01b99 - std[70759c8f55707aa4]::sys::backtrace::__rust_end_short_backtrace::<std[70759c8f55707aa4]::panicking::panic_handler::{closure#0}, !>
[INFO] [stdout]    9:     0x5a6817c09a0d - __rustc[8fa7c3cbc660c2b3]::rust_begin_unwind
[INFO] [stdout]   10:     0x5a6817c4152c - core[df12db4294e9bfd3]::panicking::panic_fmt
[INFO] [stdout]   11:     0x5a6817c41443 - core[df12db4294e9bfd3]::panicking::assert_failed_inner
[INFO] [stdout]   12:     0x5a6817bafb66 - core[df12db4294e9bfd3]::panicking::assert_failed::<alloc[2182bb758b4b3781]::vec::Vec<hashring[1ddeb9ba12827d14]::tests::VNode>, alloc[2182bb758b4b3781]::vec::Vec<hashring[1ddeb9ba12827d14]::tests::VNode>>
[INFO] [stdout]   13:     0x5a6817bb28bc - hashring[1ddeb9ba12827d14]::tests::get_nodes_with_replicas
[INFO] [stdout]   14:     0x5a6817baf9c9 - <hashring[1ddeb9ba12827d14]::tests::get_nodes_with_replicas::{closure#0} as core[df12db4294e9bfd3]::ops::function::FnOnce<()>>::call_once
[INFO] [stdout]   15:     0x5a6817bb464b - test[9d35eded1c95d3be]::__rust_begin_short_backtrace::<core[df12db4294e9bfd3]::result::Result<(), alloc[2182bb758b4b3781]::string::String>, fn() -> core[df12db4294e9bfd3]::result::Result<(), alloc[2182bb758b4b3781]::string::String>>
[INFO] [stdout]   16:     0x5a6817bc1cb5 - test[9d35eded1c95d3be]::run_test::{closure#0}
[INFO] [stdout]   17:     0x5a6817bbb574 - std[70759c8f55707aa4]::sys::backtrace::__rust_begin_short_backtrace::<test[9d35eded1c95d3be]::run_test::{closure#1}, ()>
[INFO] [stdout]   18:     0x5a6817bc4e12 - <std[70759c8f55707aa4]::thread::lifecycle::spawn_unchecked<test[9d35eded1c95d3be]::run_test::{closure#1}, ()>::{closure#1} as core[df12db4294e9bfd3]::ops::function::FnOnce<()>>::call_once::{shim:vtable#0}
[INFO] [stdout]   19:     0x5a6817c2c049 - <std[70759c8f55707aa4]::sys::thread::unix::Thread>::new::thread_start
[INFO] [stdout]   20:     0x78f7d9ef6dfa - <unknown>
[INFO] [stdout]   21:     0x78f7d9f8a3d4 - clone
[INFO] [stdout]   22:                0x0 - <unknown>
[INFO] [stdout] 
[INFO] [stdout] 
[INFO] [stdout] failures:
[INFO] [stdout]     tests::get_nodes
[INFO] [stdout]     tests::get_nodes_with_replicas
[INFO] [stdout]     tests::get_with_replicas_returns_too_many_replicas
[INFO] [stdout]     tests::into_iter
[INFO] [stdout] 
[INFO] [stdout] test result: FAILED. 2 passed; 4 failed; 0 ignored; 0 measured; 0 filtered out; finished in 0.08s
[INFO] [stdout] 
[INFO] running `Command { std: "docker" "inspect" "5bd228029f2e1000f7780cfb462192559b6a06d49db564e9edf517f02eb29134", kill_on_drop: false }`
[INFO] running `Command { std: "docker" "rm" "-f" "5bd228029f2e1000f7780cfb462192559b6a06d49db564e9edf517f02eb29134", kill_on_drop: false }`
[INFO] [stdout] 5bd228029f2e1000f7780cfb462192559b6a06d49db564e9edf517f02eb29134
