[INFO] fetching crate hashjunkie-cli 0.6.0...
[INFO] testing hashjunkie-cli-0.6.0 against 1.100.0-beta.1+cargoflags=--release for beta-release-1.100-2
[INFO] extracting crate hashjunkie-cli 0.6.0 into /workspace/builds/worker-7-tc2/source
[INFO] started tweaking crates.io crate hashjunkie-cli 0.6.0
[INFO] removed 0 missing tests
[INFO] finished tweaking crates.io crate hashjunkie-cli 0.6.0
[INFO] tweaked toml for crates.io crate hashjunkie-cli 0.6.0 written to /workspace/builds/worker-7-tc2/source/Cargo.toml
[INFO] validating manifest of crates.io crate hashjunkie-cli 0.6.0 on toolchain 1.100.0-beta.1
[INFO] running `Command { std: CARGO_HOME="/workspace/cargo-home" RUSTUP_HOME="/workspace/rustup-home" "/workspace/cargo-home/bin/cargo" "+1.100.0-beta.1" "metadata" "--manifest-path" "Cargo.toml" "--no-deps", kill_on_drop: false }`
[INFO] crate crates.io crate hashjunkie-cli 0.6.0 already has a lockfile, it will not be regenerated
[INFO] running `Command { std: CARGO_HOME="/workspace/cargo-home" RUSTUP_HOME="/workspace/rustup-home" "/workspace/cargo-home/bin/cargo" "+1.100.0-beta.1" "fetch" "--manifest-path" "Cargo.toml", kill_on_drop: false }`
[INFO] running `Command { std: "docker" "create" "-v" "/var/lib/crater-agent-workspace/builds/worker-7-tc2/source:/opt/rustwide/workdir:ro,Z" "-v" "/var/lib/crater-agent-workspace/builds/worker-7-tc2/target:/opt/rustwide/target:rw,Z" "-v" "/var/lib/crater-agent-workspace/cargo-home:/opt/rustwide/cargo-home:ro,Z" "-v" "/var/lib/crater-agent-workspace/rustup-home:/opt/rustwide/rustup-home:ro,Z" "-m" "1610612736" "--network" "none" "ghcr.io/rust-lang/crates-build-env/linux@sha256:77db811e55d90add9212f6832c23229e3de5f1c1f9905e8cb07319ea15df73ac" "sleep" "infinity", kill_on_drop: false }`
[INFO] [stdout] 09a55b748e95c66fc3a3a98c99366b8f8839f0adc0fe01e8ac7b2aff804a1c4f
[INFO] running `Command { std: "docker" "start" "09a55b748e95c66fc3a3a98c99366b8f8839f0adc0fe01e8ac7b2aff804a1c4f", kill_on_drop: false }`
[INFO] running `Command { std: "docker" "inspect" "09a55b748e95c66fc3a3a98c99366b8f8839f0adc0fe01e8ac7b2aff804a1c4f", kill_on_drop: false }`
[INFO] running `Command { std: "docker" "exec" "-e" "SOURCE_DIR=/opt/rustwide/workdir" "-e" "CARGO_HOME=/opt/rustwide/cargo-home" "-e" "RUSTUP_HOME=/opt/rustwide/rustup-home" "-e" "CARGO_TARGET_DIR=/opt/rustwide/target" "-w" "/opt/rustwide/workdir" "--user" "0:0" "09a55b748e95c66fc3a3a98c99366b8f8839f0adc0fe01e8ac7b2aff804a1c4f" "/opt/rustwide/cargo-home/bin/cargo" "+1.100.0-beta.1" "metadata" "--no-deps" "--format-version=1", kill_on_drop: false }`
[INFO] running `Command { std: "docker" "inspect" "09a55b748e95c66fc3a3a98c99366b8f8839f0adc0fe01e8ac7b2aff804a1c4f", kill_on_drop: false }`
[INFO] running `Command { std: "docker" "exec" "-e" "SOURCE_DIR=/opt/rustwide/workdir" "-e" "CARGO_HOME=/opt/rustwide/cargo-home" "-e" "RUSTUP_HOME=/opt/rustwide/rustup-home" "-e" "CARGO_TARGET_DIR=/opt/rustwide/target" "-e" "CARGO_INCREMENTAL=0" "-e" "RUST_BACKTRACE=full" "-e" "RUSTFLAGS=--cap-lints=warn" "-e" "RUSTDOCFLAGS=--cap-lints=warn" "-w" "/opt/rustwide/workdir" "--user" "0:0" "09a55b748e95c66fc3a3a98c99366b8f8839f0adc0fe01e8ac7b2aff804a1c4f" "/opt/rustwide/cargo-home/bin/cargo" "+1.100.0-beta.1" "build" "--frozen" "--message-format=json" "--release", kill_on_drop: false }`
[INFO] [stderr]    Compiling typenum v1.20.0
[INFO] [stderr]    Compiling cc v1.2.61
[INFO] [stderr]    Compiling either v1.15.0
[INFO] [stderr]    Compiling chrono v0.4.44
[INFO] [stderr]    Compiling serde_json v1.0.149
[INFO] [stderr]    Compiling clap_derive v4.6.1
[INFO] [stderr]    Compiling rayon v1.12.0
[INFO] [stderr]    Compiling blake3 v1.8.5
[INFO] [stderr]    Compiling hybrid-array v0.4.11
[INFO] [stderr]    Compiling crypto-common v0.2.1
[INFO] [stderr]    Compiling block-buffer v0.12.0
[INFO] [stderr]    Compiling clap v4.6.1
[INFO] [stderr]    Compiling digest v0.11.2
[INFO] [stderr]    Compiling sha1 v0.11.0
[INFO] [stderr]    Compiling whirlpool v0.11.0
[INFO] [stderr]    Compiling md4 v0.11.0
[INFO] [stderr]    Compiling md-5 v0.11.0
[INFO] [stderr]    Compiling tiger v0.3.0
[INFO] [stderr]    Compiling sha2 v0.11.0
[INFO] [stderr]    Compiling hashjunkie v0.6.0
[INFO] [stderr]    Compiling hashjunkie-cli v0.6.0 (/opt/rustwide/workdir)
[INFO] [stderr]     Finished `release` profile [optimized] target(s) in 19.28s
[INFO] running `Command { std: "docker" "inspect" "09a55b748e95c66fc3a3a98c99366b8f8839f0adc0fe01e8ac7b2aff804a1c4f", kill_on_drop: false }`
[INFO] running `Command { std: "docker" "exec" "-e" "SOURCE_DIR=/opt/rustwide/workdir" "-e" "CARGO_HOME=/opt/rustwide/cargo-home" "-e" "RUSTUP_HOME=/opt/rustwide/rustup-home" "-e" "CARGO_TARGET_DIR=/opt/rustwide/target" "-e" "CARGO_INCREMENTAL=0" "-e" "RUST_BACKTRACE=full" "-e" "RUSTFLAGS=--cap-lints=warn" "-e" "RUSTDOCFLAGS=--cap-lints=warn" "-w" "/opt/rustwide/workdir" "--user" "0:0" "09a55b748e95c66fc3a3a98c99366b8f8839f0adc0fe01e8ac7b2aff804a1c4f" "/opt/rustwide/cargo-home/bin/cargo" "+1.100.0-beta.1" "test" "--frozen" "--no-run" "--message-format=json" "--release", kill_on_drop: false }`
[INFO] [stderr]    Compiling hashjunkie-cli v0.6.0 (/opt/rustwide/workdir)
[INFO] [stderr]     Finished `release` profile [optimized] target(s) in 3.68s
[INFO] running `Command { std: "docker" "inspect" "09a55b748e95c66fc3a3a98c99366b8f8839f0adc0fe01e8ac7b2aff804a1c4f", kill_on_drop: false }`
[INFO] running `Command { std: "docker" "exec" "-e" "SOURCE_DIR=/opt/rustwide/workdir" "-e" "CARGO_HOME=/opt/rustwide/cargo-home" "-e" "RUSTUP_HOME=/opt/rustwide/rustup-home" "-e" "CARGO_TARGET_DIR=/opt/rustwide/target" "-e" "CARGO_INCREMENTAL=0" "-e" "RUST_BACKTRACE=full" "-e" "RUSTFLAGS=--cap-lints=warn" "-e" "RUSTDOCFLAGS=--cap-lints=warn" "-w" "/opt/rustwide/workdir" "--user" "0:0" "09a55b748e95c66fc3a3a98c99366b8f8839f0adc0fe01e8ac7b2aff804a1c4f" "/opt/rustwide/cargo-home/bin/cargo" "+1.100.0-beta.1" "test" "--frozen" "--release", kill_on_drop: false }`
[INFO] [stderr]     Finished `release` profile [optimized] target(s) in 0.09s
[INFO] [stderr]      Running unittests src/main.rs (/opt/rustwide/target/release/build/hashjunkie-cli/61b56ee7ef355ed9/out/hashjunkie-61b56ee7ef355ed9)
[INFO] [stdout] 
[INFO] [stdout] running 22 tests
[INFO] [stdout] test args::tests::parse_trims_whitespace ... ok
[INFO] [stdout] test args::tests::parse_single_known_algorithm ... ok
[INFO] [stdout] test args::tests::parse_unknown_algorithm_returns_error ... ok
[INFO] [stdout] test args::tests::parses_hashes_only_short_flag_stacked_with_algorithms ... ok
[INFO] [stdout] test args::tests::parses_hex_display_flag ... ok
[INFO] [stdout] test args::tests::parses_line_format ... ok
[INFO] [stdout] test args::tests::resolved_algorithms_none_returns_default_18_without_whirlpool ... ok
[INFO] [stdout] test args::tests::resolved_algorithms_with_list_returns_subset ... ok
[INFO] [stdout] test output::tests::file_hex_has_path_header_and_sorted_lines ... ok
[INFO] [stdout] test output::tests::file_json_has_hashes_name_path_fields ... ok
[INFO] [stdout] test output::tests::file_json_name_is_last_path_segment ... ok
[INFO] [stdout] test output::tests::file_hex_two_files_separated_by_blank_line ... ok
[INFO] [stdout] test output::tests::hex_lines_are_sorted_with_newline_terminator ... ok
[INFO] [stdout] test output::tests::stdin_json_includes_metadata_fields ... ok
[INFO] [stdout] test tests::hash_reader_propagates_io_error ... ok
[INFO] [stdout] test args::tests::parse_multiple_algorithms ... ok
[INFO] [stdout] test output::tests::file_json_two_files_produces_array_of_length_2 ... ok
[INFO] [stdout] test output::tests::hashes_only_uses_requested_algorithm_order ... ok
[INFO] [stdout] test output::tests::json_object_is_compact_and_sorted ... ok
[INFO] [stdout] test output::tests::file_line_appends_size_and_path_after_requested_hashes ... ok
[INFO] [stdout] test tests::run_reader_returns_1_on_read_error ... ok
[INFO] [stderr]      Running tests/integration.rs (/opt/rustwide/target/release/build/hashjunkie-cli/0866da4474a93c85/out/integration-0866da4474a93c85)
[INFO] [stdout] test tests::pipelined_hash_reader_matches_single_update ... ok
[INFO] [stdout] 
[INFO] [stdout] test result: ok. 22 passed; 0 failed; 0 ignored; 0 measured; 0 filtered out; finished in 0.03s
[INFO] [stdout] 
[INFO] [stdout] 
[INFO] [stdout] running 20 tests
[INFO] [stdout] test file_mode_hex_format_contains_path_and_sha256 ... FAILED
[INFO] [stdout] test help_exits_zero_and_mentions_binary_name ... ok
[INFO] [stdout] test file_mode_explicit_whirlpool_hashes_fixture ... FAILED
[INFO] [stdout] test file_mode_one_good_one_bad_exits_one_stdout_has_good_result ... FAILED
[INFO] [stdout] test stdin_hex_format_does_not_include_metadata_labels ... ok
[INFO] [stdout] test file_mode_line_format_outputs_requested_hashes_size_and_path ... FAILED
[INFO] [stdout] test stdin_hex_flag_outputs_raw_digest_bytes_as_lowercase_hex ... ok
[INFO] [stdout] test file_mode_hex_format_does_not_include_metadata_labels ... FAILED
[INFO] [stdout] test file_mode_two_identical_args_produce_array_of_length_2 ... FAILED
[INFO] [stdout] test hashes_only_hex_flag_uses_requested_order ... ok
[INFO] [stdout] test hashes_only_short_flag_outputs_requested_hashes_for_first_file_only ... ok
[INFO] [stdout] test stdin_with_single_algorithm_outputs_only_that_algorithm ... ok
[INFO] [stdout] test stdin_hex_format_contains_sha256_line ... ok
[INFO] [stdout] test unknown_algorithm_exits_one_and_stderr_contains_message ... ok
[INFO] [stdout] test version_exits_zero_and_contains_version ... ok
[INFO] [stdout] test stdin_with_two_algorithms_json_output_is_sorted ... ok
[INFO] [stdout] test file_mode_nonexistent_file_exits_one_stderr_has_path_stdout_empty ... ok
[INFO] [stdout] test stdin_short_format_hex_contains_sha256_line ... ok
[INFO] [stdout] test stdin_json_default_contains_sha256_and_md5_for_abc ... ok
[INFO] [stdout] test file_mode_default_18_hashes_correct_for_fixture ... FAILED
[INFO] [stdout] 
[INFO] [stdout] failures:
[INFO] [stdout] 
[INFO] [stdout] ---- file_mode_hex_format_contains_path_and_sha256 stdout ----
[INFO] [stdout] 
[INFO] [stdout] thread 'file_mode_hex_format_contains_path_and_sha256' (662) panicked at tests/integration.rs:245:5:
[INFO] [stdout] assertion failed: output.status.success()
[INFO] [stdout] stack backtrace:
[INFO] [stdout]    0:     0x5ffd5bab4261 - <<std[617be2ca0a6fd877]::sys::backtrace::BacktraceLock>::print::DisplayBacktrace as core[a373ad73a504971]::fmt::Display>::fmt
[INFO] [stdout]    1:     0x5ffd5bac90ca - core[a373ad73a504971]::fmt::write
[INFO] [stdout]    2:     0x5ffd5bab84ec - <alloc[2e1b2a31b91974c5]::vec::Vec<u8> as core[a373ad73a504971]::io::write::Write>::write_fmt
[INFO] [stdout]    3:     0x5ffd5ba8fdb6 - std[617be2ca0a6fd877]::panicking::default_hook::{closure#0}
[INFO] [stdout]    4:     0x5ffd5baac719 - std[617be2ca0a6fd877]::panicking::default_hook
[INFO] [stdout]    5:     0x5ffd5ba48640 - test[aada8e7e76ba119b]::test_main_inner::{closure#0}
[INFO] [stdout]    6:     0x5ffd5baac8d2 - std[617be2ca0a6fd877]::panicking::panic_with_hook
[INFO] [stdout]    7:     0x5ffd5ba8fe94 - std[617be2ca0a6fd877]::panicking::panic_handler::{closure#0}
[INFO] [stdout]    8:     0x5ffd5ba88b79 - std[617be2ca0a6fd877]::sys::backtrace::__rust_end_short_backtrace::<std[617be2ca0a6fd877]::panicking::panic_handler::{closure#0}, !>
[INFO] [stdout]    9:     0x5ffd5ba90a6d - __rustc[ea4f61d10b84890b]::rust_begin_unwind
[INFO] [stdout]   10:     0x5ffd5bac97fc - core[a373ad73a504971]::panicking::panic_fmt
[INFO] [stdout]   11:     0x5ffd5bac97c2 - core[a373ad73a504971]::panicking::panic
[INFO] [stdout]   12:     0x5ffd5ba2dcf2 - <integration[164d6ca1431fdb2d]::file_mode_hex_format_contains_path_and_sha256::{closure#0} as core[a373ad73a504971]::ops::function::FnOnce<()>>::call_once
[INFO] [stdout]   13:     0x5ffd5ba3ba8b - test[aada8e7e76ba119b]::__rust_begin_short_backtrace::<core[a373ad73a504971]::result::Result<(), alloc[2e1b2a31b91974c5]::string::String>, fn() -> core[a373ad73a504971]::result::Result<(), alloc[2e1b2a31b91974c5]::string::String>>
[INFO] [stdout]   14:     0x5ffd5ba48c65 - test[aada8e7e76ba119b]::run_test::{closure#0}
[INFO] [stdout]   15:     0x5ffd5ba42554 - std[617be2ca0a6fd877]::sys::backtrace::__rust_begin_short_backtrace::<test[aada8e7e76ba119b]::run_test::{closure#1}, ()>
[INFO] [stdout]   16:     0x5ffd5ba4bcf2 - <std[617be2ca0a6fd877]::thread::lifecycle::spawn_unchecked<test[aada8e7e76ba119b]::run_test::{closure#1}, ()>::{closure#1} as core[a373ad73a504971]::ops::function::FnOnce<()>>::call_once::{shim:vtable#0}
[INFO] [stdout]   17:     0x5ffd5bab38df - <std[617be2ca0a6fd877]::sys::thread::unix::Thread>::new::thread_start
[INFO] [stdout]   18:     0x7bb3b0d27dfa - <unknown>
[INFO] [stdout]   19:     0x7bb3b0dbb3d4 - clone
[INFO] [stdout]   20:                0x0 - <unknown>
[INFO] [stdout] 
[INFO] [stdout] ---- file_mode_explicit_whirlpool_hashes_fixture stdout ----
[INFO] [stdout] 
[INFO] [stdout] thread 'file_mode_explicit_whirlpool_hashes_fixture' (661) panicked at tests/integration.rs:208:5:
[INFO] [stdout] stderr: /opt/rustwide/workdir/../../crates/hashjunkie/tests/fixtures/small.bin: No such file or directory (os error 2)
[INFO] [stdout] 
[INFO] [stdout] stack backtrace:
[INFO] [stdout]    0:     0x5ffd5bab4261 - <<std[617be2ca0a6fd877]::sys::backtrace::BacktraceLock>::print::DisplayBacktrace as core[a373ad73a504971]::fmt::Display>::fmt
[INFO] [stdout]    1:     0x5ffd5bac90ca - core[a373ad73a504971]::fmt::write
[INFO] [stdout]    2:     0x5ffd5bab84ec - <alloc[2e1b2a31b91974c5]::vec::Vec<u8> as core[a373ad73a504971]::io::write::Write>::write_fmt
[INFO] [stdout]    3:     0x5ffd5ba8fdb6 - std[617be2ca0a6fd877]::panicking::default_hook::{closure#0}
[INFO] [stdout]    4:     0x5ffd5baac719 - std[617be2ca0a6fd877]::panicking::default_hook
[INFO] [stdout]    5:     0x5ffd5ba48640 - test[aada8e7e76ba119b]::test_main_inner::{closure#0}
[INFO] [stdout]    6:     0x5ffd5baac8d2 - std[617be2ca0a6fd877]::panicking::panic_with_hook
[INFO] [stdout]    7:     0x5ffd5ba8fe62 - std[617be2ca0a6fd877]::panicking::panic_handler::{closure#0}
[INFO] [stdout]    8:     0x5ffd5ba88b79 - std[617be2ca0a6fd877]::sys::backtrace::__rust_end_short_backtrace::<std[617be2ca0a6fd877]::panicking::panic_handler::{closure#0}, !>
[INFO] [stdout]    9:     0x5ffd5ba90a6d - __rustc[ea4f61d10b84890b]::rust_begin_unwind
[INFO] [stdout]   10:     0x5ffd5bac97fc - core[a373ad73a504971]::panicking::panic_fmt
[INFO] [stdout]   11:     0x5ffd5ba2d879 - <integration[164d6ca1431fdb2d]::file_mode_explicit_whirlpool_hashes_fixture::{closure#0} as core[a373ad73a504971]::ops::function::FnOnce<()>>::call_once
[INFO] [stdout]   12:     0x5ffd5ba3ba8b - test[aada8e7e76ba119b]::__rust_begin_short_backtrace::<core[a373ad73a504971]::result::Result<(), alloc[2e1b2a31b91974c5]::string::String>, fn() -> core[a373ad73a504971]::result::Result<(), alloc[2e1b2a31b91974c5]::string::String>>
[INFO] [stdout]   13:     0x5ffd5ba48c65 - test[aada8e7e76ba119b]::run_test::{closure#0}
[INFO] [stdout]   14:     0x5ffd5ba42554 - std[617be2ca0a6fd877]::sys::backtrace::__rust_begin_short_backtrace::<test[aada8e7e76ba119b]::run_test::{closure#1}, ()>
[INFO] [stdout]   15:     0x5ffd5ba4bcf2 - <std[617be2ca0a6fd877]::thread::lifecycle::spawn_unchecked<test[aada8e7e76ba119b]::run_test::{closure#1}, ()>::{closure#1} as core[a373ad73a504971]::ops::function::FnOnce<()>>::call_once::{shim:vtable#0}
[INFO] [stdout]   16:     0x5ffd5bab38df - <std[617be2ca0a6fd877]::sys::thread::unix::Thread>::new::thread_start
[INFO] [stdout]   17:     0x7bb3b0d27dfa - <unknown>
[INFO] [stdout]   18:     0x7bb3b0dbb3d4 - clone
[INFO] [stdout]   19:                0x0 - <unknown>
[INFO] [stdout] 
[INFO] [stdout] ---- file_mode_one_good_one_bad_exits_one_stdout_has_good_result stdout ----
[INFO] [stdout] 
[INFO] [stdout] thread 'file_mode_one_good_one_bad_exits_one_stdout_has_good_result' (666) panicked at tests/integration.rs:327:73:
[INFO] [stdout] called `Result::unwrap()` on an `Err` value: Error("EOF while parsing a value", line: 1, column: 0)
[INFO] [stdout] stack backtrace:
[INFO] [stdout]    0:     0x5ffd5bab4261 - <<std[617be2ca0a6fd877]::sys::backtrace::BacktraceLock>::print::DisplayBacktrace as core[a373ad73a504971]::fmt::Display>::fmt
[INFO] [stdout]    1:     0x5ffd5bac90ca - core[a373ad73a504971]::fmt::write
[INFO] [stdout]    2:     0x5ffd5bab84ec - <alloc[2e1b2a31b91974c5]::vec::Vec<u8> as core[a373ad73a504971]::io::write::Write>::write_fmt
[INFO] [stdout]    3:     0x5ffd5ba8fdb6 - std[617be2ca0a6fd877]::panicking::default_hook::{closure#0}
[INFO] [stdout]    4:     0x5ffd5baac719 - std[617be2ca0a6fd877]::panicking::default_hook
[INFO] [stdout]    5:     0x5ffd5ba48640 - test[aada8e7e76ba119b]::test_main_inner::{closure#0}
[INFO] [stdout]    6:     0x5ffd5baac8d2 - std[617be2ca0a6fd877]::panicking::panic_with_hook
[INFO] [stdout]    7:     0x5ffd5ba8fe62 - std[617be2ca0a6fd877]::panicking::panic_handler::{closure#0}
[INFO] [stdout]    8:     0x5ffd5ba88b79 - std[617be2ca0a6fd877]::sys::backtrace::__rust_end_short_backtrace::<std[617be2ca0a6fd877]::panicking::panic_handler::{closure#0}, !>
[INFO] [stdout]    9:     0x5ffd5ba90a6d - __rustc[ea4f61d10b84890b]::rust_begin_unwind
[INFO] [stdout]   10:     0x5ffd5bac97fc - core[a373ad73a504971]::panicking::panic_fmt
[INFO] [stdout]   11:     0x5ffd5bac95d2 - core[a373ad73a504971]::result::unwrap_failed
[INFO] [stdout]   12:     0x5ffd5ba306fa - <integration[164d6ca1431fdb2d]::file_mode_one_good_one_bad_exits_one_stdout_has_good_result::{closure#0} as core[a373ad73a504971]::ops::function::FnOnce<()>>::call_once
[INFO] [stdout]   13:     0x5ffd5ba3ba8b - test[aada8e7e76ba119b]::__rust_begin_short_backtrace::<core[a373ad73a504971]::result::Result<(), alloc[2e1b2a31b91974c5]::string::String>, fn() -> core[a373ad73a504971]::result::Result<(), alloc[2e1b2a31b91974c5]::string::String>>
[INFO] [stdout]   14:     0x5ffd5ba48c65 - test[aada8e7e76ba119b]::run_test::{closure#0}
[INFO] [stdout]   15:     0x5ffd5ba42554 - std[617be2ca0a6fd877]::sys::backtrace::__rust_begin_short_backtrace::<test[aada8e7e76ba119b]::run_test::{closure#1}, ()>
[INFO] [stdout]   16:     0x5ffd5ba4bcf2 - <std[617be2ca0a6fd877]::thread::lifecycle::spawn_unchecked<test[aada8e7e76ba119b]::run_test::{closure#1}, ()>::{closure#1} as core[a373ad73a504971]::ops::function::FnOnce<()>>::call_once::{shim:vtable#0}
[INFO] [stdout]   17:     0x5ffd5bab38df - <std[617be2ca0a6fd877]::sys::thread::unix::Thread>::new::thread_start
[INFO] [stdout]   18:     0x7bb3b0d27dfa - <unknown>
[INFO] [stdout]   19:     0x7bb3b0dbb3d4 - clone
[INFO] [stdout]   20:                0x0 - <unknown>
[INFO] [stdout] 
[INFO] [stdout] ---- file_mode_line_format_outputs_requested_hashes_size_and_path stdout ----
[INFO] [stdout] 
[INFO] [stdout] thread 'file_mode_line_format_outputs_requested_hashes_size_and_path' (664) panicked at tests/integration.rs:259:5:
[INFO] [stdout] stderr: /opt/rustwide/workdir/../../crates/hashjunkie/tests/fixtures/small.bin: No such file or directory (os error 2)
[INFO] [stdout] 
[INFO] [stdout] stack backtrace:
[INFO] [stdout]    0:     0x5ffd5bab4261 - <<std[617be2ca0a6fd877]::sys::backtrace::BacktraceLock>::print::DisplayBacktrace as core[a373ad73a504971]::fmt::Display>::fmt
[INFO] [stdout]    1:     0x5ffd5bac90ca - core[a373ad73a504971]::fmt::write
[INFO] [stdout]    2:     0x5ffd5bab84ec - <alloc[2e1b2a31b91974c5]::vec::Vec<u8> as core[a373ad73a504971]::io::write::Write>::write_fmt
[INFO] [stdout]    3:     0x5ffd5ba8fdb6 - std[617be2ca0a6fd877]::panicking::default_hook::{closure#0}
[INFO] [stdout]    4:     0x5ffd5baac719 - std[617be2ca0a6fd877]::panicking::default_hook
[INFO] [stdout]    5:     0x5ffd5ba48640 - test[aada8e7e76ba119b]::test_main_inner::{closure#0}
[INFO] [stdout]    6:     0x5ffd5baac8d2 - std[617be2ca0a6fd877]::panicking::panic_with_hook
[INFO] [stdout]    7:     0x5ffd5ba8fe62 - std[617be2ca0a6fd877]::panicking::panic_handler::{closure#0}
[INFO] [stdout]    8:     0x5ffd5ba88b79 - std[617be2ca0a6fd877]::sys::backtrace::__rust_end_short_backtrace::<std[617be2ca0a6fd877]::panicking::panic_handler::{closure#0}, !>
[INFO] [stdout]    9:     0x5ffd5ba90a6d - __rustc[ea4f61d10b84890b]::rust_begin_unwind
[INFO] [stdout]   10:     0x5ffd5bac97fc - core[a373ad73a504971]::panicking::panic_fmt
[INFO] [stdout]   11:     0x5ffd5ba30c2c - <integration[164d6ca1431fdb2d]::file_mode_line_format_outputs_requested_hashes_size_and_path::{closure#0} as core[a373ad73a504971]::ops::function::FnOnce<()>>::call_once
[INFO] [stdout]   12:     0x5ffd5ba3ba8b - test[aada8e7e76ba119b]::__rust_begin_short_backtrace::<core[a373ad73a504971]::result::Result<(), alloc[2e1b2a31b91974c5]::string::String>, fn() -> core[a373ad73a504971]::result::Result<(), alloc[2e1b2a31b91974c5]::string::String>>
[INFO] [stdout]   13:     0x5ffd5ba48c65 - test[aada8e7e76ba119b]::run_test::{closure#0}
[INFO] [stdout]   14:     0x5ffd5ba42554 - std[617be2ca0a6fd877]::sys::backtrace::__rust_begin_short_backtrace::<test[aada8e7e76ba119b]::run_test::{closure#1}, ()>
[INFO] [stdout]   15:     0x5ffd5ba4bcf2 - <std[617be2ca0a6fd877]::thread::lifecycle::spawn_unchecked<test[aada8e7e76ba119b]::run_test::{closure#1}, ()>::{closure#1} as core[a373ad73a504971]::ops::function::FnOnce<()>>::call_once::{shim:vtable#0}
[INFO] [stdout]   16:     0x5ffd5bab38df - <std[617be2ca0a6fd877]::sys::thread::unix::Thread>::new::thread_start
[INFO] [stdout]   17:     0x7bb3b0d27dfa - <unknown>
[INFO] [stdout]   18:     0x7bb3b0dbb3d4 - clone
[INFO] [stdout]   19:                0x0 - <unknown>
[INFO] [stdout] 
[INFO] [stdout] ---- file_mode_hex_format_does_not_include_metadata_labels stdout ----
[INFO] [stdout] 
[INFO] [stdout] thread 'file_mode_hex_format_does_not_include_metadata_labels' (663) panicked at tests/integration.rs:347:5:
[INFO] [stdout] assertion failed: output.status.success()
[INFO] [stdout] stack backtrace:
[INFO] [stdout]    0:     0x5ffd5bab4261 - <<std[617be2ca0a6fd877]::sys::backtrace::BacktraceLock>::print::DisplayBacktrace as core[a373ad73a504971]::fmt::Display>::fmt
[INFO] [stdout]    1:     0x5ffd5bac90ca - core[a373ad73a504971]::fmt::write
[INFO] [stdout]    2:     0x5ffd5bab84ec - <alloc[2e1b2a31b91974c5]::vec::Vec<u8> as core[a373ad73a504971]::io::write::Write>::write_fmt
[INFO] [stdout]    3:     0x5ffd5ba8fdb6 - std[617be2ca0a6fd877]::panicking::default_hook::{closure#0}
[INFO] [stdout]    4:     0x5ffd5baac719 - std[617be2ca0a6fd877]::panicking::default_hook
[INFO] [stdout]    5:     0x5ffd5ba48640 - test[aada8e7e76ba119b]::test_main_inner::{closure#0}
[INFO] [stdout]    6:     0x5ffd5baac8d2 - std[617be2ca0a6fd877]::panicking::panic_with_hook
[INFO] [stdout]    7:     0x5ffd5ba8fe94 - std[617be2ca0a6fd877]::panicking::panic_handler::{closure#0}
[INFO] [stdout]    8:     0x5ffd5ba88b79 - std[617be2ca0a6fd877]::sys::backtrace::__rust_end_short_backtrace::<std[617be2ca0a6fd877]::panicking::panic_handler::{closure#0}, !>
[INFO] [stdout]    9:     0x5ffd5ba90a6d - __rustc[ea4f61d10b84890b]::rust_begin_unwind
[INFO] [stdout]   10:     0x5ffd5bac97fc - core[a373ad73a504971]::panicking::panic_fmt
[INFO] [stdout]   11:     0x5ffd5bac97c2 - core[a373ad73a504971]::panicking::panic
[INFO] [stdout]   12:     0x5ffd5ba2f402 - <integration[164d6ca1431fdb2d]::file_mode_hex_format_does_not_include_metadata_labels::{closure#0} as core[a373ad73a504971]::ops::function::FnOnce<()>>::call_once
[INFO] [stdout]   13:     0x5ffd5ba3ba8b - test[aada8e7e76ba119b]::__rust_begin_short_backtrace::<core[a373ad73a504971]::result::Result<(), alloc[2e1b2a31b91974c5]::string::String>, fn() -> core[a373ad73a504971]::result::Result<(), alloc[2e1b2a31b91974c5]::string::String>>
[INFO] [stdout]   14:     0x5ffd5ba48c65 - test[aada8e7e76ba119b]::run_test::{closure#0}
[INFO] [stdout]   15:     0x5ffd5ba42554 - std[617be2ca0a6fd877]::sys::backtrace::__rust_begin_short_backtrace::<test[aada8e7e76ba119b]::run_test::{closure#1}, ()>
[INFO] [stdout]   16:     0x5ffd5ba4bcf2 - <std[617be2ca0a6fd877]::thread::lifecycle::spawn_unchecked<test[aada8e7e76ba119b]::run_test::{closure#1}, ()>::{closure#1} as core[a373ad73a504971]::ops::function::FnOnce<()>>::call_once::{shim:vtable#0}
[INFO] [stdout]   17:     0x5ffd5bab38df - <std[617be2ca0a6fd877]::sys::thread::unix::Thread>::new::thread_start
[INFO] [stdout]   18:     0x7bb3b0d27dfa - <unknown>
[INFO] [stdout]   19:     0x7bb3b0dbb3d4 - clone
[INFO] [stdout]   20:                0x0 - <unknown>
[INFO] [stdout] 
[INFO] [stdout] ---- file_mode_two_identical_args_produce_array_of_length_2 stdout ----
[INFO] [stdout] 
[INFO] [stdout] thread 'file_mode_two_identical_args_produce_array_of_length_2' (667) panicked at tests/integration.rs:226:5:
[INFO] [stdout] assertion failed: output.status.success()
[INFO] [stdout] stack backtrace:
[INFO] [stdout]    0:     0x5ffd5bab4261 - <<std[617be2ca0a6fd877]::sys::backtrace::BacktraceLock>::print::DisplayBacktrace as core[a373ad73a504971]::fmt::Display>::fmt
[INFO] [stdout]    1:     0x5ffd5bac90ca - core[a373ad73a504971]::fmt::write
[INFO] [stdout]    2:     0x5ffd5bab84ec - <alloc[2e1b2a31b91974c5]::vec::Vec<u8> as core[a373ad73a504971]::io::write::Write>::write_fmt
[INFO] [stdout]    3:     0x5ffd5ba8fdb6 - std[617be2ca0a6fd877]::panicking::default_hook::{closure#0}
[INFO] [stdout]    4:     0x5ffd5baac719 - std[617be2ca0a6fd877]::panicking::default_hook
[INFO] [stdout]    5:     0x5ffd5ba48640 - test[aada8e7e76ba119b]::test_main_inner::{closure#0}
[INFO] [stdout]    6:     0x5ffd5baac8d2 - std[617be2ca0a6fd877]::panicking::panic_with_hook
[INFO] [stdout]    7:     0x5ffd5ba8fe94 - std[617be2ca0a6fd877]::panicking::panic_handler::{closure#0}
[INFO] [stdout]    8:     0x5ffd5ba88b79 - std[617be2ca0a6fd877]::sys::backtrace::__rust_end_short_backtrace::<std[617be2ca0a6fd877]::panicking::panic_handler::{closure#0}, !>
[INFO] [stdout]    9:     0x5ffd5ba90a6d - __rustc[ea4f61d10b84890b]::rust_begin_unwind
[INFO] [stdout]   10:     0x5ffd5bac97fc - core[a373ad73a504971]::panicking::panic_fmt
[INFO] [stdout]   11:     0x5ffd5bac97c2 - core[a373ad73a504971]::panicking::panic
[INFO] [stdout]   12:     0x5ffd5ba2f9a2 - <integration[164d6ca1431fdb2d]::file_mode_two_identical_args_produce_array_of_length_2::{closure#0} as core[a373ad73a504971]::ops::function::FnOnce<()>>::call_once
[INFO] [stdout]   13:     0x5ffd5ba3ba8b - test[aada8e7e76ba119b]::__rust_begin_short_backtrace::<core[a373ad73a504971]::result::Result<(), alloc[2e1b2a31b91974c5]::string::String>, fn() -> core[a373ad73a504971]::result::Result<(), alloc[2e1b2a31b91974c5]::string::String>>
[INFO] [stdout]   14:     0x5ffd5ba48c65 - test[aada8e7e76ba119b]::run_test::{closure#0}
[INFO] [stdout]   15:     0x5ffd5ba42554 - std[617be2ca0a6fd877]::sys::backtrace::__rust_begin_short_backtrace::<test[aada8e7e76ba119b]::run_test::{closure#1}, ()>
[INFO] [stdout]   16:     0x5ffd5ba4bcf2 - <std[617be2ca0a6fd877]::thread::lifecycle::spawn_unchecked<test[aada8e7e76ba119b]::run_test::{closure#1}, ()>::{closure#1} as core[a373ad73a504971]::ops::function::FnOnce<()>>::call_once::{shim:vtable#0}
[INFO] [stdout]   17:     0x5ffd5bab38df - <std[617be2ca0a6fd877]::sys::thread::unix::Thread>::new::thread_start
[INFO] [stdout]   18:     0x7bb3b0d27dfa - <unknown>
[INFO] [stdout]   19:     0x7bb3b0dbb3d4 - clone
[INFO] [stdout]   20:                0x0 - <unknown>
[INFO] [stdout] 
[INFO] [stdout] ---- file_mode_default_18_hashes_correct_for_fixture stdout ----
[INFO] [stdout] 
[INFO] [stdout] thread 'file_mode_default_18_hashes_correct_for_fixture' (660) panicked at tests/integration.rs:149:5:
[INFO] [stdout] stderr: /opt/rustwide/workdir/../../crates/hashjunkie/tests/fixtures/small.bin: No such file or directory (os error 2)
[INFO] [stdout] 
[INFO] [stdout] stack backtrace:
[INFO] [stdout]    0:     0x5ffd5bab4261 - <<std[617be2ca0a6fd877]::sys::backtrace::BacktraceLock>::print::DisplayBacktrace as core[a373ad73a504971]::fmt::Display>::fmt
[INFO] [stdout]    1:     0x5ffd5bac90ca - core[a373ad73a504971]::fmt::write
[INFO] [stdout]    2:     0x5ffd5bab84ec - <alloc[2e1b2a31b91974c5]::vec::Vec<u8> as core[a373ad73a504971]::io::write::Write>::write_fmt
[INFO] [stdout]    3:     0x5ffd5ba8fdb6 - std[617be2ca0a6fd877]::panicking::default_hook::{closure#0}
[INFO] [stdout]    4:     0x5ffd5baac719 - std[617be2ca0a6fd877]::panicking::default_hook
[INFO] [stdout]    5:     0x5ffd5ba48640 - test[aada8e7e76ba119b]::test_main_inner::{closure#0}
[INFO] [stdout]    6:     0x5ffd5baac8d2 - std[617be2ca0a6fd877]::panicking::panic_with_hook
[INFO] [stdout]    7:     0x5ffd5ba8fe62 - std[617be2ca0a6fd877]::panicking::panic_handler::{closure#0}
[INFO] [stdout]    8:     0x5ffd5ba88b79 - std[617be2ca0a6fd877]::sys::backtrace::__rust_end_short_backtrace::<std[617be2ca0a6fd877]::panicking::panic_handler::{closure#0}, !>
[INFO] [stdout]    9:     0x5ffd5ba90a6d - __rustc[ea4f61d10b84890b]::rust_begin_unwind
[INFO] [stdout]   10:     0x5ffd5bac97fc - core[a373ad73a504971]::panicking::panic_fmt
[INFO] [stdout]   11:     0x5ffd5ba2e80b - <integration[164d6ca1431fdb2d]::file_mode_default_18_hashes_correct_for_fixture::{closure#0} as core[a373ad73a504971]::ops::function::FnOnce<()>>::call_once
[INFO] [stdout]   12:     0x5ffd5ba3ba8b - test[aada8e7e76ba119b]::__rust_begin_short_backtrace::<core[a373ad73a504971]::result::Result<(), alloc[2e1b2a31b91974c5]::string::String>, fn() -> core[a373ad73a504971]::result::Result<(), alloc[2e1b2a31b91974c5]::string::String>>
[INFO] [stdout]   13:     0x5ffd5ba48c65 - test[aada8e7e76ba119b]::run_test::{closure#0}
[INFO] [stdout]   14:     0x5ffd5ba42554 - std[617be2ca0a6fd877]::sys::backtrace::__rust_begin_short_backtrace::<test[aada8e7e76ba119b]::run_test::{closure#1}, ()>
[INFO] [stdout]   15:     0x5ffd5ba4bcf2 - <std[617be2ca0a6fd877]::thread::lifecycle::spawn_unchecked<test[aada8e7e76ba119b]::run_test::{closure#1}, ()>::{closure#1} as core[a373ad73a504971]::ops::function::FnOnce<()>>::call_once::{shim:vtable#0}
[INFO] [stdout]   16:     0x5ffd5bab38df - <std[617be2ca0a6fd877]::sys::thread::unix::Thread>::new::thread_start
[INFO] [stdout]   17:     0x7bb3b0d27dfa - <unknown>
[INFO] [stdout]   18:     0x7bb3b0dbb3d4 - clone
[INFO] [stdout]   19:                0x0 - <unknown>
[INFO] [stdout] 
[INFO] [stdout] 
[INFO] [stdout] failures:
[INFO] [stdout]     file_mode_default_18_hashes_correct_for_fixture
[INFO] [stdout]     file_mode_explicit_whirlpool_hashes_fixture
[INFO] [stdout]     file_mode_hex_format_contains_path_and_sha256
[INFO] [stdout]     file_mode_hex_format_does_not_include_metadata_labels
[INFO] [stdout]     file_mode_line_format_outputs_requested_hashes_size_and_path
[INFO] [stdout]     file_mode_one_good_one_bad_exits_one_stdout_has_good_result
[INFO] [stdout]     file_mode_two_identical_args_produce_array_of_length_2
[INFO] [stdout] 
[INFO] [stdout] test result: FAILED. 13 passed; 7 failed; 0 ignored; 0 measured; 0 filtered out; finished in 0.04s
[INFO] [stdout] 
[INFO] [stderr] error: test failed, to rerun pass `--test integration`
[INFO] running `Command { std: "docker" "inspect" "09a55b748e95c66fc3a3a98c99366b8f8839f0adc0fe01e8ac7b2aff804a1c4f", kill_on_drop: false }`
[INFO] running `Command { std: "docker" "rm" "-f" "09a55b748e95c66fc3a3a98c99366b8f8839f0adc0fe01e8ac7b2aff804a1c4f", kill_on_drop: false }`
[INFO] [stdout] 09a55b748e95c66fc3a3a98c99366b8f8839f0adc0fe01e8ac7b2aff804a1c4f
