[INFO] fetching crate harsh-lang 0.9.0...
[INFO] testing harsh-lang-0.9.0 against 1.99.0-beta.8+cargoflags=--release for beta-release-1.100-2
[INFO] extracting crate harsh-lang 0.9.0 into /workspace/builds/worker-4-tc1/source
[INFO] started tweaking crates.io crate harsh-lang 0.9.0
[INFO] removed 0 missing tests
[INFO] finished tweaking crates.io crate harsh-lang 0.9.0
[INFO] tweaked toml for crates.io crate harsh-lang 0.9.0 written to /workspace/builds/worker-4-tc1/source/Cargo.toml
[INFO] validating manifest of crates.io crate harsh-lang 0.9.0 on toolchain 1.99.0-beta.8
[INFO] running `Command { std: CARGO_HOME="/workspace/cargo-home" RUSTUP_HOME="/workspace/rustup-home" "/workspace/cargo-home/bin/cargo" "+1.99.0-beta.8" "metadata" "--manifest-path" "Cargo.toml" "--no-deps", kill_on_drop: false }`
[INFO] crate crates.io crate harsh-lang 0.9.0 already has a lockfile, it will not be regenerated
[INFO] running `Command { std: CARGO_HOME="/workspace/cargo-home" RUSTUP_HOME="/workspace/rustup-home" "/workspace/cargo-home/bin/cargo" "+1.99.0-beta.8" "fetch" "--manifest-path" "Cargo.toml", kill_on_drop: false }`
[INFO] [stderr]     Updating crates.io index
[INFO] [stderr]  Downloading crates ...
[INFO] [stderr]   Downloaded lsp-server v0.7.6
[INFO] [stderr]   Downloaded lsp-types v0.95.1
[INFO] running `Command { std: "docker" "create" "-v" "/var/lib/crater-agent-workspace/builds/worker-4-tc1/source:/opt/rustwide/workdir:ro,Z" "-v" "/var/lib/crater-agent-workspace/builds/worker-4-tc1/target:/opt/rustwide/target:rw,Z" "-v" "/var/lib/crater-agent-workspace/cargo-home:/opt/rustwide/cargo-home:ro,Z" "-v" "/var/lib/crater-agent-workspace/rustup-home:/opt/rustwide/rustup-home:ro,Z" "-m" "1610612736" "--network" "none" "ghcr.io/rust-lang/crates-build-env/linux@sha256:77db811e55d90add9212f6832c23229e3de5f1c1f9905e8cb07319ea15df73ac" "sleep" "infinity", kill_on_drop: false }`
[INFO] [stdout] 894eae48701cf2c56871e54ddce25231c0476e2d3dc52dd0d581c6e849994a09
[INFO] running `Command { std: "docker" "start" "894eae48701cf2c56871e54ddce25231c0476e2d3dc52dd0d581c6e849994a09", kill_on_drop: false }`
[INFO] running `Command { std: "docker" "inspect" "894eae48701cf2c56871e54ddce25231c0476e2d3dc52dd0d581c6e849994a09", kill_on_drop: false }`
[INFO] running `Command { std: "docker" "exec" "-e" "SOURCE_DIR=/opt/rustwide/workdir" "-e" "CARGO_HOME=/opt/rustwide/cargo-home" "-e" "RUSTUP_HOME=/opt/rustwide/rustup-home" "-e" "CARGO_TARGET_DIR=/opt/rustwide/target" "-w" "/opt/rustwide/workdir" "--user" "0:0" "894eae48701cf2c56871e54ddce25231c0476e2d3dc52dd0d581c6e849994a09" "/opt/rustwide/cargo-home/bin/cargo" "+1.99.0-beta.8" "metadata" "--no-deps" "--format-version=1", kill_on_drop: false }`
[INFO] running `Command { std: "docker" "inspect" "894eae48701cf2c56871e54ddce25231c0476e2d3dc52dd0d581c6e849994a09", kill_on_drop: false }`
[INFO] running `Command { std: "docker" "exec" "-e" "SOURCE_DIR=/opt/rustwide/workdir" "-e" "CARGO_HOME=/opt/rustwide/cargo-home" "-e" "RUSTUP_HOME=/opt/rustwide/rustup-home" "-e" "CARGO_TARGET_DIR=/opt/rustwide/target" "-e" "CARGO_INCREMENTAL=0" "-e" "RUST_BACKTRACE=full" "-e" "RUSTFLAGS=--cap-lints=warn" "-e" "RUSTDOCFLAGS=--cap-lints=warn" "-w" "/opt/rustwide/workdir" "--user" "0:0" "894eae48701cf2c56871e54ddce25231c0476e2d3dc52dd0d581c6e849994a09" "/opt/rustwide/cargo-home/bin/cargo" "+1.99.0-beta.8" "build" "--frozen" "--message-format=json" "--release", kill_on_drop: false }`
[INFO] [stderr]    Compiling crossbeam-utils v0.8.22
[INFO] [stderr]    Compiling proc-macro2 v1.0.107
[INFO] [stderr]    Compiling unicode-bidi v0.3.18
[INFO] [stderr]    Compiling unicode-ident v1.0.24
[INFO] [stderr]    Compiling tinyvec v1.13.2
[INFO] [stderr]    Compiling syn v3.0.4
[INFO] [stderr]    Compiling unicode-normalization v0.1.25
[INFO] [stderr]    Compiling crossbeam-channel v0.5.16
[INFO] [stderr]    Compiling idna v0.5.0
[INFO] [stderr]    Compiling serde_derive v1.0.229
[INFO] [stderr]    Compiling serde_repr v0.1.21
[INFO] [stderr]    Compiling serde v1.0.229
[INFO] [stderr]    Compiling url v2.5.2
[INFO] [stderr]    Compiling lsp-server v0.7.6
[INFO] [stderr]    Compiling lsp-types v0.95.1
[INFO] [stderr]    Compiling harsh-lang v0.9.0 (/opt/rustwide/workdir)
[INFO] [stderr]     Finished `release` profile [optimized] target(s) in 1m 10s
[INFO] running `Command { std: "docker" "inspect" "894eae48701cf2c56871e54ddce25231c0476e2d3dc52dd0d581c6e849994a09", kill_on_drop: false }`
[INFO] running `Command { std: "docker" "exec" "-e" "SOURCE_DIR=/opt/rustwide/workdir" "-e" "CARGO_HOME=/opt/rustwide/cargo-home" "-e" "RUSTUP_HOME=/opt/rustwide/rustup-home" "-e" "CARGO_TARGET_DIR=/opt/rustwide/target" "-e" "CARGO_INCREMENTAL=0" "-e" "RUST_BACKTRACE=full" "-e" "RUSTFLAGS=--cap-lints=warn" "-e" "RUSTDOCFLAGS=--cap-lints=warn" "-w" "/opt/rustwide/workdir" "--user" "0:0" "894eae48701cf2c56871e54ddce25231c0476e2d3dc52dd0d581c6e849994a09" "/opt/rustwide/cargo-home/bin/cargo" "+1.99.0-beta.8" "test" "--frozen" "--no-run" "--message-format=json" "--release", kill_on_drop: false }`
[INFO] [stderr]    Compiling harsh-lang v0.9.0 (/opt/rustwide/workdir)
[INFO] [stderr]     Finished `release` profile [optimized] target(s) in 23.33s
[INFO] running `Command { std: "docker" "inspect" "894eae48701cf2c56871e54ddce25231c0476e2d3dc52dd0d581c6e849994a09", kill_on_drop: false }`
[INFO] running `Command { std: "docker" "exec" "-e" "SOURCE_DIR=/opt/rustwide/workdir" "-e" "CARGO_HOME=/opt/rustwide/cargo-home" "-e" "RUSTUP_HOME=/opt/rustwide/rustup-home" "-e" "CARGO_TARGET_DIR=/opt/rustwide/target" "-e" "CARGO_INCREMENTAL=0" "-e" "RUST_BACKTRACE=full" "-e" "RUSTFLAGS=--cap-lints=warn" "-e" "RUSTDOCFLAGS=--cap-lints=warn" "-w" "/opt/rustwide/workdir" "--user" "0:0" "894eae48701cf2c56871e54ddce25231c0476e2d3dc52dd0d581c6e849994a09" "/opt/rustwide/cargo-home/bin/cargo" "+1.99.0-beta.8" "test" "--frozen" "--release", kill_on_drop: false }`
[INFO] [stderr]     Finished `release` profile [optimized] target(s) in 0.05s
[INFO] [stderr]      Running unittests src/lib.rs (/opt/rustwide/target/release/deps/harsh_lang-674eb2f24615fd52)
[INFO] [stdout] 
[INFO] [stdout] running 129 tests
[INFO] [stdout] test columns::argument_tests::enter_after_a_macro_bang_lands_on_its_first_argument ... ok
[INFO] [stdout] test columns::argument_tests::enter_after_an_argument_lands_on_its_sibling_column ... ok
[INFO] [stdout] test columns::chain_tests::mixed_chain_lands_under_the_last_arrow ... ok
[INFO] [stdout] test columns::chain_tests::nested_calls_close_under_their_own_callees ... ok
[INFO] [stdout] test columns::chain_tests::closer_after_body_goes_under_callee ... ok
[INFO] [stdout] test columns::chain_tests::closer_closes_nested_blocks_too ... ok
[INFO] [stdout] test columns::chain_tests::compact_form_closes_on_the_body_line ... ok
[INFO] [stdout] test columns::chain_tests::bare_paren_and_bracket_anchor_on_themselves ... ok
[INFO] [stdout] test columns::chain_tests::brace_gets_no_closer ... ok
[INFO] [stdout] test columns::argument_tests::enter_after_a_declared_callee_lands_on_its_first_argument ... ok
[INFO] [stdout] test columns::chain_tests::call_with_arguments_on_their_own_lines ... ok
[INFO] [stdout] test columns::tests::enter_after_arm_opener ... ok
[INFO] [stdout] test columns::tests::enter_after_block_opener ... ok
[INFO] [stdout] test columns::chain_tests::enter_after_closure_header_lands_past_closure ... ok
[INFO] [stdout] test columns::tests::arrow_inside_parens_is_not_a_chain_column ... ok
[INFO] [stdout] test columns::tests::closed_blocks_leave_the_stack ... ok
[INFO] [stdout] test columns::tests::comment_after_opener_still_opens ... ok
[INFO] [stdout] test columns::chain_tests::enter_after_closing_paren_continues_chain ... ok
[INFO] [stdout] test columns::chain_tests::enter_after_a_closer_in_a_chain_continues_it ... ok
[INFO] [stdout] test columns::chain_tests::path_callee_and_macro_anchor_at_path_start ... ok
[INFO] [stdout] test columns::tests::a_blank_line_above_keeps_its_column ... ok
[INFO] [stdout] test columns::tests::enter_after_a_block_literal_lands_past_its_name ... ok
[INFO] [stdout] test columns::tests::empty_buffer ... ok
[INFO] [stdout] test dslzone::tests::a_body_is_found_whole_and_nested_bodies_with_it ... ok
[INFO] [stdout] test dslzone::tests::a_harsh_macro_definition_and_a_tilde_call_are_not_zones ... ok
[INFO] [stdout] test columns::tests::opener_on_continuation_indents_from_it ... ok
[INFO] [stdout] test columns::tests::statement_columns_walk_outward ... ok
[INFO] [stdout] test columns::tests::unit_is_detected ... ok
[INFO] [stdout] test columns::tests::unterminated_string_above_is_tolerated ... ok
[INFO] [stdout] test dslzone::tests::a_holes_marks_get_one_space_inside_and_nothing_else_changes ... ok
[INFO] [stdout] test dslzone::tests::holes_always_close_and_nest ... ok
[INFO] [stdout] test mac::hygiene_tests::a_name_the_caller_passed_in_is_never_respelled ... ok
[INFO] [stdout] test mac::hygiene_tests::several_locals_each_get_their_own_spelling ... ok
[INFO] [stdout] test mac::hygiene_tests::the_new_spelling_avoids_everything_in_scope ... ok
[INFO] [stdout] test mac::hygiene_tests::a_clash_moves_the_macros_local_not_the_callers ... ok
[INFO] [stdout] test mac::hygiene_tests::the_renames_are_reported_for_hrs_expand ... ok
[INFO] [stdout] test mac::hygiene_tests::a_mutable_local_is_found_too ... ok
[INFO] [stdout] test mac::match_tests::a_dotted_path_is_one_capture ... ok
[INFO] [stdout] test columns::tests::one_line_statement_offers_chain_column_by_tab ... ok
[INFO] [stdout] test mac::hygiene_tests::a_macros_local_keeps_its_name_when_nothing_clashes ... ok
[INFO] [stdout] test columns::tests::enter_after_eq_lands_one_level_in ... ok
[INFO] [stdout] test mac::match_tests::a_capture_keeps_the_callers_tokens_and_context ... ok
[INFO] [stdout] test columns::tests::only_text_above_the_cursor_is_read ... ok
[INFO] [stdout] test mac::match_tests::a_kind_refuses_what_it_is_not ... ok
[INFO] [stdout] test columns::tests::enter_in_vertical_chain_lands_under_arrow ... ok
[INFO] [stdout] test mac::match_tests::a_repetition_binds_one_entry_per_round ... ok
[INFO] [stdout] test mac::match_tests::a_literal_token_must_appear ... ok
[INFO] [stdout] test columns::tests::first_chain_line_offers_arrow_column ... ok
[INFO] [stdout] test columns::tests::long_receiver_hangs_one_level_in ... ok
[INFO] [stdout] test dslzone::tests::a_block_hole_keeps_its_relative_layout ... ok
[INFO] [stdout] test mac::match_tests::a_repetition_stops_where_the_rest_of_the_matcher_begins ... ok
[INFO] [stdout] test columns::chain_tests::enter_after_a_closer_starts_a_new_statement ... ok
[INFO] [stdout] test mac::match_tests::tt_takes_a_token_or_a_whole_group ... ok
[INFO] [stdout] test mac::match_tests::no_arm_matching_says_why_each_failed ... ok
[INFO] [stdout] test mac::match_tests::groups_bound_a_capture ... ok
[INFO] [stdout] test mac::pipeline_tests::a_repetition_expands_to_lines_at_the_calls_column ... ok
[INFO] [stdout] test mac::pipeline_tests::a_definition_is_read_from_a_file ... ok
[INFO] [stdout] test mac::match_tests::arms_are_tried_in_order ... ok
[INFO] [stdout] test mac::match_tests::plus_needs_a_round_and_star_does_not ... ok
[INFO] [stdout] test mac::match_tests::a_repetition_with_a_separator ... ok
[INFO] [stdout] test mac::proc_tests::a_call_inside_an_expansion_is_recorded_at_the_outer_call ... ok
[INFO] [stdout] test mac::proc_tests::a_copied_token_is_traced_to_the_programmers_token ... ok
[INFO] [stdout] test mac::proc_tests::a_helper_without_its_derive_is_left_for_rustc ... ok
[INFO] [stdout] test mac::pipeline_tests::an_empty_call_that_matches_nothing_is_reported_at_the_call ... ok
[INFO] [stdout] test mac::proc_tests::a_malformed_expansion_is_an_error_at_the_call ... ok
[INFO] [stdout] test mac::proc_tests::a_proc_call_is_replaced_by_what_the_macro_returns ... ok
[INFO] [stdout] test mac::pipeline_tests::a_call_with_no_matching_arm_says_so ... ok
[INFO] [stdout] test mac::proc_tests::a_proc_macro_called_with_a_bang_is_the_wrong_mark ... ok
[INFO] [stdout] test mac::proc_tests::a_derive_call_that_cannot_be_answered_says_why ... ok
[INFO] [stdout] test mac::proc_tests::an_attribute_call_that_cannot_be_answered_says_why ... ok
[INFO] [stdout] test mac::pipeline_tests::a_file_with_no_harsh_macro_is_untouched ... ok
[INFO] [stdout] test mac::pipeline_tests::the_definition_leaves_no_trace_and_the_call_expands ... ok
[INFO] [stdout] test mac::proc_tests::an_attribute_macro_receives_its_item_whole_and_replaces_it ... ok
[INFO] [stdout] test mac::pipeline_tests::a_macro_that_calls_itself_for_ever_is_stopped ... ok
[INFO] [stdout] test mac::proc_tests::a_multi_line_expansion_lands_at_the_call_and_is_not_hygienic ... ok
[INFO] [stdout] test mac::proc_tests::a_derive_sees_its_item_as_rust_gives_it_and_adds_beside_it ... ok
[INFO] [stdout] test mac::proc_tests::a_files_own_macro_shadows_a_proc_macro_which_shadows_the_prelude ... ok
[INFO] [stdout] test mac::proc_tests::a_derive_takes_its_item_and_nothing_after_it ... ok
[INFO] [stdout] test mac::proc_tests::a_failing_macro_is_reported_at_its_call ... ok
[INFO] [stdout] test mac::subst_tests::a_capture_is_substituted_as_written ... ok
[INFO] [stdout] test mac::subst_tests::a_repetition_on_its_own_line_yields_one_line_per_round ... ok
[INFO] [stdout] test mac::proc_tests::derives_run_in_the_order_written ... ok
[INFO] [stdout] test mac::proc_tests::quote_becomes_pieces ... ok
[INFO] [stdout] test mac::proc_tests::quote_needs_its_import ... ok
[INFO] [stdout] test mac::proc_tests::an_expansion_lives_past_the_file_and_is_traced_to_its_call ... ok
[INFO] [stdout] test mac::subst_tests::a_transcribers_repetition_without_a_marker_is_refused ... ok
[INFO] [stdout] test mac::proc_tests::an_inline_derive_and_helper_leave_nothing_behind ... ok
[INFO] [stdout] test mac::proc_tests::what_nothing_defined_is_named_once ... ok
[INFO] [stdout] test mac::subst_tests::a_repeated_capture_used_outside_a_repetition_is_refused ... ok
[INFO] [stdout] test mac::proc_tests::quote_refuses_what_quote_refuses ... ok
[INFO] [stdout] test mac::proc_tests::the_stream_arrives_laid_out_as_written ... ok
[INFO] [stdout] test mac::subst_tests::the_expansion_lands_at_the_callers_column ... ok
[INFO] [stdout] test mac::proc_tests::quote_repeats_inline_or_as_lines ... ok
[INFO] [stdout] test mac::subst_tests::a_repetition_inside_a_line_yields_entries_in_place ... ok
[INFO] [stdout] test mac::subst_tests::a_transcribers_tokens_carry_this_expansions_context ... ok
[INFO] [stdout] test mac::subst_tests::using_a_capture_the_matcher_never_bound_is_refused ... ok
[INFO] [stdout] test mac::subst_tests::the_transcribers_indentation_is_kept ... ok
[INFO] [stdout] test mac::tests::a_capture_needs_a_kind ... ok
[INFO] [stdout] test mac::tests::an_optional_repetition_takes_no_separator ... ok
[INFO] [stdout] test mac::tests::a_repetition_without_a_marker_is_refused ... ok
[INFO] [stdout] test mac::tests::a_name_is_not_captured_twice ... ok
[INFO] [stdout] test mac::tests::a_repetition_carries_its_separator_and_operator ... ok
[INFO] [stdout] test mac::tests::every_harsh_kind_is_known ... ok
[INFO] [stdout] test mac::subst_tests::two_captures_in_one_repetition_must_agree_in_length ... ok
[INFO] [stdout] test mac::tests::no_separator_is_the_juxtaposed_form ... ok
[INFO] [stdout] test mac::tests::literal_tokens_are_kept_as_written ... ok
[INFO] [stdout] test mac::tests::a_capture_and_its_kind ... ok
[INFO] [stdout] test mac::tests::nested_repetitions_count_their_depth ... ok
[INFO] [stdout] test mac::tests::rusts_edition_kinds_are_refused_by_name ... ok
[INFO] [stdout] test mac::tests::two_fragments_in_their_own_groups_are_fine ... ok
[INFO] [stdout] test procmac::meta_tests::names_and_the_runtime_line ... ok
[INFO] [stdout] test procmac::meta_tests::reads_both_keys_and_nothing_else ... ok
[INFO] [stdout] test procmac::tests::a_derive_mark_has_one_shape ... ok
[INFO] [stdout] test procmac::tests::a_derive_registers_its_name_its_function_and_its_helpers ... ok
[INFO] [stdout] test procmac::tests::other_attributes_and_comments_may_sit_between ... ok
[INFO] [stdout] test procmac::tests::the_mark_needs_a_pub_fn ... ok
[INFO] [stdout] test procmac::tests::rust_attributes_are_not_touched ... ok
[INFO] [stdout] test shake::tests::a_use_list_loses_what_went ... ok
[INFO] [stdout] test procmac::meta_tests::refuses_what_it_does_not_know ... ok
[INFO] [stdout] test procmac::tests::the_mark_takes_no_arguments_and_is_not_inner ... ok
[INFO] [stdout] test procmac::runner_tests::a_panic_reads_as_the_macros_message ... ok
[INFO] [stdout] test procmac::runner_tests::the_runner_dispatches_every_registered_macro ... ok
[INFO] [stdout] test procmac::tests::a_registration_is_recorded_and_blanked ... ok
[INFO] [stdout] test procmac::tests::a_mark_in_a_string_or_comment_is_text ... ok
[INFO] [stdout] test procmac::tests::a_derive_call_is_left_for_the_expander ... ok
[INFO] [stdout] test mac::tests::a_metavariable_is_written_in_its_parentheses ... ok
[INFO] [stdout] test shake::tests::what_is_not_reached_goes_and_what_is_stays ... ok
[INFO] [stdout] test columns::chain_tests::enter_after_line_final_paren_lands_past_callee ... ok
[INFO] [stdout] test mac::pipeline_tests::several_arms_are_read ... ok
[INFO] [stdout] 
[INFO] [stdout] test result: ok. 129 passed; 0 failed; 0 ignored; 0 measured; 0 filtered out; finished in 0.05s
[INFO] [stdout] 
[INFO] [stderr]      Running unittests src/main.rs (/opt/rustwide/target/release/deps/hrs-6c14e71ee7c5eddb)
[INFO] [stdout] 
[INFO] [stdout] running 0 tests
[INFO] [stdout] 
[INFO] [stdout] test result: ok. 0 passed; 0 failed; 0 ignored; 0 measured; 0 filtered out; finished in 0.00s
[INFO] [stdout] 
[INFO] [stderr]      Running unittests src/bin/hrs-from.rs (/opt/rustwide/target/release/deps/hrs_from-190d370e24fa8708)
[INFO] [stdout] 
[INFO] [stdout] running 0 tests
[INFO] [stdout] 
[INFO] [stdout] test result: ok. 0 passed; 0 failed; 0 ignored; 0 measured; 0 filtered out; finished in 0.00s
[INFO] [stdout] 
[INFO] [stderr]      Running unittests src/bin/hrs-lsp.rs (/opt/rustwide/target/release/deps/hrs_lsp-5a67caaecd9ef30c)
[INFO] [stdout] 
[INFO] [stdout] running 1 test
[INFO] [stdout] test tests::columns_convert_between_utf16_and_characters ... ok
[INFO] [stdout] 
[INFO] [stdout] test result: ok. 1 passed; 0 failed; 0 ignored; 0 measured; 0 filtered out; finished in 0.01s
[INFO] [stdout] 
[INFO] [stderr]      Running unittests src/bin/hrs-remap.rs (/opt/rustwide/target/release/deps/hrs_remap-13a901308376689c)
[INFO] [stdout] 
[INFO] [stdout] running 0 tests
[INFO] [stdout] 
[INFO] [stdout] test result: ok. 0 passed; 0 failed; 0 ignored; 0 measured; 0 filtered out; finished in 0.00s
[INFO] [stdout] 
[INFO] [stderr]      Running tests/book_findings.rs (/opt/rustwide/target/release/deps/book_findings-30980d11edfcb5bd)
[INFO] [stdout] 
[INFO] [stdout] running 12 tests
[INFO] [stdout] test the_editor_and_the_formatter_share_the_anchor ... ok
[INFO] [stdout] test a_token_right_after_a_short_placeholder_keeps_its_place ... ok
[INFO] [stdout] test an_inline_body_does_not_excuse_the_parameters ... ok
[INFO] [stdout] test a_byte_string_has_escapes ... ok
[INFO] [stdout] test the_converter_writes_unary_operators_tight_and_isolates_an_indexed_call ... ok
[INFO] [stdout] test a_short_macro_name_stays_in_place ... ok
[INFO] [stdout] test an_indexed_group_applies_its_index_once ... ok
[INFO] [stdout] test a_double_closer_ends_a_functions_generics ... ok
[INFO] [stdout] test the_shaker_keeps_an_inner_attribute ... ok
[INFO] [stdout] test a_bare_parameter_ends_its_functions_arity ... ok
[INFO] [stdout] test a_one_line_body_leaves_no_padding_behind ... ok
[INFO] [stderr]      Running tests/docex.rs (/opt/rustwide/target/release/deps/docex-f5dab052c96dae5f)
[INFO] [stdout] test the_usage_names_every_command ... ok
[INFO] [stdout] 
[INFO] [stdout] test result: ok. 12 passed; 0 failed; 0 ignored; 0 measured; 0 filtered out; finished in 0.02s
[INFO] [stdout] 
[INFO] [stdout] 
[INFO] [stdout] running 8 tests
[INFO] [stdout] test a_hidden_line_keeps_its_marker ... ok
[INFO] [stdout] test the_last_line_of_an_example_keeps_its_semicolon ... ok
[INFO] [stdout] test a_tagged_fence_is_left_alone ... ok
[INFO] [stdout] test doc_example_is_transpiled ... ok
[INFO] [stdout] test doc_example_round_trips ... ok
[INFO] [stdout] test a_literal_in_a_tuple_is_isolated ... ok
[INFO] [stdout] test doc_example_is_converted_back ... ok
[INFO] [stdout] test a_broken_example_is_an_error_on_its_own_line ... ok
[INFO] [stdout] 
[INFO] [stdout] test result: ok. 8 passed; 0 failed; 0 ignored; 0 measured; 0 filtered out; finished in 0.01s
[INFO] [stdout] 
[INFO] [stderr]      Running tests/docreview.rs (/opt/rustwide/target/release/deps/docreview-60e6615dd95d9bd1)
[INFO] [stdout] 
[INFO] [stdout] running 12 tests
[INFO] [stdout] test h14_a_call_after_a_ranges_dots_is_applied ... ok
[INFO] [stdout] test h15_fmt_keeps_compound_bit_assignments ... ok
[INFO] [stdout] test h13_a_record_variants_fields_are_not_constructors ... ok
[INFO] [stdout] created app
[INFO] [stdout]   cd app && hrs run
[INFO] [stdout] test h16_a_chain_in_a_group_after_a_long_receiver ... ok
[INFO] [stdout] test h16_an_inline_if_is_the_authors_line ... ok
[INFO] [stdout] test h16_a_fields_value_stays_in_its_literal ... ok
[INFO] [stdout] test h16_arguments_listed_in_a_moved_block_stay_arguments ... ok
[INFO] [stdout] test h16_a_file_of_views_takes_the_layout ... ok
[INFO] [stdout] test a_chain_in_a_logical_or_is_the_authors ... ok
[INFO] [stdout] test h16_one_run_is_enough ... ok
[INFO] [stdout] test h11_fmt_leaves_a_mark_inside_a_holes_string ... ok
[INFO] [stdout] test h12_top_level_files_are_linked_into_the_generated_project ... ok
[INFO] [stderr]      Running tests/dsl_holes.rs (/opt/rustwide/target/release/deps/dsl_holes-1bdc9b41a2ae500e)
[INFO] [stdout] 
[INFO] [stdout] test result: ok. 12 passed; 0 failed; 0 ignored; 0 measured; 0 filtered out; finished in 0.09s
[INFO] [stdout] 
[INFO] [stdout] 
[INFO] [stdout] running 4 tests
[INFO] [stdout] test json_values_become_holes ... ok
[INFO] [stdout] test quick_error_clauses_stay_verbatim ... ok
[INFO] [stdout] test thread_local_holes_cover_the_expression_only ... ok
[INFO] [stdout] test rsx_values_become_holes ... ok
[INFO] [stdout] 
[INFO] [stdout] test result: ok. 4 passed; 0 failed; 0 ignored; 0 measured; 0 filtered out; finished in 0.01s
[INFO] [stdout] 
[INFO] [stderr]      Running tests/dsl_libraries.rs (/opt/rustwide/target/release/deps/dsl_libraries-38be6f8ed78e8699)
[INFO] [stdout] 
[INFO] [stdout] running 15 tests
[INFO] [stdout] test thread_local ... FAILED
[INFO] [stdout] test bitflags ... FAILED
[INFO] [stdout] test lists ... FAILED
[INFO] [stdout] test yew ... FAILED
[INFO] [stdout] test a_stretch_of_glob_names_is_left_with_a_warning ... FAILED
[INFO] [stdout] test tokio_select ... FAILED
[INFO] [stdout] test the_guide_shows_the_examples_as_tested ... FAILED
[INFO] [stdout] test tracing ... FAILED
[INFO] [stdout] test lazy_static ... FAILED
[INFO] [stdout] test dioxus ... FAILED
[INFO] [stdout] test leptos ... FAILED
[INFO] [stdout] test the_books_run_the_examples_as_tested ... ok
[INFO] [stdout] test serde_json ... FAILED
[INFO] [stdout] test maud ... FAILED
[INFO] [stdout] test a_single_word_is_no_hole_and_a_dsl_binding_counts ... ok
[INFO] [stdout] 
[INFO] [stdout] failures:
[INFO] [stdout] 
[INFO] [stdout] ---- thread_local stdout ----
[INFO] [stdout] 
[INFO] [stdout] thread 'thread_local' (1506) panicked at tests/dsl_libraries.rs:20:47:
[INFO] [stdout] called `Result::unwrap()` on an `Err` value: Os { code: 2, kind: NotFound, message: "No such file or directory" }
[INFO] [stdout] stack backtrace:
[INFO] [stdout]    0:     0x5b072f1e21c1 - <<std[70759c8f55707aa4]::sys::backtrace::BacktraceLock>::print::DisplayBacktrace as core[df12db4294e9bfd3]::fmt::Display>::fmt
[INFO] [stdout]    1:     0x5b072f1f6bba - core[df12db4294e9bfd3]::fmt::write
[INFO] [stdout]    2:     0x5b072f1e694c - <alloc[2182bb758b4b3781]::vec::Vec<u8> as core[df12db4294e9bfd3]::io::write::Write>::write_fmt
[INFO] [stdout]    3:     0x5b072f1bdf16 - std[70759c8f55707aa4]::panicking::default_hook::{closure#0}
[INFO] [stdout]    4:     0x5b072f1da369 - std[70759c8f55707aa4]::panicking::default_hook
[INFO] [stdout]    5:     0x5b072f175ec0 - test[9d35eded1c95d3be]::test_main_inner::<test[9d35eded1c95d3be]::test_main_static::{closure#0}>::{closure#0}
[INFO] [stdout]    6:     0x5b072f1da522 - std[70759c8f55707aa4]::panicking::panic_with_hook
[INFO] [stdout]    7:     0x5b072f1bdfc2 - std[70759c8f55707aa4]::panicking::panic_handler::{closure#0}
[INFO] [stdout]    8:     0x5b072f1b6b19 - std[70759c8f55707aa4]::sys::backtrace::__rust_end_short_backtrace::<std[70759c8f55707aa4]::panicking::panic_handler::{closure#0}, !>
[INFO] [stdout]    9:     0x5b072f1bebbd - __rustc[8fa7c3cbc660c2b3]::rust_begin_unwind
[INFO] [stdout]   10:     0x5b072f1f731c - core[df12db4294e9bfd3]::panicking::panic_fmt
[INFO] [stdout]   11:     0x5b072f1f70f2 - core[df12db4294e9bfd3]::result::unwrap_failed
[INFO] [stdout]   12:     0x5b072efcf1a1 - dsl_libraries[95f30bb470ee66d3]::read
[INFO] [stdout]   13:     0x5b072efcf275 - dsl_libraries[95f30bb470ee66d3]::check
[INFO] [stdout]   14:     0x5b072efd0aa1 - <dsl_libraries[95f30bb470ee66d3]::thread_local::{closure#0} as core[df12db4294e9bfd3]::ops::function::FnOnce<()>>::call_once
[INFO] [stdout]   15:     0x5b072f1691ab - test[9d35eded1c95d3be]::__rust_begin_short_backtrace::<core[df12db4294e9bfd3]::result::Result<(), alloc[2182bb758b4b3781]::string::String>, fn() -> core[df12db4294e9bfd3]::result::Result<(), alloc[2182bb758b4b3781]::string::String>>
[INFO] [stdout]   16:     0x5b072f176815 - test[9d35eded1c95d3be]::run_test::{closure#0}
[INFO] [stdout]   17:     0x5b072f1700d4 - std[70759c8f55707aa4]::sys::backtrace::__rust_begin_short_backtrace::<test[9d35eded1c95d3be]::run_test::{closure#1}, ()>
[INFO] [stdout]   18:     0x5b072f179972 - <std[70759c8f55707aa4]::thread::lifecycle::spawn_unchecked<test[9d35eded1c95d3be]::run_test::{closure#1}, ()>::{closure#1} as core[df12db4294e9bfd3]::ops::function::FnOnce<()>>::call_once::{shim:vtable#0}
[INFO] [stdout]   19:     0x5b072f1e1729 - <std[70759c8f55707aa4]::sys::thread::unix::Thread>::new::thread_start
[INFO] [stdout]   20:     0x7ac06268fdfa - <unknown>
[INFO] [stdout]   21:     0x7ac0627233d4 - clone
[INFO] [stdout]   22:                0x0 - <unknown>
[INFO] [stdout] 
[INFO] [stdout] ---- bitflags stdout ----
[INFO] [stdout] 
[INFO] [stdout] thread 'bitflags' (1497) panicked at tests/dsl_libraries.rs:20:47:
[INFO] [stdout] called `Result::unwrap()` on an `Err` value: Os { code: 2, kind: NotFound, message: "No such file or directory" }
[INFO] [stdout] stack backtrace:
[INFO] [stdout]    0:     0x5b072f1e21c1 - <<std[70759c8f55707aa4]::sys::backtrace::BacktraceLock>::print::DisplayBacktrace as core[df12db4294e9bfd3]::fmt::Display>::fmt
[INFO] [stdout]    1:     0x5b072f1f6bba - core[df12db4294e9bfd3]::fmt::write
[INFO] [stdout]    2:     0x5b072f1e694c - <alloc[2182bb758b4b3781]::vec::Vec<u8> as core[df12db4294e9bfd3]::io::write::Write>::write_fmt
[INFO] [stdout]    3:     0x5b072f1bdf16 - std[70759c8f55707aa4]::panicking::default_hook::{closure#0}
[INFO] [stdout]    4:     0x5b072f1da369 - std[70759c8f55707aa4]::panicking::default_hook
[INFO] [stdout]    5:     0x5b072f175ec0 - test[9d35eded1c95d3be]::test_main_inner::<test[9d35eded1c95d3be]::test_main_static::{closure#0}>::{closure#0}
[INFO] [stdout]    6:     0x5b072f1da522 - std[70759c8f55707aa4]::panicking::panic_with_hook
[INFO] [stdout]    7:     0x5b072f1bdfc2 - std[70759c8f55707aa4]::panicking::panic_handler::{closure#0}
[INFO] [stdout]    8:     0x5b072f1b6b19 - std[70759c8f55707aa4]::sys::backtrace::__rust_end_short_backtrace::<std[70759c8f55707aa4]::panicking::panic_handler::{closure#0}, !>
[INFO] [stdout]    9:     0x5b072f1bebbd - __rustc[8fa7c3cbc660c2b3]::rust_begin_unwind
[INFO] [stdout]   10:     0x5b072f1f731c - core[df12db4294e9bfd3]::panicking::panic_fmt
[INFO] [stdout]   11:     0x5b072f1f70f2 - core[df12db4294e9bfd3]::result::unwrap_failed
[INFO] [stdout]   12:     0x5b072efcf1a1 - dsl_libraries[95f30bb470ee66d3]::read
[INFO] [stdout]   13:     0x5b072efcf275 - dsl_libraries[95f30bb470ee66d3]::check
[INFO] [stdout]   14:     0x5b072efd26f1 - <dsl_libraries[95f30bb470ee66d3]::bitflags::{closure#0} as core[df12db4294e9bfd3]::ops::function::FnOnce<()>>::call_once
[INFO] [stdout]   15:     0x5b072f1691ab - test[9d35eded1c95d3be]::__rust_begin_short_backtrace::<core[df12db4294e9bfd3]::result::Result<(), alloc[2182bb758b4b3781]::string::String>, fn() -> core[df12db4294e9bfd3]::result::Result<(), alloc[2182bb758b4b3781]::string::String>>
[INFO] [stdout]   16:     0x5b072f176815 - test[9d35eded1c95d3be]::run_test::{closure#0}
[INFO] [stdout]   17:     0x5b072f1700d4 - std[70759c8f55707aa4]::sys::backtrace::__rust_begin_short_backtrace::<test[9d35eded1c95d3be]::run_test::{closure#1}, ()>
[INFO] [stdout]   18:     0x5b072f179972 - <std[70759c8f55707aa4]::thread::lifecycle::spawn_unchecked<test[9d35eded1c95d3be]::run_test::{closure#1}, ()>::{closure#1} as core[df12db4294e9bfd3]::ops::function::FnOnce<()>>::call_once::{shim:vtable#0}
[INFO] [stdout]   19:     0x5b072f1e1729 - <std[70759c8f55707aa4]::sys::thread::unix::Thread>::new::thread_start
[INFO] [stdout]   20:     0x7ac06268fdfa - <unknown>
[INFO] [stdout]   21:     0x7ac0627233d4 - clone
[INFO] [stdout]   22:                0x0 - <unknown>
[INFO] [stdout] 
[INFO] [stdout] ---- lists stdout ----
[INFO] [stdout] 
[INFO] [stdout] thread 'lists' (1501) panicked at tests/dsl_libraries.rs:20:47:
[INFO] [stdout] called `Result::unwrap()` on an `Err` value: Os { code: 2, kind: NotFound, message: "No such file or directory" }
[INFO] [stdout] stack backtrace:
[INFO] [stdout]    0:     0x5b072f1e21c1 - <<std[70759c8f55707aa4]::sys::backtrace::BacktraceLock>::print::DisplayBacktrace as core[df12db4294e9bfd3]::fmt::Display>::fmt
[INFO] [stdout]    1:     0x5b072f1f6bba - core[df12db4294e9bfd3]::fmt::write
[INFO] [stdout]    2:     0x5b072f1e694c - <alloc[2182bb758b4b3781]::vec::Vec<u8> as core[df12db4294e9bfd3]::io::write::Write>::write_fmt
[INFO] [stdout]    3:     0x5b072f1bdf16 - std[70759c8f55707aa4]::panicking::default_hook::{closure#0}
[INFO] [stdout]    4:     0x5b072f1da369 - std[70759c8f55707aa4]::panicking::default_hook
[INFO] [stdout]    5:     0x5b072f175ec0 - test[9d35eded1c95d3be]::test_main_inner::<test[9d35eded1c95d3be]::test_main_static::{closure#0}>::{closure#0}
[INFO] [stdout]    6:     0x5b072f1da522 - std[70759c8f55707aa4]::panicking::panic_with_hook
[INFO] [stdout]    7:     0x5b072f1bdfc2 - std[70759c8f55707aa4]::panicking::panic_handler::{closure#0}
[INFO] [stdout]    8:     0x5b072f1b6b19 - std[70759c8f55707aa4]::sys::backtrace::__rust_end_short_backtrace::<std[70759c8f55707aa4]::panicking::panic_handler::{closure#0}, !>
[INFO] [stdout]    9:     0x5b072f1bebbd - __rustc[8fa7c3cbc660c2b3]::rust_begin_unwind
[INFO] [stdout]   10:     0x5b072f1f731c - core[df12db4294e9bfd3]::panicking::panic_fmt
[INFO] [stdout]   11:     0x5b072f1f70f2 - core[df12db4294e9bfd3]::result::unwrap_failed
[INFO] [stdout]   12:     0x5b072efcf1a1 - dsl_libraries[95f30bb470ee66d3]::read
[INFO] [stdout]   13:     0x5b072efcf275 - dsl_libraries[95f30bb470ee66d3]::check
[INFO] [stdout]   14:     0x5b072efd2631 - <dsl_libraries[95f30bb470ee66d3]::lists::{closure#0} as core[df12db4294e9bfd3]::ops::function::FnOnce<()>>::call_once
[INFO] [stdout]   15:     0x5b072f1691ab - test[9d35eded1c95d3be]::__rust_begin_short_backtrace::<core[df12db4294e9bfd3]::result::Result<(), alloc[2182bb758b4b3781]::string::String>, fn() -> core[df12db4294e9bfd3]::result::Result<(), alloc[2182bb758b4b3781]::string::String>>
[INFO] [stdout]   16:     0x5b072f176815 - test[9d35eded1c95d3be]::run_test::{closure#0}
[INFO] [stdout]   17:     0x5b072f1700d4 - std[70759c8f55707aa4]::sys::backtrace::__rust_begin_short_backtrace::<test[9d35eded1c95d3be]::run_test::{closure#1}, ()>
[INFO] [stdout]   18:     0x5b072f179972 - <std[70759c8f55707aa4]::thread::lifecycle::spawn_unchecked<test[9d35eded1c95d3be]::run_test::{closure#1}, ()>::{closure#1} as core[df12db4294e9bfd3]::ops::function::FnOnce<()>>::call_once::{shim:vtable#0}
[INFO] [stdout]   19:     0x5b072f1e1729 - <std[70759c8f55707aa4]::sys::thread::unix::Thread>::new::thread_start
[INFO] [stdout]   20:     0x7ac06268fdfa - <unknown>
[INFO] [stdout]   21:     0x7ac0627233d4 - clone
[INFO] [stdout]   22:                0x0 - <unknown>
[INFO] [stdout] 
[INFO] [stdout] ---- yew stdout ----
[INFO] [stdout] 
[INFO] [stdout] thread 'yew' (1509) panicked at tests/dsl_libraries.rs:20:47:
[INFO] [stdout] called `Result::unwrap()` on an `Err` value: Os { code: 2, kind: NotFound, message: "No such file or directory" }
[INFO] [stdout] stack backtrace:
[INFO] [stdout]    0:     0x5b072f1e21c1 - <<std[70759c8f55707aa4]::sys::backtrace::BacktraceLock>::print::DisplayBacktrace as core[df12db4294e9bfd3]::fmt::Display>::fmt
[INFO] [stdout]    1:     0x5b072f1f6bba - core[df12db4294e9bfd3]::fmt::write
[INFO] [stdout]    2:     0x5b072f1e694c - <alloc[2182bb758b4b3781]::vec::Vec<u8> as core[df12db4294e9bfd3]::io::write::Write>::write_fmt
[INFO] [stdout]    3:     0x5b072f1bdf16 - std[70759c8f55707aa4]::panicking::default_hook::{closure#0}
[INFO] [stdout]    4:     0x5b072f1da369 - std[70759c8f55707aa4]::panicking::default_hook
[INFO] [stdout]    5:     0x5b072f175ec0 - test[9d35eded1c95d3be]::test_main_inner::<test[9d35eded1c95d3be]::test_main_static::{closure#0}>::{closure#0}
[INFO] [stdout]    6:     0x5b072f1da522 - std[70759c8f55707aa4]::panicking::panic_with_hook
[INFO] [stdout]    7:     0x5b072f1bdfc2 - std[70759c8f55707aa4]::panicking::panic_handler::{closure#0}
[INFO] [stdout]    8:     0x5b072f1b6b19 - std[70759c8f55707aa4]::sys::backtrace::__rust_end_short_backtrace::<std[70759c8f55707aa4]::panicking::panic_handler::{closure#0}, !>
[INFO] [stdout]    9:     0x5b072f1bebbd - __rustc[8fa7c3cbc660c2b3]::rust_begin_unwind
[INFO] [stdout]   10:     0x5b072f1f731c - core[df12db4294e9bfd3]::panicking::panic_fmt
[INFO] [stdout]   11:     0x5b072f1f70f2 - core[df12db4294e9bfd3]::result::unwrap_failed
[INFO] [stdout]   12:     0x5b072efcf1a1 - dsl_libraries[95f30bb470ee66d3]::read
[INFO] [stdout]   13:     0x5b072efcf275 - dsl_libraries[95f30bb470ee66d3]::check
[INFO] [stdout]   14:     0x5b072efd1c81 - <dsl_libraries[95f30bb470ee66d3]::yew::{closure#0} as core[df12db4294e9bfd3]::ops::function::FnOnce<()>>::call_once
[INFO] [stdout]   15:     0x5b072f1691ab - test[9d35eded1c95d3be]::__rust_begin_short_backtrace::<core[df12db4294e9bfd3]::result::Result<(), alloc[2182bb758b4b3781]::string::String>, fn() -> core[df12db4294e9bfd3]::result::Result<(), alloc[2182bb758b4b3781]::string::String>>
[INFO] [stdout]   16:     0x5b072f176815 - test[9d35eded1c95d3be]::run_test::{closure#0}
[INFO] [stdout]   17:     0x5b072f1700d4 - std[70759c8f55707aa4]::sys::backtrace::__rust_begin_short_backtrace::<test[9d35eded1c95d3be]::run_test::{closure#1}, ()>
[INFO] [stdout]   18:     0x5b072f179972 - <std[70759c8f55707aa4]::thread::lifecycle::spawn_unchecked<test[9d35eded1c95d3be]::run_test::{closure#1}, ()>::{closure#1} as core[df12db4294e9bfd3]::ops::function::FnOnce<()>>::call_once::{shim:vtable#0}
[INFO] [stdout]   19:     0x5b072f1e1729 - <std[70759c8f55707aa4]::sys::thread::unix::Thread>::new::thread_start
[INFO] [stdout]   20:     0x7ac06268fdfa - <unknown>
[INFO] [stdout]   21:     0x7ac0627233d4 - clone
[INFO] [stdout]   22:                0x0 - <unknown>
[INFO] [stdout] 
[INFO] [stdout] ---- a_stretch_of_glob_names_is_left_with_a_warning stdout ----
[INFO] [stdout] 
[INFO] [stdout] thread 'a_stretch_of_glob_names_is_left_with_a_warning' (1496) panicked at tests/dsl_libraries.rs:20:47:
[INFO] [stdout] called `Result::unwrap()` on an `Err` value: Os { code: 2, kind: NotFound, message: "No such file or directory" }
[INFO] [stdout] stack backtrace:
[INFO] [stdout]    0:     0x5b072f1e21c1 - <<std[70759c8f55707aa4]::sys::backtrace::BacktraceLock>::print::DisplayBacktrace as core[df12db4294e9bfd3]::fmt::Display>::fmt
[INFO] [stdout]    1:     0x5b072f1f6bba - core[df12db4294e9bfd3]::fmt::write
[INFO] [stdout]    2:     0x5b072f1e694c - <alloc[2182bb758b4b3781]::vec::Vec<u8> as core[df12db4294e9bfd3]::io::write::Write>::write_fmt
[INFO] [stdout]    3:     0x5b072f1bdf16 - std[70759c8f55707aa4]::panicking::default_hook::{closure#0}
[INFO] [stdout]    4:     0x5b072f1da369 - std[70759c8f55707aa4]::panicking::default_hook
[INFO] [stdout]    5:     0x5b072f175ec0 - test[9d35eded1c95d3be]::test_main_inner::<test[9d35eded1c95d3be]::test_main_static::{closure#0}>::{closure#0}
[INFO] [stdout]    6:     0x5b072f1da522 - std[70759c8f55707aa4]::panicking::panic_with_hook
[INFO] [stdout]    7:     0x5b072f1bdfc2 - std[70759c8f55707aa4]::panicking::panic_handler::{closure#0}
[INFO] [stdout]    8:     0x5b072f1b6b19 - std[70759c8f55707aa4]::sys::backtrace::__rust_end_short_backtrace::<std[70759c8f55707aa4]::panicking::panic_handler::{closure#0}, !>
[INFO] [stdout]    9:     0x5b072f1bebbd - __rustc[8fa7c3cbc660c2b3]::rust_begin_unwind
[INFO] [stdout]   10:     0x5b072f1f731c - core[df12db4294e9bfd3]::panicking::panic_fmt
[INFO] [stdout]   11:     0x5b072f1f70f2 - core[df12db4294e9bfd3]::result::unwrap_failed
[INFO] [stdout]   12:     0x5b072efcf1a1 - dsl_libraries[95f30bb470ee66d3]::read
[INFO] [stdout]   13:     0x5b072efd1cbc - <dsl_libraries[95f30bb470ee66d3]::a_stretch_of_glob_names_is_left_with_a_warning::{closure#0} as core[df12db4294e9bfd3]::ops::function::FnOnce<()>>::call_once
[INFO] [stdout]   14:     0x5b072f1691ab - test[9d35eded1c95d3be]::__rust_begin_short_backtrace::<core[df12db4294e9bfd3]::result::Result<(), alloc[2182bb758b4b3781]::string::String>, fn() -> core[df12db4294e9bfd3]::result::Result<(), alloc[2182bb758b4b3781]::string::String>>
[INFO] [stdout]   15:     0x5b072f176815 - test[9d35eded1c95d3be]::run_test::{closure#0}
[INFO] [stdout]   16:     0x5b072f1700d4 - std[70759c8f55707aa4]::sys::backtrace::__rust_begin_short_backtrace::<test[9d35eded1c95d3be]::run_test::{closure#1}, ()>
[INFO] [stdout]   17:     0x5b072f179972 - <std[70759c8f55707aa4]::thread::lifecycle::spawn_unchecked<test[9d35eded1c95d3be]::run_test::{closure#1}, ()>::{closure#1} as core[df12db4294e9bfd3]::ops::function::FnOnce<()>>::call_once::{shim:vtable#0}
[INFO] [stdout]   18:     0x5b072f1e1729 - <std[70759c8f55707aa4]::sys::thread::unix::Thread>::new::thread_start
[INFO] [stdout]   19:     0x7ac06268fdfa - <unknown>
[INFO] [stdout]   20:     0x7ac0627233d4 - clone
[INFO] [stdout]   21:                0x0 - <unknown>
[INFO] [stdout] 
[INFO] [stdout] ---- tokio_select stdout ----
[INFO] [stdout] 
[INFO] [stdout] thread 'tokio_select' (1507) panicked at tests/dsl_libraries.rs:20:47:
[INFO] [stdout] called `Result::unwrap()` on an `Err` value: Os { code: 2, kind: NotFound, message: "No such file or directory" }
[INFO] [stdout] stack backtrace:
[INFO] [stdout]    0:     0x5b072f1e21c1 - <<std[70759c8f55707aa4]::sys::backtrace::BacktraceLock>::print::DisplayBacktrace as core[df12db4294e9bfd3]::fmt::Display>::fmt
[INFO] [stdout]    1:     0x5b072f1f6bba - core[df12db4294e9bfd3]::fmt::write
[INFO] [stdout]    2:     0x5b072f1e694c - <alloc[2182bb758b4b3781]::vec::Vec<u8> as core[df12db4294e9bfd3]::io::write::Write>::write_fmt
[INFO] [stdout]    3:     0x5b072f1bdf16 - std[70759c8f55707aa4]::panicking::default_hook::{closure#0}
[INFO] [stdout]    4:     0x5b072f1da369 - std[70759c8f55707aa4]::panicking::default_hook
[INFO] [stdout]    5:     0x5b072f175ec0 - test[9d35eded1c95d3be]::test_main_inner::<test[9d35eded1c95d3be]::test_main_static::{closure#0}>::{closure#0}
[INFO] [stdout]    6:     0x5b072f1da522 - std[70759c8f55707aa4]::panicking::panic_with_hook
[INFO] [stdout]    7:     0x5b072f1bdfc2 - std[70759c8f55707aa4]::panicking::panic_handler::{closure#0}
[INFO] [stdout]    8:     0x5b072f1b6b19 - std[70759c8f55707aa4]::sys::backtrace::__rust_end_short_backtrace::<std[70759c8f55707aa4]::panicking::panic_handler::{closure#0}, !>
[INFO] [stdout]    9:     0x5b072f1bebbd - __rustc[8fa7c3cbc660c2b3]::rust_begin_unwind
[INFO] [stdout]   10:     0x5b072f1f731c - core[df12db4294e9bfd3]::panicking::panic_fmt
[INFO] [stdout]   11:     0x5b072f1f70f2 - core[df12db4294e9bfd3]::result::unwrap_failed
[INFO] [stdout]   12:     0x5b072efcf1a1 - dsl_libraries[95f30bb470ee66d3]::read
[INFO] [stdout]   13:     0x5b072efcf275 - dsl_libraries[95f30bb470ee66d3]::check
[INFO] [stdout]   14:     0x5b072efd0ad1 - <dsl_libraries[95f30bb470ee66d3]::tokio_select::{closure#0} as core[df12db4294e9bfd3]::ops::function::FnOnce<()>>::call_once
[INFO] [stdout]   15:     0x5b072f1691ab - test[9d35eded1c95d3be]::__rust_begin_short_backtrace::<core[df12db4294e9bfd3]::result::Result<(), alloc[2182bb758b4b3781]::string::String>, fn() -> core[df12db4294e9bfd3]::result::Result<(), alloc[2182bb758b4b3781]::string::String>>
[INFO] [stdout]   16:     0x5b072f176815 - test[9d35eded1c95d3be]::run_test::{closure#0}
[INFO] [stdout]   17:     0x5b072f1700d4 - std[70759c8f55707aa4]::sys::backtrace::__rust_begin_short_backtrace::<test[9d35eded1c95d3be]::run_test::{closure#1}, ()>
[INFO] [stdout]   18:     0x5b072f179972 - <std[70759c8f55707aa4]::thread::lifecycle::spawn_unchecked<test[9d35eded1c95d3be]::run_test::{closure#1}, ()>::{closure#1} as core[df12db4294e9bfd3]::ops::function::FnOnce<()>>::call_once::{shim:vtable#0}
[INFO] [stdout]   19:     0x5b072f1e1729 - <std[70759c8f55707aa4]::sys::thread::unix::Thread>::new::thread_start
[INFO] [stdout]   20:     0x7ac06268fdfa - <unknown>
[INFO] [stdout]   21:     0x7ac0627233d4 - clone
[INFO] [stdout]   22:                0x0 - <unknown>
[INFO] [stdout] 
[INFO] [stdout] ---- the_guide_shows_the_examples_as_tested stdout ----
[INFO] [stdout] 
[INFO] [stdout] thread 'the_guide_shows_the_examples_as_tested' (1505) panicked at tests/dsl_libraries.rs:248:39:
[INFO] [stdout] called `Result::unwrap()` on an `Err` value: Os { code: 2, kind: NotFound, message: "No such file or directory" }
[INFO] [stdout] stack backtrace:
[INFO] [stdout]    0:     0x5b072f1e21c1 - <<std[70759c8f55707aa4]::sys::backtrace::BacktraceLock>::print::DisplayBacktrace as core[df12db4294e9bfd3]::fmt::Display>::fmt
[INFO] [stdout]    1:     0x5b072f1f6bba - core[df12db4294e9bfd3]::fmt::write
[INFO] [stdout]    2:     0x5b072f1e694c - <alloc[2182bb758b4b3781]::vec::Vec<u8> as core[df12db4294e9bfd3]::io::write::Write>::write_fmt
[INFO] [stdout]    3:     0x5b072f1bdf16 - std[70759c8f55707aa4]::panicking::default_hook::{closure#0}
[INFO] [stdout]    4:     0x5b072f1da369 - std[70759c8f55707aa4]::panicking::default_hook
[INFO] [stdout]    5:     0x5b072f175ec0 - test[9d35eded1c95d3be]::test_main_inner::<test[9d35eded1c95d3be]::test_main_static::{closure#0}>::{closure#0}
[INFO] [stdout]    6:     0x5b072f1da522 - std[70759c8f55707aa4]::panicking::panic_with_hook
[INFO] [stdout]    7:     0x5b072f1bdfc2 - std[70759c8f55707aa4]::panicking::panic_handler::{closure#0}
[INFO] [stdout]    8:     0x5b072f1b6b19 - std[70759c8f55707aa4]::sys::backtrace::__rust_end_short_backtrace::<std[70759c8f55707aa4]::panicking::panic_handler::{closure#0}, !>
[INFO] [stdout]    9:     0x5b072f1bebbd - __rustc[8fa7c3cbc660c2b3]::rust_begin_unwind
[INFO] [stdout]   10:     0x5b072f1f731c - core[df12db4294e9bfd3]::panicking::panic_fmt
[INFO] [stdout]   11:     0x5b072f1f70f2 - core[df12db4294e9bfd3]::result::unwrap_failed
[INFO] [stdout]   12:     0x5b072efd1a5d - <dsl_libraries[95f30bb470ee66d3]::the_guide_shows_the_examples_as_tested::{closure#0} as core[df12db4294e9bfd3]::ops::function::FnOnce<()>>::call_once
[INFO] [stdout]   13:     0x5b072f1691ab - test[9d35eded1c95d3be]::__rust_begin_short_backtrace::<core[df12db4294e9bfd3]::result::Result<(), alloc[2182bb758b4b3781]::string::String>, fn() -> core[df12db4294e9bfd3]::result::Result<(), alloc[2182bb758b4b3781]::string::String>>
[INFO] [stdout]   14:     0x5b072f176815 - test[9d35eded1c95d3be]::run_test::{closure#0}
[INFO] [stdout]   15:     0x5b072f1700d4 - std[70759c8f55707aa4]::sys::backtrace::__rust_begin_short_backtrace::<test[9d35eded1c95d3be]::run_test::{closure#1}, ()>
[INFO] [stdout]   16:     0x5b072f179972 - <std[70759c8f55707aa4]::thread::lifecycle::spawn_unchecked<test[9d35eded1c95d3be]::run_test::{closure#1}, ()>::{closure#1} as core[df12db4294e9bfd3]::ops::function::FnOnce<()>>::call_once::{shim:vtable#0}
[INFO] [stdout]   17:     0x5b072f1e1729 - <std[70759c8f55707aa4]::sys::thread::unix::Thread>::new::thread_start
[INFO] [stdout]   18:     0x7ac06268fdfa - <unknown>
[INFO] [stdout]   19:     0x7ac0627233d4 - clone
[INFO] [stdout]   20:                0x0 - <unknown>
[INFO] [stdout] 
[INFO] [stdout] ---- tracing stdout ----
[INFO] [stdout] 
[INFO] [stdout] thread 'tracing' (1508) panicked at tests/dsl_libraries.rs:20:47:
[INFO] [stdout] called `Result::unwrap()` on an `Err` value: Os { code: 2, kind: NotFound, message: "No such file or directory" }
[INFO] [stdout] stack backtrace:
[INFO] [stdout]    0:     0x5b072f1e21c1 - <<std[70759c8f55707aa4]::sys::backtrace::BacktraceLock>::print::DisplayBacktrace as core[df12db4294e9bfd3]::fmt::Display>::fmt
[INFO] [stdout]    1:     0x5b072f1f6bba - core[df12db4294e9bfd3]::fmt::write
[INFO] [stdout]    2:     0x5b072f1e694c - <alloc[2182bb758b4b3781]::vec::Vec<u8> as core[df12db4294e9bfd3]::io::write::Write>::write_fmt
[INFO] [stdout]    3:     0x5b072f1bdf16 - std[70759c8f55707aa4]::panicking::default_hook::{closure#0}
[INFO] [stdout]    4:     0x5b072f1da369 - std[70759c8f55707aa4]::panicking::default_hook
[INFO] [stdout]    5:     0x5b072f175ec0 - test[9d35eded1c95d3be]::test_main_inner::<test[9d35eded1c95d3be]::test_main_static::{closure#0}>::{closure#0}
[INFO] [stdout]    6:     0x5b072f1da522 - std[70759c8f55707aa4]::panicking::panic_with_hook
[INFO] [stdout]    7:     0x5b072f1bdfc2 - std[70759c8f55707aa4]::panicking::panic_handler::{closure#0}
[INFO] [stdout]    8:     0x5b072f1b6b19 - std[70759c8f55707aa4]::sys::backtrace::__rust_end_short_backtrace::<std[70759c8f55707aa4]::panicking::panic_handler::{closure#0}, !>
[INFO] [stdout]    9:     0x5b072f1bebbd - __rustc[8fa7c3cbc660c2b3]::rust_begin_unwind
[INFO] [stdout]   10:     0x5b072f1f731c - core[df12db4294e9bfd3]::panicking::panic_fmt
[INFO] [stdout]   11:     0x5b072f1f70f2 - core[df12db4294e9bfd3]::result::unwrap_failed
[INFO] [stdout]   12:     0x5b072efcf1a1 - dsl_libraries[95f30bb470ee66d3]::read
[INFO] [stdout]   13:     0x5b072efcf275 - dsl_libraries[95f30bb470ee66d3]::check
[INFO] [stdout]   14:     0x5b072efd26c1 - <dsl_libraries[95f30bb470ee66d3]::tracing::{closure#0} as core[df12db4294e9bfd3]::ops::function::FnOnce<()>>::call_once
[INFO] [stdout]   15:     0x5b072f1691ab - test[9d35eded1c95d3be]::__rust_begin_short_backtrace::<core[df12db4294e9bfd3]::result::Result<(), alloc[2182bb758b4b3781]::string::String>, fn() -> core[df12db4294e9bfd3]::result::Result<(), alloc[2182bb758b4b3781]::string::String>>
[INFO] [stdout]   16:     0x5b072f176815 - test[9d35eded1c95d3be]::run_test::{closure#0}
[INFO] [stdout]   17:     0x5b072f1700d4 - std[70759c8f55707aa4]::sys::backtrace::__rust_begin_short_backtrace::<test[9d35eded1c95d3be]::run_test::{closure#1}, ()>
[INFO] [stdout]   18:     0x5b072f179972 - <std[70759c8f55707aa4]::thread::lifecycle::spawn_unchecked<test[9d35eded1c95d3be]::run_test::{closure#1}, ()>::{closure#1} as core[df12db4294e9bfd3]::ops::function::FnOnce<()>>::call_once::{shim:vtable#0}
[INFO] [stdout]   19:     0x5b072f1e1729 - <std[70759c8f55707aa4]::sys::thread::unix::Thread>::new::thread_start
[INFO] [stdout]   20:     0x7ac06268fdfa - <unknown>
[INFO] [stdout]   21:     0x7ac0627233d4 - clone
[INFO] [stdout]   22:                0x0 - <unknown>
[INFO] [stdout] 
[INFO] [stdout] ---- lazy_static stdout ----
[INFO] [stdout] 
[INFO] [stdout] thread 'lazy_static' (1499) panicked at tests/dsl_libraries.rs:20:47:
[INFO] [stdout] called `Result::unwrap()` on an `Err` value: Os { code: 2, kind: NotFound, message: "No such file or directory" }
[INFO] [stdout] stack backtrace:
[INFO] [stdout]    0:     0x5b072f1e21c1 - <<std[70759c8f55707aa4]::sys::backtrace::BacktraceLock>::print::DisplayBacktrace as core[df12db4294e9bfd3]::fmt::Display>::fmt
[INFO] [stdout]    1:     0x5b072f1f6bba - core[df12db4294e9bfd3]::fmt::write
[INFO] [stdout]    2:     0x5b072f1e694c - <alloc[2182bb758b4b3781]::vec::Vec<u8> as core[df12db4294e9bfd3]::io::write::Write>::write_fmt
[INFO] [stdout]    3:     0x5b072f1bdf16 - std[70759c8f55707aa4]::panicking::default_hook::{closure#0}
[INFO] [stdout]    4:     0x5b072f1da369 - std[70759c8f55707aa4]::panicking::default_hook
[INFO] [stdout]    5:     0x5b072f175ec0 - test[9d35eded1c95d3be]::test_main_inner::<test[9d35eded1c95d3be]::test_main_static::{closure#0}>::{closure#0}
[INFO] [stdout]    6:     0x5b072f1da522 - std[70759c8f55707aa4]::panicking::panic_with_hook
[INFO] [stdout]    7:     0x5b072f1bdfc2 - std[70759c8f55707aa4]::panicking::panic_handler::{closure#0}
[INFO] [stdout]    8:     0x5b072f1b6b19 - std[70759c8f55707aa4]::sys::backtrace::__rust_end_short_backtrace::<std[70759c8f55707aa4]::panicking::panic_handler::{closure#0}, !>
[INFO] [stdout]    9:     0x5b072f1bebbd - __rustc[8fa7c3cbc660c2b3]::rust_begin_unwind
[INFO] [stdout]   10:     0x5b072f1f731c - core[df12db4294e9bfd3]::panicking::panic_fmt
[INFO] [stdout]   11:     0x5b072f1f70f2 - core[df12db4294e9bfd3]::result::unwrap_failed
[INFO] [stdout]   12:     0x5b072efcf1a1 - dsl_libraries[95f30bb470ee66d3]::read
[INFO] [stdout]   13:     0x5b072efcf275 - dsl_libraries[95f30bb470ee66d3]::check
[INFO] [stdout]   14:     0x5b072efd0a71 - <dsl_libraries[95f30bb470ee66d3]::lazy_static::{closure#0} as core[df12db4294e9bfd3]::ops::function::FnOnce<()>>::call_once
[INFO] [stdout]   15:     0x5b072f1691ab - test[9d35eded1c95d3be]::__rust_begin_short_backtrace::<core[df12db4294e9bfd3]::result::Result<(), alloc[2182bb758b4b3781]::string::String>, fn() -> core[df12db4294e9bfd3]::result::Result<(), alloc[2182bb758b4b3781]::string::String>>
[INFO] [stdout]   16:     0x5b072f176815 - test[9d35eded1c95d3be]::run_test::{closure#0}
[INFO] [stdout]   17:     0x5b072f1700d4 - std[70759c8f55707aa4]::sys::backtrace::__rust_begin_short_backtrace::<test[9d35eded1c95d3be]::run_test::{closure#1}, ()>
[INFO] [stdout]   18:     0x5b072f179972 - <std[70759c8f55707aa4]::thread::lifecycle::spawn_unchecked<test[9d35eded1c95d3be]::run_test::{closure#1}, ()>::{closure#1} as core[df12db4294e9bfd3]::ops::function::FnOnce<()>>::call_once::{shim:vtable#0}
[INFO] [stdout]   19:     0x5b072f1e1729 - <std[70759c8f55707aa4]::sys::thread::unix::Thread>::new::thread_start
[INFO] [stdout]   20:     0x7ac06268fdfa - <unknown>
[INFO] [stdout]   21:     0x7ac0627233d4 - clone
[INFO] [stdout]   22:                0x0 - <unknown>
[INFO] [stdout] 
[INFO] [stdout] ---- dioxus stdout ----
[INFO] [stdout] 
[INFO] [stdout] thread 'dioxus' (1498) panicked at tests/dsl_libraries.rs:20:47:
[INFO] [stdout] called `Result::unwrap()` on an `Err` value: Os { code: 2, kind: NotFound, message: "No such file or directory" }
[INFO] [stdout] stack backtrace:
[INFO] [stdout]    0:     0x5b072f1e21c1 - <<std[70759c8f55707aa4]::sys::backtrace::BacktraceLock>::print::DisplayBacktrace as core[df12db4294e9bfd3]::fmt::Display>::fmt
[INFO] [stdout]    1:     0x5b072f1f6bba - core[df12db4294e9bfd3]::fmt::write
[INFO] [stdout]    2:     0x5b072f1e694c - <alloc[2182bb758b4b3781]::vec::Vec<u8> as core[df12db4294e9bfd3]::io::write::Write>::write_fmt
[INFO] [stdout]    3:     0x5b072f1bdf16 - std[70759c8f55707aa4]::panicking::default_hook::{closure#0}
[INFO] [stdout]    4:     0x5b072f1da369 - std[70759c8f55707aa4]::panicking::default_hook
[INFO] [stdout]    5:     0x5b072f175ec0 - test[9d35eded1c95d3be]::test_main_inner::<test[9d35eded1c95d3be]::test_main_static::{closure#0}>::{closure#0}
[INFO] [stdout]    6:     0x5b072f1da522 - std[70759c8f55707aa4]::panicking::panic_with_hook
[INFO] [stdout]    7:     0x5b072f1bdfc2 - std[70759c8f55707aa4]::panicking::panic_handler::{closure#0}
[INFO] [stdout]    8:     0x5b072f1b6b19 - std[70759c8f55707aa4]::sys::backtrace::__rust_end_short_backtrace::<std[70759c8f55707aa4]::panicking::panic_handler::{closure#0}, !>
[INFO] [stdout]    9:     0x5b072f1bebbd - __rustc[8fa7c3cbc660c2b3]::rust_begin_unwind
[INFO] [stdout]   10:     0x5b072f1f731c - core[df12db4294e9bfd3]::panicking::panic_fmt
[INFO] [stdout]   11:     0x5b072f1f70f2 - core[df12db4294e9bfd3]::result::unwrap_failed
[INFO] [stdout]   12:     0x5b072efcf1a1 - dsl_libraries[95f30bb470ee66d3]::read
[INFO] [stdout]   13:     0x5b072efcf275 - dsl_libraries[95f30bb470ee66d3]::check
[INFO] [stdout]   14:     0x5b072efd2661 - <dsl_libraries[95f30bb470ee66d3]::dioxus::{closure#0} as core[df12db4294e9bfd3]::ops::function::FnOnce<()>>::call_once
[INFO] [stdout]   15:     0x5b072f1691ab - test[9d35eded1c95d3be]::__rust_begin_short_backtrace::<core[df12db4294e9bfd3]::result::Result<(), alloc[2182bb758b4b3781]::string::String>, fn() -> core[df12db4294e9bfd3]::result::Result<(), alloc[2182bb758b4b3781]::string::String>>
[INFO] [stdout]   16:     0x5b072f176815 - test[9d35eded1c95d3be]::run_test::{closure#0}
[INFO] [stdout]   17:     0x5b072f1700d4 - std[70759c8f55707aa4]::sys::backtrace::__rust_begin_short_backtrace::<test[9d35eded1c95d3be]::run_test::{closure#1}, ()>
[INFO] [stdout]   18:     0x5b072f179972 - <std[70759c8f55707aa4]::thread::lifecycle::spawn_unchecked<test[9d35eded1c95d3be]::run_test::{closure#1}, ()>::{closure#1} as core[df12db4294e9bfd3]::ops::function::FnOnce<()>>::call_once::{shim:vtable#0}
[INFO] [stdout]   19:     0x5b072f1e1729 - <std[70759c8f55707aa4]::sys::thread::unix::Thread>::new::thread_start
[INFO] [stdout]   20:     0x7ac06268fdfa - <unknown>
[INFO] [stdout]   21:     0x7ac0627233d4 - clone
[INFO] [stdout]   22:                0x0 - <unknown>
[INFO] [stdout] 
[INFO] [stdout] ---- leptos stdout ----
[INFO] [stdout] 
[INFO] [stdout] thread 'leptos' (1500) panicked at tests/dsl_libraries.rs:20:47:
[INFO] [stdout] called `Result::unwrap()` on an `Err` value: Os { code: 2, kind: NotFound, message: "No such file or directory" }
[INFO] [stdout] stack backtrace:
[INFO] [stdout]    0:     0x5b072f1e21c1 - <<std[70759c8f55707aa4]::sys::backtrace::BacktraceLock>::print::DisplayBacktrace as core[df12db4294e9bfd3]::fmt::Display>::fmt
[INFO] [stdout]    1:     0x5b072f1f6bba - core[df12db4294e9bfd3]::fmt::write
[INFO] [stdout]    2:     0x5b072f1e694c - <alloc[2182bb758b4b3781]::vec::Vec<u8> as core[df12db4294e9bfd3]::io::write::Write>::write_fmt
[INFO] [stdout]    3:     0x5b072f1bdf16 - std[70759c8f55707aa4]::panicking::default_hook::{closure#0}
[INFO] [stdout]    4:     0x5b072f1da369 - std[70759c8f55707aa4]::panicking::default_hook
[INFO] [stdout]    5:     0x5b072f175ec0 - test[9d35eded1c95d3be]::test_main_inner::<test[9d35eded1c95d3be]::test_main_static::{closure#0}>::{closure#0}
[INFO] [stdout]    6:     0x5b072f1da522 - std[70759c8f55707aa4]::panicking::panic_with_hook
[INFO] [stdout]    7:     0x5b072f1bdfc2 - std[70759c8f55707aa4]::panicking::panic_handler::{closure#0}
[INFO] [stdout]    8:     0x5b072f1b6b19 - std[70759c8f55707aa4]::sys::backtrace::__rust_end_short_backtrace::<std[70759c8f55707aa4]::panicking::panic_handler::{closure#0}, !>
[INFO] [stdout]    9:     0x5b072f1bebbd - __rustc[8fa7c3cbc660c2b3]::rust_begin_unwind
[INFO] [stdout]   10:     0x5b072f1f731c - core[df12db4294e9bfd3]::panicking::panic_fmt
[INFO] [stdout]   11:     0x5b072f1f70f2 - core[df12db4294e9bfd3]::result::unwrap_failed
[INFO] [stdout]   12:     0x5b072efcf1a1 - dsl_libraries[95f30bb470ee66d3]::read
[INFO] [stdout]   13:     0x5b072efcf275 - dsl_libraries[95f30bb470ee66d3]::check
[INFO] [stdout]   14:     0x5b072efd2691 - <dsl_libraries[95f30bb470ee66d3]::leptos::{closure#0} as core[df12db4294e9bfd3]::ops::function::FnOnce<()>>::call_once
[INFO] [stdout]   15:     0x5b072f1691ab - test[9d35eded1c95d3be]::__rust_begin_short_backtrace::<core[df12db4294e9bfd3]::result::Result<(), alloc[2182bb758b4b3781]::string::String>, fn() -> core[df12db4294e9bfd3]::result::Result<(), alloc[2182bb758b4b3781]::string::String>>
[INFO] [stdout]   16:     0x5b072f176815 - test[9d35eded1c95d3be]::run_test::{closure#0}
[INFO] [stdout]   17:     0x5b072f1700d4 - std[70759c8f55707aa4]::sys::backtrace::__rust_begin_short_backtrace::<test[9d35eded1c95d3be]::run_test::{closure#1}, ()>
[INFO] [stdout]   18:     0x5b072f179972 - <std[70759c8f55707aa4]::thread::lifecycle::spawn_unchecked<test[9d35eded1c95d3be]::run_test::{closure#1}, ()>::{closure#1} as core[df12db4294e9bfd3]::ops::function::FnOnce<()>>::call_once::{shim:vtable#0}
[INFO] [stdout]   19:     0x5b072f1e1729 - <std[70759c8f55707aa4]::sys::thread::unix::Thread>::new::thread_start
[INFO] [stdout]   20:     0x7ac06268fdfa - <unknown>
[INFO] [stdout]   21:     0x7ac0627233d4 - clone
[INFO] [stdout]   22:                0x0 - <unknown>
[INFO] [stdout] 
[INFO] [stdout] ---- serde_json stdout ----
[INFO] [stdout] 
[INFO] [stdout] thread 'serde_json' (1503) panicked at tests/dsl_libraries.rs:20:47:
[INFO] [stdout] called `Result::unwrap()` on an `Err` value: Os { code: 2, kind: NotFound, message: "No such file or directory" }
[INFO] [stdout] stack backtrace:
[INFO] [stdout]    0:     0x5b072f1e21c1 - <<std[70759c8f55707aa4]::sys::backtrace::BacktraceLock>::print::DisplayBacktrace as core[df12db4294e9bfd3]::fmt::Display>::fmt
[INFO] [stdout]    1:     0x5b072f1f6bba - core[df12db4294e9bfd3]::fmt::write
[INFO] [stdout]    2:     0x5b072f1e694c - <alloc[2182bb758b4b3781]::vec::Vec<u8> as core[df12db4294e9bfd3]::io::write::Write>::write_fmt
[INFO] [stdout]    3:     0x5b072f1bdf16 - std[70759c8f55707aa4]::panicking::default_hook::{closure#0}
[INFO] [stdout]    4:     0x5b072f1da369 - std[70759c8f55707aa4]::panicking::default_hook
[INFO] [stdout]    5:     0x5b072f175ec0 - test[9d35eded1c95d3be]::test_main_inner::<test[9d35eded1c95d3be]::test_main_static::{closure#0}>::{closure#0}
[INFO] [stdout]    6:     0x5b072f1da522 - std[70759c8f55707aa4]::panicking::panic_with_hook
[INFO] [stdout]    7:     0x5b072f1bdfc2 - std[70759c8f55707aa4]::panicking::panic_handler::{closure#0}
[INFO] [stdout]    8:     0x5b072f1b6b19 - std[70759c8f55707aa4]::sys::backtrace::__rust_end_short_backtrace::<std[70759c8f55707aa4]::panicking::panic_handler::{closure#0}, !>
[INFO] [stdout]    9:     0x5b072f1bebbd - __rustc[8fa7c3cbc660c2b3]::rust_begin_unwind
[INFO] [stdout]   10:     0x5b072f1f731c - core[df12db4294e9bfd3]::panicking::panic_fmt
[INFO] [stdout]   11:     0x5b072f1f70f2 - core[df12db4294e9bfd3]::result::unwrap_failed
[INFO] [stdout]   12:     0x5b072efcf1a1 - dsl_libraries[95f30bb470ee66d3]::read
[INFO] [stdout]   13:     0x5b072efcf275 - dsl_libraries[95f30bb470ee66d3]::check
[INFO] [stdout]   14:     0x5b072efd0a41 - <dsl_libraries[95f30bb470ee66d3]::serde_json::{closure#0} as core[df12db4294e9bfd3]::ops::function::FnOnce<()>>::call_once
[INFO] [stdout]   15:     0x5b072f1691ab - test[9d35eded1c95d3be]::__rust_begin_short_backtrace::<core[df12db4294e9bfd3]::result::Result<(), alloc[2182bb758b4b3781]::string::String>, fn() -> core[df12db4294e9bfd3]::result::Result<(), alloc[2182bb758b4b3781]::string::String>>
[INFO] [stdout]   16:     0x5b072f176815 - test[9d35eded1c95d3be]::run_test::{closure#0}
[INFO] [stdout]   17:     0x5b072f1700d4 - std[70759c8f55707aa4]::sys::backtrace::__rust_begin_short_backtrace::<test[9d35eded1c95d3be]::run_test::{closure#1}, ()>
[INFO] [stdout]   18:     0x5b072f179972 - <std[70759c8f55707aa4]::thread::lifecycle::spawn_unchecked<test[9d35eded1c95d3be]::run_test::{closure#1}, ()>::{closure#1} as core[df12db4294e9bfd3]::ops::function::FnOnce<()>>::call_once::{shim:vtable#0}
[INFO] [stdout]   19:     0x5b072f1e1729 - <std[70759c8f55707aa4]::sys::thread::unix::Thread>::new::thread_start
[INFO] [stdout]   20:     0x7ac06268fdfa - <unknown>
[INFO] [stdout]   21:     0x7ac0627233d4 - clone
[INFO] [stdout]   22:                0x0 - <unknown>
[INFO] [stdout] 
[INFO] [stdout] ---- maud stdout ----
[INFO] [stdout] 
[INFO] [stdout] thread 'maud' (1502) panicked at tests/dsl_libraries.rs:20:47:
[INFO] [stdout] called `Result::unwrap()` on an `Err` value: Os { code: 2, kind: NotFound, message: "No such file or directory" }
[INFO] [stdout] stack backtrace:
[INFO] [stdout]    0:     0x5b072f1e21c1 - <<std[70759c8f55707aa4]::sys::backtrace::BacktraceLock>::print::DisplayBacktrace as core[df12db4294e9bfd3]::fmt::Display>::fmt
[INFO] [stdout]    1:     0x5b072f1f6bba - core[df12db4294e9bfd3]::fmt::write
[INFO] [stdout]    2:     0x5b072f1e694c - <alloc[2182bb758b4b3781]::vec::Vec<u8> as core[df12db4294e9bfd3]::io::write::Write>::write_fmt
[INFO] [stdout]    3:     0x5b072f1bdf16 - std[70759c8f55707aa4]::panicking::default_hook::{closure#0}
[INFO] [stdout]    4:     0x5b072f1da369 - std[70759c8f55707aa4]::panicking::default_hook
[INFO] [stdout]    5:     0x5b072f175ec0 - test[9d35eded1c95d3be]::test_main_inner::<test[9d35eded1c95d3be]::test_main_static::{closure#0}>::{closure#0}
[INFO] [stdout]    6:     0x5b072f1da522 - std[70759c8f55707aa4]::panicking::panic_with_hook
[INFO] [stdout]    7:     0x5b072f1bdfc2 - std[70759c8f55707aa4]::panicking::panic_handler::{closure#0}
[INFO] [stdout]    8:     0x5b072f1b6b19 - std[70759c8f55707aa4]::sys::backtrace::__rust_end_short_backtrace::<std[70759c8f55707aa4]::panicking::panic_handler::{closure#0}, !>
[INFO] [stdout]    9:     0x5b072f1bebbd - __rustc[8fa7c3cbc660c2b3]::rust_begin_unwind
[INFO] [stdout]   10:     0x5b072f1f731c - core[df12db4294e9bfd3]::panicking::panic_fmt
[INFO] [stdout]   11:     0x5b072f1f70f2 - core[df12db4294e9bfd3]::result::unwrap_failed
[INFO] [stdout]   12:     0x5b072efcf1a1 - dsl_libraries[95f30bb470ee66d3]::read
[INFO] [stdout]   13:     0x5b072efcf275 - dsl_libraries[95f30bb470ee66d3]::check
[INFO] [stdout]   14:     0x5b072efd2601 - <dsl_libraries[95f30bb470ee66d3]::maud::{closure#0} as core[df12db4294e9bfd3]::ops::function::FnOnce<()>>::call_once
[INFO] [stdout]   15:     0x5b072f1691ab - test[9d35eded1c95d3be]::__rust_begin_short_backtrace::<core[df12db4294e9bfd3]::result::Result<(), alloc[2182bb758b4b3781]::string::String>, fn() -> core[df12db4294e9bfd3]::result::Result<(), alloc[2182bb758b4b3781]::string::String>>
[INFO] [stdout]   16:     0x5b072f176815 - test[9d35eded1c95d3be]::run_test::{closure#0}
[INFO] [stdout]   17:     0x5b072f1700d4 - std[70759c8f55707aa4]::sys::backtrace::__rust_begin_short_backtrace::<test[9d35eded1c95d3be]::run_test::{closure#1}, ()>
[INFO] [stdout]   18:     0x5b072f179972 - <std[70759c8f55707aa4]::thread::lifecycle::spawn_unchecked<test[9d35eded1c95d3be]::run_test::{closure#1}, ()>::{closure#1} as core[df12db4294e9bfd3]::ops::function::FnOnce<()>>::call_once::{shim:vtable#0}
[INFO] [stdout]   19:     0x5b072f1e1729 - <std[70759c8f55707aa4]::sys::thread::unix::Thread>::new::thread_start
[INFO] [stdout]   20:     0x7ac06268fdfa - <unknown>
[INFO] [stdout]   21:     0x7ac0627233d4 - clone
[INFO] [stdout]   22:                0x0 - <unknown>
[INFO] [stdout] 
[INFO] [stdout] 
[INFO] [stdout] failures:
[INFO] [stdout]     a_stretch_of_glob_names_is_left_with_a_warning
[INFO] [stdout]     bitflags
[INFO] [stdout]     dioxus
[INFO] [stdout]     lazy_static
[INFO] [stdout]     leptos
[INFO] [stdout]     lists
[INFO] [stdout]     maud
[INFO] [stdout]     serde_json
[INFO] [stdout]     the_guide_shows_the_examples_as_tested
[INFO] [stdout]     thread_local
[INFO] [stdout]     tokio_select
[INFO] [stdout]     tracing
[INFO] [stdout]     yew
[INFO] [stdout] 
[INFO] [stdout] test result: FAILED. 2 passed; 13 failed; 0 ignored; 0 measured; 0 filtered out; finished in 0.04s
[INFO] [stdout] 
[INFO] [stderr] error: test failed, to rerun pass `--test dsl_libraries`
[INFO] running `Command { std: "docker" "inspect" "894eae48701cf2c56871e54ddce25231c0476e2d3dc52dd0d581c6e849994a09", kill_on_drop: false }`
[INFO] running `Command { std: "docker" "rm" "-f" "894eae48701cf2c56871e54ddce25231c0476e2d3dc52dd0d581c6e849994a09", kill_on_drop: false }`
[INFO] [stdout] 894eae48701cf2c56871e54ddce25231c0476e2d3dc52dd0d581c6e849994a09
