[INFO] fetching crate harper-thesaurus 2.11.0...
[INFO] testing harper-thesaurus-2.11.0 against 1.99.0-beta.8+cargoflags=--release for beta-release-1.100-2
[INFO] extracting crate harper-thesaurus 2.11.0 into /workspace/builds/worker-6-tc1/source
[INFO] started tweaking crates.io crate harper-thesaurus 2.11.0
[INFO] finished tweaking crates.io crate harper-thesaurus 2.11.0
[INFO] tweaked toml for crates.io crate harper-thesaurus 2.11.0 written to /workspace/builds/worker-6-tc1/source/Cargo.toml
[INFO] validating manifest of crates.io crate harper-thesaurus 2.11.0 on toolchain 1.99.0-beta.8
[INFO] running `Command { std: CARGO_HOME="/workspace/cargo-home" RUSTUP_HOME="/workspace/rustup-home" "/workspace/cargo-home/bin/cargo" "+1.99.0-beta.8" "metadata" "--manifest-path" "Cargo.toml" "--no-deps", kill_on_drop: false }`
[INFO] crate crates.io crate harper-thesaurus 2.11.0 already has a lockfile, it will not be regenerated
[INFO] running `Command { std: CARGO_HOME="/workspace/cargo-home" RUSTUP_HOME="/workspace/rustup-home" "/workspace/cargo-home/bin/cargo" "+1.99.0-beta.8" "fetch" "--manifest-path" "Cargo.toml", kill_on_drop: false }`
[INFO] [stderr]  Downloading crates ...
[INFO] [stderr]   Downloaded twox-hash v2.1.3
[INFO] [stderr]   Downloaded ruzstd v0.9.0
[INFO] running `Command { std: "docker" "create" "-v" "/var/lib/crater-agent-workspace/builds/worker-6-tc1/source:/opt/rustwide/workdir:ro,Z" "-v" "/var/lib/crater-agent-workspace/builds/worker-6-tc1/target:/opt/rustwide/target:rw,Z" "-v" "/var/lib/crater-agent-workspace/cargo-home:/opt/rustwide/cargo-home:ro,Z" "-v" "/var/lib/crater-agent-workspace/rustup-home:/opt/rustwide/rustup-home:ro,Z" "-m" "1610612736" "--network" "none" "ghcr.io/rust-lang/crates-build-env/linux@sha256:77db811e55d90add9212f6832c23229e3de5f1c1f9905e8cb07319ea15df73ac" "sleep" "infinity", kill_on_drop: false }`
[INFO] [stdout] 997873e7ace8a0ddf0b5a39f5fdfb42bfccf51e5d4bd1d9966065697b04c5eda
[INFO] running `Command { std: "docker" "start" "997873e7ace8a0ddf0b5a39f5fdfb42bfccf51e5d4bd1d9966065697b04c5eda", kill_on_drop: false }`
[INFO] running `Command { std: "docker" "inspect" "997873e7ace8a0ddf0b5a39f5fdfb42bfccf51e5d4bd1d9966065697b04c5eda", kill_on_drop: false }`
[INFO] running `Command { std: "docker" "exec" "-e" "SOURCE_DIR=/opt/rustwide/workdir" "-e" "CARGO_HOME=/opt/rustwide/cargo-home" "-e" "RUSTUP_HOME=/opt/rustwide/rustup-home" "-e" "CARGO_TARGET_DIR=/opt/rustwide/target" "-w" "/opt/rustwide/workdir" "--user" "0:0" "997873e7ace8a0ddf0b5a39f5fdfb42bfccf51e5d4bd1d9966065697b04c5eda" "/opt/rustwide/cargo-home/bin/cargo" "+1.99.0-beta.8" "metadata" "--no-deps" "--format-version=1", kill_on_drop: false }`
[INFO] running `Command { std: "docker" "inspect" "997873e7ace8a0ddf0b5a39f5fdfb42bfccf51e5d4bd1d9966065697b04c5eda", kill_on_drop: false }`
[INFO] running `Command { std: "docker" "exec" "-e" "SOURCE_DIR=/opt/rustwide/workdir" "-e" "CARGO_HOME=/opt/rustwide/cargo-home" "-e" "RUSTUP_HOME=/opt/rustwide/rustup-home" "-e" "CARGO_TARGET_DIR=/opt/rustwide/target" "-e" "CARGO_INCREMENTAL=0" "-e" "RUST_BACKTRACE=full" "-e" "RUSTFLAGS=--cap-lints=warn" "-e" "RUSTDOCFLAGS=--cap-lints=warn" "-w" "/opt/rustwide/workdir" "--user" "0:0" "997873e7ace8a0ddf0b5a39f5fdfb42bfccf51e5d4bd1d9966065697b04c5eda" "/opt/rustwide/cargo-home/bin/cargo" "+1.99.0-beta.8" "build" "--frozen" "--message-format=json" "--release", kill_on_drop: false }`
[INFO] [stderr]    Compiling cc v1.4.2
[INFO] [stderr]    Compiling zstd-safe v7.2.4
[INFO] [stderr]    Compiling twox-hash v2.1.3
[INFO] [stderr]    Compiling either v1.17.0
[INFO] [stderr]    Compiling indexmap v2.14.2
[INFO] [stderr]    Compiling ruzstd v0.9.0
[INFO] [stderr]    Compiling itertools v0.15.0
[INFO] [stderr]    Compiling zstd-sys v2.0.16+zstd.1.5.7
[INFO] [stderr]    Compiling zstd v0.13.3
[INFO] [stderr]    Compiling harper-thesaurus v2.11.0 (/opt/rustwide/workdir)
[INFO] [stderr]     Finished `release` profile [optimized] target(s) in 1m 33s
[INFO] running `Command { std: "docker" "inspect" "997873e7ace8a0ddf0b5a39f5fdfb42bfccf51e5d4bd1d9966065697b04c5eda", kill_on_drop: false }`
[INFO] running `Command { std: "docker" "exec" "-e" "SOURCE_DIR=/opt/rustwide/workdir" "-e" "CARGO_HOME=/opt/rustwide/cargo-home" "-e" "RUSTUP_HOME=/opt/rustwide/rustup-home" "-e" "CARGO_TARGET_DIR=/opt/rustwide/target" "-e" "CARGO_INCREMENTAL=0" "-e" "RUST_BACKTRACE=full" "-e" "RUSTFLAGS=--cap-lints=warn" "-e" "RUSTDOCFLAGS=--cap-lints=warn" "-w" "/opt/rustwide/workdir" "--user" "0:0" "997873e7ace8a0ddf0b5a39f5fdfb42bfccf51e5d4bd1d9966065697b04c5eda" "/opt/rustwide/cargo-home/bin/cargo" "+1.99.0-beta.8" "test" "--frozen" "--no-run" "--message-format=json" "--release", kill_on_drop: false }`
[INFO] [stderr]    Compiling harper-thesaurus v2.11.0 (/opt/rustwide/workdir)
[INFO] [stderr]     Finished `release` profile [optimized] target(s) in 1.45s
[INFO] running `Command { std: "docker" "inspect" "997873e7ace8a0ddf0b5a39f5fdfb42bfccf51e5d4bd1d9966065697b04c5eda", kill_on_drop: false }`
[INFO] running `Command { std: "docker" "exec" "-e" "SOURCE_DIR=/opt/rustwide/workdir" "-e" "CARGO_HOME=/opt/rustwide/cargo-home" "-e" "RUSTUP_HOME=/opt/rustwide/rustup-home" "-e" "CARGO_TARGET_DIR=/opt/rustwide/target" "-e" "CARGO_INCREMENTAL=0" "-e" "RUST_BACKTRACE=full" "-e" "RUSTFLAGS=--cap-lints=warn" "-e" "RUSTDOCFLAGS=--cap-lints=warn" "-w" "/opt/rustwide/workdir" "--user" "0:0" "997873e7ace8a0ddf0b5a39f5fdfb42bfccf51e5d4bd1d9966065697b04c5eda" "/opt/rustwide/cargo-home/bin/cargo" "+1.99.0-beta.8" "test" "--frozen" "--release", kill_on_drop: false }`
[INFO] [stderr]     Finished `release` profile [optimized] target(s) in 0.03s
[INFO] [stderr]      Running unittests src/lib.rs (/opt/rustwide/target/release/deps/harper_thesaurus-d3ac80a860a6d0e1)
[INFO] [stdout] 
[INFO] [stdout] running 1 test
[INFO] [stdout] test thesaurus::tests::great_is_synonym_of_large ... FAILED
[INFO] [stdout] 
[INFO] [stdout] failures:
[INFO] [stdout] 
[INFO] [stdout] ---- thesaurus::tests::great_is_synonym_of_large stdout ----
[INFO] [stdout] 
[INFO] [stdout] thread 'thesaurus::tests::great_is_synonym_of_large' (474) panicked at src/thesaurus.rs:43:71:
[INFO] [stdout] called `Result::unwrap()` on an `Err` value: WindowSizeTooBig { requested: 134217728, max: 104857600 }
[INFO] [stdout] stack backtrace:
[INFO] [stdout]    0:     0x634cf65bf2d1 - <<std[70759c8f55707aa4]::sys::backtrace::BacktraceLock>::print::DisplayBacktrace as core[df12db4294e9bfd3]::fmt::Display>::fmt
[INFO] [stdout]    1:     0x634cf65d365a - core[df12db4294e9bfd3]::fmt::write
[INFO] [stdout]    2:     0x634cf65c376c - <alloc[2182bb758b4b3781]::vec::Vec<u8> as core[df12db4294e9bfd3]::io::write::Write>::write_fmt
[INFO] [stdout]    3:     0x634cf659b8c6 - std[70759c8f55707aa4]::panicking::default_hook::{closure#0}
[INFO] [stdout]    4:     0x634cf65b7a39 - std[70759c8f55707aa4]::panicking::default_hook
[INFO] [stdout]    5:     0x634cf654a5b0 - test[9d35eded1c95d3be]::test_main_inner::<test[9d35eded1c95d3be]::test_main_static::{closure#0}>::{closure#0}
[INFO] [stdout]    6:     0x634cf65b7bf2 - std[70759c8f55707aa4]::panicking::panic_with_hook
[INFO] [stdout]    7:     0x634cf659b972 - std[70759c8f55707aa4]::panicking::panic_handler::{closure#0}
[INFO] [stdout]    8:     0x634cf65946f9 - std[70759c8f55707aa4]::sys::backtrace::__rust_end_short_backtrace::<std[70759c8f55707aa4]::panicking::panic_handler::{closure#0}, !>
[INFO] [stdout]    9:     0x634cf659c56d - __rustc[8fa7c3cbc660c2b3]::rust_begin_unwind
[INFO] [stdout]   10:     0x634cf65d3d8c - core[df12db4294e9bfd3]::panicking::panic_fmt
[INFO] [stdout]   11:     0x634cf65d3b62 - core[df12db4294e9bfd3]::result::unwrap_failed
[INFO] [stdout]   12:     0x634cf653d425 - <harper_thesaurus[4a78803d8379da9d]::thesaurus::Thesaurus>::new
[INFO] [stdout]   13:     0x634cf65338ff - <std[70759c8f55707aa4]::sync::once::Once>::call_once_force::<<std[70759c8f55707aa4]::sync::once_lock::OnceLock<harper_thesaurus[4a78803d8379da9d]::thesaurus::Thesaurus>>::initialize<<std[70759c8f55707aa4]::sync::once_lock::OnceLock<harper_thesaurus[4a78803d8379da9d]::thesaurus::Thesaurus>>::get_or_init<<harper_thesaurus[4a78803d8379da9d]::thesaurus::Thesaurus>::new>::{closure#0}, !>::{closure#0}>::{closure#0}
[INFO] [stdout]   14:     0x634cf65a1479 - <std[70759c8f55707aa4]::sys::sync::once::futex::Once>::call
[INFO] [stdout]   15:     0x634cf6532479 - <std[70759c8f55707aa4]::sync::once_lock::OnceLock<harper_thesaurus[4a78803d8379da9d]::thesaurus::Thesaurus>>::initialize::<<std[70759c8f55707aa4]::sync::once_lock::OnceLock<harper_thesaurus[4a78803d8379da9d]::thesaurus::Thesaurus>>::get_or_init<<harper_thesaurus[4a78803d8379da9d]::thesaurus::Thesaurus>::new>::{closure#0}, !>
[INFO] [stdout]   16:     0x634cf6538df7 - harper_thesaurus[4a78803d8379da9d]::thesaurus::tests::great_is_synonym_of_large
[INFO] [stdout]   17:     0x634cf6537d69 - <harper_thesaurus[4a78803d8379da9d]::thesaurus::tests::great_is_synonym_of_large::{closure#0} as core[df12db4294e9bfd3]::ops::function::FnOnce<()>>::call_once
[INFO] [stdout]   18:     0x634cf653d89b - test[9d35eded1c95d3be]::__rust_begin_short_backtrace::<core[df12db4294e9bfd3]::result::Result<(), alloc[2182bb758b4b3781]::string::String>, fn() -> core[df12db4294e9bfd3]::result::Result<(), alloc[2182bb758b4b3781]::string::String>>
[INFO] [stdout]   19:     0x634cf654af05 - test[9d35eded1c95d3be]::run_test::{closure#0}
[INFO] [stdout]   20:     0x634cf65447c4 - std[70759c8f55707aa4]::sys::backtrace::__rust_begin_short_backtrace::<test[9d35eded1c95d3be]::run_test::{closure#1}, ()>
[INFO] [stdout]   21:     0x634cf654e062 - <std[70759c8f55707aa4]::thread::lifecycle::spawn_unchecked<test[9d35eded1c95d3be]::run_test::{closure#1}, ()>::{closure#1} as core[df12db4294e9bfd3]::ops::function::FnOnce<()>>::call_once::{shim:vtable#0}
[INFO] [stdout]   22:     0x634cf65beba9 - <std[70759c8f55707aa4]::sys::thread::unix::Thread>::new::thread_start
[INFO] [stdout]   23:     0x75625b86bdfa - <unknown>
[INFO] [stdout]   24:     0x75625b8ff3d4 - clone
[INFO] [stdout]   25:                0x0 - <unknown>
[INFO] [stdout] 
[INFO] [stdout] 
[INFO] [stdout] failures:
[INFO] [stdout]     thesaurus::tests::great_is_synonym_of_large
[INFO] [stdout] 
[INFO] [stdout] test result: FAILED. 0 passed; 1 failed; 0 ignored; 0 measured; 0 filtered out; finished in 0.00s
[INFO] [stdout] 
[INFO] [stderr] error: test failed, to rerun pass `--lib`
[INFO] running `Command { std: "docker" "inspect" "997873e7ace8a0ddf0b5a39f5fdfb42bfccf51e5d4bd1d9966065697b04c5eda", kill_on_drop: false }`
[INFO] running `Command { std: "docker" "rm" "-f" "997873e7ace8a0ddf0b5a39f5fdfb42bfccf51e5d4bd1d9966065697b04c5eda", kill_on_drop: false }`
[INFO] [stdout] 997873e7ace8a0ddf0b5a39f5fdfb42bfccf51e5d4bd1d9966065697b04c5eda
