[INFO] fetching crate harness-rs-core 0.0.65...
[INFO] testing harness-rs-core-0.0.65 against 1.100.0-beta.1+cargoflags=--release for beta-release-1.100-2
[INFO] extracting crate harness-rs-core 0.0.65 into /workspace/builds/worker-2-tc2/source
[INFO] started tweaking crates.io crate harness-rs-core 0.0.65
[INFO] finished tweaking crates.io crate harness-rs-core 0.0.65
[INFO] tweaked toml for crates.io crate harness-rs-core 0.0.65 written to /workspace/builds/worker-2-tc2/source/Cargo.toml
[INFO] validating manifest of crates.io crate harness-rs-core 0.0.65 on toolchain 1.100.0-beta.1
[INFO] running `Command { std: CARGO_HOME="/workspace/cargo-home" RUSTUP_HOME="/workspace/rustup-home" "/workspace/cargo-home/bin/cargo" "+1.100.0-beta.1" "metadata" "--manifest-path" "Cargo.toml" "--no-deps", kill_on_drop: false }`
[INFO] crate crates.io crate harness-rs-core 0.0.65 already has a lockfile, it will not be regenerated
[INFO] running `Command { std: CARGO_HOME="/workspace/cargo-home" RUSTUP_HOME="/workspace/rustup-home" "/workspace/cargo-home/bin/cargo" "+1.100.0-beta.1" "fetch" "--manifest-path" "Cargo.toml", kill_on_drop: false }`
[INFO] running `Command { std: "docker" "create" "-v" "/var/lib/crater-agent-workspace/builds/worker-2-tc2/source:/opt/rustwide/workdir:ro,Z" "-v" "/var/lib/crater-agent-workspace/builds/worker-2-tc2/target:/opt/rustwide/target:rw,Z" "-v" "/var/lib/crater-agent-workspace/cargo-home:/opt/rustwide/cargo-home:ro,Z" "-v" "/var/lib/crater-agent-workspace/rustup-home:/opt/rustwide/rustup-home:ro,Z" "-m" "1610612736" "--network" "none" "ghcr.io/rust-lang/crates-build-env/linux@sha256:77db811e55d90add9212f6832c23229e3de5f1c1f9905e8cb07319ea15df73ac" "sleep" "infinity", kill_on_drop: false }`
[INFO] [stdout] 34f220e3c95373bffe2ecd4ae244804716616a9d8abcddd5fdbf2adbd9fcd441
[INFO] running `Command { std: "docker" "start" "34f220e3c95373bffe2ecd4ae244804716616a9d8abcddd5fdbf2adbd9fcd441", kill_on_drop: false }`
[INFO] running `Command { std: "docker" "inspect" "34f220e3c95373bffe2ecd4ae244804716616a9d8abcddd5fdbf2adbd9fcd441", kill_on_drop: false }`
[INFO] running `Command { std: "docker" "exec" "-e" "SOURCE_DIR=/opt/rustwide/workdir" "-e" "CARGO_HOME=/opt/rustwide/cargo-home" "-e" "RUSTUP_HOME=/opt/rustwide/rustup-home" "-e" "CARGO_TARGET_DIR=/opt/rustwide/target" "-w" "/opt/rustwide/workdir" "--user" "0:0" "34f220e3c95373bffe2ecd4ae244804716616a9d8abcddd5fdbf2adbd9fcd441" "/opt/rustwide/cargo-home/bin/cargo" "+1.100.0-beta.1" "metadata" "--no-deps" "--format-version=1", kill_on_drop: false }`
[INFO] running `Command { std: "docker" "inspect" "34f220e3c95373bffe2ecd4ae244804716616a9d8abcddd5fdbf2adbd9fcd441", kill_on_drop: false }`
[INFO] running `Command { std: "docker" "exec" "-e" "SOURCE_DIR=/opt/rustwide/workdir" "-e" "CARGO_HOME=/opt/rustwide/cargo-home" "-e" "RUSTUP_HOME=/opt/rustwide/rustup-home" "-e" "CARGO_TARGET_DIR=/opt/rustwide/target" "-e" "CARGO_INCREMENTAL=0" "-e" "RUST_BACKTRACE=full" "-e" "RUSTFLAGS=--cap-lints=warn" "-e" "RUSTDOCFLAGS=--cap-lints=warn" "-w" "/opt/rustwide/workdir" "--user" "0:0" "34f220e3c95373bffe2ecd4ae244804716616a9d8abcddd5fdbf2adbd9fcd441" "/opt/rustwide/cargo-home/bin/cargo" "+1.100.0-beta.1" "build" "--frozen" "--message-format=json" "--release", kill_on_drop: false }`
[INFO] [stderr]    Compiling futures-core v0.3.32
[INFO] [stderr]    Compiling futures-sink v0.3.32
[INFO] [stderr]    Compiling aho-corasick v1.1.4
[INFO] [stderr]    Compiling syn v2.0.117
[INFO] [stderr]    Compiling syn v3.0.4
[INFO] [stderr]    Compiling regex-syntax v0.8.10
[INFO] [stderr]    Compiling serde_json v1.0.149
[INFO] [stderr]    Compiling futures-channel v0.3.32
[INFO] [stderr]    Compiling thiserror-impl v2.0.20
[INFO] [stderr]    Compiling regex-automata v0.4.14
[INFO] [stderr]    Compiling thiserror v2.0.20
[INFO] [stderr]    Compiling futures-macro v0.3.32
[INFO] [stderr]    Compiling tracing-attributes v0.1.31
[INFO] [stderr]    Compiling serde_derive v1.0.228
[INFO] [stderr]    Compiling async-trait v0.1.89
[INFO] [stderr]    Compiling futures-util v0.3.32
[INFO] [stderr]    Compiling tracing v0.1.44
[INFO] [stderr]    Compiling regex v1.12.3
[INFO] [stderr]    Compiling serde v1.0.228
[INFO] [stderr]    Compiling futures-executor v0.3.32
[INFO] [stderr]    Compiling futures v0.3.32
[INFO] [stderr]    Compiling harness-rs-core v0.0.65 (/opt/rustwide/workdir)
[INFO] [stderr]     Finished `release` profile [optimized] target(s) in 53.47s
[INFO] running `Command { std: "docker" "inspect" "34f220e3c95373bffe2ecd4ae244804716616a9d8abcddd5fdbf2adbd9fcd441", kill_on_drop: false }`
[INFO] running `Command { std: "docker" "exec" "-e" "SOURCE_DIR=/opt/rustwide/workdir" "-e" "CARGO_HOME=/opt/rustwide/cargo-home" "-e" "RUSTUP_HOME=/opt/rustwide/rustup-home" "-e" "CARGO_TARGET_DIR=/opt/rustwide/target" "-e" "CARGO_INCREMENTAL=0" "-e" "RUST_BACKTRACE=full" "-e" "RUSTFLAGS=--cap-lints=warn" "-e" "RUSTDOCFLAGS=--cap-lints=warn" "-w" "/opt/rustwide/workdir" "--user" "0:0" "34f220e3c95373bffe2ecd4ae244804716616a9d8abcddd5fdbf2adbd9fcd441" "/opt/rustwide/cargo-home/bin/cargo" "+1.100.0-beta.1" "test" "--frozen" "--no-run" "--message-format=json" "--release", kill_on_drop: false }`
[INFO] [stderr]    Compiling tokio-macros v2.7.0
[INFO] [stderr]    Compiling tokio v1.52.3
[INFO] [stderr]    Compiling harness-rs-core v0.0.65 (/opt/rustwide/workdir)
[INFO] [stderr]     Finished `release` profile [optimized] target(s) in 18.56s
[INFO] running `Command { std: "docker" "inspect" "34f220e3c95373bffe2ecd4ae244804716616a9d8abcddd5fdbf2adbd9fcd441", kill_on_drop: false }`
[INFO] running `Command { std: "docker" "exec" "-e" "SOURCE_DIR=/opt/rustwide/workdir" "-e" "CARGO_HOME=/opt/rustwide/cargo-home" "-e" "RUSTUP_HOME=/opt/rustwide/rustup-home" "-e" "CARGO_TARGET_DIR=/opt/rustwide/target" "-e" "CARGO_INCREMENTAL=0" "-e" "RUST_BACKTRACE=full" "-e" "RUSTFLAGS=--cap-lints=warn" "-e" "RUSTDOCFLAGS=--cap-lints=warn" "-w" "/opt/rustwide/workdir" "--user" "0:0" "34f220e3c95373bffe2ecd4ae244804716616a9d8abcddd5fdbf2adbd9fcd441" "/opt/rustwide/cargo-home/bin/cargo" "+1.100.0-beta.1" "test" "--frozen" "--release", kill_on_drop: false }`
[INFO] [stderr]     Finished `release` profile [optimized] target(s) in 0.10s
[INFO] [stderr]      Running unittests src/lib.rs (/opt/rustwide/target/release/build/harness-rs-core/037f8333fc021aa1/out/harness_core-037f8333fc021aa1)
[INFO] [stdout] 
[INFO] [stdout] running 42 tests
[INFO] [stdout] test b64::tests::data_uri_rejects_plain_urls ... ok
[INFO] [stdout] test b64::tests::decode_rejects_stray_bytes ... ok
[INFO] [stdout] test b64::tests::decode_matches_known_vectors ... ok
[INFO] [stdout] test b64::tests::decode_accepts_url_safe_alphabet ... ok
[INFO] [stdout] test b64::tests::decode_tolerates_missing_padding_and_whitespace ... ok
[INFO] [stdout] test b64::tests::encode_matches_known_vectors ... ok
[INFO] [stdout] test embed::tests::normalize_unit_length ... ok
[INFO] [stdout] test b64::tests::decode_round_trips_all_byte_values ... ok
[INFO] [stdout] test b64::tests::data_uri_splits_media_type_and_bytes ... ok
[INFO] [stdout] test embed::tests::cosine_via_normalized_dot ... ok
[INFO] [stdout] test embed::tests::dot_matches_naive ... ok
[INFO] [stdout] test image::tests::count_normalises_zero_to_one ... ok
[INFO] [stdout] test image::tests::generated_image_round_trips_through_json ... ok
[INFO] [stdout] test image::tests::image_ref_bytes_and_base64_agree ... ok
[INFO] [stdout] test image::tests::image_ref_url_has_no_local_payload ... ok
[INFO] [stdout] test permissions::env_mode_tests::the_mode_comes_from_the_environment_and_a_typo_is_not_permission ... ok
[INFO] [stdout] test permissions::tests::auto_approve_allows_everything_except_deny_list ... ok
[INFO] [stdout] test permissions::tests::plan_denies_unknown_risk_by_default ... ok
[INFO] [stdout] test recall::tests::types_round_trip_through_serde ... ok
[INFO] [stdout] test permissions::tests::deny_beats_allow_when_both_set ... ok
[INFO] [stdout] test permissions::tests::plan_allowlist_overrides_destructive_deny ... ok
[INFO] [stdout] test permissions::tests::plan_denies_destructive_unless_allowlisted ... ok
[INFO] [stdout] test redact::detectors::tests::luhn_accepts_known_valid_cards ... ok
[INFO] [stdout] test redact::tests::custom_kind_uses_default_action_and_upper_label ... ok
[INFO] [stdout] test embed::tests::normalize_zero_noop ... ok
[INFO] [stdout] test event::cancellation_event::cancelled_is_a_named_lifecycle_event ... ok
[INFO] [stdout] test redact::detectors::tests::luhn_rejects_out_of_range_lengths ... ok
[INFO] [stdout] test redact::detectors::tests::luhn_rejects_random_16_digit_runs ... ok
[INFO] [stdout] test redact::tests::mask_reveals_only_tail ... ok
[INFO] [stdout] test redact::tests::label_action_via_all_label_policy ... ok
[INFO] [stdout] test model::arc_model_tests::dyn_model_wrapper_is_a_model ... ok
[INFO] [stdout] test redact::tests::email_is_labelled_card_is_masked_by_default ... ok
[INFO] [stdout] test redact::tests::phone_labelled ... ok
[INFO] [stdout] test redact::detectors::tests::card_detector_only_reports_luhn_valid ... ok
[INFO] [stdout] test redact::tests::non_luhn_16_digits_pass_through_untouched ... ok
[INFO] [stdout] test speech::tests::builder_sets_fields ... ok
[INFO] [stdout] test speech::tests::default_format_is_wav ... ok
[INFO] [stdout] test speech::tests::format_media_types_and_extensions ... ok
[INFO] [stdout] test redact::tests::hash_is_stable_and_hides_value ... ok
[INFO] [stdout] test redact::detectors::tests::default_patterns_all_compile ... ok
[INFO] [stdout] test redact::tests::money_kept_by_default_blocked_under_hygiene ... ok
[INFO] [stdout] test redact::tests::overlapping_detectors_apply_once ... ok
[INFO] [stdout] 
[INFO] [stdout] test result: ok. 42 passed; 0 failed; 0 ignored; 0 measured; 0 filtered out; finished in 0.03s
[INFO] [stdout] 
[INFO] [stderr]    Doc-tests harness_core
[INFO] [stdout] 
[INFO] [stdout] running 2 tests
[INFO] [stdout] test src/permissions.rs - permissions (line 23) ... ignored
[INFO] [stdout] test src/redact/mod.rs - redact (line 22) ... FAILED
[INFO] [stdout] 
[INFO] [stdout] failures:
[INFO] [stdout] 
[INFO] [stdout] ---- src/redact/mod.rs - redact (line 22) stdout ----
[INFO] [stdout] error[E0432]: unresolved import `crate::redact`
[INFO] [stdout]   --> src/redact/mod.rs:23:12
[INFO] [stdout]    |
[INFO] [stdout] 23 | use crate::redact::{Redactor, Action};
[INFO] [stdout]    |            ^^^^^^ could not find `redact` in the crate root
[INFO] [stdout] 
[INFO] [stdout] error: aborting due to 1 previous error
[INFO] [stdout] 
[INFO] [stdout] For more information about this error, try `rustc --explain E0432`.
[INFO] [stdout] Couldn't compile the test.
[INFO] [stdout] 
[INFO] [stdout] failures:
[INFO] [stdout]     src/redact/mod.rs - redact (line 22)
[INFO] [stdout] 
[INFO] [stdout] test result: FAILED. 0 passed; 1 failed; 1 ignored; 0 measured; 0 filtered out; finished in 0.14s
[INFO] [stdout] 
[INFO] [stdout] all doctests ran in 0.22s; merged doctests compilation took 0.08s
[INFO] [stderr] error: doctest failed, to rerun pass `--doc`
[INFO] running `Command { std: "docker" "inspect" "34f220e3c95373bffe2ecd4ae244804716616a9d8abcddd5fdbf2adbd9fcd441", kill_on_drop: false }`
[INFO] running `Command { std: "docker" "rm" "-f" "34f220e3c95373bffe2ecd4ae244804716616a9d8abcddd5fdbf2adbd9fcd441", kill_on_drop: false }`
[INFO] [stdout] 34f220e3c95373bffe2ecd4ae244804716616a9d8abcddd5fdbf2adbd9fcd441
