[INFO] fetching crate harness-rs-context 0.0.65...
[INFO] testing harness-rs-context-0.0.65 against 1.99.0-beta.8+cargoflags=--release for beta-release-1.100-2
[INFO] extracting crate harness-rs-context 0.0.65 into /workspace/builds/worker-0-tc1/source
[INFO] started tweaking crates.io crate harness-rs-context 0.0.65
[INFO] removed 0 missing tests
[INFO] finished tweaking crates.io crate harness-rs-context 0.0.65
[INFO] tweaked toml for crates.io crate harness-rs-context 0.0.65 written to /workspace/builds/worker-0-tc1/source/Cargo.toml
[INFO] validating manifest of crates.io crate harness-rs-context 0.0.65 on toolchain 1.99.0-beta.8
[INFO] running `Command { std: CARGO_HOME="/workspace/cargo-home" RUSTUP_HOME="/workspace/rustup-home" "/workspace/cargo-home/bin/cargo" "+1.99.0-beta.8" "metadata" "--manifest-path" "Cargo.toml" "--no-deps", kill_on_drop: false }`
[INFO] crate crates.io crate harness-rs-context 0.0.65 already has a lockfile, it will not be regenerated
[INFO] running `Command { std: CARGO_HOME="/workspace/cargo-home" RUSTUP_HOME="/workspace/rustup-home" "/workspace/cargo-home/bin/cargo" "+1.99.0-beta.8" "fetch" "--manifest-path" "Cargo.toml", kill_on_drop: false }`
[INFO] [stderr]     Updating crates.io index
[INFO] [stderr]  Downloading crates ...
[INFO] [stderr]   Downloaded harness-rs-core v0.0.65
[INFO] running `Command { std: "docker" "create" "-v" "/var/lib/crater-agent-workspace/builds/worker-0-tc1/source:/opt/rustwide/workdir:ro,Z" "-v" "/var/lib/crater-agent-workspace/builds/worker-0-tc1/target:/opt/rustwide/target:rw,Z" "-v" "/var/lib/crater-agent-workspace/cargo-home:/opt/rustwide/cargo-home:ro,Z" "-v" "/var/lib/crater-agent-workspace/rustup-home:/opt/rustwide/rustup-home:ro,Z" "-m" "1610612736" "--network" "none" "ghcr.io/rust-lang/crates-build-env/linux@sha256:77db811e55d90add9212f6832c23229e3de5f1c1f9905e8cb07319ea15df73ac" "sleep" "infinity", kill_on_drop: false }`
[INFO] [stdout] 54e7da903e6193fffd0b44d71ebe92d3366bb02e7a869d6531cc5fbf25f1e8e8
[INFO] running `Command { std: "docker" "start" "54e7da903e6193fffd0b44d71ebe92d3366bb02e7a869d6531cc5fbf25f1e8e8", kill_on_drop: false }`
[INFO] running `Command { std: "docker" "inspect" "54e7da903e6193fffd0b44d71ebe92d3366bb02e7a869d6531cc5fbf25f1e8e8", kill_on_drop: false }`
[INFO] running `Command { std: "docker" "exec" "-e" "SOURCE_DIR=/opt/rustwide/workdir" "-e" "CARGO_HOME=/opt/rustwide/cargo-home" "-e" "RUSTUP_HOME=/opt/rustwide/rustup-home" "-e" "CARGO_TARGET_DIR=/opt/rustwide/target" "-w" "/opt/rustwide/workdir" "--user" "0:0" "54e7da903e6193fffd0b44d71ebe92d3366bb02e7a869d6531cc5fbf25f1e8e8" "/opt/rustwide/cargo-home/bin/cargo" "+1.99.0-beta.8" "metadata" "--no-deps" "--format-version=1", kill_on_drop: false }`
[INFO] running `Command { std: "docker" "inspect" "54e7da903e6193fffd0b44d71ebe92d3366bb02e7a869d6531cc5fbf25f1e8e8", kill_on_drop: false }`
[INFO] running `Command { std: "docker" "exec" "-e" "SOURCE_DIR=/opt/rustwide/workdir" "-e" "CARGO_HOME=/opt/rustwide/cargo-home" "-e" "RUSTUP_HOME=/opt/rustwide/rustup-home" "-e" "CARGO_TARGET_DIR=/opt/rustwide/target" "-e" "CARGO_INCREMENTAL=0" "-e" "RUST_BACKTRACE=full" "-e" "RUSTFLAGS=--cap-lints=warn" "-e" "RUSTDOCFLAGS=--cap-lints=warn" "-w" "/opt/rustwide/workdir" "--user" "0:0" "54e7da903e6193fffd0b44d71ebe92d3366bb02e7a869d6531cc5fbf25f1e8e8" "/opt/rustwide/cargo-home/bin/cargo" "+1.99.0-beta.8" "build" "--frozen" "--message-format=json" "--release", kill_on_drop: false }`
[INFO] [stderr]    Compiling syn v2.0.117
[INFO] [stderr]    Compiling memchr v2.8.0
[INFO] [stderr]    Compiling futures-sink v0.3.32
[INFO] [stderr]    Compiling futures-core v0.3.32
[INFO] [stderr]    Compiling futures-task v0.3.32
[INFO] [stderr]    Compiling futures-io v0.3.32
[INFO] [stderr]    Compiling syn v3.0.4
[INFO] [stderr]    Compiling regex-syntax v0.8.10
[INFO] [stderr]    Compiling errno v0.3.14
[INFO] [stderr]    Compiling mio v1.2.0
[INFO] [stderr]    Compiling indexmap v2.14.0
[INFO] [stderr]    Compiling inventory v0.3.24
[INFO] [stderr]    Compiling signal-hook-registry v1.4.8
[INFO] [stderr]    Compiling futures-channel v0.3.32
[INFO] [stderr]    Compiling aho-corasick v1.1.4
[INFO] [stderr]    Compiling serde_json v1.0.149
[INFO] [stderr]    Compiling thiserror-impl v2.0.20
[INFO] [stderr]    Compiling regex-automata v0.4.14
[INFO] [stderr]    Compiling thiserror v2.0.20
[INFO] [stderr]    Compiling futures-macro v0.3.32
[INFO] [stderr]    Compiling serde_derive v1.0.228
[INFO] [stderr]    Compiling tracing-attributes v0.1.31
[INFO] [stderr]    Compiling async-trait v0.1.89
[INFO] [stderr]    Compiling tokio-macros v2.7.0
[INFO] [stderr]    Compiling tokio v1.52.3
[INFO] [stderr]    Compiling futures-util v0.3.32
[INFO] [stderr]    Compiling tracing v0.1.44
[INFO] [stderr]    Compiling regex v1.12.3
[INFO] [stderr]    Compiling serde v1.0.228
[INFO] [stderr]    Compiling serde_yaml v0.9.34+deprecated
[INFO] [stderr]    Compiling futures-executor v0.3.32
[INFO] [stderr]    Compiling futures v0.3.32
[INFO] [stderr]    Compiling harness-rs-core v0.0.65
[INFO] [stderr]    Compiling harness-rs-context v0.0.65 (/opt/rustwide/workdir)
[INFO] [stderr]     Finished `release` profile [optimized] target(s) in 1m 03s
[INFO] running `Command { std: "docker" "inspect" "54e7da903e6193fffd0b44d71ebe92d3366bb02e7a869d6531cc5fbf25f1e8e8", kill_on_drop: false }`
[INFO] running `Command { std: "docker" "exec" "-e" "SOURCE_DIR=/opt/rustwide/workdir" "-e" "CARGO_HOME=/opt/rustwide/cargo-home" "-e" "RUSTUP_HOME=/opt/rustwide/rustup-home" "-e" "CARGO_TARGET_DIR=/opt/rustwide/target" "-e" "CARGO_INCREMENTAL=0" "-e" "RUST_BACKTRACE=full" "-e" "RUSTFLAGS=--cap-lints=warn" "-e" "RUSTDOCFLAGS=--cap-lints=warn" "-w" "/opt/rustwide/workdir" "--user" "0:0" "54e7da903e6193fffd0b44d71ebe92d3366bb02e7a869d6531cc5fbf25f1e8e8" "/opt/rustwide/cargo-home/bin/cargo" "+1.99.0-beta.8" "test" "--frozen" "--no-run" "--message-format=json" "--release", kill_on_drop: false }`
[INFO] [stderr]    Compiling harness-rs-context v0.0.65 (/opt/rustwide/workdir)
[INFO] [stderr]     Finished `release` profile [optimized] target(s) in 24.07s
[INFO] running `Command { std: "docker" "inspect" "54e7da903e6193fffd0b44d71ebe92d3366bb02e7a869d6531cc5fbf25f1e8e8", kill_on_drop: false }`
[INFO] running `Command { std: "docker" "exec" "-e" "SOURCE_DIR=/opt/rustwide/workdir" "-e" "CARGO_HOME=/opt/rustwide/cargo-home" "-e" "RUSTUP_HOME=/opt/rustwide/rustup-home" "-e" "CARGO_TARGET_DIR=/opt/rustwide/target" "-e" "CARGO_INCREMENTAL=0" "-e" "RUST_BACKTRACE=full" "-e" "RUSTFLAGS=--cap-lints=warn" "-e" "RUSTDOCFLAGS=--cap-lints=warn" "-w" "/opt/rustwide/workdir" "--user" "0:0" "54e7da903e6193fffd0b44d71ebe92d3366bb02e7a869d6531cc5fbf25f1e8e8" "/opt/rustwide/cargo-home/bin/cargo" "+1.99.0-beta.8" "test" "--frozen" "--release", kill_on_drop: false }`
[INFO] [stderr]     Finished `release` profile [optimized] target(s) in 0.06s
[INFO] [stderr]      Running unittests src/lib.rs (/opt/rustwide/target/release/deps/harness_context-e0e812acf5c3fb52)
[INFO] [stdout] 
[INFO] [stdout] running 87 tests
[INFO] [stdout] test memory_file::tests::malformed_lines_are_skipped ... ok
[INFO] [stdout] test memory_file::tests::a_chinese_question_recalls_a_chinese_memory ... ok
[INFO] [stdout] test memory_file::tests::write_then_recall_round_trips ... ok
[INFO] [stdout] test memory_file::tests::empty_query_falls_back_to_recent ... ok
[INFO] [stdout] test file_recall::tests::malformed_line_skipped ... ok
[INFO] [stdout] test file_recall::tests::cjk_owner_and_unicode_content_do_not_panic ... ok
[INFO] [stdout] test memory_file::tests::a_write_is_visible_to_the_very_next_recall ... ok
[INFO] [stdout] test memory_file::tests::an_unchanged_stamp_serves_the_cached_parse ... ok
[INFO] [stdout] test memory_guard::tests::blocked_substring_works ... ok
[INFO] [stdout] test file_recall::tests::append_then_search_and_scroll ... ok
[INFO] [stdout] test memory_guard::tests::credit_card_is_masked_not_dropped ... ok
[INFO] [stdout] test memory_file::tests::tokenise_splits_han_into_bigrams_and_leaves_latin_alone ... ok
[INFO] [stdout] test memory_guard::tests::sensitivity_pattern_drops_outright ... ok
[INFO] [stdout] test redacting_memory::tests::money_is_kept_in_transcripts ... ok
[INFO] [stdout] test redacting_memory::tests::clean_text_passes_through_unchanged ... ok
[INFO] [stdout] test skills::export::tests::render_skill_md_has_spec_layout ... ok
[INFO] [stdout] test skills::lint::tests::high_keyword_overlap_flagged ... ok
[INFO] [stdout] test skills::lint::tests::good_skill_passes_clean ... ok
[INFO] [stdout] test redacting_memory::tests::scrubs_but_never_drops ... ok
[INFO] [stdout] test memory_guard::tests::non_card_long_number_survives ... ok
[INFO] [stdout] test memory_guard::tests::durable_preferences_pass_through ... ok
[INFO] [stdout] test memory_guard::tests::monetary_amounts_are_dropped ... ok
[INFO] [stdout] test memory_guard::tests::duplicate_is_dropped ... ok
[INFO] [stdout] test skills::lint::tests::missing_trigger_language_gives_info ... ok
[INFO] [stdout] test runtime::process_group_on_drop::a_child_that_exits_normally_keeps_its_detached_grandchild ... ok
[INFO] [stdout] test memory_guard::tests::email_is_labelled_not_dropped ... ok
[INFO] [stdout] test memory_guard::tests::dedup_runs_on_redacted_text ... ok
[INFO] [stdout] test skills::export::tests::export_one_writes_valid_skill_md ... ok
[INFO] [stdout] test redacting_memory::tests::tags_and_source_survive_redaction ... ok
[INFO] [stdout] test skills::registry::tests::rejects_duplicate_names ... ok
[INFO] [stdout] test skills::validate::tests::description_length_enforced ... ok
[INFO] [stdout] test skills::validate::tests::valid_names ... ok
[INFO] [stdout] test skills::lint::tests::near_duplicate_names_flagged ... ok
[INFO] [stdout] test skills::lint::tests::short_description_warns ... ok
[INFO] [stdout] test skills::loader::tests::scan_skips_invalid_skill_keeps_the_rest ... ok
[INFO] [stdout] test skills::validate::tests::invalid_names ... ok
[INFO] [stdout] test skills::loader::tests::accepts_metadata_harness_namespace ... ok
[INFO] [stdout] test skills::loader::tests::rejects_dir_name_mismatch ... ok
[INFO] [stdout] test skills::registry::tests::catalogue_is_alphabetical ... ok
[INFO] [stdout] test skills::validate::tests::name_must_match_dir ... ok
[INFO] [stdout] test user_model::guide::tests::re_injection_replaces_instead_of_accumulating ... ok
[INFO] [stdout] test skills::loader::tests::loads_minimal_valid_skill ... ok
[INFO] [stdout] test skills::loader::tests::tolerates_unknown_top_field ... ok
[INFO] [stdout] test user_model::guide::tests::two_users_get_two_different_prompts ... ok
[INFO] [stdout] test skills::write::tests::delete_removes_dir ... ok
[INFO] [stdout] test user_model::portrait::tests::render_hedges_weak_and_disputed_beliefs ... ok
[INFO] [stdout] test user_model::guide::tests::a_foreign_guide_block_is_left_alone ... ok
[INFO] [stdout] test skills::write::tests::invalid_content_rolls_back_and_errors ... ok
[INFO] [stdout] test skills::write::tests::write_then_load_roundtrips ... ok
[INFO] [stdout] test user_model::guide::tests::an_unknown_user_injects_nothing ... ok
[INFO] [stdout] test user_model::guide::tests::injects_a_marked_block_within_budget ... ok
[INFO] [stdout] test skills::write::tests::bad_name_rejected ... ok
[INFO] [stdout] test user_model::guide::tests::invalidate_picks_up_a_new_revision ... ok
[INFO] [stdout] test user_model::portrait::tests::a_full_portrait_costs_about_ninety_tokens ... ok
[INFO] [stdout] test user_model::portrait::tests::new_facts_are_added_with_provenance ... ok
[INFO] [stdout] test user_model::portrait::tests::render_respects_the_char_budget_and_drops_by_tier_then_confidence ... ok
[INFO] [stdout] test user_model::portrait::tests::empty_portrait_renders_nothing ... ok
[INFO] [stdout] test user_model::portrait::tests::fresh_strong_evidence_overrules_a_decayed_incumbent ... ok
[INFO] [stdout] test user_model::portrait::tests::repeated_contradiction_eventually_flips_the_incumbent ... ok
[INFO] [stdout] test user_model::portrait::tests::retraction_beats_any_confidence ... ok
[INFO] [stdout] test user_model::portrait::tests::unparsable_observations_are_ignored_not_fatal ... ok
[INFO] [stdout] test user_model::portrait::tests::weak_evidence_does_not_flip_a_fresh_incumbent ... ok
[INFO] [stdout] test user_model::store::tests::vacuum_ages_out_stale_items ... ok
[INFO] [stdout] test user_model::tests::evidence_from_context_keeps_recent_text_in_order ... ok
[INFO] [stdout] test user_model::store::tests::load_picks_the_highest_revision_on_append_only_storage ... ok
[INFO] [stdout] test user_model::tests::evidence_drops_the_oldest_lines_under_a_char_cap ... ok
[INFO] [stdout] test user_model::updater::tests::counters_survive_a_process_that_does_not ... ok
[INFO] [stdout] test user_model::portrait::tests::serde_round_trips_including_provenance ... ok
[INFO] [stdout] test user_model::portrait::tests::stale_beliefs_age_out_but_standing_rules_survive ... ok
[INFO] [stdout] test user_model::portrait::tests::restating_a_fact_reinforces_it ... ok
[INFO] [stdout] test user_model::updater::tests::a_resumed_tracker_does_not_inherit_a_finished_session ... ok
[INFO] [stdout] test user_model::updater::tests::a_proposal_is_merged_deterministically ... ok
[INFO] [stdout] test user_model::store::tests::round_trips_through_real_file_memory ... ok
[INFO] [stdout] test user_model::store::tests::round_trips_through_the_memory_trait ... ok
[INFO] [stdout] test user_model::store::tests::two_users_never_see_each_others_portrait ... ok
[INFO] [stdout] test user_model::updater::tests::does_not_fire_before_the_turn_threshold ... ok
[INFO] [stdout] test user_model::updater::tests::empty_transcript_short_circuits_without_a_call ... ok
[INFO] [stdout] test user_model::updater::tests::a_failed_call_leaves_the_portrait_untouched ... ok
[INFO] [stdout] test user_model::updater::tests::evidence_for_the_wrong_user_is_refused ... ok
[INFO] [stdout] test user_model::updater::tests::evidence_budget_fires_before_the_turn_count ... ok
[INFO] [stdout] test user_model::updater::tests::garbage_output_is_a_parse_error_not_a_wipe ... ok
[INFO] [stdout] test user_model::updater::tests::manual_policy_never_fires ... ok
[INFO] [stdout] test user_model::updater::tests::the_rate_limit_overrides_every_trigger ... ok
[INFO] [stdout] test user_model::updater::tests::trackers_are_per_user ... ok
[INFO] [stdout] test user_model::updater::tests::refresh_stored_persists_only_when_something_changed ... ok
[INFO] [stdout] test user_model::updater::tests::session_end_fires_only_with_new_turns ... ok
[INFO] [stdout] test runtime::process_group_on_drop::dropping_an_exec_kills_the_whole_process_group ... FAILED
[INFO] [stdout] 
[INFO] [stdout] failures:
[INFO] [stdout] 
[INFO] [stdout] ---- runtime::process_group_on_drop::dropping_an_exec_kills_the_whole_process_group stdout ----
[INFO] [stdout] 
[INFO] [stdout] thread 'runtime::process_group_on_drop::dropping_an_exec_kills_the_whole_process_group' (911) panicked at src/runtime.rs:235:9:
[INFO] [stdout] the grandchild survived the drop: the process group was not killed
[INFO] [stdout] stack backtrace:
[INFO] [stdout]    0:     0x6520102cd701 - <<std[70759c8f55707aa4]::sys::backtrace::BacktraceLock>::print::DisplayBacktrace as core[df12db4294e9bfd3]::fmt::Display>::fmt
[INFO] [stdout]    1:     0x6520102e612a - core[df12db4294e9bfd3]::fmt::write
[INFO] [stdout]    2:     0x6520102d202c - <alloc[2182bb758b4b3781]::vec::Vec<u8> as core[df12db4294e9bfd3]::io::write::Write>::write_fmt
[INFO] [stdout]    3:     0x6520102a6466 - std[70759c8f55707aa4]::panicking::default_hook::{closure#0}
[INFO] [stdout]    4:     0x6520102c4589 - std[70759c8f55707aa4]::panicking::default_hook
[INFO] [stdout]    5:     0x65201015c6d0 - test[9d35eded1c95d3be]::test_main_inner::<test[9d35eded1c95d3be]::test_main_static::{closure#0}>::{closure#0}
[INFO] [stdout]    6:     0x6520102c48b2 - std[70759c8f55707aa4]::panicking::panic_with_hook
[INFO] [stdout]    7:     0x6520102a6544 - std[70759c8f55707aa4]::panicking::panic_handler::{closure#0}
[INFO] [stdout]    8:     0x65201029eee9 - std[70759c8f55707aa4]::sys::backtrace::__rust_end_short_backtrace::<std[70759c8f55707aa4]::panicking::panic_handler::{closure#0}, !>
[INFO] [stdout]    9:     0x6520102a71fd - __rustc[8fa7c3cbc660c2b3]::rust_begin_unwind
[INFO] [stdout]   10:     0x6520102e690c - core[df12db4294e9bfd3]::panicking::panic_fmt
[INFO] [stdout]   11:     0x6520100fe642 - harness_context[6a879e8eada13923]::runtime::process_group_on_drop::dropping_an_exec_kills_the_whole_process_group::{closure#0}
[INFO] [stdout]   12:     0x65201008c073 - <tokio[e613e888589f21bb]::runtime::scheduler::current_thread::Context>::enter::<core[df12db4294e9bfd3]::task::poll::Poll<()>, <tokio[e613e888589f21bb]::runtime::scheduler::current_thread::CoreGuard>::block_on<core[df12db4294e9bfd3]::pin::Pin<&mut core[df12db4294e9bfd3]::pin::Pin<&mut dyn core[df12db4294e9bfd3]::future::future::Future<Output = ()>>>>::{closure#0}::{closure#0}>
[INFO] [stdout]   13:     0x6520100c50dc - <tokio[e613e888589f21bb]::runtime::context::scoped::Scoped<tokio[e613e888589f21bb]::runtime::scheduler::Context>>::set::<<tokio[e613e888589f21bb]::runtime::scheduler::current_thread::CoreGuard>::enter<<tokio[e613e888589f21bb]::runtime::scheduler::current_thread::CoreGuard>::block_on<core[df12db4294e9bfd3]::pin::Pin<&mut core[df12db4294e9bfd3]::pin::Pin<&mut dyn core[df12db4294e9bfd3]::future::future::Future<Output = ()>>>>::{closure#0}, core[df12db4294e9bfd3]::option::Option<()>>::{closure#0}, (alloc[2182bb758b4b3781]::boxed::Box<tokio[e613e888589f21bb]::runtime::scheduler::current_thread::Core>, core[df12db4294e9bfd3]::option::Option<()>)>
[INFO] [stdout]   14:     0x65201008c4c7 - <tokio[e613e888589f21bb]::runtime::scheduler::current_thread::CoreGuard>::block_on::<core[df12db4294e9bfd3]::pin::Pin<&mut core[df12db4294e9bfd3]::pin::Pin<&mut dyn core[df12db4294e9bfd3]::future::future::Future<Output = ()>>>>
[INFO] [stdout]   15:     0x6520100f6a1d - tokio[e613e888589f21bb]::runtime::context::runtime::enter_runtime::<<tokio[e613e888589f21bb]::runtime::scheduler::current_thread::CurrentThread>::block_on<core[df12db4294e9bfd3]::pin::Pin<&mut dyn core[df12db4294e9bfd3]::future::future::Future<Output = ()>>>::{closure#0}, ()>
[INFO] [stdout]   16:     0x65201008bf55 - <tokio[e613e888589f21bb]::runtime::runtime::Runtime>::block_on::<core[df12db4294e9bfd3]::pin::Pin<&mut dyn core[df12db4294e9bfd3]::future::future::Future<Output = ()>>>
[INFO] [stdout]   17:     0x652010101fdb - harness_context[6a879e8eada13923]::runtime::process_group_on_drop::dropping_an_exec_kills_the_whole_process_group
[INFO] [stdout]   18:     0x6520100f2669 - <harness_context[6a879e8eada13923]::runtime::process_group_on_drop::dropping_an_exec_kills_the_whole_process_group::{closure#0} as core[df12db4294e9bfd3]::ops::function::FnOnce<()>>::call_once
[INFO] [stdout]   19:     0x65201014f9bb - test[9d35eded1c95d3be]::__rust_begin_short_backtrace::<core[df12db4294e9bfd3]::result::Result<(), alloc[2182bb758b4b3781]::string::String>, fn() -> core[df12db4294e9bfd3]::result::Result<(), alloc[2182bb758b4b3781]::string::String>>
[INFO] [stdout]   20:     0x65201015d025 - test[9d35eded1c95d3be]::run_test::{closure#0}
[INFO] [stdout]   21:     0x6520101568e4 - std[70759c8f55707aa4]::sys::backtrace::__rust_begin_short_backtrace::<test[9d35eded1c95d3be]::run_test::{closure#1}, ()>
[INFO] [stdout]   22:     0x652010160182 - <std[70759c8f55707aa4]::thread::lifecycle::spawn_unchecked<test[9d35eded1c95d3be]::run_test::{closure#1}, ()>::{closure#1} as core[df12db4294e9bfd3]::ops::function::FnOnce<()>>::call_once::{shim:vtable#0}
[INFO] [stdout]   23:     0x6520102cc719 - <std[70759c8f55707aa4]::sys::thread::unix::Thread>::new::thread_start
[INFO] [stdout]   24:     0x797da59ccdfa - <unknown>
[INFO] [stdout]   25:     0x797da5a603d4 - clone
[INFO] [stdout]   26:                0x0 - <unknown>
[INFO] [stdout] 
[INFO] [stdout] 
[INFO] [stdout] failures:
[INFO] [stdout]     runtime::process_group_on_drop::dropping_an_exec_kills_the_whole_process_group
[INFO] [stdout] 
[INFO] [stdout] test result: FAILED. 86 passed; 1 failed; 0 ignored; 0 measured; 0 filtered out; finished in 2.08s
[INFO] [stdout] 
[INFO] [stderr] error: test failed, to rerun pass `--lib`
[INFO] running `Command { std: "docker" "inspect" "54e7da903e6193fffd0b44d71ebe92d3366bb02e7a869d6531cc5fbf25f1e8e8", kill_on_drop: false }`
[INFO] running `Command { std: "docker" "rm" "-f" "54e7da903e6193fffd0b44d71ebe92d3366bb02e7a869d6531cc5fbf25f1e8e8", kill_on_drop: false }`
[INFO] [stdout] 54e7da903e6193fffd0b44d71ebe92d3366bb02e7a869d6531cc5fbf25f1e8e8
