[INFO] fetching crate harness-detect 0.2.1...
[INFO] testing harness-detect-0.2.1 against 1.99.0-beta.8+cargoflags=--release for beta-release-1.100-2
[INFO] extracting crate harness-detect 0.2.1 into /workspace/builds/worker-3-tc1/source
[INFO] started tweaking crates.io crate harness-detect 0.2.1
[INFO] removed 0 missing examples
[INFO] removed 0 missing tests
[INFO] finished tweaking crates.io crate harness-detect 0.2.1
[INFO] tweaked toml for crates.io crate harness-detect 0.2.1 written to /workspace/builds/worker-3-tc1/source/Cargo.toml
[INFO] validating manifest of crates.io crate harness-detect 0.2.1 on toolchain 1.99.0-beta.8
[INFO] running `Command { std: CARGO_HOME="/workspace/cargo-home" RUSTUP_HOME="/workspace/rustup-home" "/workspace/cargo-home/bin/cargo" "+1.99.0-beta.8" "metadata" "--manifest-path" "Cargo.toml" "--no-deps", kill_on_drop: false }`
[INFO] crate crates.io crate harness-detect 0.2.1 already has a lockfile, it will not be regenerated
[INFO] running `Command { std: CARGO_HOME="/workspace/cargo-home" RUSTUP_HOME="/workspace/rustup-home" "/workspace/cargo-home/bin/cargo" "+1.99.0-beta.8" "fetch" "--manifest-path" "Cargo.toml", kill_on_drop: false }`
[INFO] running `Command { std: "docker" "create" "-v" "/var/lib/crater-agent-workspace/builds/worker-3-tc1/source:/opt/rustwide/workdir:ro,Z" "-v" "/var/lib/crater-agent-workspace/builds/worker-3-tc1/target:/opt/rustwide/target:rw,Z" "-v" "/var/lib/crater-agent-workspace/cargo-home:/opt/rustwide/cargo-home:ro,Z" "-v" "/var/lib/crater-agent-workspace/rustup-home:/opt/rustwide/rustup-home:ro,Z" "-m" "1610612736" "--network" "none" "ghcr.io/rust-lang/crates-build-env/linux@sha256:77db811e55d90add9212f6832c23229e3de5f1c1f9905e8cb07319ea15df73ac" "sleep" "infinity", kill_on_drop: false }`
[INFO] [stdout] c79366ffddeae1402b16607d8d0526563928707ba1ed40da42a9fe0f3e4789b0
[INFO] running `Command { std: "docker" "start" "c79366ffddeae1402b16607d8d0526563928707ba1ed40da42a9fe0f3e4789b0", kill_on_drop: false }`
[INFO] running `Command { std: "docker" "inspect" "c79366ffddeae1402b16607d8d0526563928707ba1ed40da42a9fe0f3e4789b0", kill_on_drop: false }`
[INFO] running `Command { std: "docker" "exec" "-e" "SOURCE_DIR=/opt/rustwide/workdir" "-e" "CARGO_HOME=/opt/rustwide/cargo-home" "-e" "RUSTUP_HOME=/opt/rustwide/rustup-home" "-e" "CARGO_TARGET_DIR=/opt/rustwide/target" "-w" "/opt/rustwide/workdir" "--user" "0:0" "c79366ffddeae1402b16607d8d0526563928707ba1ed40da42a9fe0f3e4789b0" "/opt/rustwide/cargo-home/bin/cargo" "+1.99.0-beta.8" "metadata" "--no-deps" "--format-version=1", kill_on_drop: false }`
[INFO] running `Command { std: "docker" "inspect" "c79366ffddeae1402b16607d8d0526563928707ba1ed40da42a9fe0f3e4789b0", kill_on_drop: false }`
[INFO] running `Command { std: "docker" "exec" "-e" "SOURCE_DIR=/opt/rustwide/workdir" "-e" "CARGO_HOME=/opt/rustwide/cargo-home" "-e" "RUSTUP_HOME=/opt/rustwide/rustup-home" "-e" "CARGO_TARGET_DIR=/opt/rustwide/target" "-e" "CARGO_INCREMENTAL=0" "-e" "RUST_BACKTRACE=full" "-e" "RUSTFLAGS=--cap-lints=warn" "-e" "RUSTDOCFLAGS=--cap-lints=warn" "-w" "/opt/rustwide/workdir" "--user" "0:0" "c79366ffddeae1402b16607d8d0526563928707ba1ed40da42a9fe0f3e4789b0" "/opt/rustwide/cargo-home/bin/cargo" "+1.99.0-beta.8" "build" "--frozen" "--message-format=json" "--release", kill_on_drop: false }`
[INFO] [stderr]    Compiling quote v1.0.46
[INFO] [stderr]    Compiling serde_json v1.0.150
[INFO] [stderr]    Compiling memchr v2.8.2
[INFO] [stderr]    Compiling syn v2.0.118
[INFO] [stderr]    Compiling serde_derive v1.0.228
[INFO] [stderr]    Compiling serde v1.0.228
[INFO] [stderr]    Compiling harness-detect v0.2.1 (/opt/rustwide/workdir)
[INFO] [stderr]     Finished `release` profile [optimized] target(s) in 14.88s
[INFO] running `Command { std: "docker" "inspect" "c79366ffddeae1402b16607d8d0526563928707ba1ed40da42a9fe0f3e4789b0", kill_on_drop: false }`
[INFO] running `Command { std: "docker" "exec" "-e" "SOURCE_DIR=/opt/rustwide/workdir" "-e" "CARGO_HOME=/opt/rustwide/cargo-home" "-e" "RUSTUP_HOME=/opt/rustwide/rustup-home" "-e" "CARGO_TARGET_DIR=/opt/rustwide/target" "-e" "CARGO_INCREMENTAL=0" "-e" "RUST_BACKTRACE=full" "-e" "RUSTFLAGS=--cap-lints=warn" "-e" "RUSTDOCFLAGS=--cap-lints=warn" "-w" "/opt/rustwide/workdir" "--user" "0:0" "c79366ffddeae1402b16607d8d0526563928707ba1ed40da42a9fe0f3e4789b0" "/opt/rustwide/cargo-home/bin/cargo" "+1.99.0-beta.8" "test" "--frozen" "--no-run" "--message-format=json" "--release", kill_on_drop: false }`
[INFO] [stderr]    Compiling harness-detect v0.2.1 (/opt/rustwide/workdir)
[INFO] [stderr]     Finished `release` profile [optimized] target(s) in 7.64s
[INFO] running `Command { std: "docker" "inspect" "c79366ffddeae1402b16607d8d0526563928707ba1ed40da42a9fe0f3e4789b0", kill_on_drop: false }`
[INFO] running `Command { std: "docker" "exec" "-e" "SOURCE_DIR=/opt/rustwide/workdir" "-e" "CARGO_HOME=/opt/rustwide/cargo-home" "-e" "RUSTUP_HOME=/opt/rustwide/rustup-home" "-e" "CARGO_TARGET_DIR=/opt/rustwide/target" "-e" "CARGO_INCREMENTAL=0" "-e" "RUST_BACKTRACE=full" "-e" "RUSTFLAGS=--cap-lints=warn" "-e" "RUSTDOCFLAGS=--cap-lints=warn" "-w" "/opt/rustwide/workdir" "--user" "0:0" "c79366ffddeae1402b16607d8d0526563928707ba1ed40da42a9fe0f3e4789b0" "/opt/rustwide/cargo-home/bin/cargo" "+1.99.0-beta.8" "test" "--frozen" "--release", kill_on_drop: false }`
[INFO] [stderr]     Finished `release` profile [optimized] target(s) in 0.05s
[INFO] [stderr]      Running unittests src/lib.rs (/opt/rustwide/target/release/deps/harness_detect-a3b80a25ce659743)
[INFO] [stdout] 
[INFO] [stdout] running 2 tests
[INFO] [stderr]      Running tests/behavior.rs (/opt/rustwide/target/release/deps/behavior-d0e7e1aab53f836b)
[INFO] [stdout] test tests::normalize_path_basic ... ok
[INFO] [stdout] test tests::resolve_template_unresolved_returns_none ... ok
[INFO] [stdout] 
[INFO] [stdout] test result: ok. 2 passed; 0 failed; 0 ignored; 0 measured; 0 filtered out; finished in 0.00s
[INFO] [stdout] 
[INFO] [stdout] 
[INFO] [stdout] running 23 tests
[INFO] [stdout] test test_check_harness_platform_gated ... ok
[INFO] [stdout] test embedded_data_matches_shared_file ... FAILED
[INFO] [stdout] test test_check_harness_reasons_and_matched_paths ... ok
[INFO] [stdout] test test_check_harness_non_executable_does_not_match ... ok
[INFO] [stdout] test test_check_harness_path_match_installs ... ok
[INFO] [stdout] test test_check_harness_ignores_env_cwd_when_option_unset ... ok
[INFO] [stdout] test test_check_harness_aliases_match ... ok
[INFO] [stdout] test test_check_harness_executable_match_installs ... ok
[INFO] [stdout] test test_check_harness_resolves_env_overrides ... ok
[INFO] [stdout] test test_find_executable_windows_bat ... ok
[INFO] [stdout] test test_check_harness_unresolved_placeholder ... ok
[INFO] [stdout] test test_check_harness_resolves_derived_roots ... ok
[INFO] [stdout] test test_find_executable_windows_exe ... ok
[INFO] [stdout] test test_check_harness_unknown ... ok
[INFO] [stdout] test test_detect_harnesses_checks_all ... ok
[INFO] [stdout] test test_detect_installed_harnesses_only_installed ... ok
[INFO] [stdout] test test_get_harness_matrix ... ok
[INFO] [stdout] test test_get_harness_support_unknown ... ok
[INFO] [stdout] test test_registry_validates_against_schema ... FAILED
[INFO] [stdout] test test_list_harnesses ... ok
[INFO] [stdout] test test_support_api_matches_matrix_shape ... ok
[INFO] [stdout] test test_find_executable_windows_no_match ... ok
[INFO] [stdout] test test_support_api_returns_cloned_data ... ok
[INFO] [stdout] 
[INFO] [stdout] failures:
[INFO] [stdout] 
[INFO] [stdout] ---- embedded_data_matches_shared_file stdout ----
[INFO] [stdout] 
[INFO] [stdout] thread 'embedded_data_matches_shared_file' (395) panicked at tests/behavior.rs:74:9:
[INFO] [stdout] could not read shared harnesses.json at "/opt/rustwide/workdir/../data/harnesses.json": No such file or directory (os error 2)
[INFO] [stdout] stack backtrace:
[INFO] [stdout]    0:     0x6116373eb141 - <<std[70759c8f55707aa4]::sys::backtrace::BacktraceLock>::print::DisplayBacktrace as core[df12db4294e9bfd3]::fmt::Display>::fmt
[INFO] [stdout]    1:     0x611637400fba - core[df12db4294e9bfd3]::fmt::write
[INFO] [stdout]    2:     0x6116373efa3c - <alloc[2182bb758b4b3781]::vec::Vec<u8> as core[df12db4294e9bfd3]::io::write::Write>::write_fmt
[INFO] [stdout]    3:     0x6116373c5c86 - std[70759c8f55707aa4]::panicking::default_hook::{closure#0}
[INFO] [stdout]    4:     0x6116373e2b39 - std[70759c8f55707aa4]::panicking::default_hook
[INFO] [stdout]    5:     0x611637352480 - test[9d35eded1c95d3be]::test_main_inner::<test[9d35eded1c95d3be]::test_main_static::{closure#0}>::{closure#0}
[INFO] [stdout]    6:     0x6116373e2cf2 - std[70759c8f55707aa4]::panicking::panic_with_hook
[INFO] [stdout]    7:     0x6116373c5d32 - std[70759c8f55707aa4]::panicking::panic_handler::{closure#0}
[INFO] [stdout]    8:     0x6116373be809 - std[70759c8f55707aa4]::sys::backtrace::__rust_end_short_backtrace::<std[70759c8f55707aa4]::panicking::panic_handler::{closure#0}, !>
[INFO] [stdout]    9:     0x6116373c69ed - __rustc[8fa7c3cbc660c2b3]::rust_begin_unwind
[INFO] [stdout]   10:     0x6116374016ec - core[df12db4294e9bfd3]::panicking::panic_fmt
[INFO] [stdout]   11:     0x6116373306aa - behavior[61bf1c2cbe6b7d98]::embedded_data_matches_shared_file::{closure#0}
[INFO] [stdout]   12:     0x611637332ff1 - <behavior[61bf1c2cbe6b7d98]::embedded_data_matches_shared_file::{closure#0} as core[df12db4294e9bfd3]::ops::function::FnOnce<()>>::call_once
[INFO] [stdout]   13:     0x61163734576b - test[9d35eded1c95d3be]::__rust_begin_short_backtrace::<core[df12db4294e9bfd3]::result::Result<(), alloc[2182bb758b4b3781]::string::String>, fn() -> core[df12db4294e9bfd3]::result::Result<(), alloc[2182bb758b4b3781]::string::String>>
[INFO] [stdout]   14:     0x611637352dd5 - test[9d35eded1c95d3be]::run_test::{closure#0}
[INFO] [stdout]   15:     0x61163734c694 - std[70759c8f55707aa4]::sys::backtrace::__rust_begin_short_backtrace::<test[9d35eded1c95d3be]::run_test::{closure#1}, ()>
[INFO] [stdout]   16:     0x611637355f32 - <std[70759c8f55707aa4]::thread::lifecycle::spawn_unchecked<test[9d35eded1c95d3be]::run_test::{closure#1}, ()>::{closure#1} as core[df12db4294e9bfd3]::ops::function::FnOnce<()>>::call_once::{shim:vtable#0}
[INFO] [stdout]   17:     0x6116373ea4b9 - <std[70759c8f55707aa4]::sys::thread::unix::Thread>::new::thread_start
[INFO] [stdout]   18:     0x73419594adfa - <unknown>
[INFO] [stdout]   19:     0x7341959de3d4 - clone
[INFO] [stdout]   20:                0x0 - <unknown>
[INFO] [stdout] 
[INFO] [stdout] ---- test_registry_validates_against_schema stdout ----
[INFO] [stdout] 
[INFO] [stdout] thread 'test_registry_validates_against_schema' (415) panicked at tests/behavior.rs:692:64:
[INFO] [stdout] read canonical: Os { code: 2, kind: NotFound, message: "No such file or directory" }
[INFO] [stdout] stack backtrace:
[INFO] [stdout]    0:     0x6116373eb141 - <<std[70759c8f55707aa4]::sys::backtrace::BacktraceLock>::print::DisplayBacktrace as core[df12db4294e9bfd3]::fmt::Display>::fmt
[INFO] [stdout]    1:     0x611637400fba - core[df12db4294e9bfd3]::fmt::write
[INFO] [stdout]    2:     0x6116373efa3c - <alloc[2182bb758b4b3781]::vec::Vec<u8> as core[df12db4294e9bfd3]::io::write::Write>::write_fmt
[INFO] [stdout]    3:     0x6116373c5c86 - std[70759c8f55707aa4]::panicking::default_hook::{closure#0}
[INFO] [stdout]    4:     0x6116373e2b39 - std[70759c8f55707aa4]::panicking::default_hook
[INFO] [stdout]    5:     0x611637352480 - test[9d35eded1c95d3be]::test_main_inner::<test[9d35eded1c95d3be]::test_main_static::{closure#0}>::{closure#0}
[INFO] [stdout]    6:     0x6116373e2cf2 - std[70759c8f55707aa4]::panicking::panic_with_hook
[INFO] [stdout]    7:     0x6116373c5d32 - std[70759c8f55707aa4]::panicking::panic_handler::{closure#0}
[INFO] [stdout]    8:     0x6116373be809 - std[70759c8f55707aa4]::sys::backtrace::__rust_end_short_backtrace::<std[70759c8f55707aa4]::panicking::panic_handler::{closure#0}, !>
[INFO] [stdout]    9:     0x6116373c69ed - __rustc[8fa7c3cbc660c2b3]::rust_begin_unwind
[INFO] [stdout]   10:     0x6116374016ec - core[df12db4294e9bfd3]::panicking::panic_fmt
[INFO] [stdout]   11:     0x6116374014c2 - core[df12db4294e9bfd3]::result::unwrap_failed
[INFO] [stdout]   12:     0x611637337b28 - <behavior[61bf1c2cbe6b7d98]::test_registry_validates_against_schema::{closure#0} as core[df12db4294e9bfd3]::ops::function::FnOnce<()>>::call_once
[INFO] [stdout]   13:     0x61163734576b - test[9d35eded1c95d3be]::__rust_begin_short_backtrace::<core[df12db4294e9bfd3]::result::Result<(), alloc[2182bb758b4b3781]::string::String>, fn() -> core[df12db4294e9bfd3]::result::Result<(), alloc[2182bb758b4b3781]::string::String>>
[INFO] [stdout]   14:     0x611637352dd5 - test[9d35eded1c95d3be]::run_test::{closure#0}
[INFO] [stdout]   15:     0x61163734c694 - std[70759c8f55707aa4]::sys::backtrace::__rust_begin_short_backtrace::<test[9d35eded1c95d3be]::run_test::{closure#1}, ()>
[INFO] [stdout]   16:     0x611637355f32 - <std[70759c8f55707aa4]::thread::lifecycle::spawn_unchecked<test[9d35eded1c95d3be]::run_test::{closure#1}, ()>::{closure#1} as core[df12db4294e9bfd3]::ops::function::FnOnce<()>>::call_once::{shim:vtable#0}
[INFO] [stdout]   17:     0x6116373ea4b9 - <std[70759c8f55707aa4]::sys::thread::unix::Thread>::new::thread_start
[INFO] [stdout]   18:     0x73419594adfa - <unknown>
[INFO] [stdout]   19:     0x7341959de3d4 - clone
[INFO] [stdout]   20:                0x0 - <unknown>
[INFO] [stdout] 
[INFO] [stdout] 
[INFO] [stdout] failures:
[INFO] [stdout]     embedded_data_matches_shared_file
[INFO] [stdout]     test_registry_validates_against_schema
[INFO] [stdout] 
[INFO] [stdout] test result: FAILED. 21 passed; 2 failed; 0 ignored; 0 measured; 0 filtered out; finished in 0.03s
[INFO] [stdout] 
[INFO] [stderr] error: test failed, to rerun pass `--test behavior`
[INFO] running `Command { std: "docker" "inspect" "c79366ffddeae1402b16607d8d0526563928707ba1ed40da42a9fe0f3e4789b0", kill_on_drop: false }`
[INFO] running `Command { std: "docker" "rm" "-f" "c79366ffddeae1402b16607d8d0526563928707ba1ed40da42a9fe0f3e4789b0", kill_on_drop: false }`
[INFO] [stdout] c79366ffddeae1402b16607d8d0526563928707ba1ed40da42a9fe0f3e4789b0
