[INFO] fetching crate harn-fmt 0.10.165...
[INFO] testing harn-fmt-0.10.165 against 1.100.0-beta.1+cargoflags=--release for beta-release-1.100-2
[INFO] extracting crate harn-fmt 0.10.165 into /workspace/builds/worker-6-tc2/source
[INFO] started tweaking crates.io crate harn-fmt 0.10.165
[INFO] finished tweaking crates.io crate harn-fmt 0.10.165
[INFO] tweaked toml for crates.io crate harn-fmt 0.10.165 written to /workspace/builds/worker-6-tc2/source/Cargo.toml
[INFO] validating manifest of crates.io crate harn-fmt 0.10.165 on toolchain 1.100.0-beta.1
[INFO] running `Command { std: CARGO_HOME="/workspace/cargo-home" RUSTUP_HOME="/workspace/rustup-home" "/workspace/cargo-home/bin/cargo" "+1.100.0-beta.1" "metadata" "--manifest-path" "Cargo.toml" "--no-deps", kill_on_drop: false }`
[INFO] crate crates.io crate harn-fmt 0.10.165 already has a lockfile, it will not be regenerated
[INFO] running `Command { std: CARGO_HOME="/workspace/cargo-home" RUSTUP_HOME="/workspace/rustup-home" "/workspace/cargo-home/bin/cargo" "+1.100.0-beta.1" "fetch" "--manifest-path" "Cargo.toml", kill_on_drop: false }`
[INFO] running `Command { std: "docker" "create" "-v" "/var/lib/crater-agent-workspace/builds/worker-6-tc2/source:/opt/rustwide/workdir:ro,Z" "-v" "/var/lib/crater-agent-workspace/builds/worker-6-tc2/target:/opt/rustwide/target:rw,Z" "-v" "/var/lib/crater-agent-workspace/cargo-home:/opt/rustwide/cargo-home:ro,Z" "-v" "/var/lib/crater-agent-workspace/rustup-home:/opt/rustwide/rustup-home:ro,Z" "-m" "1610612736" "--network" "none" "ghcr.io/rust-lang/crates-build-env/linux@sha256:77db811e55d90add9212f6832c23229e3de5f1c1f9905e8cb07319ea15df73ac" "sleep" "infinity", kill_on_drop: false }`
[INFO] [stdout] be79bfdfc1a2ed8f49967b344ed150b9926f138e8e896de2c4a75f68d94cc858
[INFO] running `Command { std: "docker" "start" "be79bfdfc1a2ed8f49967b344ed150b9926f138e8e896de2c4a75f68d94cc858", kill_on_drop: false }`
[INFO] running `Command { std: "docker" "inspect" "be79bfdfc1a2ed8f49967b344ed150b9926f138e8e896de2c4a75f68d94cc858", kill_on_drop: false }`
[INFO] running `Command { std: "docker" "exec" "-e" "SOURCE_DIR=/opt/rustwide/workdir" "-e" "CARGO_HOME=/opt/rustwide/cargo-home" "-e" "RUSTUP_HOME=/opt/rustwide/rustup-home" "-e" "CARGO_TARGET_DIR=/opt/rustwide/target" "-w" "/opt/rustwide/workdir" "--user" "0:0" "be79bfdfc1a2ed8f49967b344ed150b9926f138e8e896de2c4a75f68d94cc858" "/opt/rustwide/cargo-home/bin/cargo" "+1.100.0-beta.1" "metadata" "--no-deps" "--format-version=1", kill_on_drop: false }`
[INFO] running `Command { std: "docker" "inspect" "be79bfdfc1a2ed8f49967b344ed150b9926f138e8e896de2c4a75f68d94cc858", kill_on_drop: false }`
[INFO] running `Command { std: "docker" "exec" "-e" "SOURCE_DIR=/opt/rustwide/workdir" "-e" "CARGO_HOME=/opt/rustwide/cargo-home" "-e" "RUSTUP_HOME=/opt/rustwide/rustup-home" "-e" "CARGO_TARGET_DIR=/opt/rustwide/target" "-e" "CARGO_INCREMENTAL=0" "-e" "RUST_BACKTRACE=full" "-e" "RUSTFLAGS=--cap-lints=warn" "-e" "RUSTDOCFLAGS=--cap-lints=warn" "-w" "/opt/rustwide/workdir" "--user" "0:0" "be79bfdfc1a2ed8f49967b344ed150b9926f138e8e896de2c4a75f68d94cc858" "/opt/rustwide/cargo-home/bin/cargo" "+1.100.0-beta.1" "build" "--frozen" "--message-format=json" "--release", kill_on_drop: false }`
[INFO] [stderr]    Compiling syn v3.0.6
[INFO] [stderr]    Compiling bytemuck v1.25.1
[INFO] [stderr]    Compiling harn-builtin-meta v0.10.165
[INFO] [stderr]    Compiling rand_core v0.9.5
[INFO] [stderr]    Compiling imbl-sized-chunks v0.2.0
[INFO] [stderr]    Compiling archery v1.2.2
[INFO] [stderr]    Compiling yansi v1.0.1
[INFO] [stderr]    Compiling safe_arch v0.7.4
[INFO] [stderr]    Compiling rand_xoshiro v0.7.0
[INFO] [stderr]    Compiling harn-builtin-registry v0.10.165
[INFO] [stderr]    Compiling wide v0.7.33
[INFO] [stderr]    Compiling imbl v7.0.2
[INFO] [stderr]    Compiling harn-capability-contracts v0.10.165
[INFO] [stderr]    Compiling serde_derive v1.0.229
[INFO] [stderr]    Compiling harn-builtin-macros v0.10.165
[INFO] [stderr]    Compiling serde v1.0.229
[INFO] [stderr]    Compiling harn-lexer v0.10.165
[INFO] [stderr]    Compiling harn-parser v0.10.165
[INFO] [stderr]    Compiling harn-fmt v0.10.165 (/opt/rustwide/workdir)
[INFO] [stderr]     Finished `release` profile [optimized] target(s) in 1m 20s
[INFO] running `Command { std: "docker" "inspect" "be79bfdfc1a2ed8f49967b344ed150b9926f138e8e896de2c4a75f68d94cc858", kill_on_drop: false }`
[INFO] running `Command { std: "docker" "exec" "-e" "SOURCE_DIR=/opt/rustwide/workdir" "-e" "CARGO_HOME=/opt/rustwide/cargo-home" "-e" "RUSTUP_HOME=/opt/rustwide/rustup-home" "-e" "CARGO_TARGET_DIR=/opt/rustwide/target" "-e" "CARGO_INCREMENTAL=0" "-e" "RUST_BACKTRACE=full" "-e" "RUSTFLAGS=--cap-lints=warn" "-e" "RUSTDOCFLAGS=--cap-lints=warn" "-w" "/opt/rustwide/workdir" "--user" "0:0" "be79bfdfc1a2ed8f49967b344ed150b9926f138e8e896de2c4a75f68d94cc858" "/opt/rustwide/cargo-home/bin/cargo" "+1.100.0-beta.1" "test" "--frozen" "--no-run" "--message-format=json" "--release", kill_on_drop: false }`
[INFO] [stderr]    Compiling harn-fmt v0.10.165 (/opt/rustwide/workdir)
[INFO] [stderr]     Finished `release` profile [optimized] target(s) in 17.03s
[INFO] running `Command { std: "docker" "inspect" "be79bfdfc1a2ed8f49967b344ed150b9926f138e8e896de2c4a75f68d94cc858", kill_on_drop: false }`
[INFO] running `Command { std: "docker" "exec" "-e" "SOURCE_DIR=/opt/rustwide/workdir" "-e" "CARGO_HOME=/opt/rustwide/cargo-home" "-e" "RUSTUP_HOME=/opt/rustwide/rustup-home" "-e" "CARGO_TARGET_DIR=/opt/rustwide/target" "-e" "CARGO_INCREMENTAL=0" "-e" "RUST_BACKTRACE=full" "-e" "RUSTFLAGS=--cap-lints=warn" "-e" "RUSTDOCFLAGS=--cap-lints=warn" "-w" "/opt/rustwide/workdir" "--user" "0:0" "be79bfdfc1a2ed8f49967b344ed150b9926f138e8e896de2c4a75f68d94cc858" "/opt/rustwide/cargo-home/bin/cargo" "+1.100.0-beta.1" "test" "--frozen" "--release", kill_on_drop: false }`
[INFO] [stderr]     Finished `release` profile [optimized] target(s) in 0.06s
[INFO] [stderr]      Running unittests src/lib.rs (/opt/rustwide/target/release/build/harn-fmt/4f12635707e3afc3/out/harn_fmt-4f12635707e3afc3)
[INFO] [stdout] 
[INFO] [stdout] running 220 tests
[INFO] [stdout] test helpers::tests::column_tracking_uses_the_same_unit ... ok
[INFO] [stdout] test helpers::tests::text_width_counts_columns_not_chars_or_bytes ... ok
[INFO] [stdout] test tests::comments::comment_after_the_last_statement_of_a_finally_stays_in_the_finally ... ok
[INFO] [stdout] test tests::comments::comment_after_the_last_statement_stays_in_the_function ... ok
[INFO] [stdout] test tests::comments::comment_above_a_match_arm_stays_above_the_arm ... ok
[INFO] [stdout] test tests::comments::comment_after_the_last_statement_of_an_else_stays_in_the_else ... ok
[INFO] [stdout] test tests::comments::comment_after_the_last_statement_of_a_loop_stays_in_the_loop ... ok
[INFO] [stdout] test tests::comments::comment_after_the_last_match_arm_stays_in_the_match ... ok
[INFO] [stdout] test tests::comments::comment_after_the_last_struct_field_stays_in_the_struct ... ok
[INFO] [stdout] test tests::comments::comment_in_an_empty_struct_body_stays_in_the_struct ... ok
[INFO] [stdout] test tests::comments::comment_in_value_position_else_stays_in_the_else ... ok
[INFO] [stdout] test tests::comments::comment_in_catch_block_stays_in_the_catch_block ... ok
[INFO] [stdout] test tests::comments::comment_above_a_statement_in_a_catch_block_stays_put ... ok
[INFO] [stdout] test tests::comments::comment_before_the_first_struct_field_stays_in_the_struct ... ok
[INFO] [stdout] test tests::comments::comment_in_try_body_stays_in_the_try_body ... ok
[INFO] [stdout] test tests::comments::comments_stay_on_try_catch_and_finally_branches ... ok
[INFO] [stdout] test tests::comments::comments_stay_on_their_if_branches ... ok
[INFO] [stdout] test tests::comments::comment_in_a_closure_body_stays_in_the_closure ... ok
[INFO] [stdout] test tests::comments::comment_inside_a_match_arm_stays_in_the_arm ... ok
[INFO] [stdout] test tests::comments::comments_stay_on_if_branches_in_expression_position ... ok
[INFO] [stdout] test tests::comments::enum_variant_comments_stay_on_their_variants ... ok
[INFO] [stdout] test tests::comments::interleaved_interface_members_keep_their_written_order ... ok
[INFO] [stdout] test tests::comments::public_type_shape_field_comments_stay_on_their_fields ... ok
[INFO] [stdout] test tests::comments::synthesized_zero_span_body_node_does_not_swallow_earlier_comments ... ok
[INFO] [stdout] test tests::comments::reflowed_nested_binary_operand_claims_its_comment_once ... ok
[INFO] [stdout] test tests::comments::interface_member_comments_stay_on_their_members ... ok
[INFO] [stdout] test tests::comments::struct_field_doc_comments_stay_on_their_fields ... ok
[INFO] [stdout] test tests::comments::public_type_shape_closing_line_comment_stays_on_the_alias ... ok
[INFO] [stdout] test tests::comments::struct_field_line_comment_stays_in_the_struct ... ok
[INFO] [stdout] test tests::comments::struct_field_trailing_comment_stays_on_the_field_line ... ok
[INFO] [stdout] test tests::comments::test_call_argument_comment_stays_in_the_call ... ok
[INFO] [stdout] test tests::comments::test_doc_comment_triple_slash_compact_one_liner ... ok
[INFO] [stdout] test tests::comments::test_doc_comment_glued_to_item_blank_line_above ... ok
[INFO] [stdout] test tests::comments::test_doc_comment_inside_impl_block ... ok
[INFO] [stdout] test tests::comments::test_doc_comment_triple_slash_multiline ... ok
[INFO] [stdout] test tests::comments::test_doc_comment_between_attribute_and_fn_is_preserved ... ok
[INFO] [stdout] test tests::comments::test_doc_comment_existing_block_is_canonicalized ... ok
[INFO] [stdout] test tests::comments::test_call_argument_trailing_comment_stays_on_the_argument ... ok
[INFO] [stdout] test tests::comments::test_call_without_interior_comments_still_collapses ... ok
[INFO] [stdout] test tests::comments::test_dict_entry_comments_stay_in_literal ... ok
[INFO] [stdout] test tests::comments::test_inline_match_arm_trailing_comment_stays_on_arm ... ok
[INFO] [stdout] test tests::comments::test_list_item_trailing_comment_stays_in_literal ... ok
[INFO] [stdout] test tests::comments::test_multiline_binary_operand_comments_preserved ... ok
[INFO] [stdout] test tests::comments::test_section_header_one_line_bar_with_title_promoted ... ok
[INFO] [stdout] test tests::comments::test_section_header_one_line_bar_normalized ... ok
[INFO] [stdout] test tests::comments::test_method_call_argument_comment_stays_in_the_call ... ok
[INFO] [stdout] test tests::comments::test_section_header_three_line_canonical_passthrough ... ok
[INFO] [stdout] test tests::comments::test_section_header_respects_custom_separator_width ... ok
[INFO] [stdout] test tests::comments::test_optional_method_chain_segment_comments_stay_in_chain ... ok
[INFO] [stdout] test tests::comments::test_section_header_auto_width_snapshots_across_line_widths ... ok
[INFO] [stdout] test tests::comments::test_method_chain_segment_comments_stay_in_chain ... ok
[INFO] [stdout] test tests::comments::test_section_header_three_line_short_bars_normalized ... ok
[INFO] [stdout] test tests::comments::test_section_header_blank_lines_above_and_below ... ok
[INFO] [stdout] test tests::comments::test_trailing_line_comment_preserved_inside_if_else_blocks ... ok
[INFO] [stdout] test tests::comments::test_statement_comment_after_inline_dict_stays_on_statement ... ok
[INFO] [stdout] test tests::comments::test_plain_double_slash_comment_preserved_verbatim ... ok
[INFO] [stdout] test tests::comments::test_top_level_trailing_comment_on_import_preserved ... ok
[INFO] [stdout] test tests::comments::test_trailing_block_comment_preserved_on_statement ... ok
[INFO] [stdout] test tests::comments::test_trailing_block_comment_preserved_on_top_level_statement ... ok
[INFO] [stdout] test tests::comments::test_trailing_line_comment_preserved_on_top_level_statement ... ok
[INFO] [stdout] test tests::comments::test_trailing_line_comment_preserved_on_top_level_body_statement ... ok
[INFO] [stdout] test tests::comments::test_wrapped_statement_keeps_trailing_comment_on_last_line ... ok
[INFO] [stdout] test tests::layout::expression_prefix_counts_toward_line_width ... ok
[INFO] [stdout] test tests::layout::issue_4878_signature_is_not_joined_past_the_width ... ok
[INFO] [stdout] test tests::layout::chain_layout_preserves_safe_navigation ... ok
[INFO] [stdout] test tests::layout::deep_plus_chains_format_without_recursive_stack_growth ... ok
[INFO] [stdout] test tests::layout::nested_unwrapped_chain_counts_indent_at_width_twenty ... ok
[INFO] [stdout] test tests::layout::reflowed_expression_reserves_its_parent_suffix ... ok
[INFO] [stdout] test tests::for_header::for_header_groups_an_iterable_that_ends_in_a_brace ... ok
[INFO] [stdout] test tests::layout::require_messages_wrap_after_the_condition ... ok
[INFO] [stdout] test tests::layout::issue_4878_appending_with_struct_literal_argument ... ok
[INFO] [stdout] test tests::layout::signature_one_column_over_does_wrap ... ok
[INFO] [stdout] test tests::layout::signature_without_return_type_still_respects_width ... ok
[INFO] [stdout] test tests::layout::signature_that_fits_exactly_is_not_wrapped ... ok
[INFO] [stdout] test tests::layout::signature_width_accounts_for_return_type_and_body_brace ... ok
[INFO] [stdout] test tests::layout::test_method_call_args_dont_overcount_multiline_receiver ... ok
[INFO] [stdout] test tests::layout::source_newlines_do_not_split_a_short_method_call ... ok
[INFO] [stdout] test tests::layout::test_optional_method_call_args_dont_overcount_multiline_receiver ... ok
[INFO] [stdout] test tests::layout::wrapped_binary_operand_uses_its_actual_nested_layout ... ok
[INFO] [stdout] test tests::layout::wrapped_chain_indents_args_inside_the_method_that_owns_them ... ok
[INFO] [stdout] test tests::precedence_regressions::binary_operand_ternary_keeps_required_parentheses ... ok
[INFO] [stdout] test tests::precedence_regressions::nil_coalescing_with_comparison_gets_clarifying_parens ... ok
[INFO] [stdout] test tests::precedence_regressions::unparenthesized_pipeline_ternary_keeps_its_parse_shape ... ok
[INFO] [stdout] test tests::layout::wrapped_layout_is_idempotent ... ok
[INFO] [stdout] test tests::roundtrip::discard_bindings_round_trip ... ok
[INFO] [stdout] test tests::roundtrip::match_expressions_and_dict_keys_round_trip ... ok
[INFO] [stdout] test tests::roundtrip::zero_argument_closures_keep_their_arrow ... ok
[INFO] [stdout] test tests::scoped_blocks::explicit_lexical_block_round_trips ... ok
[INFO] [stdout] test tests::semantic_tokens::merge_base_harn_rewrite_preserves_semantic_tokens ... ok
[INFO] [stdout] test tests::roundtrip::basic_constructs_round_trip ... ok
[INFO] [stdout] test tests::semantic_tokens::redundant_grouping_is_layout_but_reassociating_is_not ... ok
[INFO] [stdout] test tests::roundtrip::range_subexpressions_keep_required_parentheses ... ok
[INFO] [stdout] test tests::roundtrip::batched_evaluation_questions_and_answer_match_round_trip ... ok
[INFO] [stdout] test tests::comments::test_trailing_comment_overflow_is_allowed_not_wrapped ... ok
[INFO] [stdout] test tests::scoped_blocks::mutex_blocks_round_trip ... ok
[INFO] [stdout] test tests::semantic_tokens::semantic_token_allowances_are_narrow ... ok
[INFO] [stdout] test tests::test_adds_parens_for_mixed_and_or ... ok
[INFO] [stdout] test tests::test_adds_trailing_commas_when_wrapping_existing_multiline_sequences ... ok
[INFO] [stdout] test tests::test_already_wrapped_fn_params_stable ... ok
[INFO] [stdout] test tests::comments::test_trailing_comment_does_not_trigger_statement_wrap ... ok
[INFO] [stdout] test tests::test_backslash_continuation_roundtrip ... ok
[INFO] [stdout] test tests::test_blank_line_between_mixed_top_level_items_idempotent ... ok
[INFO] [stdout] test tests::test_custom_line_width_idempotent ... ok
[INFO] [stdout] test tests::test_already_wrapped_import_stable ... ok
[INFO] [stdout] test tests::test_custom_line_width_stays_inline_at_default ... ok
[INFO] [stdout] test tests::test_custom_line_width_carries_typed_param_suffix_to_final_union_arm ... ok
[INFO] [stdout] test tests::test_custom_line_width_stays_inline_when_fits ... ok
[INFO] [stdout] test tests::test_custom_line_width_counts_typed_param_default_when_wrapping_shape ... ok
[INFO] [stdout] test tests::test_blank_line_between_top_level_fns ... ok
[INFO] [stdout] test tests::test_custom_line_width_wraps_dict_type_arguments_independently ... ok
[INFO] [stdout] test tests::test_custom_line_width_wraps_earlier ... ok
[INFO] [stdout] test tests::test_custom_line_width_wraps_selective_import_with_trailing_comma ... ok
[INFO] [stdout] test tests::test_custom_line_width_wraps_shape_within_single_typed_param ... ok
[INFO] [stdout] test tests::test_custom_line_width_wraps_open_shape_row_tail_before_comma ... ok
[INFO] [stdout] test tests::test_exponentiation_preserves_left_grouping_when_forced ... ok
[INFO] [stdout] test tests::test_format_binary_ops ... ok
[INFO] [stdout] test tests::test_format_const_let ... ok
[INFO] [stdout] test tests::test_division_right_associativity_preserved ... ok
[INFO] [stdout] test tests::test_custom_line_width_wraps_list ... ok
[INFO] [stdout] test tests::test_format_duration ... ok
[INFO] [stdout] test tests::test_exponentiation_binds_tighter_than_multiplication ... ok
[INFO] [stdout] test tests::test_default_opts_matches_format_source ... ok
[INFO] [stdout] test tests::test_custom_line_width_wraps_fn_params ... ok
[INFO] [stdout] test tests::test_exponentiation_formats_with_natural_right_associativity ... ok
[INFO] [stdout] test tests::test_format_fn ... ok
[INFO] [stdout] test tests::test_format_for_in ... ok
[INFO] [stdout] test tests::test_format_hello ... ok
[INFO] [stdout] test tests::test_format_if_else ... ok
[INFO] [stdout] test tests::test_format_eval_pack_fields_and_summary_to_newlines ... ok
[INFO] [stdout] test tests::test_format_pipe_placeholder_patterns ... ok
[INFO] [stdout] test tests::test_format_semicolon_separated_skill_fields_to_newlines ... ok
[INFO] [stdout] test tests::test_format_tool_description_semicolon_body_to_newlines ... ok
[INFO] [stdout] test tests::test_import_block_sorts_std_first_then_alphabetically ... ok
[INFO] [stdout] test tests::test_imports_stay_tight_then_blank_before_first_item ... ok
[INFO] [stdout] test tests::test_format_ternary_list_branch ... ok
[INFO] [stdout] test tests::test_indents_nested_list_in_call_args ... ok
[INFO] [stdout] test tests::test_line_leading_safe_operators_do_not_use_backslash_continuation ... ok
[INFO] [stdout] test tests::test_long_binary_chain_wraps ... ok
[INFO] [stdout] test tests::test_format_semicolon_separated_statements_to_newlines ... ok
[INFO] [stdout] test tests::test_formats_expression_result_calls ... ok
[INFO] [stdout] test tests::test_multi_nil_coalescing_chain_wraps_each_operand ... ok
[INFO] [stdout] test tests::test_indents_nested_dict_in_call_args ... ok
[INFO] [stdout] test tests::test_indents_nested_collection_inside_pipeline_body ... ok
[INFO] [stdout] test tests::test_nested_list_in_dict_wrapping ... ok
[INFO] [stdout] test tests::test_multiplication_of_addition ... ok
[INFO] [stdout] test tests::test_multiline_interpolated_string_preserves_verbatim_body ... ok
[INFO] [stdout] test tests::test_multiline_string_preserves_verbatim_body ... ok
[INFO] [stdout] test tests::test_nil_coalescing_with_logical_ops ... ok
[INFO] [stdout] test tests::test_nested_function_call_wrapping ... ok
[INFO] [stdout] test tests::test_no_trailing_whitespace ... ok
[INFO] [stdout] test tests::test_no_parens_for_natural_precedence ... ok
[INFO] [stdout] test tests::test_no_unnecessary_parens_same_op ... ok
[INFO] [stdout] test tests::test_optional_shorthand_idempotent ... ok
[INFO] [stdout] test tests::test_optional_shorthand_skips_when_arm_is_union_or_intersection ... ok
[INFO] [stdout] test tests::test_parens_binary_op_optional_property ... ok
[INFO] [stdout] test tests::test_namespace_import_formats_and_sorts_between_wildcard_and_selective ... ok
[INFO] [stdout] test tests::test_parens_binary_op_method_call ... ok
[INFO] [stdout] test tests::semantic_tokens::current_harn_corpus_preserves_tokens_idempotence_and_width ... FAILED
[INFO] [stdout] test tests::test_parens_binary_op_optional_method ... ok
[INFO] [stdout] test tests::test_nil_coalescing_chained_with_method_call_wraps ... ok
[INFO] [stdout] test tests::test_parens_chained_postfix_on_binary ... ok
[INFO] [stdout] test tests::test_parens_binary_op_property_access ... ok
[INFO] [stdout] test tests::test_parens_chained_unary_method_on_binary ... ok
[INFO] [stdout] test tests::test_parens_binary_op_subscript ... ok
[INFO] [stdout] test tests::test_parens_long_binary_op_method_call_roundtrip ... ok
[INFO] [stdout] test tests::test_no_unnecessary_parens_on_simple_method_call ... ok
[INFO] [stdout] test tests::test_optional_shorthand_rewrites_t_or_nil ... ok
[INFO] [stdout] test tests::test_parens_unary_binary_operand ... ok
[INFO] [stdout] test tests::test_preserves_parens_lower_precedence_right ... ok
[INFO] [stdout] test tests::test_preserves_parens_or_inside_and ... ok
[INFO] [stdout] test tests::test_preserves_parens_right_grouped_addition ... ok
[INFO] [stdout] test tests::test_preserves_parens_right_grouped_multiplication ... ok
[INFO] [stdout] test tests::test_parens_ternary_method_call ... ok
[INFO] [stdout] test tests::test_parens_unary_op_property_access ... ok
[INFO] [stdout] test tests::test_removes_single_line_trailing_commas ... ok
[INFO] [stdout] test tests::test_roundtrip_hashed_raw_string_with_quote ... ok
[INFO] [stdout] test tests::test_preserves_parens_right_grouped_nil_coalescing ... ok
[INFO] [stdout] test tests::test_parens_unary_op_method_call ... ok
[INFO] [stdout] test tests::test_roundtrip_never_type_annotation ... ok
[INFO] [stdout] test tests::test_preserves_parens_right_subtraction ... ok
[INFO] [stdout] test tests::test_prompt_section_template_string_preserves_verbatim_body ... ok
[INFO] [stdout] test tests::test_string_literal_escapes_interpolation_start ... ok
[INFO] [stdout] test tests::test_raw_string_with_quote_never_emits_bare_delimiter ... ok
[INFO] [stdout] test tests::test_subtraction_uses_backslash_continuation ... ok
[INFO] [stdout] test tests::test_type_decl_shape_wraps_when_too_wide ... ok
[INFO] [stdout] test tests::test_wraps_long_dict_literals ... ok
[INFO] [stdout] test tests::test_wraps_long_enum_constructor_arguments ... ok
[INFO] [stdout] test tests::test_wraps_long_fn_decl_params ... ok
[INFO] [stdout] test tests::test_wraps_long_function_call_arguments ... ok
[INFO] [stdout] test tests::test_wraps_long_list_literals ... ok
[INFO] [stdout] test tests::test_type_decl_shape_stays_inline_when_short ... ok
[INFO] [stdout] test tests::test_wraps_long_method_call_arguments ... ok
[INFO] [stdout] test tests::test_wraps_long_selective_import ... ok
[INFO] [stdout] test trailing_comma::tests::does_not_treat_eval_pack_block_as_dict ... ok
[INFO] [stdout] test tests::test_wraps_long_struct_construction ... ok
[INFO] [stdout] test trailing_comma::tests::fires_on_computed_dict_key ... ok
[INFO] [stdout] test trailing_comma::tests::fires_on_method_call_args ... ok
[INFO] [stdout] test tests::test_roundtrip_plain_raw_string_keeps_no_hashes ... ok
[INFO] [stdout] test trailing_comma::tests::fires_on_multiline_function_call ... ok
[INFO] [stdout] test tests::test_selective_import_names_sort_alphabetically ... ok
[INFO] [stdout] test trailing_comma::tests::handles_multiline_dict_with_missing_comma ... ok
[INFO] [stdout] test tests::test_short_fn_params_stay_inline ... ok
[INFO] [stdout] test trailing_comma::tests::handles_struct_construction ... ok
[INFO] [stdout] test trailing_comma::tests::inserts_trailing_comma_on_multiline_list ... ok
[INFO] [stdout] test trailing_comma::tests::inserts_missing_comma_before_trailing_line_comment ... ok
[INFO] [stdout] test tests::test_short_import_stays_inline ... ok
[INFO] [stdout] test tests::test_single_newline_at_end ... ok
[INFO] [stdout] test trailing_comma::tests::preserves_existing_trailing_comma_before_line_comment ... ok
[INFO] [stdout] test width::tests::allows_a_single_unbreakable_token ... ok
[INFO] [stdout] test trailing_comma::tests::removes_trailing_comma_on_single_line_list ... ok
[INFO] [stdout] test width::tests::allows_overflow_that_belongs_only_to_a_trailing_comment ... ok
[INFO] [stdout] test trailing_comma::tests::struct_decl_block_is_not_treated_as_dict ... ok
[INFO] [stdout] test width::tests::measures_emoji_as_double_width ... ok
[INFO] [stdout] test width::tests::reports_overflow_when_input_cannot_be_lexed ... ok
[INFO] [stdout] test trailing_comma::tests::nested_lists_settle_in_one_call ... ok
[INFO] [stdout] test width::tests::measures_overflow_in_columns_not_bytes_or_chars ... ok
[INFO] [stdout] test width::tests::reports_breakable_output_overflow ... ok
[INFO] [stdout] test trailing_comma::tests::idempotent_on_clean_input ... ok
[INFO] [stdout] test trailing_comma::tests::ignores_function_body_block ... ok
[INFO] [stdout] test trailing_comma::tests::handles_selective_import ... ok
[INFO] [stdout] 
[INFO] [stdout] failures:
[INFO] [stdout] 
[INFO] [stdout] ---- tests::semantic_tokens::current_harn_corpus_preserves_tokens_idempotence_and_width stdout ----
[INFO] [stdout] 
[INFO] [stdout] thread 'harn-fmt-corpus-audit' (601) panicked at src/tests/semantic_tokens.rs:33:33:
[INFO] [stdout] failed to enumerate formatter corpus: Git could not enumerate formatter corpus: fatal: not a git repository (or any of the parent directories): .git
[INFO] [stdout] stack backtrace:
[INFO] [stdout]    0:     0x55a04bdc7361 - <<std[617be2ca0a6fd877]::sys::backtrace::BacktraceLock>::print::DisplayBacktrace as core[a373ad73a504971]::fmt::Display>::fmt
[INFO] [stdout]    1:     0x55a04bddc4aa - core[a373ad73a504971]::fmt::write
[INFO] [stdout]    2:     0x55a04bdcb76c - <alloc[2e1b2a31b91974c5]::vec::Vec<u8> as core[a373ad73a504971]::io::write::Write>::write_fmt
[INFO] [stdout]    3:     0x55a04bda2b06 - std[617be2ca0a6fd877]::panicking::default_hook::{closure#0}
[INFO] [stdout]    4:     0x55a04bdbf699 - std[617be2ca0a6fd877]::panicking::default_hook
[INFO] [stdout]    5:     0x55a04bd0a590 - test[aada8e7e76ba119b]::test_main_inner::{closure#0}
[INFO] [stdout]    6:     0x55a04bdbf852 - std[617be2ca0a6fd877]::panicking::panic_with_hook
[INFO] [stdout]    7:     0x55a04bda2bb2 - std[617be2ca0a6fd877]::panicking::panic_handler::{closure#0}
[INFO] [stdout]    8:     0x55a04bd9b739 - std[617be2ca0a6fd877]::sys::backtrace::__rust_end_short_backtrace::<std[617be2ca0a6fd877]::panicking::panic_handler::{closure#0}, !>
[INFO] [stdout]    9:     0x55a04bda37bd - __rustc[ea4f61d10b84890b]::rust_begin_unwind
[INFO] [stdout]   10:     0x55a04bddcc0c - core[a373ad73a504971]::panicking::panic_fmt
[INFO] [stdout]   11:     0x55a04bcf0624 - harn_fmt[ac859bba0b1bff6b]::tests::semantic_tokens::audit_current_harn_corpus::{closure#0}
[INFO] [stdout]   12:     0x55a04bcf2727 - harn_fmt[ac859bba0b1bff6b]::tests::semantic_tokens::audit_current_harn_corpus
[INFO] [stdout]   13:     0x55a04bce618e - std[617be2ca0a6fd877]::sys::backtrace::__rust_begin_short_backtrace::<harn_fmt[ac859bba0b1bff6b]::tests::semantic_tokens::audit_current_harn_corpus, ()>
[INFO] [stdout]   14:     0x55a04bcd8761 - <std[617be2ca0a6fd877]::thread::lifecycle::spawn_unchecked<harn_fmt[ac859bba0b1bff6b]::tests::semantic_tokens::audit_current_harn_corpus, ()>::{closure#1} as core[a373ad73a504971]::ops::function::FnOnce<()>>::call_once::{shim:vtable#0}
[INFO] [stdout]   15:     0x55a04bdc685f - <std[617be2ca0a6fd877]::sys::thread::unix::Thread>::new::thread_start
[INFO] [stdout]   16:     0x717e93b88dfa - <unknown>
[INFO] [stdout]   17:     0x717e93c1c3d4 - clone
[INFO] [stdout]   18:                0x0 - <unknown>
[INFO] [stdout] 
[INFO] [stdout] thread 'tests::semantic_tokens::current_harn_corpus_preserves_tokens_idempotence_and_width' (599) panicked at src/tests/semantic_tokens.rs:27:10:
[INFO] [stdout] corpus audit thread panicked: Any { .. }
[INFO] [stdout] stack backtrace:
[INFO] [stdout]    0:     0x55a04bdc7361 - <<std[617be2ca0a6fd877]::sys::backtrace::BacktraceLock>::print::DisplayBacktrace as core[a373ad73a504971]::fmt::Display>::fmt
[INFO] [stdout]    1:     0x55a04bddc4aa - core[a373ad73a504971]::fmt::write
[INFO] [stdout]    2:     0x55a04bdcb76c - <alloc[2e1b2a31b91974c5]::vec::Vec<u8> as core[a373ad73a504971]::io::write::Write>::write_fmt
[INFO] [stdout]    3:     0x55a04bda2b06 - std[617be2ca0a6fd877]::panicking::default_hook::{closure#0}
[INFO] [stdout]    4:     0x55a04bdbf699 - std[617be2ca0a6fd877]::panicking::default_hook
[INFO] [stdout]    5:     0x55a04bd0a590 - test[aada8e7e76ba119b]::test_main_inner::{closure#0}
[INFO] [stdout]    6:     0x55a04bdbf852 - std[617be2ca0a6fd877]::panicking::panic_with_hook
[INFO] [stdout]    7:     0x55a04bda2bb2 - std[617be2ca0a6fd877]::panicking::panic_handler::{closure#0}
[INFO] [stdout]    8:     0x55a04bd9b739 - std[617be2ca0a6fd877]::sys::backtrace::__rust_end_short_backtrace::<std[617be2ca0a6fd877]::panicking::panic_handler::{closure#0}, !>
[INFO] [stdout]    9:     0x55a04bda37bd - __rustc[ea4f61d10b84890b]::rust_begin_unwind
[INFO] [stdout]   10:     0x55a04bddcc0c - core[a373ad73a504971]::panicking::panic_fmt
[INFO] [stdout]   11:     0x55a04bddc9e2 - core[a373ad73a504971]::result::unwrap_failed
[INFO] [stdout]   12:     0x55a04bcf6099 - <harn_fmt[ac859bba0b1bff6b]::tests::semantic_tokens::current_harn_corpus_preserves_tokens_idempotence_and_width::{closure#0} as core[a373ad73a504971]::ops::function::FnOnce<()>>::call_once
[INFO] [stdout]   13:     0x55a04bcfd9db - test[aada8e7e76ba119b]::__rust_begin_short_backtrace::<core[a373ad73a504971]::result::Result<(), alloc[2e1b2a31b91974c5]::string::String>, fn() -> core[a373ad73a504971]::result::Result<(), alloc[2e1b2a31b91974c5]::string::String>>
[INFO] [stdout]   14:     0x55a04bd0abb5 - test[aada8e7e76ba119b]::run_test::{closure#0}
[INFO] [stdout]   15:     0x55a04bd044a4 - std[617be2ca0a6fd877]::sys::backtrace::__rust_begin_short_backtrace::<test[aada8e7e76ba119b]::run_test::{closure#1}, ()>
[INFO] [stdout]   16:     0x55a04bd0dc42 - <std[617be2ca0a6fd877]::thread::lifecycle::spawn_unchecked<test[aada8e7e76ba119b]::run_test::{closure#1}, ()>::{closure#1} as core[a373ad73a504971]::ops::function::FnOnce<()>>::call_once::{shim:vtable#0}
[INFO] [stdout]   17:     0x55a04bdc685f - <std[617be2ca0a6fd877]::sys::thread::unix::Thread>::new::thread_start
[INFO] [stdout]   18:     0x717e93b88dfa - <unknown>
[INFO] [stdout]   19:     0x717e93c1c3d4 - clone
[INFO] [stdout]   20:                0x0 - <unknown>
[INFO] [stdout] 
[INFO] [stdout] 
[INFO] [stdout] failures:
[INFO] [stdout]     tests::semantic_tokens::current_harn_corpus_preserves_tokens_idempotence_and_width
[INFO] [stdout] 
[INFO] [stdout] test result: FAILED. 219 passed; 1 failed; 0 ignored; 0 measured; 0 filtered out; finished in 0.08s
[INFO] [stdout] 
[INFO] [stderr] error: test failed, to rerun pass `--lib`
[INFO] running `Command { std: "docker" "inspect" "be79bfdfc1a2ed8f49967b344ed150b9926f138e8e896de2c4a75f68d94cc858", kill_on_drop: false }`
[INFO] running `Command { std: "docker" "rm" "-f" "be79bfdfc1a2ed8f49967b344ed150b9926f138e8e896de2c4a75f68d94cc858", kill_on_drop: false }`
[INFO] [stdout] be79bfdfc1a2ed8f49967b344ed150b9926f138e8e896de2c4a75f68d94cc858
