[INFO] fetching crate haqor-db-gen 0.9.10...
[INFO] testing haqor-db-gen-0.9.10 against 1.100.0-beta.1+cargoflags=--release for beta-release-1.100-2
[INFO] extracting crate haqor-db-gen 0.9.10 into /workspace/builds/worker-4-tc2/source
[INFO] started tweaking crates.io crate haqor-db-gen 0.9.10
[INFO] removed 0 missing examples
[INFO] removed 0 missing tests
[INFO] finished tweaking crates.io crate haqor-db-gen 0.9.10
[INFO] tweaked toml for crates.io crate haqor-db-gen 0.9.10 written to /workspace/builds/worker-4-tc2/source/Cargo.toml
[INFO] validating manifest of crates.io crate haqor-db-gen 0.9.10 on toolchain 1.100.0-beta.1
[INFO] running `Command { std: CARGO_HOME="/workspace/cargo-home" RUSTUP_HOME="/workspace/rustup-home" "/workspace/cargo-home/bin/cargo" "+1.100.0-beta.1" "metadata" "--manifest-path" "Cargo.toml" "--no-deps", kill_on_drop: false }`
[INFO] crate crates.io crate haqor-db-gen 0.9.10 already has a lockfile, it will not be regenerated
[INFO] running `Command { std: CARGO_HOME="/workspace/cargo-home" RUSTUP_HOME="/workspace/rustup-home" "/workspace/cargo-home/bin/cargo" "+1.100.0-beta.1" "fetch" "--manifest-path" "Cargo.toml", kill_on_drop: false }`
[INFO] running `Command { std: "docker" "create" "-v" "/var/lib/crater-agent-workspace/builds/worker-4-tc2/source:/opt/rustwide/workdir:ro,Z" "-v" "/var/lib/crater-agent-workspace/builds/worker-4-tc2/target:/opt/rustwide/target:rw,Z" "-v" "/var/lib/crater-agent-workspace/cargo-home:/opt/rustwide/cargo-home:ro,Z" "-v" "/var/lib/crater-agent-workspace/rustup-home:/opt/rustwide/rustup-home:ro,Z" "-m" "1610612736" "--network" "none" "ghcr.io/rust-lang/crates-build-env/linux@sha256:77db811e55d90add9212f6832c23229e3de5f1c1f9905e8cb07319ea15df73ac" "sleep" "infinity", kill_on_drop: false }`
[INFO] [stdout] d48781d2e105fc503ac304aca85e5373ba04836c1108e11567875346a7492133
[INFO] running `Command { std: "docker" "start" "d48781d2e105fc503ac304aca85e5373ba04836c1108e11567875346a7492133", kill_on_drop: false }`
[INFO] running `Command { std: "docker" "inspect" "d48781d2e105fc503ac304aca85e5373ba04836c1108e11567875346a7492133", kill_on_drop: false }`
[INFO] running `Command { std: "docker" "exec" "-e" "SOURCE_DIR=/opt/rustwide/workdir" "-e" "CARGO_HOME=/opt/rustwide/cargo-home" "-e" "RUSTUP_HOME=/opt/rustwide/rustup-home" "-e" "CARGO_TARGET_DIR=/opt/rustwide/target" "-w" "/opt/rustwide/workdir" "--user" "0:0" "d48781d2e105fc503ac304aca85e5373ba04836c1108e11567875346a7492133" "/opt/rustwide/cargo-home/bin/cargo" "+1.100.0-beta.1" "metadata" "--no-deps" "--format-version=1", kill_on_drop: false }`
[INFO] running `Command { std: "docker" "inspect" "d48781d2e105fc503ac304aca85e5373ba04836c1108e11567875346a7492133", kill_on_drop: false }`
[INFO] running `Command { std: "docker" "exec" "-e" "SOURCE_DIR=/opt/rustwide/workdir" "-e" "CARGO_HOME=/opt/rustwide/cargo-home" "-e" "RUSTUP_HOME=/opt/rustwide/rustup-home" "-e" "CARGO_TARGET_DIR=/opt/rustwide/target" "-e" "CARGO_INCREMENTAL=0" "-e" "RUST_BACKTRACE=full" "-e" "RUSTFLAGS=--cap-lints=warn" "-e" "RUSTDOCFLAGS=--cap-lints=warn" "-w" "/opt/rustwide/workdir" "--user" "0:0" "d48781d2e105fc503ac304aca85e5373ba04836c1108e11567875346a7492133" "/opt/rustwide/cargo-home/bin/cargo" "+1.100.0-beta.1" "build" "--frozen" "--message-format=json" "--release", kill_on_drop: false }`
[INFO] [stderr]    Compiling libc v0.2.189
[INFO] [stderr]    Compiling zstd-safe v8.0.0
[INFO] [stderr]    Compiling twox-hash v2.1.4
[INFO] [stderr]    Compiling smallvec v1.16.2
[INFO] [stderr]    Compiling hashlink v0.12.2
[INFO] [stderr]    Compiling csv-core v0.1.13
[INFO] [stderr]    Compiling quick-xml v0.42.0
[INFO] [stderr]    Compiling serde_json v1.0.151
[INFO] [stderr]    Compiling haqor-morphology v0.9.10
[INFO] [stderr]    Compiling csv v1.4.0
[INFO] [stderr]    Compiling ruzstd v0.9.0
[INFO] [stderr]    Compiling jobserver v0.1.35
[INFO] [stderr]    Compiling cc v1.5.1
[INFO] [stderr]    Compiling zstd-sys v2.1.0+zstd.1.5.7
[INFO] [stderr]    Compiling libsqlite3-sys v0.38.2
[INFO] [stderr]    Compiling zstd v0.14.0
[INFO] [stderr]    Compiling rusqlite v0.40.2
[INFO] [stderr]    Compiling haqor-core v0.9.10
[INFO] [stderr]    Compiling haqor-db-gen v0.9.10 (/opt/rustwide/workdir)
[INFO] [stderr]     Finished `release` profile [optimized] target(s) in 2m 52s
[INFO] running `Command { std: "docker" "inspect" "d48781d2e105fc503ac304aca85e5373ba04836c1108e11567875346a7492133", kill_on_drop: false }`
[INFO] running `Command { std: "docker" "exec" "-e" "SOURCE_DIR=/opt/rustwide/workdir" "-e" "CARGO_HOME=/opt/rustwide/cargo-home" "-e" "RUSTUP_HOME=/opt/rustwide/rustup-home" "-e" "CARGO_TARGET_DIR=/opt/rustwide/target" "-e" "CARGO_INCREMENTAL=0" "-e" "RUST_BACKTRACE=full" "-e" "RUSTFLAGS=--cap-lints=warn" "-e" "RUSTDOCFLAGS=--cap-lints=warn" "-w" "/opt/rustwide/workdir" "--user" "0:0" "d48781d2e105fc503ac304aca85e5373ba04836c1108e11567875346a7492133" "/opt/rustwide/cargo-home/bin/cargo" "+1.100.0-beta.1" "test" "--frozen" "--no-run" "--message-format=json" "--release", kill_on_drop: false }`
[INFO] [stderr]    Compiling haqor-db-gen v0.9.10 (/opt/rustwide/workdir)
[INFO] [stderr]     Finished `release` profile [optimized] target(s) in 12.52s
[INFO] running `Command { std: "docker" "inspect" "d48781d2e105fc503ac304aca85e5373ba04836c1108e11567875346a7492133", kill_on_drop: false }`
[INFO] running `Command { std: "docker" "exec" "-e" "SOURCE_DIR=/opt/rustwide/workdir" "-e" "CARGO_HOME=/opt/rustwide/cargo-home" "-e" "RUSTUP_HOME=/opt/rustwide/rustup-home" "-e" "CARGO_TARGET_DIR=/opt/rustwide/target" "-e" "CARGO_INCREMENTAL=0" "-e" "RUST_BACKTRACE=full" "-e" "RUSTFLAGS=--cap-lints=warn" "-e" "RUSTDOCFLAGS=--cap-lints=warn" "-w" "/opt/rustwide/workdir" "--user" "0:0" "d48781d2e105fc503ac304aca85e5373ba04836c1108e11567875346a7492133" "/opt/rustwide/cargo-home/bin/cargo" "+1.100.0-beta.1" "test" "--frozen" "--release", kill_on_drop: false }`
[INFO] [stderr]     Finished `release` profile [optimized] target(s) in 0.03s
[INFO] [stderr]      Running unittests src/lib.rs (/opt/rustwide/target/release/build/haqor-db-gen/96d046e23bf8f8c9/out/haqor_db_gen-96d046e23bf8f8c9)
[INFO] [stdout] 
[INFO] [stdout] running 107 tests
[INFO] [stdout] test artifacts::tests::complete_build ... ok
[INFO] [stdout] test events::tests::durations_are_read ... ok
[INFO] [stdout] test events::tests::complete_source_imports ... ok
[INFO] [stdout] test events::tests::names_find_their_records ... ok
[INFO] [stdout] test events::tests::verses_join_into_spans_in_haqors_numbering ... ok
[INFO] [stdout] test events::tests::years_are_written_without_a_year_zero ... ok
[INFO] [stdout] test geocoding::tests::keeps_open_photos_and_google_views ... ok
[INFO] [stdout] test geocoding::tests::keeps_positions_by_tipnr_key ... ok
[INFO] [stdout] test greek_lexicon::tests::drops_strongs_numbers_written_as_text ... ok
[INFO] [stdout] test greek_lexicon::tests::joins_a_page_split_thayer_entry ... ok
[INFO] [stdout] test greek_lexicon::tests::links_thayers_references ... ok
[INFO] [stdout] test greek_lexicon::tests::reads_thayers_derivations ... ok
[INFO] [stdout] test hebrew_db::tests::knows_step_bible_book_abbreviations ... ok
[INFO] [stdout] test hebrew_db::verse_stats_tests::corpus_attestation_recognises_pointing_order_variants ... ok
[INFO] [stdout] test greek_lexicon::tests::finds_roots_and_writes_no_strongs ... ok
[INFO] [stdout] test greek_lexicon::tests::reads_abbott_smith ... ok
[INFO] [stdout] test journeys::tests::references_are_read_in_haqors_numbering ... ok
[INFO] [stdout] test hebrew_db::verse_stats_tests::noun_only_surfaces_drop_generated_verb_candidates ... ok
[INFO] [stdout] test lexicon_db::tests::a_parsed_root_is_keyed_as_a_sin_or_a_shin ... ok
[INFO] [stdout] test lexicon_db::tests::derivation_reads_the_clause_that_cites_entries ... ok
[INFO] [stdout] test geocoding::tests::keeps_the_shapes_of_regions_and_rivers ... ok
[INFO] [stdout] test lexicon_db::tests::derivation_reads_the_elements_of_a_compound_name ... ok
[INFO] [stdout] test lexicon_db::tests::element_label_is_the_sense_a_reader_can_choose_by ... ok
[INFO] [stdout] test lexicon_db::tests::expand_abbreviations_replaces_standalone_tokens_only ... ok
[INFO] [stdout] test lexicon_db::tests::fallback_drops_orphaned_brackets_and_stray_punctuation ... ok
[INFO] [stdout] test lexicon_db::tests::fallback_is_empty_when_there_is_no_text ... ok
[INFO] [stdout] test lexicon_db::tests::fallback_names_a_proper_noun_from_its_first_descriptive_sense ... ok
[INFO] [stdout] test lexicon_db::tests::fallback_uses_inline_description_and_drops_citations ... ok
[INFO] [stdout] test lexicon_db::tests::fallback_truncates_on_a_word_boundary ... ok
[INFO] [stdout] test murdock::tests::a_fix_that_no_longer_applies_fails ... ok
[INFO] [stdout] test murdock::tests::modernises_whole_words ... ok
[INFO] [stdout] test murdock::tests::renumbers_all_at_once ... ok
[INFO] [stdout] test names::tests::complete_source_imports ... ok
[INFO] [stdout] test names::tests::a_renumbered_place_is_found_by_its_older_key ... ok
[INFO] [stdout] test murdock::tests::reads_and_puts_right_the_export ... ok
[INFO] [stdout] test oshb::tests::verse_alignment_accepts_pointing_drift_on_same_consonants ... ok
[INFO] [stdout] test oshb::tests::verse_alignment_skips_source_only_words_without_shifting ... ok
[INFO] [stdout] test peshitta_greek::tests::model_one_finds_the_word_a_verse_pair_shares ... ok
[INFO] [stdout] test prefilter::tests::exact_function_word_matches_only_exact_form ... ok
[INFO] [stdout] test prefilter::tests::matches_article_doubled_function_word ... ok
[INFO] [stdout] test prefilter::tests::ignores_ordinary_verb ... ok
[INFO] [stdout] test prefilter::tests::matches_bare_function_word ... ok
[INFO] [stdout] test prophecy::tests::complete_build ... ok
[INFO] [stdout] test prefilter::tests::matches_prefixed_function_word ... ok
[INFO] [stdout] test prophecy::tests::spans_parse_and_renumber ... ok
[INFO] [stdout] test prophecy::tests::verb_codes ... ok
[INFO] [stdout] test prefilter::tests::matches_suffixed_preposition ... ok
[INFO] [stdout] test runtime_db::tests::formats_timestamps_as_utc_iso8601 ... ok
[INFO] [stdout] test runtime_db::tests::packs_and_orders_references ... ok
[INFO] [stdout] test quotations::tests::aramaic_keys_reach_their_hebrew_cognates ... ok
[INFO] [stdout] test runtime_db::tests::pool_skips_empty_and_reuses_ids ... ok
[INFO] [stdout] test sefaria::tests::an_abbreviated_alternative_is_completed_from_its_headword ... ok
[INFO] [stdout] test quotations::tests::keys_fold_finals_and_geminates ... ok
[INFO] [stdout] test sefaria::tests::article_keeps_senses_etymology_and_a_short_gloss ... ok
[INFO] [stdout] test artifacts::tests::rejects_a_link_to_no_verse ... ok
[INFO] [stdout] test sefaria::tests::gloss_skips_citations_and_reaches_into_sub_senses ... ok
[INFO] [stdout] test sefaria::tests::keeps_the_biblical_layer_and_what_either_corpus_spells ... ok
[INFO] [stdout] test sefaria::tests::markers_lose_the_punctuation_they_were_cut_with ... ok
[INFO] [stdout] test sefaria::tests::links_open_verses_and_entries_but_not_other_texts ... ok
[INFO] [stdout] test sefaria::tests::markup_becomes_styled_spans ... ok
[INFO] [stdout] test sefaria::tests::nested_links_close_cleanly ... ok
[INFO] [stdout] test stepbible::tests::complete_tahot_source_aligns_to_bundled_ot ... ok
[INFO] [stdout] test stepbible::tests::hebrew_versification_wins_over_english_reference ... ok
[INFO] [stdout] test stepbible::tests::name_keys_drop_ranges_alternatives_and_flags ... ok
[INFO] [stdout] test stepbible::tests::parses_tahot_word_row ... ok
[INFO] [stdout] test stepbible::tests::translation_markup_becomes_flowing_reader_text ... ok
[INFO] [stdout] test stepbible::tests::word_tags_name_their_sense_and_person ... ok
[INFO] [stdout] test syntax::tests::complete_source_imports ... ok
[INFO] [stdout] test syntax::tests::maps_books_to_tanakh_order ... ok
[INFO] [stdout] test syntax::tests::places_words_by_consonants ... ok
[INFO] [stdout] test syntax::tests::prepared_form_round_trips ... ok
[INFO] [stdout] test syntax::tests::reads_a_tree ... ok
[INFO] [stdout] test syntax::tests::writes_split_words_with_their_parts ... ok
[INFO] [stdout] test syntax::tests::writes_whole_words_as_positions ... ok
[INFO] [stdout] test tagnt::tests::lines_up_words_divided_otherwise ... ok
[INFO] [stdout] test tagnt::tests::numbers_verses_as_the_kjv ... ok
[INFO] [stdout] test tagnt::tests::orders_a_verse_as_scrivener ... ok
[INFO] [stdout] test tagnt::tests::respells_endings_as_scrivener ... ok
[INFO] [stdout] test tagnt::tests::reads_the_tr_words_in_its_spelling ... ok
[INFO] [stdout] test tagnt::tests::transliterates_as_robinson ... ok
[INFO] [stdout] test tagnt::tests::writes_greek_canonically ... ok
[INFO] [stdout] test tipnr::tests::names_records_in_descriptions_by_name ... ok
[INFO] [stdout] test tipnr::tests::reads_people_and_places ... ok
[INFO] [stdout] test tipnr::tests::strips_strongs_numbers_from_prose ... ok
[INFO] [stdout] test translation::tests::calls_the_church_the_ecclesia ... ok
[INFO] [stdout] test translation::tests::complete_source_imports ... ok
[INFO] [stdout] test hebrew_db::verse_stats_tests::grammar_columns_are_boolean_and_or_each_words_rules ... ok
[INFO] [stdout] test journeys::tests::faulty_stops_fail_the_build ... ok
[INFO] [stdout] test translation::tests::identity_ignores_mark_order_and_joiners ... ok
[INFO] [stdout] test translation::tests::lines_up_across_differences ... ok
[INFO] [stdout] test translation::tests::reads_usfm_events ... ok
[INFO] [stdout] test translation::tests::files_verses_by_the_hebrew_they_render ... ok
[INFO] [stdout] test tsk::tests::a_lexicon_names_yahweh_where_it_wrote_jehovah ... ok
[INFO] [stdout] test tsk::tests::books_map_to_tanakh_order ... ok
[INFO] [stdout] test tsk::tests::parses_a_line ... ok
[INFO] [stdout] test tsk::tests::parses_reference_groups ... ok
[INFO] [stdout] test tsk::tests::complete_source_imports ... ok
[INFO] [stdout] test translation::tests::writes_aligned_english ... ok
[INFO] [stdout] test tsk::tests::renumbers_kjv_verses ... ok
[INFO] [stdout] test tsk::tests::writes_the_divine_name ... ok
[INFO] [stdout] test uxlc::tests::leaves_other_words_untouched ... ok
[INFO] [stdout] test uxlc::tests::repoints_proclitic_forms_keeping_the_prefix ... ok
[INFO] [stdout] test uxlc::tests::repoints_divine_name_and_its_variants ... ok
[INFO] [stdout] test uxlc::tests::strips_only_word_internal_maqaf ... ok
[INFO] [stdout] test xml::tests::a_run_with_references_is_one_text_event ... ok
[INFO] [stdout] test xml::tests::an_undeclared_entity_is_an_error ... ok
[INFO] [stdout] test translation::tests::compresses_when_the_database_does ... ok
[INFO] [stdout] 
[INFO] [stdout] test result: ok. 107 passed; 0 failed; 0 ignored; 0 measured; 0 filtered out; finished in 0.07s
[INFO] [stdout] 
[INFO] [stderr]      Running tests/lexicon_roots.rs (/opt/rustwide/target/release/build/haqor-db-gen/2b240f3585307b74/out/lexicon_roots-2b240f3585307b74)
[INFO] [stdout] 
[INFO] [stdout] running 2 tests
[INFO] [stdout] test every_entry_has_a_root_or_is_deliberately_rootless ... FAILED
[INFO] [stdout] test cross_references_are_filed_under_the_article_they_point_at ... FAILED
[INFO] [stdout] 
[INFO] [stdout] failures:
[INFO] [stdout] 
[INFO] [stdout] ---- every_entry_has_a_root_or_is_deliberately_rootless stdout ----
[INFO] [stdout] 
[INFO] [stdout] thread 'every_entry_has_a_root_or_is_deliberately_rootless' (1118) panicked at tests/lexicon_roots.rs:28:5:
[INFO] [stdout] src_texts/HebrewLexicon is empty — run `git submodule update --init src_texts/HebrewLexicon`
[INFO] [stdout] stack backtrace:
[INFO] [stdout]    0:     0x63c7bbc1cf81 - <<std[617be2ca0a6fd877]::sys::backtrace::BacktraceLock>::print::DisplayBacktrace as core[a373ad73a504971]::fmt::Display>::fmt
[INFO] [stdout]    1:     0x63c7bbc323fa - core[a373ad73a504971]::fmt::write
[INFO] [stdout]    2:     0x63c7bbc216bc - <alloc[2e1b2a31b91974c5]::vec::Vec<u8> as core[a373ad73a504971]::io::write::Write>::write_fmt
[INFO] [stdout]    3:     0x63c7bbbf8786 - std[617be2ca0a6fd877]::panicking::default_hook::{closure#0}
[INFO] [stdout]    4:     0x63c7bbc151b9 - std[617be2ca0a6fd877]::panicking::default_hook
[INFO] [stdout]    5:     0x63c7bb9aa970 - test[aada8e7e76ba119b]::test_main_inner::{closure#0}
[INFO] [stdout]    6:     0x63c7bbc15372 - std[617be2ca0a6fd877]::panicking::panic_with_hook
[INFO] [stdout]    7:     0x63c7bbbf8864 - std[617be2ca0a6fd877]::panicking::panic_handler::{closure#0}
[INFO] [stdout]    8:     0x63c7bbbf0d79 - std[617be2ca0a6fd877]::sys::backtrace::__rust_end_short_backtrace::<std[617be2ca0a6fd877]::panicking::panic_handler::{closure#0}, !>
[INFO] [stdout]    9:     0x63c7bbbf954d - __rustc[ea4f61d10b84890b]::rust_begin_unwind
[INFO] [stdout]   10:     0x63c7bbc32b5c - core[a373ad73a504971]::panicking::panic_fmt
[INFO] [stdout]   11:     0x63c7bb99b63c - lexicon_roots[678287e48684addd]::src_texts
[INFO] [stdout]   12:     0x63c7bb99cade - <lexicon_roots[678287e48684addd]::every_entry_has_a_root_or_is_deliberately_rootless::{closure#0} as core[a373ad73a504971]::ops::function::FnOnce<()>>::call_once
[INFO] [stdout]   13:     0x63c7bb99ddbb - test[aada8e7e76ba119b]::__rust_begin_short_backtrace::<core[a373ad73a504971]::result::Result<(), alloc[2e1b2a31b91974c5]::string::String>, fn() -> core[a373ad73a504971]::result::Result<(), alloc[2e1b2a31b91974c5]::string::String>>
[INFO] [stdout]   14:     0x63c7bb9aaf95 - test[aada8e7e76ba119b]::run_test::{closure#0}
[INFO] [stdout]   15:     0x63c7bb9a4884 - std[617be2ca0a6fd877]::sys::backtrace::__rust_begin_short_backtrace::<test[aada8e7e76ba119b]::run_test::{closure#1}, ()>
[INFO] [stdout]   16:     0x63c7bb9ae022 - <std[617be2ca0a6fd877]::thread::lifecycle::spawn_unchecked<test[aada8e7e76ba119b]::run_test::{closure#1}, ()>::{closure#1} as core[a373ad73a504971]::ops::function::FnOnce<()>>::call_once::{shim:vtable#0}
[INFO] [stdout]   17:     0x63c7bbc1c47f - <std[617be2ca0a6fd877]::sys::thread::unix::Thread>::new::thread_start
[INFO] [stdout]   18:     0x71bbbc420dfa - <unknown>
[INFO] [stdout]   19:     0x71bbbc4b43d4 - clone
[INFO] [stdout]   20:                0x0 - <unknown>
[INFO] [stdout] 
[INFO] [stdout] ---- cross_references_are_filed_under_the_article_they_point_at stdout ----
[INFO] [stdout] 
[INFO] [stdout] thread 'cross_references_are_filed_under_the_article_they_point_at' (1117) panicked at tests/lexicon_roots.rs:28:5:
[INFO] [stdout] src_texts/HebrewLexicon is empty — run `git submodule update --init src_texts/HebrewLexicon`
[INFO] [stdout] stack backtrace:
[INFO] [stdout]    0:     0x63c7bbc1cf81 - <<std[617be2ca0a6fd877]::sys::backtrace::BacktraceLock>::print::DisplayBacktrace as core[a373ad73a504971]::fmt::Display>::fmt
[INFO] [stdout]    1:     0x63c7bbc323fa - core[a373ad73a504971]::fmt::write
[INFO] [stdout]    2:     0x63c7bbc216bc - <alloc[2e1b2a31b91974c5]::vec::Vec<u8> as core[a373ad73a504971]::io::write::Write>::write_fmt
[INFO] [stdout]    3:     0x63c7bbbf8786 - std[617be2ca0a6fd877]::panicking::default_hook::{closure#0}
[INFO] [stdout]    4:     0x63c7bbc151b9 - std[617be2ca0a6fd877]::panicking::default_hook
[INFO] [stdout]    5:     0x63c7bb9aa970 - test[aada8e7e76ba119b]::test_main_inner::{closure#0}
[INFO] [stdout]    6:     0x63c7bbc15372 - std[617be2ca0a6fd877]::panicking::panic_with_hook
[INFO] [stdout]    7:     0x63c7bbbf8864 - std[617be2ca0a6fd877]::panicking::panic_handler::{closure#0}
[INFO] [stdout]    8:     0x63c7bbbf0d79 - std[617be2ca0a6fd877]::sys::backtrace::__rust_end_short_backtrace::<std[617be2ca0a6fd877]::panicking::panic_handler::{closure#0}, !>
[INFO] [stdout]    9:     0x63c7bbbf954d - __rustc[ea4f61d10b84890b]::rust_begin_unwind
[INFO] [stdout]   10:     0x63c7bbc32b5c - core[a373ad73a504971]::panicking::panic_fmt
[INFO] [stdout]   11:     0x63c7bb99b63c - lexicon_roots[678287e48684addd]::src_texts
[INFO] [stdout]   12:     0x63c7bb99d229 - <lexicon_roots[678287e48684addd]::cross_references_are_filed_under_the_article_they_point_at::{closure#0} as core[a373ad73a504971]::ops::function::FnOnce<()>>::call_once
[INFO] [stdout]   13:     0x63c7bb99ddbb - test[aada8e7e76ba119b]::__rust_begin_short_backtrace::<core[a373ad73a504971]::result::Result<(), alloc[2e1b2a31b91974c5]::string::String>, fn() -> core[a373ad73a504971]::result::Result<(), alloc[2e1b2a31b91974c5]::string::String>>
[INFO] [stdout]   14:     0x63c7bb9aaf95 - test[aada8e7e76ba119b]::run_test::{closure#0}
[INFO] [stdout]   15:     0x63c7bb9a4884 - std[617be2ca0a6fd877]::sys::backtrace::__rust_begin_short_backtrace::<test[aada8e7e76ba119b]::run_test::{closure#1}, ()>
[INFO] [stdout]   16:     0x63c7bb9ae022 - <std[617be2ca0a6fd877]::thread::lifecycle::spawn_unchecked<test[aada8e7e76ba119b]::run_test::{closure#1}, ()>::{closure#1} as core[a373ad73a504971]::ops::function::FnOnce<()>>::call_once::{shim:vtable#0}
[INFO] [stdout]   17:     0x63c7bbc1c47f - <std[617be2ca0a6fd877]::sys::thread::unix::Thread>::new::thread_start
[INFO] [stdout]   18:     0x71bbbc420dfa - <unknown>
[INFO] [stdout]   19:     0x71bbbc4b43d4 - clone
[INFO] [stdout]   20:                0x0 - <unknown>
[INFO] [stdout] 
[INFO] [stdout] 
[INFO] [stdout] failures:
[INFO] [stdout]     cross_references_are_filed_under_the_article_they_point_at
[INFO] [stdout]     every_entry_has_a_root_or_is_deliberately_rootless
[INFO] [stdout] 
[INFO] [stdout] test result: FAILED. 0 passed; 2 failed; 0 ignored; 0 measured; 0 filtered out; finished in 0.00s
[INFO] [stdout] 
[INFO] [stderr] error: test failed, to rerun pass `--test lexicon_roots`
[INFO] running `Command { std: "docker" "inspect" "d48781d2e105fc503ac304aca85e5373ba04836c1108e11567875346a7492133", kill_on_drop: false }`
[INFO] running `Command { std: "docker" "rm" "-f" "d48781d2e105fc503ac304aca85e5373ba04836c1108e11567875346a7492133", kill_on_drop: false }`
[INFO] [stdout] d48781d2e105fc503ac304aca85e5373ba04836c1108e11567875346a7492133
