[INFO] fetching crate hap-tlv8 1.0.0...
[INFO] testing hap-tlv8-1.0.0 against 1.99.0-beta.8+cargoflags=--release for beta-release-1.100-2
[INFO] extracting crate hap-tlv8 1.0.0 into /workspace/builds/worker-2-tc1/source
[INFO] started tweaking crates.io crate hap-tlv8 1.0.0
[INFO] removed 0 missing tests
[INFO] finished tweaking crates.io crate hap-tlv8 1.0.0
[INFO] tweaked toml for crates.io crate hap-tlv8 1.0.0 written to /workspace/builds/worker-2-tc1/source/Cargo.toml
[INFO] validating manifest of crates.io crate hap-tlv8 1.0.0 on toolchain 1.99.0-beta.8
[INFO] running `Command { std: CARGO_HOME="/workspace/cargo-home" RUSTUP_HOME="/workspace/rustup-home" "/workspace/cargo-home/bin/cargo" "+1.99.0-beta.8" "metadata" "--manifest-path" "Cargo.toml" "--no-deps", kill_on_drop: false }`
[INFO] crate crates.io crate hap-tlv8 1.0.0 already has a lockfile, it will not be regenerated
[INFO] running `Command { std: CARGO_HOME="/workspace/cargo-home" RUSTUP_HOME="/workspace/rustup-home" "/workspace/cargo-home/bin/cargo" "+1.99.0-beta.8" "fetch" "--manifest-path" "Cargo.toml", kill_on_drop: false }`
[INFO] running `Command { std: "docker" "create" "-v" "/var/lib/crater-agent-workspace/builds/worker-2-tc1/source:/opt/rustwide/workdir:ro,Z" "-v" "/var/lib/crater-agent-workspace/builds/worker-2-tc1/target:/opt/rustwide/target:rw,Z" "-v" "/var/lib/crater-agent-workspace/cargo-home:/opt/rustwide/cargo-home:ro,Z" "-v" "/var/lib/crater-agent-workspace/rustup-home:/opt/rustwide/rustup-home:ro,Z" "-m" "1610612736" "--network" "none" "ghcr.io/rust-lang/crates-build-env/linux@sha256:77db811e55d90add9212f6832c23229e3de5f1c1f9905e8cb07319ea15df73ac" "sleep" "infinity", kill_on_drop: false }`
[INFO] [stdout] 74f47380290a3cfebe129c251dbb1c7f3721a8fbfc6f294d4e747983d3312b9e
[INFO] running `Command { std: "docker" "start" "74f47380290a3cfebe129c251dbb1c7f3721a8fbfc6f294d4e747983d3312b9e", kill_on_drop: false }`
[INFO] running `Command { std: "docker" "inspect" "74f47380290a3cfebe129c251dbb1c7f3721a8fbfc6f294d4e747983d3312b9e", kill_on_drop: false }`
[INFO] running `Command { std: "docker" "exec" "-e" "SOURCE_DIR=/opt/rustwide/workdir" "-e" "CARGO_HOME=/opt/rustwide/cargo-home" "-e" "RUSTUP_HOME=/opt/rustwide/rustup-home" "-e" "CARGO_TARGET_DIR=/opt/rustwide/target" "-w" "/opt/rustwide/workdir" "--user" "0:0" "74f47380290a3cfebe129c251dbb1c7f3721a8fbfc6f294d4e747983d3312b9e" "/opt/rustwide/cargo-home/bin/cargo" "+1.99.0-beta.8" "metadata" "--no-deps" "--format-version=1", kill_on_drop: false }`
[INFO] running `Command { std: "docker" "inspect" "74f47380290a3cfebe129c251dbb1c7f3721a8fbfc6f294d4e747983d3312b9e", kill_on_drop: false }`
[INFO] running `Command { std: "docker" "exec" "-e" "SOURCE_DIR=/opt/rustwide/workdir" "-e" "CARGO_HOME=/opt/rustwide/cargo-home" "-e" "RUSTUP_HOME=/opt/rustwide/rustup-home" "-e" "CARGO_TARGET_DIR=/opt/rustwide/target" "-e" "CARGO_INCREMENTAL=0" "-e" "RUST_BACKTRACE=full" "-e" "RUSTFLAGS=--cap-lints=warn" "-e" "RUSTDOCFLAGS=--cap-lints=warn" "-w" "/opt/rustwide/workdir" "--user" "0:0" "74f47380290a3cfebe129c251dbb1c7f3721a8fbfc6f294d4e747983d3312b9e" "/opt/rustwide/cargo-home/bin/cargo" "+1.99.0-beta.8" "build" "--frozen" "--message-format=json" "--release", kill_on_drop: false }`
[INFO] [stderr]    Compiling syn v2.0.117
[INFO] [stderr]    Compiling thiserror-impl v2.0.18
[INFO] [stderr]    Compiling thiserror v2.0.18
[INFO] [stderr]    Compiling hap-tlv8 v1.0.0 (/opt/rustwide/workdir)
[INFO] [stderr]     Finished `release` profile [optimized] target(s) in 3.71s
[INFO] running `Command { std: "docker" "inspect" "74f47380290a3cfebe129c251dbb1c7f3721a8fbfc6f294d4e747983d3312b9e", kill_on_drop: false }`
[INFO] running `Command { std: "docker" "exec" "-e" "SOURCE_DIR=/opt/rustwide/workdir" "-e" "CARGO_HOME=/opt/rustwide/cargo-home" "-e" "RUSTUP_HOME=/opt/rustwide/rustup-home" "-e" "CARGO_TARGET_DIR=/opt/rustwide/target" "-e" "CARGO_INCREMENTAL=0" "-e" "RUST_BACKTRACE=full" "-e" "RUSTFLAGS=--cap-lints=warn" "-e" "RUSTDOCFLAGS=--cap-lints=warn" "-w" "/opt/rustwide/workdir" "--user" "0:0" "74f47380290a3cfebe129c251dbb1c7f3721a8fbfc6f294d4e747983d3312b9e" "/opt/rustwide/cargo-home/bin/cargo" "+1.99.0-beta.8" "test" "--frozen" "--no-run" "--message-format=json" "--release", kill_on_drop: false }`
[INFO] [stderr]    Compiling zerocopy v0.8.52
[INFO] [stderr]    Compiling getrandom v0.3.4
[INFO] [stderr]    Compiling rustix v1.1.4
[INFO] [stderr]    Compiling getrandom v0.4.2
[INFO] [stderr]    Compiling wait-timeout v0.2.1
[INFO] [stderr]    Compiling serde_derive v1.0.228
[INFO] [stderr]    Compiling rand_core v0.9.5
[INFO] [stderr]    Compiling rand_xorshift v0.4.0
[INFO] [stderr]    Compiling rand v0.9.4
[INFO] [stderr]    Compiling serde v1.0.228
[INFO] [stderr]    Compiling tempfile v3.27.0
[INFO] [stderr]    Compiling rusty-fork v0.3.1
[INFO] [stderr]    Compiling serde_spanned v0.6.9
[INFO] [stderr]    Compiling toml_datetime v0.6.11
[INFO] [stderr]    Compiling toml_edit v0.22.27
[INFO] [stderr]    Compiling ppv-lite86 v0.2.21
[INFO] [stderr]    Compiling rand_chacha v0.9.0
[INFO] [stderr]    Compiling proptest v1.11.0
[INFO] [stderr]    Compiling toml v0.8.23
[INFO] [stderr]    Compiling hap-tlv8 v1.0.0 (/opt/rustwide/workdir)
[INFO] [stderr]     Finished `release` profile [optimized] target(s) in 23.24s
[INFO] running `Command { std: "docker" "inspect" "74f47380290a3cfebe129c251dbb1c7f3721a8fbfc6f294d4e747983d3312b9e", kill_on_drop: false }`
[INFO] running `Command { std: "docker" "exec" "-e" "SOURCE_DIR=/opt/rustwide/workdir" "-e" "CARGO_HOME=/opt/rustwide/cargo-home" "-e" "RUSTUP_HOME=/opt/rustwide/rustup-home" "-e" "CARGO_TARGET_DIR=/opt/rustwide/target" "-e" "CARGO_INCREMENTAL=0" "-e" "RUST_BACKTRACE=full" "-e" "RUSTFLAGS=--cap-lints=warn" "-e" "RUSTDOCFLAGS=--cap-lints=warn" "-w" "/opt/rustwide/workdir" "--user" "0:0" "74f47380290a3cfebe129c251dbb1c7f3721a8fbfc6f294d4e747983d3312b9e" "/opt/rustwide/cargo-home/bin/cargo" "+1.99.0-beta.8" "test" "--frozen" "--release", kill_on_drop: false }`
[INFO] [stderr]     Finished `release` profile [optimized] target(s) in 0.08s
[INFO] [stderr]      Running unittests src/lib.rs (/opt/rustwide/target/release/deps/hap_tlv8-48422b0c8cb4a4eb)
[INFO] [stdout] 
[INFO] [stdout] running 32 tests
[INFO] [stdout] test map::tests::get_u8_decodes_single_byte ... ok
[INFO] [stdout] test reader::tests::parse_reassembles_exact_255_with_terminator ... ok
[INFO] [stdout] test map::tests::get_u64_decodes_le ... ok
[INFO] [stdout] test map::tests::get_u16_rejects_oversized_value ... ok
[INFO] [stdout] test map::tests::from_items_and_into_items_round_trip ... ok
[INFO] [stdout] test map::tests::get_u32_decodes_le ... ok
[INFO] [stdout] test reader::tests::parse_zero_length_item ... ok
[INFO] [stdout] test map::tests::get_returns_first_matching_value ... ok
[INFO] [stdout] test reader::tests::parse_truncated_value_errors ... ok
[INFO] [stdout] test writer::tests::push_300_bytes_fragments_255_then_45 ... ok
[INFO] [stdout] test writer::tests::push_510_bytes_two_full_fragments_then_terminator ... ok
[INFO] [stdout] test map::tests::get_uint_accepts_shorter_than_width ... ok
[INFO] [stdout] test writer::tests::push_separator_emits_ff_zero ... ok
[INFO] [stdout] test reader::tests::parse_does_not_merge_two_short_items_of_same_type ... ok
[INFO] [stdout] test writer::tests::push_short_value_emits_type_len_value ... ok
[INFO] [stdout] test map::tests::get_u16_decodes_le ... ok
[INFO] [stdout] test writer::tests::push_str_emits_utf8_bytes ... ok
[INFO] [stdout] test reader::tests::parse_missing_length_byte_errors ... ok
[INFO] [stdout] test writer::tests::push_u32_emits_four_le_bytes ... ok
[INFO] [stdout] test writer::tests::push_u16_emits_two_le_bytes ... ok
[INFO] [stdout] test writer::tests::push_256_bytes_fragments_255_then_1 ... ok
[INFO] [stdout] test writer::tests::push_u64_emits_eight_le_bytes ... ok
[INFO] [stdout] test reader::tests::parse_reassembles_256_byte_value ... ok
[INFO] [stdout] test reader::tests::parse_reassembles_510_byte_value ... ok
[INFO] [stdout] test reader::tests::parse_single_short_item ... ok
[INFO] [stderr]      Running tests/proptest_roundtrip.rs (/opt/rustwide/target/release/deps/proptest_roundtrip-999573510176b6af)
[INFO] [stdout] test reader::tests::parse_empty_input_yields_no_items ... ok
[INFO] [stdout] test reader::tests::parse_keeps_separator_as_distinct_item ... ok
[INFO] [stdout] test reader::tests::parse_two_distinct_types ... ok
[INFO] [stdout] test writer::tests::push_empty_value_emits_zero_length_item ... ok
[INFO] [stdout] test writer::tests::push_exactly_255_appends_terminating_zero_length_item ... ok
[INFO] [stdout] test writer::tests::push_u8_emits_one_le_byte ... ok
[INFO] [stdout] test writer::tests::write_then_parse_round_trips_with_separator_and_fragment ... ok
[INFO] [stdout] 
[INFO] [stdout] test result: ok. 32 passed; 0 failed; 0 ignored; 0 measured; 0 filtered out; finished in 0.03s
[INFO] [stdout] 
[INFO] [stdout] 
[INFO] [stdout] running 2 tests
[INFO] [stdout] test parse_never_panics_on_arbitrary_bytes ... ok
[INFO] [stdout] test parse_after_write_recovers_normalized_items ... ok
[INFO] [stdout] 
[INFO] [stdout] test result: ok. 2 passed; 0 failed; 0 ignored; 0 measured; 0 filtered out; finished in 0.02s
[INFO] [stdout] 
[INFO] [stderr]      Running tests/vectors.rs (/opt/rustwide/target/release/deps/vectors-a1acc2b8799b6f14)
[INFO] [stdout] 
[INFO] [stdout] running 1 test
[INFO] [stdout] test all_vectors_parse_and_round_trip ... FAILED
[INFO] [stdout] 
[INFO] [stdout] failures:
[INFO] [stdout] 
[INFO] [stdout] ---- all_vectors_parse_and_round_trip stdout ----
[INFO] [stdout] 
[INFO] [stdout] thread 'all_vectors_parse_and_round_trip' (648) panicked at tests/vectors.rs:62:61:
[INFO] [stdout] read /opt/test-vectors/tlv8/manifest.toml: No such file or directory (os error 2)
[INFO] [stdout] stack backtrace:
[INFO] [stdout]    0:     0x5feb5bae86b1 - <<std[70759c8f55707aa4]::sys::backtrace::BacktraceLock>::print::DisplayBacktrace as core[df12db4294e9bfd3]::fmt::Display>::fmt
[INFO] [stdout]    1:     0x5feb5bafd3da - core[df12db4294e9bfd3]::fmt::write
[INFO] [stdout]    2:     0x5feb5baecb6c - <alloc[2182bb758b4b3781]::vec::Vec<u8> as core[df12db4294e9bfd3]::io::write::Write>::write_fmt
[INFO] [stdout]    3:     0x5feb5bac4386 - std[70759c8f55707aa4]::panicking::default_hook::{closure#0}
[INFO] [stdout]    4:     0x5feb5bae0789 - std[70759c8f55707aa4]::panicking::default_hook
[INFO] [stdout]    5:     0x5feb5ba7b770 - test[9d35eded1c95d3be]::test_main_inner::<test[9d35eded1c95d3be]::test_main_static::{closure#0}>::{closure#0}
[INFO] [stdout]    6:     0x5feb5bae0942 - std[70759c8f55707aa4]::panicking::panic_with_hook
[INFO] [stdout]    7:     0x5feb5bac4432 - std[70759c8f55707aa4]::panicking::panic_handler::{closure#0}
[INFO] [stdout]    8:     0x5feb5babd029 - std[70759c8f55707aa4]::sys::backtrace::__rust_end_short_backtrace::<std[70759c8f55707aa4]::panicking::panic_handler::{closure#0}, !>
[INFO] [stdout]    9:     0x5feb5bac502d - __rustc[8fa7c3cbc660c2b3]::rust_begin_unwind
[INFO] [stdout]   10:     0x5feb5bafdb0c - core[df12db4294e9bfd3]::panicking::panic_fmt
[INFO] [stdout]   11:     0x5feb5ba3fc99 - vectors[671618e7ce2e1d97]::load_manifest::{closure#0}
[INFO] [stdout]   12:     0x5feb5ba4108d - <vectors[671618e7ce2e1d97]::all_vectors_parse_and_round_trip::{closure#0} as core[df12db4294e9bfd3]::ops::function::FnOnce<()>>::call_once
[INFO] [stdout]   13:     0x5feb5ba6ea5b - test[9d35eded1c95d3be]::__rust_begin_short_backtrace::<core[df12db4294e9bfd3]::result::Result<(), alloc[2182bb758b4b3781]::string::String>, fn() -> core[df12db4294e9bfd3]::result::Result<(), alloc[2182bb758b4b3781]::string::String>>
[INFO] [stdout]   14:     0x5feb5ba7c0c5 - test[9d35eded1c95d3be]::run_test::{closure#0}
[INFO] [stdout]   15:     0x5feb5ba75984 - std[70759c8f55707aa4]::sys::backtrace::__rust_begin_short_backtrace::<test[9d35eded1c95d3be]::run_test::{closure#1}, ()>
[INFO] [stdout]   16:     0x5feb5ba7f222 - <std[70759c8f55707aa4]::thread::lifecycle::spawn_unchecked<test[9d35eded1c95d3be]::run_test::{closure#1}, ()>::{closure#1} as core[df12db4294e9bfd3]::ops::function::FnOnce<()>>::call_once::{shim:vtable#0}
[INFO] [stdout]   17:     0x5feb5bae78f9 - <std[70759c8f55707aa4]::sys::thread::unix::Thread>::new::thread_start
[INFO] [stdout]   18:     0x7e44e93b3dfa - <unknown>
[INFO] [stdout]   19:     0x7e44e94473d4 - clone
[INFO] [stdout]   20:                0x0 - <unknown>
[INFO] [stdout] 
[INFO] [stdout] 
[INFO] [stdout] failures:
[INFO] [stdout]     all_vectors_parse_and_round_trip
[INFO] [stdout] 
[INFO] [stdout] test result: FAILED. 0 passed; 1 failed; 0 ignored; 0 measured; 0 filtered out; finished in 0.01s
[INFO] [stdout] 
[INFO] [stderr] error: test failed, to rerun pass `--test vectors`
[INFO] running `Command { std: "docker" "inspect" "74f47380290a3cfebe129c251dbb1c7f3721a8fbfc6f294d4e747983d3312b9e", kill_on_drop: false }`
[INFO] running `Command { std: "docker" "rm" "-f" "74f47380290a3cfebe129c251dbb1c7f3721a8fbfc6f294d4e747983d3312b9e", kill_on_drop: false }`
[INFO] [stdout] 74f47380290a3cfebe129c251dbb1c7f3721a8fbfc6f294d4e747983d3312b9e
