[INFO] fetching crate hanzonet-mcp 1.1.23...
[INFO] testing hanzonet-mcp-1.1.23 against 1.100.0-beta.1+cargoflags=--release for beta-release-1.100-2
[INFO] extracting crate hanzonet-mcp 1.1.23 into /workspace/builds/worker-1-tc2/source
[INFO] started tweaking crates.io crate hanzonet-mcp 1.1.23
[INFO] finished tweaking crates.io crate hanzonet-mcp 1.1.23
[INFO] tweaked toml for crates.io crate hanzonet-mcp 1.1.23 written to /workspace/builds/worker-1-tc2/source/Cargo.toml
[INFO] validating manifest of crates.io crate hanzonet-mcp 1.1.23 on toolchain 1.100.0-beta.1
[INFO] running `Command { std: CARGO_HOME="/workspace/cargo-home" RUSTUP_HOME="/workspace/rustup-home" "/workspace/cargo-home/bin/cargo" "+1.100.0-beta.1" "metadata" "--manifest-path" "Cargo.toml" "--no-deps", kill_on_drop: false }`
[INFO] crate crates.io crate hanzonet-mcp 1.1.23 already has a lockfile, it will not be regenerated
[INFO] running `Command { std: CARGO_HOME="/workspace/cargo-home" RUSTUP_HOME="/workspace/rustup-home" "/workspace/cargo-home/bin/cargo" "+1.100.0-beta.1" "fetch" "--manifest-path" "Cargo.toml", kill_on_drop: false }`
[INFO] running `Command { std: "docker" "create" "-v" "/var/lib/crater-agent-workspace/builds/worker-1-tc2/source:/opt/rustwide/workdir:ro,Z" "-v" "/var/lib/crater-agent-workspace/builds/worker-1-tc2/target:/opt/rustwide/target:rw,Z" "-v" "/var/lib/crater-agent-workspace/cargo-home:/opt/rustwide/cargo-home:ro,Z" "-v" "/var/lib/crater-agent-workspace/rustup-home:/opt/rustwide/rustup-home:ro,Z" "-m" "1610612736" "--network" "none" "ghcr.io/rust-lang/crates-build-env/linux@sha256:77db811e55d90add9212f6832c23229e3de5f1c1f9905e8cb07319ea15df73ac" "sleep" "infinity", kill_on_drop: false }`
[INFO] [stdout] e216057fd3433697bcf05bbd63d61d9251142f677957fe59c2cc7e099730838a
[INFO] running `Command { std: "docker" "start" "e216057fd3433697bcf05bbd63d61d9251142f677957fe59c2cc7e099730838a", kill_on_drop: false }`
[INFO] running `Command { std: "docker" "inspect" "e216057fd3433697bcf05bbd63d61d9251142f677957fe59c2cc7e099730838a", kill_on_drop: false }`
[INFO] running `Command { std: "docker" "exec" "-e" "SOURCE_DIR=/opt/rustwide/workdir" "-e" "CARGO_HOME=/opt/rustwide/cargo-home" "-e" "RUSTUP_HOME=/opt/rustwide/rustup-home" "-e" "CARGO_TARGET_DIR=/opt/rustwide/target" "-w" "/opt/rustwide/workdir" "--user" "0:0" "e216057fd3433697bcf05bbd63d61d9251142f677957fe59c2cc7e099730838a" "/opt/rustwide/cargo-home/bin/cargo" "+1.100.0-beta.1" "metadata" "--no-deps" "--format-version=1", kill_on_drop: false }`
[INFO] running `Command { std: "docker" "inspect" "e216057fd3433697bcf05bbd63d61d9251142f677957fe59c2cc7e099730838a", kill_on_drop: false }`
[INFO] running `Command { std: "docker" "exec" "-e" "SOURCE_DIR=/opt/rustwide/workdir" "-e" "CARGO_HOME=/opt/rustwide/cargo-home" "-e" "RUSTUP_HOME=/opt/rustwide/rustup-home" "-e" "CARGO_TARGET_DIR=/opt/rustwide/target" "-e" "CARGO_INCREMENTAL=0" "-e" "RUST_BACKTRACE=full" "-e" "RUSTFLAGS=--cap-lints=warn" "-e" "RUSTDOCFLAGS=--cap-lints=warn" "-w" "/opt/rustwide/workdir" "--user" "0:0" "e216057fd3433697bcf05bbd63d61d9251142f677957fe59c2cc7e099730838a" "/opt/rustwide/cargo-home/bin/cargo" "+1.100.0-beta.1" "build" "--frozen" "--message-format=json" "--release", kill_on_drop: false }`
[INFO] [stderr]    Compiling libc v0.2.186
[INFO] [stderr]    Compiling proc-macro2 v1.0.95
[INFO] [stderr]    Compiling autocfg v1.4.0
[INFO] [stderr]    Compiling memchr v2.7.4
[INFO] [stderr]    Compiling futures-core v0.3.31
[INFO] [stderr]    Compiling bytes v1.10.1
[INFO] [stderr]    Compiling stable_deref_trait v1.2.0
[INFO] [stderr]    Compiling futures-sink v0.3.31
[INFO] [stderr]    Compiling futures-task v0.3.31
[INFO] [stderr]    Compiling futures-channel v0.3.31
[INFO] [stderr]    Compiling futures-io v0.3.31
[INFO] [stderr]    Compiling serde_core v1.0.228
[INFO] [stderr]    Compiling litemap v0.8.0
[INFO] [stderr]    Compiling smallvec v1.15.0
[INFO] [stderr]    Compiling writeable v0.6.1
[INFO] [stderr]    Compiling slab v0.4.9
[INFO] [stderr]    Compiling zeroize v1.8.1
[INFO] [stderr]    Compiling icu_normalizer_data v2.0.0
[INFO] [stderr]    Compiling quote v1.0.45
[INFO] [stderr]    Compiling icu_properties_data v2.0.1
[INFO] [stderr]    Compiling rustls-pki-types v1.12.0
[INFO] [stderr]    Compiling http v1.4.0
[INFO] [stderr]    Compiling syn v2.0.115
[INFO] [stderr]    Compiling serde v1.0.228
[INFO] [stderr]    Compiling rustls v0.23.27
[INFO] [stderr]    Compiling num-traits v0.2.19
[INFO] [stderr]    Compiling serde_json v1.0.149
[INFO] [stderr]    Compiling cfg_aliases v0.2.1
[INFO] [stderr]    Compiling nix v0.30.1
[INFO] [stderr]    Compiling sync_wrapper v1.0.2
[INFO] [stderr]    Compiling ref-cast v1.0.24
[INFO] [stderr]    Compiling webpki-roots v1.0.0
[INFO] [stderr]    Compiling iri-string v0.7.8
[INFO] [stderr]    Compiling http-body v1.0.1
[INFO] [stderr]    Compiling http-body-util v0.1.3
[INFO] [stderr]    Compiling iana-time-zone v0.1.63
[INFO] [stderr]    Compiling socket2 v0.6.0
[INFO] [stderr]    Compiling mio v1.0.4
[INFO] [stderr]    Compiling signal-hook-registry v1.4.5
[INFO] [stderr]    Compiling getrandom v0.2.16
[INFO] [stderr]    Compiling ring v0.17.14
[INFO] [stderr]    Compiling socket2 v0.5.10
[INFO] [stderr]    Compiling aho-corasick v1.1.3
[INFO] [stderr]    Compiling regex-syntax v0.8.9
[INFO] [stderr]    Compiling log v0.4.27
[INFO] [stderr]    Compiling rustls-webpki v0.103.3
[INFO] [stderr]    Compiling synstructure v0.13.2
[INFO] [stderr]    Compiling darling_core v0.21.3
[INFO] [stderr]    Compiling zerofrom-derive v0.1.6
[INFO] [stderr]    Compiling yoke-derive v0.8.2
[INFO] [stderr]    Compiling zerovec-derive v0.11.1
[INFO] [stderr]    Compiling displaydoc v0.2.5
[INFO] [stderr]    Compiling tokio-macros v2.6.0
[INFO] [stderr]    Compiling zerofrom v0.1.6
[INFO] [stderr]    Compiling yoke v0.8.2
[INFO] [stderr]    Compiling futures-macro v0.3.31
[INFO] [stderr]    Compiling zerotrie v0.2.2
[INFO] [stderr]    Compiling tokio v1.49.0
[INFO] [stderr]    Compiling zerovec v0.11.2
[INFO] [stderr]    Compiling futures-util v0.3.31
[INFO] [stderr]    Compiling serde_derive v1.0.228
[INFO] [stderr]    Compiling tracing-attributes v0.1.31
[INFO] [stderr]    Compiling tinystr v0.8.1
[INFO] [stderr]    Compiling icu_locale_core v2.0.0
[INFO] [stderr]    Compiling potential_utf v0.1.2
[INFO] [stderr]    Compiling icu_collections v2.0.0
[INFO] [stderr]    Compiling tracing v0.1.44
[INFO] [stderr]    Compiling icu_provider v2.0.0
[INFO] [stderr]    Compiling icu_normalizer v2.0.0
[INFO] [stderr]    Compiling icu_properties v2.0.1
[INFO] [stderr]    Compiling idna_adapter v1.2.1
[INFO] [stderr]    Compiling futures-executor v0.3.31
[INFO] [stderr]    Compiling idna v1.1.0
[INFO] [stderr]    Compiling darling_macro v0.21.3
[INFO] [stderr]    Compiling ref-cast-impl v1.0.24
[INFO] [stderr]    Compiling serde_derive_internals v0.29.1
[INFO] [stderr]    Compiling darling v0.21.3
[INFO] [stderr]    Compiling serde_urlencoded v0.7.1
[INFO] [stderr]    Compiling chrono v0.4.44
[INFO] [stderr]    Compiling futures v0.3.31
[INFO] [stderr]    Compiling url v2.5.8
[INFO] [stderr]    Compiling thiserror-impl v2.0.18
[INFO] [stderr]    Compiling dyn-clone v1.0.19
[INFO] [stderr]    Compiling rmcp-macros v0.8.5
[INFO] [stderr]    Compiling schemars_derive v1.2.1
[INFO] [stderr]    Compiling sse-stream v0.2.0
[INFO] [stderr]    Compiling regex-automata v0.4.14
[INFO] [stderr]    Compiling hyper v1.6.0
[INFO] [stderr]    Compiling tower v0.5.2
[INFO] [stderr]    Compiling tokio-rustls v0.26.2
[INFO] [stderr]    Compiling hyper-util v0.1.13
[INFO] [stderr]    Compiling tower-http v0.6.8
[INFO] [stderr]    Compiling tokio-util v0.7.15
[INFO] [stderr]    Compiling schemars v1.2.1
[INFO] [stderr]    Compiling hyper-rustls v0.27.6
[INFO] [stderr]    Compiling reqwest v0.12.28
[INFO] [stderr]    Compiling thiserror v2.0.18
[INFO] [stderr]    Compiling tokio-stream v0.1.17
[INFO] [stderr]    Compiling process-wrap v8.2.1
[INFO] [stderr]    Compiling vte v0.14.1
[INFO] [stderr]    Compiling strip-ansi-escapes v0.2.1
[INFO] [stderr]    Compiling regex v1.12.3
[INFO] [stderr]    Compiling async-trait v0.1.89
[INFO] [stderr]    Compiling rmcp v0.8.5
[INFO] [stderr]    Compiling home v0.5.11
[INFO] [stderr]    Compiling hanzonet-mcp v1.1.23 (/opt/rustwide/workdir)
[INFO] [stdout] warning: fields `program`, `args`, and `envs` are never read
[INFO] [stdout]    --> src/command.rs:124:5
[INFO] [stdout]     |
[INFO] [stdout] 123 | pub struct CommandWrappedInShellBuilder {
[INFO] [stdout]     |            ---------------------------- fields in this struct
[INFO] [stdout] 124 |     program: String,
[INFO] [stdout]     |     ^^^^^^^
[INFO] [stdout] 125 |     args: Option<Vec<String>>,
[INFO] [stdout]     |     ^^^^
[INFO] [stdout] 126 |     envs: Option<HashMap<String, String>>,
[INFO] [stdout]     |     ^^^^
[INFO] [stdout]     |
[INFO] [stdout]     = note: `CommandWrappedInShellBuilder` has a derived impl for the trait `Clone`, but this is intentionally ignored during dead code analysis
[INFO] [stdout]     = note: `#[warn(dead_code)]` (part of `#[warn(unused)]`) on by default
[INFO] [stdout] 
[INFO] [stdout] 
[INFO] [stdout] warning: multiple associated items are never used
[INFO] [stdout]    --> src/command.rs:130:12
[INFO] [stdout]     |
[INFO] [stdout] 129 | impl CommandWrappedInShellBuilder {
[INFO] [stdout]     | --------------------------------- associated items in this implementation
[INFO] [stdout] 130 |     pub fn new<S: AsRef<OsStr>>(program: S) -> Self {
[INFO] [stdout]     |            ^^^
[INFO] [stdout] ...
[INFO] [stdout] 138 |     pub fn new_with_args<S, I>(program: S, args: I) -> Self
[INFO] [stdout]     |            ^^^^^^^^^^^^^
[INFO] [stdout] ...
[INFO] [stdout] 154 |     pub fn envs<I, S>(&mut self, envs: I) -> &mut CommandWrappedInShellBuilder
[INFO] [stdout]     |            ^^^^
[INFO] [stdout] ...
[INFO] [stdout] 173 |     pub fn args<I, S>(&mut self, args: I) -> &mut CommandWrappedInShellBuilder
[INFO] [stdout]     |            ^^^^
[INFO] [stdout] ...
[INFO] [stdout] 187 |     pub fn arg<S: AsRef<OsStr>>(&mut self, arg: S) -> &mut CommandWrappedInShellBuilder {
[INFO] [stdout]     |            ^^^
[INFO] [stdout] ...
[INFO] [stdout] 195 |     fn wrapped_in_shell<S: AsRef<OsStr>>(program_with_args: S) -> Command {
[INFO] [stdout]     |        ^^^^^^^^^^^^^^^^
[INFO] [stdout] ...
[INFO] [stdout] 261 |     pub fn build(self) -> Command {
[INFO] [stdout]     |            ^^^^^
[INFO] [stdout] 
[INFO] [stdout] 
[INFO] [stderr] warning: unused dependency `async-trait`
[INFO] [stderr]  --> Cargo.toml:1:15
[INFO] [stderr]   |
[INFO] [stderr] 1 | [dependencies.async-trait]
[INFO] [stderr]   |               ^^^^^^^^^^^^
[INFO] [stderr]   |
[INFO] [stderr]   = note: `cargo::unused_dependencies` is set to `warn` by default
[INFO] [stderr] help: consider removing the dependency on `async-trait`
[INFO] [stderr] warning: `hanzonet-mcp` (manifest) generated 1 warning
[INFO] [stderr]     Finished `release` profile [optimized] target(s) in 4m 04s
[INFO] [stderr] warning: the following packages contain code that will be rejected by a future version of Rust: nix v0.30.1
[INFO] [stderr] note: to see what the problems were, use the option `--future-incompat-report`, or run `cargo report future-incompatibilities --id 4`
[INFO] running `Command { std: "docker" "inspect" "e216057fd3433697bcf05bbd63d61d9251142f677957fe59c2cc7e099730838a", kill_on_drop: false }`
[INFO] running `Command { std: "docker" "exec" "-e" "SOURCE_DIR=/opt/rustwide/workdir" "-e" "CARGO_HOME=/opt/rustwide/cargo-home" "-e" "RUSTUP_HOME=/opt/rustwide/rustup-home" "-e" "CARGO_TARGET_DIR=/opt/rustwide/target" "-e" "CARGO_INCREMENTAL=0" "-e" "RUST_BACKTRACE=full" "-e" "RUSTFLAGS=--cap-lints=warn" "-e" "RUSTDOCFLAGS=--cap-lints=warn" "-w" "/opt/rustwide/workdir" "--user" "0:0" "e216057fd3433697bcf05bbd63d61d9251142f677957fe59c2cc7e099730838a" "/opt/rustwide/cargo-home/bin/cargo" "+1.100.0-beta.1" "test" "--frozen" "--no-run" "--message-format=json" "--release", kill_on_drop: false }`
[INFO] [stderr]    Compiling tokio v1.49.0
[INFO] [stderr]    Compiling predicates-core v1.0.9
[INFO] [stderr]    Compiling syn v1.0.109
[INFO] [stderr]    Compiling float-cmp v0.9.0
[INFO] [stderr]    Compiling async-stream-impl v0.3.6
[INFO] [stderr]    Compiling difflib v0.4.0
[INFO] [stderr]    Compiling normalize-line-endings v0.3.0
[INFO] [stderr]    Compiling termtree v0.5.1
[INFO] [stderr]    Compiling downcast v0.11.0
[INFO] [stderr]    Compiling fragile v2.0.1
[INFO] [stderr]    Compiling predicates-tree v1.0.12
[INFO] [stderr]    Compiling async-stream v0.3.6
[INFO] [stderr]    Compiling predicates v2.1.5
[INFO] [stderr]    Compiling mockall_derive v0.11.4
[INFO] [stderr]    Compiling mockall v0.11.4
[INFO] [stderr]    Compiling hyper v1.6.0
[INFO] [stderr]    Compiling tower v0.5.2
[INFO] [stderr]    Compiling tokio-rustls v0.26.2
[INFO] [stderr]    Compiling tokio-stream v0.1.17
[INFO] [stderr]    Compiling tokio-util v0.7.15
[INFO] [stderr]    Compiling process-wrap v8.2.1
[INFO] [stderr]    Compiling tokio-test v0.4.4
[INFO] [stderr]    Compiling tower-http v0.6.8
[INFO] [stderr]    Compiling hyper-util v0.1.13
[INFO] [stderr]    Compiling hyper-rustls v0.27.6
[INFO] [stderr]    Compiling reqwest v0.12.28
[INFO] [stderr]    Compiling rmcp v0.8.5
[INFO] [stderr]    Compiling hanzonet-mcp v1.1.23 (/opt/rustwide/workdir)
[INFO] [stdout] warning: fields `program`, `args`, and `envs` are never read
[INFO] [stdout]    --> src/command.rs:124:5
[INFO] [stdout]     |
[INFO] [stdout] 123 | pub struct CommandWrappedInShellBuilder {
[INFO] [stdout]     |            ---------------------------- fields in this struct
[INFO] [stdout] 124 |     program: String,
[INFO] [stdout]     |     ^^^^^^^
[INFO] [stdout] 125 |     args: Option<Vec<String>>,
[INFO] [stdout]     |     ^^^^
[INFO] [stdout] 126 |     envs: Option<HashMap<String, String>>,
[INFO] [stdout]     |     ^^^^
[INFO] [stdout]     |
[INFO] [stdout]     = note: `CommandWrappedInShellBuilder` has a derived impl for the trait `Clone`, but this is intentionally ignored during dead code analysis
[INFO] [stdout]     = note: `#[warn(dead_code)]` (part of `#[warn(unused)]`) on by default
[INFO] [stdout] 
[INFO] [stdout] 
[INFO] [stdout] warning: multiple associated items are never used
[INFO] [stdout]    --> src/command.rs:130:12
[INFO] [stdout]     |
[INFO] [stdout] 129 | impl CommandWrappedInShellBuilder {
[INFO] [stdout]     | --------------------------------- associated items in this implementation
[INFO] [stdout] 130 |     pub fn new<S: AsRef<OsStr>>(program: S) -> Self {
[INFO] [stdout]     |            ^^^
[INFO] [stdout] ...
[INFO] [stdout] 138 |     pub fn new_with_args<S, I>(program: S, args: I) -> Self
[INFO] [stdout]     |            ^^^^^^^^^^^^^
[INFO] [stdout] ...
[INFO] [stdout] 154 |     pub fn envs<I, S>(&mut self, envs: I) -> &mut CommandWrappedInShellBuilder
[INFO] [stdout]     |            ^^^^
[INFO] [stdout] ...
[INFO] [stdout] 173 |     pub fn args<I, S>(&mut self, args: I) -> &mut CommandWrappedInShellBuilder
[INFO] [stdout]     |            ^^^^
[INFO] [stdout] ...
[INFO] [stdout] 187 |     pub fn arg<S: AsRef<OsStr>>(&mut self, arg: S) -> &mut CommandWrappedInShellBuilder {
[INFO] [stdout]     |            ^^^
[INFO] [stdout] ...
[INFO] [stdout] 195 |     fn wrapped_in_shell<S: AsRef<OsStr>>(program_with_args: S) -> Command {
[INFO] [stdout]     |        ^^^^^^^^^^^^^^^^
[INFO] [stdout] ...
[INFO] [stdout] 261 |     pub fn build(self) -> Command {
[INFO] [stdout]     |            ^^^^^
[INFO] [stdout] 
[INFO] [stdout] 
[INFO] [stdout] warning: fields `program`, `args`, and `envs` are never read
[INFO] [stdout]    --> src/command.rs:124:5
[INFO] [stdout]     |
[INFO] [stdout] 123 | pub struct CommandWrappedInShellBuilder {
[INFO] [stdout]     |            ---------------------------- fields in this struct
[INFO] [stdout] 124 |     program: String,
[INFO] [stdout]     |     ^^^^^^^
[INFO] [stdout] 125 |     args: Option<Vec<String>>,
[INFO] [stdout]     |     ^^^^
[INFO] [stdout] 126 |     envs: Option<HashMap<String, String>>,
[INFO] [stdout]     |     ^^^^
[INFO] [stdout]     |
[INFO] [stdout]     = note: `CommandWrappedInShellBuilder` has a derived impl for the trait `Clone`, but this is intentionally ignored during dead code analysis
[INFO] [stdout]     = note: `#[warn(dead_code)]` (part of `#[warn(unused)]`) on by default
[INFO] [stdout] 
[INFO] [stdout] 
[INFO] [stdout] warning: multiple associated items are never used
[INFO] [stdout]    --> src/command.rs:130:12
[INFO] [stdout]     |
[INFO] [stdout] 129 | impl CommandWrappedInShellBuilder {
[INFO] [stdout]     | --------------------------------- associated items in this implementation
[INFO] [stdout] 130 |     pub fn new<S: AsRef<OsStr>>(program: S) -> Self {
[INFO] [stdout]     |            ^^^
[INFO] [stdout] ...
[INFO] [stdout] 138 |     pub fn new_with_args<S, I>(program: S, args: I) -> Self
[INFO] [stdout]     |            ^^^^^^^^^^^^^
[INFO] [stdout] ...
[INFO] [stdout] 154 |     pub fn envs<I, S>(&mut self, envs: I) -> &mut CommandWrappedInShellBuilder
[INFO] [stdout]     |            ^^^^
[INFO] [stdout] ...
[INFO] [stdout] 173 |     pub fn args<I, S>(&mut self, args: I) -> &mut CommandWrappedInShellBuilder
[INFO] [stdout]     |            ^^^^
[INFO] [stdout] ...
[INFO] [stdout] 187 |     pub fn arg<S: AsRef<OsStr>>(&mut self, arg: S) -> &mut CommandWrappedInShellBuilder {
[INFO] [stdout]     |            ^^^
[INFO] [stdout] ...
[INFO] [stdout] 195 |     fn wrapped_in_shell<S: AsRef<OsStr>>(program_with_args: S) -> Command {
[INFO] [stdout]     |        ^^^^^^^^^^^^^^^^
[INFO] [stdout] ...
[INFO] [stdout] 261 |     pub fn build(self) -> Command {
[INFO] [stdout]     |            ^^^^^
[INFO] [stdout] 
[INFO] [stdout] 
[INFO] [stderr] warning: unused dependency `async-trait`
[INFO] [stderr]  --> Cargo.toml:1:15
[INFO] [stderr]   |
[INFO] [stderr] 1 | [dependencies.async-trait]
[INFO] [stderr]   |               ^^^^^^^^^^^^
[INFO] [stderr]   |
[INFO] [stderr]   = note: `cargo::unused_dependencies` is set to `warn` by default
[INFO] [stderr] help: consider removing the dependency on `async-trait`
[INFO] [stderr] warning: `hanzonet-mcp` (manifest) generated 1 warning
[INFO] [stderr]     Finished `release` profile [optimized] target(s) in 2m 28s
[INFO] [stderr] warning: the following packages contain code that will be rejected by a future version of Rust: nix v0.30.1
[INFO] [stderr] note: to see what the problems were, use the option `--future-incompat-report`, or run `cargo report future-incompatibilities --id 4`
[INFO] running `Command { std: "docker" "inspect" "e216057fd3433697bcf05bbd63d61d9251142f677957fe59c2cc7e099730838a", kill_on_drop: false }`
[INFO] running `Command { std: "docker" "exec" "-e" "SOURCE_DIR=/opt/rustwide/workdir" "-e" "CARGO_HOME=/opt/rustwide/cargo-home" "-e" "RUSTUP_HOME=/opt/rustwide/rustup-home" "-e" "CARGO_TARGET_DIR=/opt/rustwide/target" "-e" "CARGO_INCREMENTAL=0" "-e" "RUST_BACKTRACE=full" "-e" "RUSTFLAGS=--cap-lints=warn" "-e" "RUSTDOCFLAGS=--cap-lints=warn" "-w" "/opt/rustwide/workdir" "--user" "0:0" "e216057fd3433697bcf05bbd63d61d9251142f677957fe59c2cc7e099730838a" "/opt/rustwide/cargo-home/bin/cargo" "+1.100.0-beta.1" "test" "--frozen" "--release", kill_on_drop: false }`
[INFO] [stderr] warning: fields `program`, `args`, and `envs` are never read
[INFO] [stderr]    --> src/command.rs:124:5
[INFO] [stderr]     |
[INFO] [stderr] 123 | pub struct CommandWrappedInShellBuilder {
[INFO] [stderr]     |            ---------------------------- fields in this struct
[INFO] [stderr] 124 |     program: String,
[INFO] [stderr]     |     ^^^^^^^
[INFO] [stderr] 125 |     args: Option<Vec<String>>,
[INFO] [stderr]     |     ^^^^
[INFO] [stderr] 126 |     envs: Option<HashMap<String, String>>,
[INFO] [stderr]     |     ^^^^
[INFO] [stderr]     |
[INFO] [stderr]     = note: `CommandWrappedInShellBuilder` has a derived impl for the trait `Clone`, but this is intentionally ignored during dead code analysis
[INFO] [stderr]     = note: `#[warn(dead_code)]` (part of `#[warn(unused)]`) on by default
[INFO] [stderr] 
[INFO] [stderr] warning: multiple associated items are never used
[INFO] [stderr]    --> src/command.rs:130:12
[INFO] [stderr]     |
[INFO] [stderr] 129 | impl CommandWrappedInShellBuilder {
[INFO] [stderr]     | --------------------------------- associated items in this implementation
[INFO] [stderr] 130 |     pub fn new<S: AsRef<OsStr>>(program: S) -> Self {
[INFO] [stderr]     |            ^^^
[INFO] [stderr] ...
[INFO] [stderr] 138 |     pub fn new_with_args<S, I>(program: S, args: I) -> Self
[INFO] [stderr]     |            ^^^^^^^^^^^^^
[INFO] [stderr] ...
[INFO] [stderr] 154 |     pub fn envs<I, S>(&mut self, envs: I) -> &mut CommandWrappedInShellBuilder
[INFO] [stderr]     |            ^^^^
[INFO] [stderr] ...
[INFO] [stderr] 173 |     pub fn args<I, S>(&mut self, args: I) -> &mut CommandWrappedInShellBuilder
[INFO] [stderr]     |            ^^^^
[INFO] [stderr] ...
[INFO] [stderr] 187 |     pub fn arg<S: AsRef<OsStr>>(&mut self, arg: S) -> &mut CommandWrappedInShellBuilder {
[INFO] [stderr]     |            ^^^
[INFO] [stderr] ...
[INFO] [stderr] 195 |     fn wrapped_in_shell<S: AsRef<OsStr>>(program_with_args: S) -> Command {
[INFO] [stderr]     |        ^^^^^^^^^^^^^^^^
[INFO] [stderr] ...
[INFO] [stderr] 261 |     pub fn build(self) -> Command {
[INFO] [stderr]     |            ^^^^^
[INFO] [stderr] 
[INFO] [stderr] warning: `hanzonet-mcp` (lib) generated 2 warnings
[INFO] [stderr] warning: `hanzonet-mcp` (lib test) generated 2 warnings (2 duplicates)
[INFO] [stderr] warning: unused dependency `async-trait`
[INFO] [stderr]  --> Cargo.toml:1:15
[INFO] [stderr]   |
[INFO] [stderr] 1 | [dependencies.async-trait]
[INFO] [stderr]   |               ^^^^^^^^^^^^
[INFO] [stderr]   |
[INFO] [stderr]   = note: `cargo::unused_dependencies` is set to `warn` by default
[INFO] [stderr] help: consider removing the dependency on `async-trait`
[INFO] [stderr] warning: `hanzonet-mcp` (manifest) generated 1 warning
[INFO] [stderr]     Finished `release` profile [optimized] target(s) in 0.21s
[INFO] [stderr] warning: the following packages contain code that will be rejected by a future version of Rust: nix v0.30.1
[INFO] [stderr] note: to see what the problems were, use the option `--future-incompat-report`, or run `cargo report future-incompatibilities --id 4`
[INFO] [stderr]      Running unittests src/lib.rs (/opt/rustwide/target/release/build/hanzonet-mcp/2cf5ea9e12900c00/out/hanzo_mcp-2cf5ea9e12900c00)
[INFO] [stdout] 
[INFO] [stdout] running 9 tests
[INFO] [stdout] test utils::tests_mcp_manager::test_disect_command_with_no_envs ... ok
[INFO] [stdout] test utils::tests_mcp_manager::test_disect_command ... ok
[INFO] [stdout] test utils::tests_mcp_manager::test_disect_command_with_quotes ... ok
[INFO] [stderr] /bin/bash: line 1: npx: command not found
[INFO] [stdout] test mcp_methods::tests_mcp_manager::test_list_tools_via_command ... FAILED
[INFO] [stderr] /bin/bash: line 1: npx: command not found
[INFO] [stdout] test mcp_methods::tests_mcp_manager::test_run_tool_via_command ... FAILED
[INFO] [stderr] /bin/bash: line 1: npx: command not found
[INFO] [stderr] /bin/bash: line 1: npx: command not found
[INFO] [stderr] /bin/bash: line 1: npx: command not found
[INFO] [stderr] /bin/bash: line 1: npx: command not found
[INFO] [stdout] test mcp_methods::tests_mcp_manager::test_run_tool_via_sse ... FAILED
[INFO] [stdout] test mcp_methods::tests_mcp_manager::test_run_tool_via_http ... FAILED
[INFO] [stdout] test mcp_methods::tests_mcp_manager::test_list_tools_via_sse ... FAILED
[INFO] [stdout] test mcp_methods::tests_mcp_manager::test_list_tools_via_http ... FAILED
[INFO] [stderr] error: test failed, to rerun pass `--lib`
[INFO] [stdout] 
[INFO] [stdout] failures:
[INFO] [stdout] 
[INFO] [stdout] ---- mcp_methods::tests_mcp_manager::test_list_tools_via_command stdout ----
[INFO] [stdout] part: npx
[INFO] [stdout] part: -y
[INFO] [stdout] part: @modelcontextprotocol/server-everything@2025.9.12
[INFO] [stdout] 
[INFO] [stdout] thread 'mcp_methods::tests_mcp_manager::test_list_tools_via_command' (2652) panicked at src/mcp_methods.rs:351:9:
[INFO] [stdout] assertion failed: result.is_ok()
[INFO] [stdout] stack backtrace:
[INFO] [stdout]    0:     0x61bb4b323411 - <<std[617be2ca0a6fd877]::sys::backtrace::BacktraceLock>::print::DisplayBacktrace as core[a373ad73a504971]::fmt::Display>::fmt
[INFO] [stdout]    1:     0x61bb4b33ab9a - core[a373ad73a504971]::fmt::write
[INFO] [stdout]    2:     0x61bb4b32805c - <alloc[2e1b2a31b91974c5]::vec::Vec<u8> as core[a373ad73a504971]::io::write::Write>::write_fmt
[INFO] [stdout]    3:     0x61bb4b2fdac6 - std[617be2ca0a6fd877]::panicking::default_hook::{closure#0}
[INFO] [stdout]    4:     0x61bb4b31ad89 - std[617be2ca0a6fd877]::panicking::default_hook
[INFO] [stdout]    5:     0x61bb4afe7540 - test[aada8e7e76ba119b]::test_main_inner::{closure#0}
[INFO] [stdout]    6:     0x61bb4b31b0b2 - std[617be2ca0a6fd877]::panicking::panic_with_hook
[INFO] [stdout]    7:     0x61bb4b2fdba4 - std[617be2ca0a6fd877]::panicking::panic_handler::{closure#0}
[INFO] [stdout]    8:     0x61bb4b2f67a9 - std[617be2ca0a6fd877]::sys::backtrace::__rust_end_short_backtrace::<std[617be2ca0a6fd877]::panicking::panic_handler::{closure#0}, !>
[INFO] [stdout]    9:     0x61bb4b2fe96d - __rustc[ea4f61d10b84890b]::rust_begin_unwind
[INFO] [stdout]   10:     0x61bb4b33b37c - core[a373ad73a504971]::panicking::panic_fmt
[INFO] [stdout]   11:     0x61bb4b33b342 - core[a373ad73a504971]::panicking::panic
[INFO] [stdout]   12:     0x61bb4af26aff - hanzo_mcp[476b9e985e1514d6]::mcp_methods::tests_mcp_manager::test_list_tools_via_command::{closure#0}
[INFO] [stdout]   13:     0x61bb4af5bb93 - <tokio[ebaca3c0b9741ee6]::runtime::scheduler::current_thread::Context>::enter::<core[a373ad73a504971]::task::poll::Poll<()>, <tokio[ebaca3c0b9741ee6]::runtime::scheduler::current_thread::CoreGuard>::block_on<core[a373ad73a504971]::pin::Pin<&mut core[a373ad73a504971]::pin::Pin<&mut dyn core[a373ad73a504971]::future::future::Future<Output = ()>>>>::{closure#0}::{closure#0}>
[INFO] [stdout]   14:     0x61bb4afcb99c - <tokio[ebaca3c0b9741ee6]::runtime::context::scoped::Scoped<tokio[ebaca3c0b9741ee6]::runtime::scheduler::Context>>::set::<<tokio[ebaca3c0b9741ee6]::runtime::scheduler::current_thread::CoreGuard>::enter<<tokio[ebaca3c0b9741ee6]::runtime::scheduler::current_thread::CoreGuard>::block_on<core[a373ad73a504971]::pin::Pin<&mut core[a373ad73a504971]::pin::Pin<&mut dyn core[a373ad73a504971]::future::future::Future<Output = ()>>>>::{closure#0}, core[a373ad73a504971]::option::Option<()>>::{closure#0}, (alloc[2e1b2a31b91974c5]::boxed::Box<tokio[ebaca3c0b9741ee6]::runtime::scheduler::current_thread::Core>, core[a373ad73a504971]::option::Option<()>)>
[INFO] [stdout]   15:     0x61bb4af5b87f - <tokio[ebaca3c0b9741ee6]::runtime::scheduler::current_thread::CurrentThread>::block_on::<core[a373ad73a504971]::pin::Pin<&mut dyn core[a373ad73a504971]::future::future::Future<Output = ()>>>
[INFO] [stdout]   16:     0x61bb4afaa9f2 - <tokio[ebaca3c0b9741ee6]::runtime::runtime::Runtime>::block_on::<core[a373ad73a504971]::pin::Pin<&mut dyn core[a373ad73a504971]::future::future::Future<Output = ()>>>
[INFO] [stdout]   17:     0x61bb4af2803e - <hanzo_mcp[476b9e985e1514d6]::mcp_methods::tests_mcp_manager::test_list_tools_via_command::{closure#0} as core[a373ad73a504971]::ops::function::FnOnce<()>>::call_once
[INFO] [stdout]   18:     0x61bb4afda98b - test[aada8e7e76ba119b]::__rust_begin_short_backtrace::<core[a373ad73a504971]::result::Result<(), alloc[2e1b2a31b91974c5]::string::String>, fn() -> core[a373ad73a504971]::result::Result<(), alloc[2e1b2a31b91974c5]::string::String>>
[INFO] [stdout]   19:     0x61bb4afe7b65 - test[aada8e7e76ba119b]::run_test::{closure#0}
[INFO] [stdout]   20:     0x61bb4afe1454 - std[617be2ca0a6fd877]::sys::backtrace::__rust_begin_short_backtrace::<test[aada8e7e76ba119b]::run_test::{closure#1}, ()>
[INFO] [stdout]   21:     0x61bb4afeabf2 - <std[617be2ca0a6fd877]::thread::lifecycle::spawn_unchecked<test[aada8e7e76ba119b]::run_test::{closure#1}, ()>::{closure#1} as core[a373ad73a504971]::ops::function::FnOnce<()>>::call_once::{shim:vtable#0}
[INFO] [stdout]   22:     0x61bb4b3228bf - <std[617be2ca0a6fd877]::sys::thread::unix::Thread>::new::thread_start
[INFO] [stdout]   23:     0x719beb076dfa - <unknown>
[INFO] [stdout]   24:     0x719beb10a3d4 - clone
[INFO] [stdout]   25:                0x0 - <unknown>
[INFO] [stdout] 
[INFO] [stdout] ---- mcp_methods::tests_mcp_manager::test_run_tool_via_command stdout ----
[INFO] [stdout] part: npx
[INFO] [stdout] part: -y
[INFO] [stdout] part: @modelcontextprotocol/server-everything@2025.9.12
[INFO] [stdout] cmd_executable: npx
[INFO] [stdout] env_vars: {}
[INFO] [stdout] cmd_args: ["-y", "@modelcontextprotocol/server-everything@2025.9.12"]
[INFO] [stdout] error McpError { message: "connection closed: initialize response" }
[INFO] [stdout] 
[INFO] [stdout] thread 'mcp_methods::tests_mcp_manager::test_run_tool_via_command' (2655) panicked at src/mcp_methods.rs:296:9:
[INFO] [stdout] assertion failed: result.is_ok()
[INFO] [stdout] stack backtrace:
[INFO] [stdout]    0:     0x61bb4b323411 - <<std[617be2ca0a6fd877]::sys::backtrace::BacktraceLock>::print::DisplayBacktrace as core[a373ad73a504971]::fmt::Display>::fmt
[INFO] [stdout]    1:     0x61bb4b33ab9a - core[a373ad73a504971]::fmt::write
[INFO] [stdout]    2:     0x61bb4b32805c - <alloc[2e1b2a31b91974c5]::vec::Vec<u8> as core[a373ad73a504971]::io::write::Write>::write_fmt
[INFO] [stdout]    3:     0x61bb4b2fdac6 - std[617be2ca0a6fd877]::panicking::default_hook::{closure#0}
[INFO] [stdout]    4:     0x61bb4b31ad89 - std[617be2ca0a6fd877]::panicking::default_hook
[INFO] [stdout]    5:     0x61bb4afe7540 - test[aada8e7e76ba119b]::test_main_inner::{closure#0}
[INFO] [stdout]    6:     0x61bb4b31b0b2 - std[617be2ca0a6fd877]::panicking::panic_with_hook
[INFO] [stdout]    7:     0x61bb4b2fdba4 - std[617be2ca0a6fd877]::panicking::panic_handler::{closure#0}
[INFO] [stdout]    8:     0x61bb4b2f67a9 - std[617be2ca0a6fd877]::sys::backtrace::__rust_end_short_backtrace::<std[617be2ca0a6fd877]::panicking::panic_handler::{closure#0}, !>
[INFO] [stdout]    9:     0x61bb4b2fe96d - __rustc[ea4f61d10b84890b]::rust_begin_unwind
[INFO] [stdout]   10:     0x61bb4b33b37c - core[a373ad73a504971]::panicking::panic_fmt
[INFO] [stdout]   11:     0x61bb4b33b342 - core[a373ad73a504971]::panicking::panic
[INFO] [stdout]   12:     0x61bb4af2400c - hanzo_mcp[476b9e985e1514d6]::mcp_methods::tests_mcp_manager::test_run_tool_via_command::{closure#0}
[INFO] [stdout]   13:     0x61bb4af5bb93 - <tokio[ebaca3c0b9741ee6]::runtime::scheduler::current_thread::Context>::enter::<core[a373ad73a504971]::task::poll::Poll<()>, <tokio[ebaca3c0b9741ee6]::runtime::scheduler::current_thread::CoreGuard>::block_on<core[a373ad73a504971]::pin::Pin<&mut core[a373ad73a504971]::pin::Pin<&mut dyn core[a373ad73a504971]::future::future::Future<Output = ()>>>>::{closure#0}::{closure#0}>
[INFO] [stdout]   14:     0x61bb4afcb99c - <tokio[ebaca3c0b9741ee6]::runtime::context::scoped::Scoped<tokio[ebaca3c0b9741ee6]::runtime::scheduler::Context>>::set::<<tokio[ebaca3c0b9741ee6]::runtime::scheduler::current_thread::CoreGuard>::enter<<tokio[ebaca3c0b9741ee6]::runtime::scheduler::current_thread::CoreGuard>::block_on<core[a373ad73a504971]::pin::Pin<&mut core[a373ad73a504971]::pin::Pin<&mut dyn core[a373ad73a504971]::future::future::Future<Output = ()>>>>::{closure#0}, core[a373ad73a504971]::option::Option<()>>::{closure#0}, (alloc[2e1b2a31b91974c5]::boxed::Box<tokio[ebaca3c0b9741ee6]::runtime::scheduler::current_thread::Core>, core[a373ad73a504971]::option::Option<()>)>
[INFO] [stdout]   15:     0x61bb4af5b87f - <tokio[ebaca3c0b9741ee6]::runtime::scheduler::current_thread::CurrentThread>::block_on::<core[a373ad73a504971]::pin::Pin<&mut dyn core[a373ad73a504971]::future::future::Future<Output = ()>>>
[INFO] [stdout]   16:     0x61bb4afaa9f2 - <tokio[ebaca3c0b9741ee6]::runtime::runtime::Runtime>::block_on::<core[a373ad73a504971]::pin::Pin<&mut dyn core[a373ad73a504971]::future::future::Future<Output = ()>>>
[INFO] [stdout]   17:     0x61bb4af27eae - <hanzo_mcp[476b9e985e1514d6]::mcp_methods::tests_mcp_manager::test_run_tool_via_command::{closure#0} as core[a373ad73a504971]::ops::function::FnOnce<()>>::call_once
[INFO] [stdout]   18:     0x61bb4afda98b - test[aada8e7e76ba119b]::__rust_begin_short_backtrace::<core[a373ad73a504971]::result::Result<(), alloc[2e1b2a31b91974c5]::string::String>, fn() -> core[a373ad73a504971]::result::Result<(), alloc[2e1b2a31b91974c5]::string::String>>
[INFO] [stdout]   19:     0x61bb4afe7b65 - test[aada8e7e76ba119b]::run_test::{closure#0}
[INFO] [stdout]   20:     0x61bb4afe1454 - std[617be2ca0a6fd877]::sys::backtrace::__rust_begin_short_backtrace::<test[aada8e7e76ba119b]::run_test::{closure#1}, ()>
[INFO] [stdout]   21:     0x61bb4afeabf2 - <std[617be2ca0a6fd877]::thread::lifecycle::spawn_unchecked<test[aada8e7e76ba119b]::run_test::{closure#1}, ()>::{closure#1} as core[a373ad73a504971]::ops::function::FnOnce<()>>::call_once::{shim:vtable#0}
[INFO] [stdout]   22:     0x61bb4b3228bf - <std[617be2ca0a6fd877]::sys::thread::unix::Thread>::new::thread_start
[INFO] [stdout]   23:     0x719beb076dfa - <unknown>
[INFO] [stdout]   24:     0x719beb10a3d4 - clone
[INFO] [stdout]   25:                0x0 - <unknown>
[INFO] [stdout] 
[INFO] [stdout] ---- mcp_methods::tests_mcp_manager::test_run_tool_via_sse stdout ----
[INFO] [stdout] error McpError { message: "Client error: error sending request for url (http://localhost:8000/sse)" }
[INFO] [stdout] error McpError { message: "Client error: error sending request for url (http://localhost:8000/sse)" }
[INFO] [stdout] 
[INFO] [stdout] thread 'mcp_methods::tests_mcp_manager::test_run_tool_via_sse' (2657) panicked at src/mcp_methods.rs:343:17:
[INFO] [stdout] assertion failed: false
[INFO] [stdout] stack backtrace:
[INFO] [stdout]    0:     0x61bb4b323411 - <<std[617be2ca0a6fd877]::sys::backtrace::BacktraceLock>::print::DisplayBacktrace as core[a373ad73a504971]::fmt::Display>::fmt
[INFO] [stdout]    1:     0x61bb4b33ab9a - core[a373ad73a504971]::fmt::write
[INFO] [stdout]    2:     0x61bb4b32805c - <alloc[2e1b2a31b91974c5]::vec::Vec<u8> as core[a373ad73a504971]::io::write::Write>::write_fmt
[INFO] [stdout]    3:     0x61bb4b2fdac6 - std[617be2ca0a6fd877]::panicking::default_hook::{closure#0}
[INFO] [stdout]    4:     0x61bb4b31ad89 - std[617be2ca0a6fd877]::panicking::default_hook
[INFO] [stdout]    5:     0x61bb4afe7540 - test[aada8e7e76ba119b]::test_main_inner::{closure#0}
[INFO] [stdout]    6:     0x61bb4b31b0b2 - std[617be2ca0a6fd877]::panicking::panic_with_hook
[INFO] [stdout]    7:     0x61bb4b2fdba4 - std[617be2ca0a6fd877]::panicking::panic_handler::{closure#0}
[INFO] [stdout]    8:     0x61bb4b2f67a9 - std[617be2ca0a6fd877]::sys::backtrace::__rust_end_short_backtrace::<std[617be2ca0a6fd877]::panicking::panic_handler::{closure#0}, !>
[INFO] [stdout]    9:     0x61bb4b2fe96d - __rustc[ea4f61d10b84890b]::rust_begin_unwind
[INFO] [stdout]   10:     0x61bb4b33b37c - core[a373ad73a504971]::panicking::panic_fmt
[INFO] [stdout]   11:     0x61bb4b33b342 - core[a373ad73a504971]::panicking::panic
[INFO] [stdout]   12:     0x61bb4af19df9 - hanzo_mcp[476b9e985e1514d6]::mcp_methods::tests_mcp_manager::test_run_tool_via_sse::{closure#0}
[INFO] [stdout]   13:     0x61bb4af5bb93 - <tokio[ebaca3c0b9741ee6]::runtime::scheduler::current_thread::Context>::enter::<core[a373ad73a504971]::task::poll::Poll<()>, <tokio[ebaca3c0b9741ee6]::runtime::scheduler::current_thread::CoreGuard>::block_on<core[a373ad73a504971]::pin::Pin<&mut core[a373ad73a504971]::pin::Pin<&mut dyn core[a373ad73a504971]::future::future::Future<Output = ()>>>>::{closure#0}::{closure#0}>
[INFO] [stdout]   14:     0x61bb4afcb99c - <tokio[ebaca3c0b9741ee6]::runtime::context::scoped::Scoped<tokio[ebaca3c0b9741ee6]::runtime::scheduler::Context>>::set::<<tokio[ebaca3c0b9741ee6]::runtime::scheduler::current_thread::CoreGuard>::enter<<tokio[ebaca3c0b9741ee6]::runtime::scheduler::current_thread::CoreGuard>::block_on<core[a373ad73a504971]::pin::Pin<&mut core[a373ad73a504971]::pin::Pin<&mut dyn core[a373ad73a504971]::future::future::Future<Output = ()>>>>::{closure#0}, core[a373ad73a504971]::option::Option<()>>::{closure#0}, (alloc[2e1b2a31b91974c5]::boxed::Box<tokio[ebaca3c0b9741ee6]::runtime::scheduler::current_thread::Core>, core[a373ad73a504971]::option::Option<()>)>
[INFO] [stdout]   15:     0x61bb4af5b87f - <tokio[ebaca3c0b9741ee6]::runtime::scheduler::current_thread::CurrentThread>::block_on::<core[a373ad73a504971]::pin::Pin<&mut dyn core[a373ad73a504971]::future::future::Future<Output = ()>>>
[INFO] [stdout]   16:     0x61bb4afaa9f2 - <tokio[ebaca3c0b9741ee6]::runtime::runtime::Runtime>::block_on::<core[a373ad73a504971]::pin::Pin<&mut dyn core[a373ad73a504971]::future::future::Future<Output = ()>>>
[INFO] [stdout]   17:     0x61bb4af278ae - <hanzo_mcp[476b9e985e1514d6]::mcp_methods::tests_mcp_manager::test_run_tool_via_sse::{closure#0} as core[a373ad73a504971]::ops::function::FnOnce<()>>::call_once
[INFO] [stdout]   18:     0x61bb4afda98b - test[aada8e7e76ba119b]::__rust_begin_short_backtrace::<core[a373ad73a504971]::result::Result<(), alloc[2e1b2a31b91974c5]::string::String>, fn() -> core[a373ad73a504971]::result::Result<(), alloc[2e1b2a31b91974c5]::string::String>>
[INFO] [stdout]   19:     0x61bb4afe7b65 - test[aada8e7e76ba119b]::run_test::{closure#0}
[INFO] [stdout]   20:     0x61bb4afe1454 - std[617be2ca0a6fd877]::sys::backtrace::__rust_begin_short_backtrace::<test[aada8e7e76ba119b]::run_test::{closure#1}, ()>
[INFO] [stdout]   21:     0x61bb4afeabf2 - <std[617be2ca0a6fd877]::thread::lifecycle::spawn_unchecked<test[aada8e7e76ba119b]::run_test::{closure#1}, ()>::{closure#1} as core[a373ad73a504971]::ops::function::FnOnce<()>>::call_once::{shim:vtable#0}
[INFO] [stdout]   22:     0x61bb4b3228bf - <std[617be2ca0a6fd877]::sys::thread::unix::Thread>::new::thread_start
[INFO] [stdout]   23:     0x719beb076dfa - <unknown>
[INFO] [stdout]   24:     0x719beb10a3d4 - clone
[INFO] [stdout]   25:                0x0 - <unknown>
[INFO] [stdout] 
[INFO] [stdout] ---- mcp_methods::tests_mcp_manager::test_run_tool_via_http stdout ----
[INFO] [stdout] error McpError { message: "Send message error Transport [rmcp::transport::worker::WorkerTransport<rmcp::transport::streamable_http_client::StreamableHttpClientWorker<reqwest::async_impl::client::Client>>] error: Client error: error sending request for url (http://localhost:8003/mcp), when send initialize request" }
[INFO] [stdout] error McpError { message: "Send message error Transport [rmcp::transport::worker::WorkerTransport<rmcp::transport::streamable_http_client::StreamableHttpClientWorker<reqwest::async_impl::client::Client>>] error: Client error: error sending request for url (http://localhost:8003/mcp), when send initialize request" }
[INFO] [stdout] 
[INFO] [stdout] thread 'mcp_methods::tests_mcp_manager::test_run_tool_via_http' (2656) panicked at src/mcp_methods.rs:564:17:
[INFO] [stdout] assertion failed: false
[INFO] [stdout] stack backtrace:
[INFO] [stdout]    0:     0x61bb4b323411 - <<std[617be2ca0a6fd877]::sys::backtrace::BacktraceLock>::print::DisplayBacktrace as core[a373ad73a504971]::fmt::Display>::fmt
[INFO] [stdout]    1:     0x61bb4b33ab9a - core[a373ad73a504971]::fmt::write
[INFO] [stdout]    2:     0x61bb4b32805c - <alloc[2e1b2a31b91974c5]::vec::Vec<u8> as core[a373ad73a504971]::io::write::Write>::write_fmt
[INFO] [stdout]    3:     0x61bb4b2fdac6 - std[617be2ca0a6fd877]::panicking::default_hook::{closure#0}
[INFO] [stdout]    4:     0x61bb4b31ad89 - std[617be2ca0a6fd877]::panicking::default_hook
[INFO] [stdout]    5:     0x61bb4afe7540 - test[aada8e7e76ba119b]::test_main_inner::{closure#0}
[INFO] [stdout]    6:     0x61bb4b31b0b2 - std[617be2ca0a6fd877]::panicking::panic_with_hook
[INFO] [stdout]    7:     0x61bb4b2fdba4 - std[617be2ca0a6fd877]::panicking::panic_handler::{closure#0}
[INFO] [stdout]    8:     0x61bb4b2f67a9 - std[617be2ca0a6fd877]::sys::backtrace::__rust_end_short_backtrace::<std[617be2ca0a6fd877]::panicking::panic_handler::{closure#0}, !>
[INFO] [stdout]    9:     0x61bb4b2fe96d - __rustc[ea4f61d10b84890b]::rust_begin_unwind
[INFO] [stdout]   10:     0x61bb4b33b37c - core[a373ad73a504971]::panicking::panic_fmt
[INFO] [stdout]   11:     0x61bb4b33b342 - core[a373ad73a504971]::panicking::panic
[INFO] [stdout]   12:     0x61bb4af1c080 - hanzo_mcp[476b9e985e1514d6]::mcp_methods::tests_mcp_manager::test_run_tool_via_http::{closure#0}
[INFO] [stdout]   13:     0x61bb4af5bb93 - <tokio[ebaca3c0b9741ee6]::runtime::scheduler::current_thread::Context>::enter::<core[a373ad73a504971]::task::poll::Poll<()>, <tokio[ebaca3c0b9741ee6]::runtime::scheduler::current_thread::CoreGuard>::block_on<core[a373ad73a504971]::pin::Pin<&mut core[a373ad73a504971]::pin::Pin<&mut dyn core[a373ad73a504971]::future::future::Future<Output = ()>>>>::{closure#0}::{closure#0}>
[INFO] [stdout]   14:     0x61bb4afcb99c - <tokio[ebaca3c0b9741ee6]::runtime::context::scoped::Scoped<tokio[ebaca3c0b9741ee6]::runtime::scheduler::Context>>::set::<<tokio[ebaca3c0b9741ee6]::runtime::scheduler::current_thread::CoreGuard>::enter<<tokio[ebaca3c0b9741ee6]::runtime::scheduler::current_thread::CoreGuard>::block_on<core[a373ad73a504971]::pin::Pin<&mut core[a373ad73a504971]::pin::Pin<&mut dyn core[a373ad73a504971]::future::future::Future<Output = ()>>>>::{closure#0}, core[a373ad73a504971]::option::Option<()>>::{closure#0}, (alloc[2e1b2a31b91974c5]::boxed::Box<tokio[ebaca3c0b9741ee6]::runtime::scheduler::current_thread::Core>, core[a373ad73a504971]::option::Option<()>)>
[INFO] [stdout]   15:     0x61bb4af5b87f - <tokio[ebaca3c0b9741ee6]::runtime::scheduler::current_thread::CurrentThread>::block_on::<core[a373ad73a504971]::pin::Pin<&mut dyn core[a373ad73a504971]::future::future::Future<Output = ()>>>
[INFO] [stdout]   16:     0x61bb4afaa9f2 - <tokio[ebaca3c0b9741ee6]::runtime::runtime::Runtime>::block_on::<core[a373ad73a504971]::pin::Pin<&mut dyn core[a373ad73a504971]::future::future::Future<Output = ()>>>
[INFO] [stdout]   17:     0x61bb4af27a0e - <hanzo_mcp[476b9e985e1514d6]::mcp_methods::tests_mcp_manager::test_run_tool_via_http::{closure#0} as core[a373ad73a504971]::ops::function::FnOnce<()>>::call_once
[INFO] [stdout]   18:     0x61bb4afda98b - test[aada8e7e76ba119b]::__rust_begin_short_backtrace::<core[a373ad73a504971]::result::Result<(), alloc[2e1b2a31b91974c5]::string::String>, fn() -> core[a373ad73a504971]::result::Result<(), alloc[2e1b2a31b91974c5]::string::String>>
[INFO] [stdout]   19:     0x61bb4afe7b65 - test[aada8e7e76ba119b]::run_test::{closure#0}
[INFO] [stdout]   20:     0x61bb4afe1454 - std[617be2ca0a6fd877]::sys::backtrace::__rust_begin_short_backtrace::<test[aada8e7e76ba119b]::run_test::{closure#1}, ()>
[INFO] [stdout]   21:     0x61bb4afeabf2 - <std[617be2ca0a6fd877]::thread::lifecycle::spawn_unchecked<test[aada8e7e76ba119b]::run_test::{closure#1}, ()>::{closure#1} as core[a373ad73a504971]::ops::function::FnOnce<()>>::call_once::{shim:vtable#0}
[INFO] [stdout]   22:     0x61bb4b3228bf - <std[617be2ca0a6fd877]::sys::thread::unix::Thread>::new::thread_start
[INFO] [stdout]   23:     0x719beb076dfa - <unknown>
[INFO] [stdout]   24:     0x719beb10a3d4 - clone
[INFO] [stdout]   25:                0x0 - <unknown>
[INFO] [stdout] 
[INFO] [stdout] ---- mcp_methods::tests_mcp_manager::test_list_tools_via_sse stdout ----
[INFO] [stdout] error McpError { message: "Client error: error sending request for url (http://localhost:8001/sse)" }
[INFO] [stdout] 
[INFO] [stdout] thread 'mcp_methods::tests_mcp_manager::test_list_tools_via_sse' (2654) panicked at src/mcp_methods.rs:421:9:
[INFO] [stdout] assertion failed: result.is_ok()
[INFO] [stdout] stack backtrace:
[INFO] [stdout]    0:     0x61bb4b323411 - <<std[617be2ca0a6fd877]::sys::backtrace::BacktraceLock>::print::DisplayBacktrace as core[a373ad73a504971]::fmt::Display>::fmt
[INFO] [stdout]    1:     0x61bb4b33ab9a - core[a373ad73a504971]::fmt::write
[INFO] [stdout]    2:     0x61bb4b32805c - <alloc[2e1b2a31b91974c5]::vec::Vec<u8> as core[a373ad73a504971]::io::write::Write>::write_fmt
[INFO] [stdout]    3:     0x61bb4b2fdac6 - std[617be2ca0a6fd877]::panicking::default_hook::{closure#0}
[INFO] [stdout]    4:     0x61bb4b31ad89 - std[617be2ca0a6fd877]::panicking::default_hook
[INFO] [stdout]    5:     0x61bb4afe7540 - test[aada8e7e76ba119b]::test_main_inner::{closure#0}
[INFO] [stdout]    6:     0x61bb4b31b0b2 - std[617be2ca0a6fd877]::panicking::panic_with_hook
[INFO] [stdout]    7:     0x61bb4b2fdba4 - std[617be2ca0a6fd877]::panicking::panic_handler::{closure#0}
[INFO] [stdout]    8:     0x61bb4b2f67a9 - std[617be2ca0a6fd877]::sys::backtrace::__rust_end_short_backtrace::<std[617be2ca0a6fd877]::panicking::panic_handler::{closure#0}, !>
[INFO] [stdout]    9:     0x61bb4b2fe96d - __rustc[ea4f61d10b84890b]::rust_begin_unwind
[INFO] [stdout]   10:     0x61bb4b33b37c - core[a373ad73a504971]::panicking::panic_fmt
[INFO] [stdout]   11:     0x61bb4b33b342 - core[a373ad73a504971]::panicking::panic
[INFO] [stdout]   12:     0x61bb4af1f5c2 - hanzo_mcp[476b9e985e1514d6]::mcp_methods::tests_mcp_manager::test_list_tools_via_sse::{closure#0}
[INFO] [stdout]   13:     0x61bb4af5bb93 - <tokio[ebaca3c0b9741ee6]::runtime::scheduler::current_thread::Context>::enter::<core[a373ad73a504971]::task::poll::Poll<()>, <tokio[ebaca3c0b9741ee6]::runtime::scheduler::current_thread::CoreGuard>::block_on<core[a373ad73a504971]::pin::Pin<&mut core[a373ad73a504971]::pin::Pin<&mut dyn core[a373ad73a504971]::future::future::Future<Output = ()>>>>::{closure#0}::{closure#0}>
[INFO] [stdout]   14:     0x61bb4afcb99c - <tokio[ebaca3c0b9741ee6]::runtime::context::scoped::Scoped<tokio[ebaca3c0b9741ee6]::runtime::scheduler::Context>>::set::<<tokio[ebaca3c0b9741ee6]::runtime::scheduler::current_thread::CoreGuard>::enter<<tokio[ebaca3c0b9741ee6]::runtime::scheduler::current_thread::CoreGuard>::block_on<core[a373ad73a504971]::pin::Pin<&mut core[a373ad73a504971]::pin::Pin<&mut dyn core[a373ad73a504971]::future::future::Future<Output = ()>>>>::{closure#0}, core[a373ad73a504971]::option::Option<()>>::{closure#0}, (alloc[2e1b2a31b91974c5]::boxed::Box<tokio[ebaca3c0b9741ee6]::runtime::scheduler::current_thread::Core>, core[a373ad73a504971]::option::Option<()>)>
[INFO] [stdout]   15:     0x61bb4af5b87f - <tokio[ebaca3c0b9741ee6]::runtime::scheduler::current_thread::CurrentThread>::block_on::<core[a373ad73a504971]::pin::Pin<&mut dyn core[a373ad73a504971]::future::future::Future<Output = ()>>>
[INFO] [stdout]   16:     0x61bb4afaa9f2 - <tokio[ebaca3c0b9741ee6]::runtime::runtime::Runtime>::block_on::<core[a373ad73a504971]::pin::Pin<&mut dyn core[a373ad73a504971]::future::future::Future<Output = ()>>>
[INFO] [stdout]   17:     0x61bb4af27b6e - <hanzo_mcp[476b9e985e1514d6]::mcp_methods::tests_mcp_manager::test_list_tools_via_sse::{closure#0} as core[a373ad73a504971]::ops::function::FnOnce<()>>::call_once
[INFO] [stdout]   18:     0x61bb4afda98b - test[aada8e7e76ba119b]::__rust_begin_short_backtrace::<core[a373ad73a504971]::result::Result<(), alloc[2e1b2a31b91974c5]::string::String>, fn() -> core[a373ad73a504971]::result::Result<(), alloc[2e1b2a31b91974c5]::string::String>>
[INFO] [stdout]   19:     0x61bb4afe7b65 - test[aada8e7e76ba119b]::run_test::{closure#0}
[INFO] [stdout]   20:     0x61bb4afe1454 - std[617be2ca0a6fd877]::sys::backtrace::__rust_begin_short_backtrace::<test[aada8e7e76ba119b]::run_test::{closure#1}, ()>
[INFO] [stdout]   21:     0x61bb4afeabf2 - <std[617be2ca0a6fd877]::thread::lifecycle::spawn_unchecked<test[aada8e7e76ba119b]::run_test::{closure#1}, ()>::{closure#1} as core[a373ad73a504971]::ops::function::FnOnce<()>>::call_once::{shim:vtable#0}
[INFO] [stdout]   22:     0x61bb4b3228bf - <std[617be2ca0a6fd877]::sys::thread::unix::Thread>::new::thread_start
[INFO] [stdout]   23:     0x719beb076dfa - <unknown>
[INFO] [stdout]   24:     0x719beb10a3d4 - clone
[INFO] [stdout]   25:                0x0 - <unknown>
[INFO] [stdout] 
[INFO] [stdout] ---- mcp_methods::tests_mcp_manager::test_list_tools_via_http stdout ----
[INFO] [stdout] 
[INFO] [stdout] thread 'mcp_methods::tests_mcp_manager::test_list_tools_via_http' (2653) panicked at src/mcp_methods.rs:484:9:
[INFO] [stdout] assertion failed: result.is_ok()
[INFO] [stdout] stack backtrace:
[INFO] [stdout]    0:     0x61bb4b323411 - <<std[617be2ca0a6fd877]::sys::backtrace::BacktraceLock>::print::DisplayBacktrace as core[a373ad73a504971]::fmt::Display>::fmt
[INFO] [stdout]    1:     0x61bb4b33ab9a - core[a373ad73a504971]::fmt::write
[INFO] [stdout]    2:     0x61bb4b32805c - <alloc[2e1b2a31b91974c5]::vec::Vec<u8> as core[a373ad73a504971]::io::write::Write>::write_fmt
[INFO] [stdout]    3:     0x61bb4b2fdac6 - std[617be2ca0a6fd877]::panicking::default_hook::{closure#0}
[INFO] [stdout]    4:     0x61bb4b31ad89 - std[617be2ca0a6fd877]::panicking::default_hook
[INFO] [stdout]    5:     0x61bb4afe7540 - test[aada8e7e76ba119b]::test_main_inner::{closure#0}
[INFO] [stdout]    6:     0x61bb4b31b0b2 - std[617be2ca0a6fd877]::panicking::panic_with_hook
[INFO] [stdout]    7:     0x61bb4b2fdba4 - std[617be2ca0a6fd877]::panicking::panic_handler::{closure#0}
[INFO] [stdout]    8:     0x61bb4b2f67a9 - std[617be2ca0a6fd877]::sys::backtrace::__rust_end_short_backtrace::<std[617be2ca0a6fd877]::panicking::panic_handler::{closure#0}, !>
[INFO] [stdout]    9:     0x61bb4b2fe96d - __rustc[ea4f61d10b84890b]::rust_begin_unwind
[INFO] [stdout]   10:     0x61bb4b33b37c - core[a373ad73a504971]::panicking::panic_fmt
[INFO] [stdout]   11:     0x61bb4b33b342 - core[a373ad73a504971]::panicking::panic
[INFO] [stdout]   12:     0x61bb4af2266d - hanzo_mcp[476b9e985e1514d6]::mcp_methods::tests_mcp_manager::test_list_tools_via_http::{closure#0}
[INFO] [stdout]   13:     0x61bb4af5bb93 - <tokio[ebaca3c0b9741ee6]::runtime::scheduler::current_thread::Context>::enter::<core[a373ad73a504971]::task::poll::Poll<()>, <tokio[ebaca3c0b9741ee6]::runtime::scheduler::current_thread::CoreGuard>::block_on<core[a373ad73a504971]::pin::Pin<&mut core[a373ad73a504971]::pin::Pin<&mut dyn core[a373ad73a504971]::future::future::Future<Output = ()>>>>::{closure#0}::{closure#0}>
[INFO] [stdout]   14:     0x61bb4afcb99c - <tokio[ebaca3c0b9741ee6]::runtime::context::scoped::Scoped<tokio[ebaca3c0b9741ee6]::runtime::scheduler::Context>>::set::<<tokio[ebaca3c0b9741ee6]::runtime::scheduler::current_thread::CoreGuard>::enter<<tokio[ebaca3c0b9741ee6]::runtime::scheduler::current_thread::CoreGuard>::block_on<core[a373ad73a504971]::pin::Pin<&mut core[a373ad73a504971]::pin::Pin<&mut dyn core[a373ad73a504971]::future::future::Future<Output = ()>>>>::{closure#0}, core[a373ad73a504971]::option::Option<()>>::{closure#0}, (alloc[2e1b2a31b91974c5]::boxed::Box<tokio[ebaca3c0b9741ee6]::runtime::scheduler::current_thread::Core>, core[a373ad73a504971]::option::Option<()>)>
[INFO] [stdout]   15:     0x61bb4af5b87f - <tokio[ebaca3c0b9741ee6]::runtime::scheduler::current_thread::CurrentThread>::block_on::<core[a373ad73a504971]::pin::Pin<&mut dyn core[a373ad73a504971]::future::future::Future<Output = ()>>>
[INFO] [stdout]   16:     0x61bb4afaa9f2 - <tokio[ebaca3c0b9741ee6]::runtime::runtime::Runtime>::block_on::<core[a373ad73a504971]::pin::Pin<&mut dyn core[a373ad73a504971]::future::future::Future<Output = ()>>>
[INFO] [stdout]   17:     0x61bb4af27d0e - <hanzo_mcp[476b9e985e1514d6]::mcp_methods::tests_mcp_manager::test_list_tools_via_http::{closure#0} as core[a373ad73a504971]::ops::function::FnOnce<()>>::call_once
[INFO] [stdout]   18:     0x61bb4afda98b - test[aada8e7e76ba119b]::__rust_begin_short_backtrace::<core[a373ad73a504971]::result::Result<(), alloc[2e1b2a31b91974c5]::string::String>, fn() -> core[a373ad73a504971]::result::Result<(), alloc[2e1b2a31b91974c5]::string::String>>
[INFO] [stdout]   19:     0x61bb4afe7b65 - test[aada8e7e76ba119b]::run_test::{closure#0}
[INFO] [stdout]   20:     0x61bb4afe1454 - std[617be2ca0a6fd877]::sys::backtrace::__rust_begin_short_backtrace::<test[aada8e7e76ba119b]::run_test::{closure#1}, ()>
[INFO] [stdout]   21:     0x61bb4afeabf2 - <std[617be2ca0a6fd877]::thread::lifecycle::spawn_unchecked<test[aada8e7e76ba119b]::run_test::{closure#1}, ()>::{closure#1} as core[a373ad73a504971]::ops::function::FnOnce<()>>::call_once::{shim:vtable#0}
[INFO] [stdout]   22:     0x61bb4b3228bf - <std[617be2ca0a6fd877]::sys::thread::unix::Thread>::new::thread_start
[INFO] [stdout]   23:     0x719beb076dfa - <unknown>
[INFO] [stdout]   24:     0x719beb10a3d4 - clone
[INFO] [stdout]   25:                0x0 - <unknown>
[INFO] [stdout] 
[INFO] [stdout] 
[INFO] [stdout] failures:
[INFO] [stdout]     mcp_methods::tests_mcp_manager::test_list_tools_via_command
[INFO] [stdout]     mcp_methods::tests_mcp_manager::test_list_tools_via_http
[INFO] [stdout]     mcp_methods::tests_mcp_manager::test_list_tools_via_sse
[INFO] [stdout]     mcp_methods::tests_mcp_manager::test_run_tool_via_command
[INFO] [stdout]     mcp_methods::tests_mcp_manager::test_run_tool_via_http
[INFO] [stdout]     mcp_methods::tests_mcp_manager::test_run_tool_via_sse
[INFO] [stdout] 
[INFO] [stdout] test result: FAILED. 3 passed; 6 failed; 0 ignored; 0 measured; 0 filtered out; finished in 3.22s
[INFO] [stdout] 
[INFO] running `Command { std: "docker" "inspect" "e216057fd3433697bcf05bbd63d61d9251142f677957fe59c2cc7e099730838a", kill_on_drop: false }`
[INFO] running `Command { std: "docker" "rm" "-f" "e216057fd3433697bcf05bbd63d61d9251142f677957fe59c2cc7e099730838a", kill_on_drop: false }`
[INFO] [stdout] e216057fd3433697bcf05bbd63d61d9251142f677957fe59c2cc7e099730838a
