[INFO] fetching crate hanzo-nn 0.11.48...
[INFO] testing hanzo-nn-0.11.48 against 1.100.0-beta.1+cargoflags=--release for beta-release-1.100-2
[INFO] extracting crate hanzo-nn 0.11.48 into /workspace/builds/worker-0-tc2/source
[INFO] started tweaking crates.io crate hanzo-nn 0.11.48
[INFO] removed 0 missing examples
[INFO] removed 0 missing tests
[INFO] finished tweaking crates.io crate hanzo-nn 0.11.48
[INFO] tweaked toml for crates.io crate hanzo-nn 0.11.48 written to /workspace/builds/worker-0-tc2/source/Cargo.toml
[INFO] validating manifest of crates.io crate hanzo-nn 0.11.48 on toolchain 1.100.0-beta.1
[INFO] running `Command { std: CARGO_HOME="/workspace/cargo-home" RUSTUP_HOME="/workspace/rustup-home" "/workspace/cargo-home/bin/cargo" "+1.100.0-beta.1" "metadata" "--manifest-path" "Cargo.toml" "--no-deps", kill_on_drop: false }`
[INFO] crate crates.io crate hanzo-nn 0.11.48 already has a lockfile, it will not be regenerated
[INFO] running `Command { std: CARGO_HOME="/workspace/cargo-home" RUSTUP_HOME="/workspace/rustup-home" "/workspace/cargo-home/bin/cargo" "+1.100.0-beta.1" "fetch" "--manifest-path" "Cargo.toml", kill_on_drop: false }`
[INFO] running `Command { std: "docker" "create" "-v" "/var/lib/crater-agent-workspace/builds/worker-0-tc2/source:/opt/rustwide/workdir:ro,Z" "-v" "/var/lib/crater-agent-workspace/builds/worker-0-tc2/target:/opt/rustwide/target:rw,Z" "-v" "/var/lib/crater-agent-workspace/cargo-home:/opt/rustwide/cargo-home:ro,Z" "-v" "/var/lib/crater-agent-workspace/rustup-home:/opt/rustwide/rustup-home:ro,Z" "-m" "1610612736" "--network" "none" "ghcr.io/rust-lang/crates-build-env/linux@sha256:77db811e55d90add9212f6832c23229e3de5f1c1f9905e8cb07319ea15df73ac" "sleep" "infinity", kill_on_drop: false }`
[INFO] [stdout] 2552089b8a4e8f896b1f8095c7247e327358f20d9b2f7e0d7973e15b6ec6137e
[INFO] running `Command { std: "docker" "start" "2552089b8a4e8f896b1f8095c7247e327358f20d9b2f7e0d7973e15b6ec6137e", kill_on_drop: false }`
[INFO] running `Command { std: "docker" "inspect" "2552089b8a4e8f896b1f8095c7247e327358f20d9b2f7e0d7973e15b6ec6137e", kill_on_drop: false }`
[INFO] running `Command { std: "docker" "exec" "-e" "SOURCE_DIR=/opt/rustwide/workdir" "-e" "CARGO_HOME=/opt/rustwide/cargo-home" "-e" "RUSTUP_HOME=/opt/rustwide/rustup-home" "-e" "CARGO_TARGET_DIR=/opt/rustwide/target" "-w" "/opt/rustwide/workdir" "--user" "0:0" "2552089b8a4e8f896b1f8095c7247e327358f20d9b2f7e0d7973e15b6ec6137e" "/opt/rustwide/cargo-home/bin/cargo" "+1.100.0-beta.1" "metadata" "--no-deps" "--format-version=1", kill_on_drop: false }`
[INFO] running `Command { std: "docker" "inspect" "2552089b8a4e8f896b1f8095c7247e327358f20d9b2f7e0d7973e15b6ec6137e", kill_on_drop: false }`
[INFO] running `Command { std: "docker" "exec" "-e" "SOURCE_DIR=/opt/rustwide/workdir" "-e" "CARGO_HOME=/opt/rustwide/cargo-home" "-e" "RUSTUP_HOME=/opt/rustwide/rustup-home" "-e" "CARGO_TARGET_DIR=/opt/rustwide/target" "-e" "CARGO_INCREMENTAL=0" "-e" "RUST_BACKTRACE=full" "-e" "RUSTFLAGS=--cap-lints=warn" "-e" "RUSTDOCFLAGS=--cap-lints=warn" "-w" "/opt/rustwide/workdir" "--user" "0:0" "2552089b8a4e8f896b1f8095c7247e327358f20d9b2f7e0d7973e15b6ec6137e" "/opt/rustwide/cargo-home/bin/cargo" "+1.100.0-beta.1" "build" "--frozen" "--message-format=json" "--release", kill_on_drop: false }`
[INFO] [stderr]    Compiling syn v3.0.6
[INFO] [stderr]    Compiling syn v2.0.119
[INFO] [stderr]    Compiling zerocopy v0.8.60
[INFO] [stderr]    Compiling serde_core v1.0.229
[INFO] [stderr]    Compiling either v1.19.0
[INFO] [stderr]    Compiling once_cell v1.21.4
[INFO] [stderr]    Compiling pulp v0.22.3
[INFO] [stderr]    Compiling raw-cpuid v11.6.0
[INFO] [stderr]    Compiling dyn-stack-macros v0.1.3
[INFO] [stderr]    Compiling serde v1.0.229
[INFO] [stderr]    Compiling pulp-wasm-simd-flag v0.1.1
[INFO] [stderr]    Compiling getrandom v0.3.4
[INFO] [stderr]    Compiling reborrow v0.5.5
[INFO] [stderr]    Compiling seq-macro v0.3.6
[INFO] [stderr]    Compiling smallvec v1.16.2
[INFO] [stderr]    Compiling serde_json v1.0.151
[INFO] [stderr]    Compiling regex-automata v0.4.18
[INFO] [stderr]    Compiling ahash v0.8.12
[INFO] [stderr]    Compiling esaxx-rs v0.1.10
[INFO] [stderr]    Compiling rand_core v0.9.5
[INFO] [stderr]    Compiling bit-set v0.8.0
[INFO] [stderr]    Compiling nom v7.1.3
[INFO] [stderr]    Compiling base64 v0.13.1
[INFO] [stderr]    Compiling pastey v0.2.3
[INFO] [stderr]    Compiling macro_rules_attribute-proc_macro v0.2.3
[INFO] [stderr]    Compiling stable_deref_trait v1.2.1
[INFO] [stderr]    Compiling tempfile v3.27.0
[INFO] [stderr]    Compiling unicode-normalization-alignments v0.1.12
[INFO] [stderr]    Compiling rayon v1.12.0
[INFO] [stderr]    Compiling itertools v0.14.0
[INFO] [stderr]    Compiling parking_lot_core v0.9.12
[INFO] [stderr]    Compiling indexmap v2.14.2
[INFO] [stderr]    Compiling daachorse v3.0.3
[INFO] [stderr]    Compiling typed-path v0.12.3
[INFO] [stderr]    Compiling hanzo-ml v0.11.111
[INFO] [stderr]    Compiling macro_rules_attribute v0.2.3
[INFO] [stderr]    Compiling parking_lot v0.12.5
[INFO] [stderr]    Compiling memmap2 v0.9.11
[INFO] [stderr]    Compiling num_cpus v1.17.0
[INFO] [stderr]    Compiling hashbrown v0.16.1
[INFO] [stderr]    Compiling synstructure v0.14.0
[INFO] [stderr]    Compiling zip v8.6.0
[INFO] [stderr]    Compiling bytemuck_derive v1.12.1
[INFO] [stderr]    Compiling serde_derive v1.0.229
[INFO] [stderr]    Compiling thiserror-impl v2.0.21
[INFO] [stderr]    Compiling zerofrom-derive v0.1.8
[INFO] [stderr]    Compiling yoke-derive v0.8.4
[INFO] [stderr]    Compiling zerofrom v0.1.8
[INFO] [stderr]    Compiling yoke v0.8.3
[INFO] [stderr]    Compiling bytemuck v1.25.2
[INFO] [stderr]    Compiling thiserror v2.0.21
[INFO] [stderr]    Compiling num-complex v0.4.6
[INFO] [stderr]    Compiling dyn-stack v0.13.2
[INFO] [stderr]    Compiling darling_core v0.20.11
[INFO] [stderr]    Compiling rayon-cond v0.4.0
[INFO] [stderr]    Compiling fancy-regex v0.17.0
[INFO] [stderr]    Compiling regex v1.13.1
[INFO] [stderr]    Compiling zerocopy-derive v0.8.60
[INFO] [stderr]    Compiling monostate-impl v0.1.18
[INFO] [stderr]    Compiling monostate v0.1.18
[INFO] [stderr]    Compiling compact_str v0.9.1
[INFO] [stderr]    Compiling dary_heap v0.3.9
[INFO] [stderr]    Compiling darling_macro v0.20.11
[INFO] [stderr]    Compiling spm_precompiled v0.1.4
[INFO] [stderr]    Compiling safetensors v0.8.0
[INFO] [stderr]    Compiling darling v0.20.11
[INFO] [stderr]    Compiling derive_builder_core v0.20.2
[INFO] [stderr]    Compiling derive_builder_macro v0.20.2
[INFO] [stderr]    Compiling derive_builder v0.20.2
[INFO] [stderr]    Compiling ppv-lite86 v0.2.21
[INFO] [stderr]    Compiling rand_chacha v0.9.0
[INFO] [stderr]    Compiling rand v0.9.5
[INFO] [stderr]    Compiling rand_distr v0.5.1
[INFO] [stderr]    Compiling tokenizers v0.23.2
[INFO] [stderr]    Compiling half v2.7.1
[INFO] [stderr]    Compiling gemm-common v0.19.0
[INFO] [stderr]    Compiling float8 v0.7.0
[INFO] [stderr]    Compiling gemm-f32 v0.19.0
[INFO] [stderr]    Compiling gemm-f64 v0.19.0
[INFO] [stderr]    Compiling gemm-c32 v0.19.0
[INFO] [stderr]    Compiling gemm-c64 v0.19.0
[INFO] [stderr]    Compiling gemm-f16 v0.19.0
[INFO] [stderr]    Compiling gemm v0.19.0
[INFO] [stderr]    Compiling hanzo-nn v0.11.48 (/opt/rustwide/workdir)
[INFO] [stdout] warning: use of deprecated constant `std::f32::NEG_INFINITY`: replaced by the `NEG_INFINITY` associated constant on `f32`
[INFO] [stdout]    --> src/attention/cpu_flash/standard.rs:173:30
[INFO] [stdout]     |
[INFO] [stdout] 173 |             let mut m = f32::NEG_INFINITY;
[INFO] [stdout]     |                              ^^^^^^^^^^^^
[INFO] [stdout]     |
[INFO] [stdout]     = note: `#[warn(deprecated)]` on by default
[INFO] [stdout] 
[INFO] [stdout] 
[INFO] [stdout] warning: use of deprecated constant `std::f32::NEG_INFINITY`: replaced by the `NEG_INFINITY` associated constant on `f32`
[INFO] [stdout]    --> src/attention/cpu_flash/standard.rs:260:30
[INFO] [stdout]     |
[INFO] [stdout] 260 |             let mut m = f32::NEG_INFINITY;
[INFO] [stdout]     |                              ^^^^^^^^^^^^
[INFO] [stdout] 
[INFO] [stdout] 
[INFO] [stdout] warning: use of deprecated constant `std::f32::NEG_INFINITY`: replaced by the `NEG_INFINITY` associated constant on `f32`
[INFO] [stdout]    --> src/attention/cpu_flash/standard.rs:270:31
[INFO] [stdout]     |
[INFO] [stdout] 270 |                 if mv == f32::NEG_INFINITY {
[INFO] [stdout]     |                               ^^^^^^^^^^^^
[INFO] [stdout] 
[INFO] [stdout] 
[INFO] [stdout] warning: use of deprecated constant `std::f32::NEG_INFINITY`: replaced by the `NEG_INFINITY` associated constant on `f32`
[INFO] [stdout]    --> src/attention/cpu_flash/standard.rs:349:34
[INFO] [stdout]     |
[INFO] [stdout] 349 |                 let mut m = f32::NEG_INFINITY;
[INFO] [stdout]     |                                  ^^^^^^^^^^^^
[INFO] [stdout] 
[INFO] [stdout] 
[INFO] [stdout] warning: use of deprecated constant `std::f32::NEG_INFINITY`: replaced by the `NEG_INFINITY` associated constant on `f32`
[INFO] [stdout]    --> src/attention/cpu_flash/standard.rs:442:34
[INFO] [stdout]     |
[INFO] [stdout] 442 |                 let mut m = f32::NEG_INFINITY;
[INFO] [stdout]     |                                  ^^^^^^^^^^^^
[INFO] [stdout] 
[INFO] [stdout] 
[INFO] [stdout] warning: use of deprecated constant `std::f32::NEG_INFINITY`: replaced by the `NEG_INFINITY` associated constant on `f32`
[INFO] [stdout]    --> src/attention/cpu_flash/standard.rs:452:35
[INFO] [stdout]     |
[INFO] [stdout] 452 |                     if mv == f32::NEG_INFINITY {
[INFO] [stdout]     |                                   ^^^^^^^^^^^^
[INFO] [stdout] 
[INFO] [stdout] 
[INFO] [stderr]     Finished `release` profile [optimized] target(s) in 2m 41s
[INFO] running `Command { std: "docker" "inspect" "2552089b8a4e8f896b1f8095c7247e327358f20d9b2f7e0d7973e15b6ec6137e", kill_on_drop: false }`
[INFO] running `Command { std: "docker" "exec" "-e" "SOURCE_DIR=/opt/rustwide/workdir" "-e" "CARGO_HOME=/opt/rustwide/cargo-home" "-e" "RUSTUP_HOME=/opt/rustwide/rustup-home" "-e" "CARGO_TARGET_DIR=/opt/rustwide/target" "-e" "CARGO_INCREMENTAL=0" "-e" "RUST_BACKTRACE=full" "-e" "RUSTFLAGS=--cap-lints=warn" "-e" "RUSTDOCFLAGS=--cap-lints=warn" "-w" "/opt/rustwide/workdir" "--user" "0:0" "2552089b8a4e8f896b1f8095c7247e327358f20d9b2f7e0d7973e15b6ec6137e" "/opt/rustwide/cargo-home/bin/cargo" "+1.100.0-beta.1" "test" "--frozen" "--no-run" "--message-format=json" "--release", kill_on_drop: false }`
[INFO] [stderr]    Compiling syn v3.0.6
[INFO] [stderr]    Compiling cc v1.6.0
[INFO] [stderr]    Compiling itertools v0.13.0
[INFO] [stderr]    Compiling anyhow v1.0.104
[INFO] [stderr]    Compiling page_size v0.6.0
[INFO] [stderr]    Compiling clap_builder v4.6.7
[INFO] [stderr]    Compiling alloca v0.4.0
[INFO] [stderr]    Compiling criterion-plot v0.8.2
[INFO] [stderr]    Compiling synstructure v0.14.0
[INFO] [stderr]    Compiling bytemuck_derive v1.12.1
[INFO] [stderr]    Compiling serde_derive v1.0.229
[INFO] [stderr]    Compiling thiserror-impl v2.0.21
[INFO] [stderr]    Compiling zerofrom-derive v0.1.8
[INFO] [stderr]    Compiling yoke-derive v0.8.4
[INFO] [stderr]    Compiling clap_derive v4.6.7
[INFO] [stderr]    Compiling zerofrom v0.1.8
[INFO] [stderr]    Compiling yoke v0.8.3
[INFO] [stderr]    Compiling bytemuck v1.25.2
[INFO] [stderr]    Compiling thiserror v2.0.21
[INFO] [stderr]    Compiling half v2.7.1
[INFO] [stderr]    Compiling num-complex v0.4.6
[INFO] [stderr]    Compiling dyn-stack v0.13.2
[INFO] [stderr]    Compiling clap v4.6.7
[INFO] [stderr]    Compiling pulp v0.22.3
[INFO] [stderr]    Compiling ciborium-ll v0.2.2
[INFO] [stderr]    Compiling float8 v0.7.0
[INFO] [stderr]    Compiling serde v1.0.229
[INFO] [stderr]    Compiling compact_str v0.9.1
[INFO] [stderr]    Compiling dary_heap v0.3.9
[INFO] [stderr]    Compiling ahash v0.8.12
[INFO] [stderr]    Compiling spm_precompiled v0.1.4
[INFO] [stderr]    Compiling safetensors v0.8.0
[INFO] [stderr]    Compiling tinytemplate v1.2.1
[INFO] [stderr]    Compiling ciborium v0.2.2
[INFO] [stderr]    Compiling tokenizers v0.23.2
[INFO] [stderr]    Compiling criterion v0.8.2
[INFO] [stderr]    Compiling gemm-common v0.19.0
[INFO] [stderr]    Compiling gemm-f32 v0.19.0
[INFO] [stderr]    Compiling gemm-f64 v0.19.0
[INFO] [stderr]    Compiling gemm-c64 v0.19.0
[INFO] [stderr]    Compiling gemm-c32 v0.19.0
[INFO] [stderr]    Compiling gemm-f16 v0.19.0
[INFO] [stderr]    Compiling gemm v0.19.0
[INFO] [stderr]    Compiling hanzo-ml v0.11.111
[INFO] [stderr]    Compiling hanzo-nn v0.11.48 (/opt/rustwide/workdir)
[INFO] [stdout] warning: use of deprecated constant `std::f32::NEG_INFINITY`: replaced by the `NEG_INFINITY` associated constant on `f32`
[INFO] [stdout]    --> src/attention/cpu_flash/standard.rs:173:30
[INFO] [stdout]     |
[INFO] [stdout] 173 |             let mut m = f32::NEG_INFINITY;
[INFO] [stdout]     |                              ^^^^^^^^^^^^
[INFO] [stdout]     |
[INFO] [stdout]     = note: `#[warn(deprecated)]` on by default
[INFO] [stdout] 
[INFO] [stdout] 
[INFO] [stdout] warning: use of deprecated constant `std::f32::NEG_INFINITY`: replaced by the `NEG_INFINITY` associated constant on `f32`
[INFO] [stdout]    --> src/attention/cpu_flash/standard.rs:260:30
[INFO] [stdout]     |
[INFO] [stdout] 260 |             let mut m = f32::NEG_INFINITY;
[INFO] [stdout]     |                              ^^^^^^^^^^^^
[INFO] [stdout] 
[INFO] [stdout] 
[INFO] [stdout] warning: use of deprecated constant `std::f32::NEG_INFINITY`: replaced by the `NEG_INFINITY` associated constant on `f32`
[INFO] [stdout]    --> src/attention/cpu_flash/standard.rs:270:31
[INFO] [stdout]     |
[INFO] [stdout] 270 |                 if mv == f32::NEG_INFINITY {
[INFO] [stdout]     |                               ^^^^^^^^^^^^
[INFO] [stdout] 
[INFO] [stdout] 
[INFO] [stdout] warning: use of deprecated constant `std::f32::NEG_INFINITY`: replaced by the `NEG_INFINITY` associated constant on `f32`
[INFO] [stdout]    --> src/attention/cpu_flash/standard.rs:349:34
[INFO] [stdout]     |
[INFO] [stdout] 349 |                 let mut m = f32::NEG_INFINITY;
[INFO] [stdout]     |                                  ^^^^^^^^^^^^
[INFO] [stdout] 
[INFO] [stdout] 
[INFO] [stdout] warning: use of deprecated constant `std::f32::NEG_INFINITY`: replaced by the `NEG_INFINITY` associated constant on `f32`
[INFO] [stdout]    --> src/attention/cpu_flash/standard.rs:442:34
[INFO] [stdout]     |
[INFO] [stdout] 442 |                 let mut m = f32::NEG_INFINITY;
[INFO] [stdout]     |                                  ^^^^^^^^^^^^
[INFO] [stdout] 
[INFO] [stdout] 
[INFO] [stdout] warning: use of deprecated constant `std::f32::NEG_INFINITY`: replaced by the `NEG_INFINITY` associated constant on `f32`
[INFO] [stdout]    --> src/attention/cpu_flash/standard.rs:452:35
[INFO] [stdout]     |
[INFO] [stdout] 452 |                     if mv == f32::NEG_INFINITY {
[INFO] [stdout]     |                                   ^^^^^^^^^^^^
[INFO] [stdout] 
[INFO] [stdout] 
[INFO] [stdout] warning: use of deprecated constant `std::f32::NEG_INFINITY`: replaced by the `NEG_INFINITY` associated constant on `f32`
[INFO] [stdout]    --> src/attention/cpu_flash/standard.rs:173:30
[INFO] [stdout]     |
[INFO] [stdout] 173 |             let mut m = f32::NEG_INFINITY;
[INFO] [stdout]     |                              ^^^^^^^^^^^^
[INFO] [stdout]     |
[INFO] [stdout]     = note: `#[warn(deprecated)]` on by default
[INFO] [stdout] 
[INFO] [stdout] 
[INFO] [stdout] warning: use of deprecated constant `std::f32::NEG_INFINITY`: replaced by the `NEG_INFINITY` associated constant on `f32`
[INFO] [stdout]    --> src/attention/cpu_flash/standard.rs:260:30
[INFO] [stdout]     |
[INFO] [stdout] 260 |             let mut m = f32::NEG_INFINITY;
[INFO] [stdout]     |                              ^^^^^^^^^^^^
[INFO] [stdout] 
[INFO] [stdout] 
[INFO] [stdout] warning: use of deprecated constant `std::f32::NEG_INFINITY`: replaced by the `NEG_INFINITY` associated constant on `f32`
[INFO] [stdout]    --> src/attention/cpu_flash/standard.rs:270:31
[INFO] [stdout]     |
[INFO] [stdout] 270 |                 if mv == f32::NEG_INFINITY {
[INFO] [stdout]     |                               ^^^^^^^^^^^^
[INFO] [stdout] 
[INFO] [stdout] 
[INFO] [stdout] warning: use of deprecated constant `std::f32::NEG_INFINITY`: replaced by the `NEG_INFINITY` associated constant on `f32`
[INFO] [stdout]    --> src/attention/cpu_flash/standard.rs:349:34
[INFO] [stdout]     |
[INFO] [stdout] 349 |                 let mut m = f32::NEG_INFINITY;
[INFO] [stdout]     |                                  ^^^^^^^^^^^^
[INFO] [stdout] 
[INFO] [stdout] 
[INFO] [stdout] warning: use of deprecated constant `std::f32::NEG_INFINITY`: replaced by the `NEG_INFINITY` associated constant on `f32`
[INFO] [stdout]    --> src/attention/cpu_flash/standard.rs:442:34
[INFO] [stdout]     |
[INFO] [stdout] 442 |                 let mut m = f32::NEG_INFINITY;
[INFO] [stdout]     |                                  ^^^^^^^^^^^^
[INFO] [stdout] 
[INFO] [stdout] 
[INFO] [stdout] warning: use of deprecated constant `std::f32::NEG_INFINITY`: replaced by the `NEG_INFINITY` associated constant on `f32`
[INFO] [stdout]    --> src/attention/cpu_flash/standard.rs:452:35
[INFO] [stdout]     |
[INFO] [stdout] 452 |                     if mv == f32::NEG_INFINITY {
[INFO] [stdout]     |                                   ^^^^^^^^^^^^
[INFO] [stdout] 
[INFO] [stdout] 
[INFO] [stderr]     Finished `release` profile [optimized] target(s) in 3m 01s
[INFO] running `Command { std: "docker" "inspect" "2552089b8a4e8f896b1f8095c7247e327358f20d9b2f7e0d7973e15b6ec6137e", kill_on_drop: false }`
[INFO] running `Command { std: "docker" "exec" "-e" "SOURCE_DIR=/opt/rustwide/workdir" "-e" "CARGO_HOME=/opt/rustwide/cargo-home" "-e" "RUSTUP_HOME=/opt/rustwide/rustup-home" "-e" "CARGO_TARGET_DIR=/opt/rustwide/target" "-e" "CARGO_INCREMENTAL=0" "-e" "RUST_BACKTRACE=full" "-e" "RUSTFLAGS=--cap-lints=warn" "-e" "RUSTDOCFLAGS=--cap-lints=warn" "-w" "/opt/rustwide/workdir" "--user" "0:0" "2552089b8a4e8f896b1f8095c7247e327358f20d9b2f7e0d7973e15b6ec6137e" "/opt/rustwide/cargo-home/bin/cargo" "+1.100.0-beta.1" "test" "--frozen" "--release", kill_on_drop: false }`
[INFO] [stderr] warning: use of deprecated constant `std::f32::NEG_INFINITY`: replaced by the `NEG_INFINITY` associated constant on `f32`
[INFO] [stderr]    --> src/attention/cpu_flash/standard.rs:173:30
[INFO] [stderr]     |
[INFO] [stderr] 173 |             let mut m = f32::NEG_INFINITY;
[INFO] [stderr]     |                              ^^^^^^^^^^^^
[INFO] [stderr]     |
[INFO] [stderr]     = note: `#[warn(deprecated)]` on by default
[INFO] [stderr] 
[INFO] [stderr] warning: use of deprecated constant `std::f32::NEG_INFINITY`: replaced by the `NEG_INFINITY` associated constant on `f32`
[INFO] [stderr]    --> src/attention/cpu_flash/standard.rs:260:30
[INFO] [stderr]     |
[INFO] [stderr] 260 |             let mut m = f32::NEG_INFINITY;
[INFO] [stderr]     |                              ^^^^^^^^^^^^
[INFO] [stderr] 
[INFO] [stderr] warning: use of deprecated constant `std::f32::NEG_INFINITY`: replaced by the `NEG_INFINITY` associated constant on `f32`
[INFO] [stderr]    --> src/attention/cpu_flash/standard.rs:270:31
[INFO] [stderr]     |
[INFO] [stderr] 270 |                 if mv == f32::NEG_INFINITY {
[INFO] [stderr]     |                               ^^^^^^^^^^^^
[INFO] [stderr] 
[INFO] [stderr] warning: use of deprecated constant `std::f32::NEG_INFINITY`: replaced by the `NEG_INFINITY` associated constant on `f32`
[INFO] [stderr]    --> src/attention/cpu_flash/standard.rs:349:34
[INFO] [stderr]     |
[INFO] [stderr] 349 |                 let mut m = f32::NEG_INFINITY;
[INFO] [stderr]     |                                  ^^^^^^^^^^^^
[INFO] [stderr] 
[INFO] [stderr] warning: use of deprecated constant `std::f32::NEG_INFINITY`: replaced by the `NEG_INFINITY` associated constant on `f32`
[INFO] [stderr]    --> src/attention/cpu_flash/standard.rs:442:34
[INFO] [stderr]     |
[INFO] [stderr] 442 |                 let mut m = f32::NEG_INFINITY;
[INFO] [stderr]     |                                  ^^^^^^^^^^^^
[INFO] [stderr] 
[INFO] [stderr] warning: use of deprecated constant `std::f32::NEG_INFINITY`: replaced by the `NEG_INFINITY` associated constant on `f32`
[INFO] [stderr]    --> src/attention/cpu_flash/standard.rs:452:35
[INFO] [stderr]     |
[INFO] [stderr] 452 |                     if mv == f32::NEG_INFINITY {
[INFO] [stderr]     |                                   ^^^^^^^^^^^^
[INFO] [stderr] 
[INFO] [stderr] warning: `hanzo-nn` (lib) generated 6 warnings
[INFO] [stderr] warning: `hanzo-nn` (lib test) generated 6 warnings (6 duplicates)
[INFO] [stderr]     Finished `release` profile [optimized] target(s) in 0.25s
[INFO] [stderr]      Running unittests src/lib.rs (/opt/rustwide/target/release/build/hanzo-nn/73910466351fb037/out/hanzo_nn-73910466351fb037)
[INFO] [stdout] 
[INFO] [stdout] running 16 tests
[INFO] [stdout] test memory::tests::ngram_rows_are_deterministic_and_inside_the_table ... ok
[INFO] [stdout] test kv_cache::tests::test_concat_cache_basic ... ok
[INFO] [stdout] test kv_cache::tests::test_scattered_kv_cache ... ok
[INFO] [stdout] test kv_cache::tests::test_concat_cache_reset ... ok
[INFO] [stdout] test kv_cache::tests::test_concat_cache_multiple_appends ... ok
[INFO] [stdout] test sigreg::tests::quadrature_matches_official ... ok
[INFO] [stdout] test memory::tests::a_table_reads_back_what_was_written_across_shards ... ok
[INFO] [stdout] test memory::tests::a_lookup_uploads_each_distinct_row_once ... ok
[INFO] [stdout] test kv_cache::tests::test_concat_cache_different_dim ... ok
[INFO] [stdout] test sigreg::tests::random_directions_are_unit_norm ... ok
[INFO] [stdout] test attention::cpu_flash::packed::tests::a_chunk_over_the_cache_is_the_chunked_pass ... FAILED
[INFO] [stdout] test optim::tests::test_muon_step ... ok
[INFO] [stdout] test optim::tests::test_newton_schulz_orthogonalization ... ok
[INFO] [stdout] test sigreg::tests::statistic_matches_official_f64 ... ok
[INFO] [stdout] test sigreg::tests::statistic_matches_official_f32 ... ok
[INFO] [stdout] test sigreg::tests::demo_training_drives_embeddings_toward_isotropy ... ok
[INFO] [stdout] 
[INFO] [stdout] failures:
[INFO] [stdout] 
[INFO] [stdout] ---- attention::cpu_flash::packed::tests::a_chunk_over_the_cache_is_the_chunked_pass stdout ----
[INFO] [stdout] 
[INFO] [stdout] thread 'attention::cpu_flash::packed::tests::a_chunk_over_the_cache_is_the_chunked_pass' (3396) panicked at src/attention/cpu_flash/packed.rs:449:13:
[INFO] [stdout] assertion `left == right` failed
[INFO] [stdout]   left: [[-0.30098224, 0.2004863, -0.334349, 0.11205184, 1.3461252, -0.083668575, 0.0063566417, -0.63228875, 0.6259491, 0.53134793, 0.4171644, -0.3101499, 0.71091104, -0.64097065, 0.12839575, -0.035729777], [-1.2875061, 0.2522219, -0.6141423, -0.786387, 0.90849745, 0.26225424, -0.40237716, 0.030495893, 2.0365553, 0.04953687, 0.35232857, 0.400879, 0.58611536, -0.29945263, 1.6609292, 0.18999392], [-1.264447, 0.23312128, -0.26386473, -0.61673963, 0.66234523, -0.11347927, -0.2027099, -0.2224308, 1.8258348, -0.3212208, 1.1194098, 0.37088528, -0.46151346, 0.058849126, -0.063935906, 0.23755012], [-1.3985176, 0.23238339, -0.24624147, -0.7119116, 0.560094, -0.1249506, -0.227085, -0.16936275, 1.5298655, 0.4436158, 0.46986783, 0.13397975, 0.5347918, -0.13275103, 1.2669808, 0.011580156]]
[INFO] [stdout]  right: [[-0.3009823, 0.20048635, -0.33434898, 0.112051815, 1.3461252, -0.08366861, 0.0063566486, -0.6322888, 0.6259491, 0.53134793, 0.4171644, -0.3101499, 0.71091104, -0.64097065, 0.12839575, -0.03572978], [-1.2875061, 0.25222194, -0.6141423, -0.786387, 0.90849745, 0.2622542, -0.40237716, 0.030495875, 2.0365553, 0.049536854, 0.3523286, 0.400879, 0.58611536, -0.29945263, 1.6609292, 0.18999393], [-1.264447, 0.23312128, -0.26386473, -0.61673963, 0.6623453, -0.11347926, -0.2027099, -0.2224308, 1.8258348, -0.32122076, 1.1194098, 0.37088528, -0.46151337, 0.05884911, -0.06393582, 0.23755011], [-1.3985176, 0.23238339, -0.24624147, -0.7119116, 0.560094, -0.1249506, -0.227085, -0.16936275, 1.5298656, 0.44361576, 0.4698678, 0.13397978, 0.5347919, -0.13275109, 1.2669809, 0.011580175]]
[INFO] [stdout] stack backtrace:
[INFO] [stdout]    0:     0x6024a648d6d1 - <<std[617be2ca0a6fd877]::sys::backtrace::BacktraceLock>::print::DisplayBacktrace as core[a373ad73a504971]::fmt::Display>::fmt
[INFO] [stdout]    1:     0x6024a64a3eba - core[a373ad73a504971]::fmt::write
[INFO] [stdout]    2:     0x6024a649222c - <alloc[2e1b2a31b91974c5]::vec::Vec<u8> as core[a373ad73a504971]::io::write::Write>::write_fmt
[INFO] [stdout]    3:     0x6024a6467076 - std[617be2ca0a6fd877]::panicking::default_hook::{closure#0}
[INFO] [stdout]    4:     0x6024a6484b19 - std[617be2ca0a6fd877]::panicking::default_hook
[INFO] [stdout]    5:     0x6024a60b4060 - test[aada8e7e76ba119b]::test_main_inner::{closure#0}
[INFO] [stdout]    6:     0x6024a6484e42 - std[617be2ca0a6fd877]::panicking::panic_with_hook
[INFO] [stdout]    7:     0x6024a6467122 - std[617be2ca0a6fd877]::panicking::panic_handler::{closure#0}
[INFO] [stdout]    8:     0x6024a645f4e9 - std[617be2ca0a6fd877]::sys::backtrace::__rust_end_short_backtrace::<std[617be2ca0a6fd877]::panicking::panic_handler::{closure#0}, !>
[INFO] [stdout]    9:     0x6024a6467f2d - __rustc[ea4f61d10b84890b]::rust_begin_unwind
[INFO] [stdout]   10:     0x6024a64a45ec - core[a373ad73a504971]::panicking::panic_fmt
[INFO] [stdout]   11:     0x6024a64a4503 - core[a373ad73a504971]::panicking::assert_failed_inner
[INFO] [stdout]   12:     0x6024a60a27de - core[a373ad73a504971]::panicking::assert_failed::<&[alloc[2e1b2a31b91974c5]::vec::Vec<f32>], &[alloc[2e1b2a31b91974c5]::vec::Vec<f32>]>
[INFO] [stdout]   13:     0x6024a608f51c - <hanzo_nn[642be72b389d46c1]::attention::cpu_flash::packed::tests::a_chunk_over_the_cache_is_the_chunked_pass::{closure#0} as core[a373ad73a504971]::ops::function::FnOnce<()>>::call_once
[INFO] [stdout]   14:     0x6024a60a74ab - test[aada8e7e76ba119b]::__rust_begin_short_backtrace::<core[a373ad73a504971]::result::Result<(), alloc[2e1b2a31b91974c5]::string::String>, fn() -> core[a373ad73a504971]::result::Result<(), alloc[2e1b2a31b91974c5]::string::String>>
[INFO] [stdout]   15:     0x6024a60b4685 - test[aada8e7e76ba119b]::run_test::{closure#0}
[INFO] [stdout]   16:     0x6024a60adf74 - std[617be2ca0a6fd877]::sys::backtrace::__rust_begin_short_backtrace::<test[aada8e7e76ba119b]::run_test::{closure#1}, ()>
[INFO] [stdout]   17:     0x6024a60b7712 - <std[617be2ca0a6fd877]::thread::lifecycle::spawn_unchecked<test[aada8e7e76ba119b]::run_test::{closure#1}, ()>::{closure#1} as core[a373ad73a504971]::ops::function::FnOnce<()>>::call_once::{shim:vtable#0}
[INFO] [stdout]   18:     0x6024a648cb8f - <std[617be2ca0a6fd877]::sys::thread::unix::Thread>::new::thread_start
[INFO] [stdout]   19:     0x7d8b20e0adfa - <unknown>
[INFO] [stdout]   20:     0x7d8b20e9e3d4 - clone
[INFO] [stdout]   21:                0x0 - <unknown>
[INFO] [stdout] 
[INFO] [stdout] 
[INFO] [stdout] failures:
[INFO] [stdout]     attention::cpu_flash::packed::tests::a_chunk_over_the_cache_is_the_chunked_pass
[INFO] [stdout] 
[INFO] [stdout] test result: FAILED. 15 passed; 1 failed; 0 ignored; 0 measured; 0 filtered out; finished in 5.59s
[INFO] [stdout] 
[INFO] [stderr] error: test failed, to rerun pass `--lib`
[INFO] running `Command { std: "docker" "inspect" "2552089b8a4e8f896b1f8095c7247e327358f20d9b2f7e0d7973e15b6ec6137e", kill_on_drop: false }`
[INFO] running `Command { std: "docker" "rm" "-f" "2552089b8a4e8f896b1f8095c7247e327358f20d9b2f7e0d7973e15b6ec6137e", kill_on_drop: false }`
[INFO] [stdout] 2552089b8a4e8f896b1f8095c7247e327358f20d9b2f7e0d7973e15b6ec6137e
